--
-- Host: mysql653.db.sakura.ne.jp    Database: tanzo2_ecc
-- ------------------------------------------------------


--
-- Table structure for table `doctrine_migration_versions`
--

CREATE TABLE `doctrine_migration_versions` (
  `version` varchar(191) COLLATE utf8_unicode_ci NOT NULL,
  `executed_at` datetime DEFAULT NULL COMMENT '(DC2Type:datetime)',
  `execution_time` int(11) DEFAULT NULL,
  PRIMARY KEY (`version`)
) ENGINE=InnoDB DEFAULT CHARSET=utf8 COLLATE=utf8_unicode_ci;

--
-- Dumping data for table `doctrine_migration_versions`
--

INSERT INTO `doctrine_migration_versions` VALUES ('DoctrineMigrations\\Version20181017090225','2023-12-19 10:30:27',14),('DoctrineMigrations\\Version20181109101907','2023-12-19 10:30:27',1),('DoctrineMigrations\\Version20190821081036','2023-12-19 10:30:27',74),('DoctrineMigrations\\Version20200303053716','2023-12-19 10:30:27',0),('DoctrineMigrations\\Version20201127000000','2023-12-19 10:30:27',0),('DoctrineMigrations\\Version20201218044542','2023-12-19 10:30:27',0),('DoctrineMigrations\\Version20210316120000','2023-12-19 10:30:27',0),('DoctrineMigrations\\Version20210319122142','2023-12-19 10:30:27',1),('DoctrineMigrations\\Version20210401120000','2023-12-19 10:30:27',0),('DoctrineMigrations\\Version20210412073123','2023-12-19 10:30:27',69),('DoctrineMigrations\\Version20210831190000','2023-12-19 10:30:27',0),('DoctrineMigrations\\Version20211111050712','2023-12-19 10:30:27',1),('DoctrineMigrations\\Version20230116061053','2023-12-19 10:30:27',67),('DoctrineMigrations\\Version20230515023836','2023-12-19 10:30:27',0),('DoctrineMigrations\\Version20230928014611','2023-12-19 10:30:27',0);

--
-- Table structure for table `dtb_authority_role`
--

CREATE TABLE `dtb_authority_role` (
  `id` int(10) unsigned NOT NULL AUTO_INCREMENT,
  `authority_id` smallint(5) unsigned DEFAULT NULL,
  `creator_id` int(10) unsigned DEFAULT NULL,
  `deny_url` varchar(4000) COLLATE utf8mb4_bin NOT NULL,
  `create_date` datetime NOT NULL COMMENT '(DC2Type:datetimetz)',
  `update_date` datetime NOT NULL COMMENT '(DC2Type:datetimetz)',
  `discriminator_type` varchar(255) COLLATE utf8mb4_bin NOT NULL,
  PRIMARY KEY (`id`),
  KEY `IDX_4A1F70B181EC865B` (`authority_id`),
  KEY `IDX_4A1F70B161220EA6` (`creator_id`),
  CONSTRAINT `FK_4A1F70B161220EA6` FOREIGN KEY (`creator_id`) REFERENCES `dtb_member` (`id`),
  CONSTRAINT `FK_4A1F70B181EC865B` FOREIGN KEY (`authority_id`) REFERENCES `mtb_authority` (`id`)
) ENGINE=InnoDB DEFAULT CHARSET=utf8mb4 COLLATE=utf8mb4_bin;

--
-- Dumping data for table `dtb_authority_role`
--


--
-- Table structure for table `dtb_base_info`
--

CREATE TABLE `dtb_base_info` (
  `id` int(10) unsigned NOT NULL AUTO_INCREMENT,
  `country_id` smallint(5) unsigned DEFAULT NULL,
  `pref_id` smallint(5) unsigned DEFAULT NULL,
  `company_name` varchar(255) COLLATE utf8mb4_bin DEFAULT NULL,
  `company_kana` varchar(255) COLLATE utf8mb4_bin DEFAULT NULL,
  `postal_code` varchar(8) COLLATE utf8mb4_bin DEFAULT NULL,
  `addr01` varchar(255) COLLATE utf8mb4_bin DEFAULT NULL,
  `addr02` varchar(255) COLLATE utf8mb4_bin DEFAULT NULL,
  `phone_number` varchar(14) COLLATE utf8mb4_bin DEFAULT NULL,
  `business_hour` varchar(255) COLLATE utf8mb4_bin DEFAULT NULL,
  `email01` varchar(255) COLLATE utf8mb4_bin DEFAULT NULL,
  `email02` varchar(255) COLLATE utf8mb4_bin DEFAULT NULL,
  `email03` varchar(255) COLLATE utf8mb4_bin DEFAULT NULL,
  `email04` varchar(255) COLLATE utf8mb4_bin DEFAULT NULL,
  `shop_name` varchar(255) COLLATE utf8mb4_bin DEFAULT NULL,
  `shop_kana` varchar(255) COLLATE utf8mb4_bin DEFAULT NULL,
  `shop_name_eng` varchar(255) COLLATE utf8mb4_bin DEFAULT NULL,
  `update_date` datetime NOT NULL COMMENT '(DC2Type:datetimetz)',
  `good_traded` varchar(4000) COLLATE utf8mb4_bin DEFAULT NULL,
  `message` varchar(4000) COLLATE utf8mb4_bin DEFAULT NULL,
  `delivery_free_amount` decimal(12,2) unsigned DEFAULT NULL,
  `delivery_free_quantity` int(10) unsigned DEFAULT NULL,
  `option_mypage_order_status_display` tinyint(1) NOT NULL DEFAULT '1',
  `option_nostock_hidden` tinyint(1) NOT NULL DEFAULT '0',
  `option_favorite_product` tinyint(1) NOT NULL DEFAULT '1',
  `option_product_delivery_fee` tinyint(1) NOT NULL DEFAULT '0',
  `invoice_registration_number` varchar(255) COLLATE utf8mb4_bin DEFAULT NULL,
  `option_product_tax_rule` tinyint(1) NOT NULL DEFAULT '0',
  `option_customer_activate` tinyint(1) NOT NULL DEFAULT '1',
  `option_remember_me` tinyint(1) NOT NULL DEFAULT '1',
  `option_mail_notifier` tinyint(1) NOT NULL DEFAULT '0',
  `authentication_key` varchar(255) COLLATE utf8mb4_bin DEFAULT NULL,
  `php_path` varchar(255) COLLATE utf8mb4_bin DEFAULT NULL,
  `option_point` tinyint(1) NOT NULL DEFAULT '1',
  `basic_point_rate` decimal(10,0) unsigned DEFAULT '1',
  `point_conversion_rate` decimal(10,0) unsigned DEFAULT '1',
  `discriminator_type` varchar(255) COLLATE utf8mb4_bin NOT NULL,
  `site_kit_site_id` varchar(255) COLLATE utf8mb4_bin DEFAULT NULL,
  `site_kit_site_secret` varchar(255) COLLATE utf8mb4_bin DEFAULT NULL,
  PRIMARY KEY (`id`),
  KEY `IDX_1D3655F4F92F3E70` (`country_id`),
  KEY `IDX_1D3655F4E171EF5F` (`pref_id`),
  CONSTRAINT `FK_1D3655F4E171EF5F` FOREIGN KEY (`pref_id`) REFERENCES `mtb_pref` (`id`),
  CONSTRAINT `FK_1D3655F4F92F3E70` FOREIGN KEY (`country_id`) REFERENCES `mtb_country` (`id`)
) ENGINE=InnoDB AUTO_INCREMENT=2 DEFAULT CHARSET=utf8mb4 COLLATE=utf8mb4_bin;

--
-- Dumping data for table `dtb_base_info`
--

INSERT INTO `dtb_base_info` VALUES (1,NULL,13,'鍛造指輪株式会社®',NULL,'1030004','中央区東日本橋','3-6-17',NULL,NULL,'shopinfo@onlineshop.tanzo.jp','shopinfo@onlineshop.tanzo.jp','shopinfo@onlineshop.tanzo.jp','shopinfo@onlineshop.tanzo.jp','TANZO.(鍛造指輪)公式オンラインショップ',NULL,NULL,'2024-08-07 03:54:02','結婚指輪、婚約指輪、エタニティリング、アニバーサリージュエリー','“１０年後も、２０年後も、後悔しない指輪をつくりたい”\r\n\r\nそんな想いから、私達は “鍛造製法” にこだわった一生モノの指輪を企画・販売しております。',30000.00,NULL,0,0,0,0,NULL,0,1,0,1,'f24ff9f0effccc1dcdab39b38ead331b5a673178',NULL,0,1,1,'baseinfo',NULL,NULL);

--
-- Table structure for table `dtb_block`
--

CREATE TABLE `dtb_block` (
  `id` int(10) unsigned NOT NULL AUTO_INCREMENT,
  `device_type_id` smallint(5) unsigned DEFAULT NULL,
  `block_name` varchar(255) COLLATE utf8mb4_bin DEFAULT NULL,
  `file_name` varchar(255) COLLATE utf8mb4_bin NOT NULL,
  `use_controller` tinyint(1) NOT NULL DEFAULT '0',
  `deletable` tinyint(1) NOT NULL DEFAULT '1',
  `create_date` datetime NOT NULL COMMENT '(DC2Type:datetimetz)',
  `update_date` datetime NOT NULL COMMENT '(DC2Type:datetimetz)',
  `discriminator_type` varchar(255) COLLATE utf8mb4_bin NOT NULL,
  PRIMARY KEY (`id`),
  UNIQUE KEY `device_type_id` (`device_type_id`,`file_name`),
  KEY `IDX_6B54DCBD4FFA550E` (`device_type_id`),
  CONSTRAINT `FK_6B54DCBD4FFA550E` FOREIGN KEY (`device_type_id`) REFERENCES `mtb_device_type` (`id`)
) ENGINE=InnoDB AUTO_INCREMENT=24 DEFAULT CHARSET=utf8mb4 COLLATE=utf8mb4_bin;

--
-- Dumping data for table `dtb_block`
--

INSERT INTO `dtb_block` VALUES (1,10,'カート','cart',0,0,'2023-12-04 05:31:39','2023-12-04 05:31:39','block'),(2,10,'カテゴリ','category',0,0,'2023-12-04 05:31:39','2023-12-04 05:31:39','block'),(3,10,'カテゴリナビ(PC)','category_nav_pc',0,0,'2023-12-04 05:31:39','2023-12-04 05:31:39','block'),(4,10,'カテゴリナビ(SP)','category_nav_sp',0,0,'2023-12-04 05:31:39','2023-12-04 05:31:39','block'),(5,10,'新入荷商品特集','eyecatch',0,0,'2023-12-04 05:31:39','2023-12-04 05:31:39','block'),(6,10,'フッター','footer',0,0,'2023-12-04 05:31:39','2023-12-04 05:31:39','block'),(7,10,'ヘッダーメニュー','header',0,0,'2023-12-04 05:31:39','2024-04-04 01:48:08','block'),(8,10,'ログインナビ(共通)','login',0,0,'2023-12-04 05:31:39','2023-12-04 05:31:39','block'),(9,10,'ログインナビ(SP)','login_sp',0,0,'2023-12-04 05:31:39','2023-12-04 05:31:39','block'),(10,10,'ロゴ','logo',0,0,'2023-12-04 05:31:39','2023-12-04 05:31:39','block'),(11,10,'新着商品','new_item',0,0,'2023-12-04 05:31:39','2023-12-04 05:31:39','block'),(12,10,'新着情報','news',0,0,'2023-12-04 05:31:39','2023-12-04 05:31:39','block'),(13,10,'商品検索','search_product',1,0,'2023-12-04 05:31:39','2023-12-04 05:31:39','block'),(14,10,'トピック','topic',0,0,'2023-12-04 05:31:39','2023-12-04 05:31:39','block'),(17,10,'カレンダー','calendar',1,0,'2023-12-04 05:31:39','2023-12-04 05:31:39','block'),(19,10,'Tanzo HPへのリンク','to_hp',0,1,'2024-02-04 07:51:22','2024-02-04 07:51:22','block'),(22,10,'おすすめ商品','recommend_product_block',0,0,'2024-06-17 08:17:43','2024-06-17 08:17:43','block'),(23,10,'Cookie同意管理','cookie',1,0,'2024-07-04 04:01:43','2024-07-04 04:01:43','block');

--
-- Table structure for table `dtb_block_position`
--

CREATE TABLE `dtb_block_position` (
  `section` int(10) unsigned NOT NULL,
  `block_id` int(10) unsigned NOT NULL,
  `layout_id` int(10) unsigned NOT NULL,
  `block_row` int(10) unsigned DEFAULT NULL,
  `discriminator_type` varchar(255) COLLATE utf8mb4_bin NOT NULL,
  PRIMARY KEY (`section`,`block_id`,`layout_id`),
  KEY `IDX_35DCD731E9ED820C` (`block_id`),
  KEY `IDX_35DCD7318C22AA1A` (`layout_id`),
  CONSTRAINT `FK_35DCD7318C22AA1A` FOREIGN KEY (`layout_id`) REFERENCES `dtb_layout` (`id`),
  CONSTRAINT `FK_35DCD731E9ED820C` FOREIGN KEY (`block_id`) REFERENCES `dtb_block` (`id`)
) ENGINE=InnoDB DEFAULT CHARSET=utf8mb4 COLLATE=utf8mb4_bin;

--
-- Dumping data for table `dtb_block_position`
--

INSERT INTO `dtb_block_position` VALUES (2,23,1,0,'blockposition'),(2,23,5,0,'blockposition'),(3,7,1,0,'blockposition'),(3,7,2,0,'blockposition'),(3,7,5,0,'blockposition'),(7,2,1,0,'blockposition'),(7,12,1,2,'blockposition'),(7,19,1,3,'blockposition'),(7,22,1,1,'blockposition'),(10,6,1,0,'blockposition'),(10,6,2,0,'blockposition'),(10,6,5,0,'blockposition'),(11,4,1,1,'blockposition'),(11,4,2,1,'blockposition'),(11,4,5,1,'blockposition'),(11,9,1,2,'blockposition'),(11,9,2,2,'blockposition'),(11,9,5,2,'blockposition'),(11,13,1,0,'blockposition'),(11,13,2,0,'blockposition'),(11,13,5,0,'blockposition');

--
-- Table structure for table `dtb_calendar`
--

CREATE TABLE `dtb_calendar` (
  `id` int(10) unsigned NOT NULL AUTO_INCREMENT,
  `title` varchar(255) COLLATE utf8mb4_bin DEFAULT NULL,
  `holiday` datetime NOT NULL COMMENT '(DC2Type:datetimetz)',
  `create_date` datetime NOT NULL COMMENT '(DC2Type:datetimetz)',
  `update_date` datetime NOT NULL COMMENT '(DC2Type:datetimetz)',
  `discriminator_type` varchar(255) COLLATE utf8mb4_bin NOT NULL,
  PRIMARY KEY (`id`)
) ENGINE=InnoDB DEFAULT CHARSET=utf8mb4 COLLATE=utf8mb4_bin;

--
-- Dumping data for table `dtb_calendar`
--


--
-- Table structure for table `dtb_cart`
--

CREATE TABLE `dtb_cart` (
  `id` int(10) unsigned NOT NULL AUTO_INCREMENT,
  `customer_id` int(10) unsigned DEFAULT NULL,
  `cart_key` varchar(255) COLLATE utf8mb4_bin DEFAULT NULL,
  `pre_order_id` varchar(255) COLLATE utf8mb4_bin DEFAULT NULL,
  `total_price` decimal(12,2) unsigned NOT NULL DEFAULT '0.00',
  `delivery_fee_total` decimal(12,2) unsigned NOT NULL DEFAULT '0.00',
  `sort_no` smallint(5) unsigned DEFAULT NULL,
  `create_date` datetime NOT NULL COMMENT '(DC2Type:datetimetz)',
  `update_date` datetime NOT NULL COMMENT '(DC2Type:datetimetz)',
  `add_point` decimal(12,0) unsigned NOT NULL DEFAULT '0',
  `use_point` decimal(12,0) unsigned NOT NULL DEFAULT '0',
  `discriminator_type` varchar(255) COLLATE utf8mb4_bin NOT NULL,
  PRIMARY KEY (`id`),
  UNIQUE KEY `dtb_cart_pre_order_id_idx` (`pre_order_id`),
  KEY `IDX_FC3C24F09395C3F3` (`customer_id`),
  KEY `dtb_cart_update_date_idx` (`update_date`),
  CONSTRAINT `FK_FC3C24F09395C3F3` FOREIGN KEY (`customer_id`) REFERENCES `dtb_customer` (`id`)
) ENGINE=InnoDB AUTO_INCREMENT=2587 DEFAULT CHARSET=utf8mb4 COLLATE=utf8mb4_bin;

--
-- Dumping data for table `dtb_cart`
--

INSERT INTO `dtb_cart` VALUES (1,NULL,'HwXKmDFOFMnTrAIZBKVb0VDYTiyOCwRt_1','44fee9b826ef0283984a232d93bc9d5a0a712b3a',176000.00,0.00,NULL,'2024-07-09 08:43:19','2024-07-09 08:44:34',0,0,'cart'),(9,NULL,'IsgQeGe79cO8K7k0RK1bf4ZZFXi7cR9J_1',NULL,1892000.00,0.00,NULL,'2024-07-11 09:07:26','2024-07-11 09:45:10',0,0,'cart'),(19,NULL,'wVp5q3rbbKjQwQMBxUOLFKRyKqqG0NCM_1','890042b5a59fb4a9d4bf8df95bac56c14ba7f462',451000.00,0.00,NULL,'2024-07-12 03:17:45','2024-07-12 03:18:39',0,0,'cart'),(58,NULL,'T01W7PcIdlMtFfooDP2aiIMRecaYFzGG_1',NULL,293700.00,0.00,NULL,'2024-07-12 09:56:17','2024-07-12 09:56:19',0,0,'cart'),(59,NULL,'BlhGlnOuDO1sl1vwIDs2LKnqsfDHBk2J_1','45b0788c070bf1154d97108b00680f39450df959',352000.00,0.00,NULL,'2024-07-16 09:43:29','2024-07-16 09:45:07',0,0,'cart'),(62,NULL,'JdDxVCD7kRYpoSWnaj4I5bW8ELoib7XU_1','92bcb1a3935623bc4f69a69cd2d4e7c7303ce25b',167200.00,0.00,NULL,'2024-07-19 07:16:09','2024-07-19 10:31:18',0,0,'cart'),(67,NULL,'1bhN3Vwdhf7MunrFJotwFlNNC8Oz3lqI_1','8a9050f46e76b35077da7c1985d199ee29de16a7',139700.00,0.00,NULL,'2024-07-22 07:57:32','2024-07-22 07:57:58',0,0,'cart'),(68,NULL,'dTCVBawHwZ3agNKO1uw9ifK9ldyMTlb3_1','c0ceeb52a86ba1524bfec96aaa734b00406aed1a',139700.00,0.00,NULL,'2024-07-22 07:59:23','2024-07-22 08:40:21',0,0,'cart'),(69,NULL,'e0W0ANkqC5e18NVT0Rh6WNCEeJ8OH6aY_1','6d532b857065fdafb9d71393323d4f651cd5c0ab',139700.00,0.00,NULL,'2024-07-22 08:46:19','2024-07-22 09:06:23',0,0,'cart'),(70,NULL,'TKSSY0iMZpK8lxoTXrE9edSxrHsbWJ8F_1','5f2ce0cd21c387b7b380043fd4854d0c6920bf26',139700.00,0.00,NULL,'2024-07-22 09:30:31','2024-07-22 09:30:47',0,0,'cart'),(72,NULL,'5SmJSmaDrSJ9xex5qcgmFR4vRVeSTwfO_1','668727b9317fe628f9bec6e675caab5cbf858181',139700.00,0.00,NULL,'2024-07-23 04:38:26','2024-07-23 04:55:14',0,0,'cart'),(76,NULL,'4zJ8Z3XKmB1KAfklZHna3mdWCvq6X76D_1','2ed8aebd26bec316a99371c70bfc53f0490b6163',462000.00,0.00,NULL,'2024-07-23 06:58:05','2024-07-23 10:18:10',0,0,'cart'),(77,NULL,'vLDaxNieEU9Utylb903khbpVp9DCY8tm_1','46c5855f555c5c06c4932c02eaf0d7923aed0f53',407000.00,0.00,NULL,'2024-07-29 09:05:15','2024-07-29 09:24:28',0,0,'cart'),(81,NULL,'QjDgWHtKd6iARfQU67t8SOITwqFMSXbK_1','1193951137d9651043f2d6c06f029210dc33bbd0',293700.00,0.00,NULL,'2024-07-30 05:31:45','2024-07-30 05:32:28',0,0,'cart'),(82,NULL,'0p9Alrhp6cmDXuA4TI2oubqCRXj3gko7_1','6bd41fac02c7830416c897fcc84f1e7219992b58',293700.00,0.00,NULL,'2024-07-31 06:27:21','2024-07-31 07:03:35',0,0,'cart'),(84,NULL,'imcdxLhasnhaSnwTZI0w0tjDiBwc3pZi_1','f14f1696bc6e522c826f68b683a89253230fbeaa',346500.00,0.00,NULL,'2024-07-31 06:46:23','2024-07-31 06:50:33',0,0,'cart'),(85,NULL,'O2KBCOfyNVXH5Jsuu2aThjs7t1N7G4eS_1',NULL,178200.00,0.00,NULL,'2024-08-01 08:20:39','2024-08-01 08:20:41',0,0,'cart'),(86,NULL,'Xd5QTe8D6EM4BfWaGczi16yGJ5TudIko_1',NULL,154000.00,0.00,NULL,'2024-08-01 08:42:29','2024-08-01 08:42:31',0,0,'cart'),(88,NULL,'9ZL95EyYlyaocdCPyItvKgj7QdlLrEfO_1',NULL,550000.00,0.00,NULL,'2024-08-05 09:19:25','2024-08-05 09:19:26',0,0,'cart'),(91,NULL,'oPMbLZhYEuXhjXMpWKzxb30gAC0juJQr_1','d2f422a34f1d5041b0da0ba1c599d444792dce42',440000.00,0.00,NULL,'2024-08-08 03:15:15','2024-08-08 03:21:30',0,0,'cart'),(92,NULL,'6InNSi6VlKSHMj931g9BB4ZRWusJHqTi_1',NULL,115500.00,0.00,NULL,'2024-08-15 01:20:17','2024-08-15 01:31:02',0,0,'cart'),(93,NULL,'P9hbDlYcut243l7gxaiP7zIbPT3YFfqY_1',NULL,143000.00,0.00,NULL,'2024-08-16 02:30:47','2024-08-16 02:32:13',0,0,'cart'),(95,NULL,'rKzTOp7AQAc7pUnNrpZmzEpKHHN0552N_1',NULL,346500.00,0.00,NULL,'2024-08-16 02:32:31','2024-08-16 02:32:32',0,0,'cart'),(97,NULL,'UmVrA9bjsj48ty4i3SzuSwkSDuYc4kzK_1',NULL,550000.00,0.00,NULL,'2024-08-20 08:52:50','2024-08-20 08:52:51',0,0,'cart'),(98,NULL,'susD6UnCtGByjqKUuIqLxdDxdBxQTKTY_1',NULL,291500.00,0.00,NULL,'2024-08-20 08:54:02','2024-08-20 08:54:03',0,0,'cart'),(101,NULL,'UqL8LsTDEU73lGxVH0rhul4I7W8KLoae_1',NULL,280500.00,0.00,NULL,'2024-08-22 08:25:35','2024-08-22 08:25:45',0,0,'cart'),(106,NULL,'uSSQyu7abbu6F66C81wtyGK64Q1bmqtK_1',NULL,143000.00,0.00,NULL,'2024-08-23 02:42:19','2024-08-23 02:42:19',0,0,'cart'),(107,NULL,'LuXzKdYKw0ZyCAH8hXQ2lwp3vIDYL8X0_1',NULL,324500.00,0.00,NULL,'2024-08-23 03:36:35','2024-08-23 03:36:37',0,0,'cart'),(108,NULL,'2bzpRjCE988nywI4qbeetREBmB01NAi1_1',NULL,143000.00,0.00,NULL,'2024-08-23 03:36:47','2024-08-23 03:36:49',0,0,'cart'),(109,NULL,'PyuoAAiw9t2AYPVoYebPRpncHERiLhRb_1',NULL,282700.00,0.00,NULL,'2024-08-23 06:24:23','2024-08-23 06:24:25',0,0,'cart'),(110,NULL,'DJ4CNhaSB1mBydcizazWnVn4CzpOprWH_1',NULL,302500.00,0.00,NULL,'2024-08-25 04:45:04','2024-08-25 04:45:05',0,0,'cart'),(111,NULL,'912Kt5iMPLISBiQhcdCxgbqhf5Dv1pUM_1',NULL,324500.00,0.00,NULL,'2024-08-25 19:32:00','2024-08-25 19:32:02',0,0,'cart'),(114,NULL,'mW4ypR5Ez9KhkTcfn4FBM7yGPDv4iGMm_1',NULL,462000.00,0.00,NULL,'2024-08-31 03:50:53','2024-08-31 03:50:55',0,0,'cart'),(116,NULL,'74eSm5rxU6v2CnTcy43EsTtLl1IvbwGV_1',NULL,572000.00,0.00,NULL,'2024-08-31 10:12:26','2024-08-31 10:12:46',0,0,'cart'),(117,NULL,'SRN0U5NLhqxpu9uFrH6Guzuq22XdTYpj_1',NULL,170500.00,0.00,NULL,'2024-09-01 12:01:25','2024-09-01 12:01:27',0,0,'cart'),(118,NULL,'5J94PNOOwp9J41n7Ebld8BECDrIN5nBd_1',NULL,0.00,0.00,NULL,'2024-09-05 07:05:39','2024-09-05 07:05:39',0,0,'cart'),(119,NULL,'tz6n0YJL01O80b17PaGUwEbfL4LIrV5h_1',NULL,264000.00,0.00,NULL,'2024-09-05 21:09:48','2024-09-05 21:09:51',0,0,'cart'),(123,NULL,'LIsjrKoxi18x92J2z2BNaU65JOHRTI7i_1',NULL,907500.00,0.00,NULL,'2024-09-08 03:26:44','2024-09-08 03:26:49',0,0,'cart'),(124,NULL,'Q3kWpzGPe0a9Oo9fKBKXpxnQgHHMHAfO_1',NULL,282700.00,0.00,NULL,'2024-09-09 05:59:05','2024-09-09 05:59:07',0,0,'cart'),(125,NULL,'jfcvL61aaSlH7OvqKiVHZxhoHRgEAZ5o_1',NULL,159500.00,0.00,NULL,'2024-09-09 15:31:01','2024-09-09 15:31:03',0,0,'cart'),(137,NULL,'bwlpgCN6KO4f1gLw6iU8BskGpDeHOjMi_1',NULL,478500.00,0.00,NULL,'2024-09-10 01:12:08','2024-09-10 01:12:11',0,0,'cart'),(138,NULL,'C6zETRSsRU7UUJ1OlWtJ2IFieKyDWLJR_1',NULL,621500.00,0.00,NULL,'2024-09-10 01:27:19','2024-09-10 01:27:20',0,0,'cart'),(139,NULL,'kQ68S2o5ARhaUqACTS9h6fUATKiYavlP_1',NULL,368500.00,0.00,NULL,'2024-09-13 06:54:38','2024-09-13 06:54:48',0,0,'cart'),(140,NULL,'B6vZGfusjCOrjkZUqTMdax6gUdGtmnjX_1',NULL,275000.00,0.00,NULL,'2024-09-15 16:01:16','2024-09-15 16:01:18',0,0,'cart'),(141,NULL,'Ha7YMchap6agqAIWsnLU4t9TWTJ3d1ZZ_1',NULL,302500.00,0.00,NULL,'2024-09-16 07:55:38','2024-09-16 07:55:40',0,0,'cart'),(142,NULL,'hoXGCDqKXdiHd9bbUoDQDfsb0tBOEgHh_1',NULL,357500.00,0.00,NULL,'2024-09-18 04:50:07','2024-09-18 04:50:09',0,0,'cart'),(143,NULL,'RVCvIiDSqDsYVFsOyUMmT19567AJc7bi_1',NULL,192500.00,0.00,NULL,'2024-09-18 15:57:05','2024-09-18 15:57:05',0,0,'cart'),(145,NULL,'eg7jnLMdGdEu5fp2rPWlNWKRkURgpbfV_1',NULL,539000.00,0.00,NULL,'2024-09-19 11:25:16','2024-09-19 11:25:16',0,0,'cart'),(150,NULL,'6VJHpcfN3cAIratbm4zURJlwE88ZKMVl_1',NULL,308000.00,0.00,NULL,'2024-09-24 01:33:37','2024-09-24 01:33:38',0,0,'cart'),(152,NULL,'ZzNf5OscWg2EFVkruFho6DDvgubDoMIp_1',NULL,653400.00,0.00,NULL,'2024-09-28 23:30:04','2024-09-28 23:30:05',0,0,'cart'),(153,NULL,'lc9OnH8FBBWYcUlJzeBly1LzEF67qKbS_1',NULL,178200.00,0.00,NULL,'2024-09-29 14:43:58','2024-09-29 14:44:01',0,0,'cart'),(155,NULL,'n1HH69XVM98rNkUAtAH8R9z11OD8Ycqs_1','d759a9b3a57b6a8f1108deaeefcd1f9196cf484b',792000.00,0.00,NULL,'2024-09-30 06:38:11','2024-09-30 06:38:30',0,0,'cart'),(157,NULL,'XYf7lwK4uAZjXYPnYEG0AYKidio3bS2O_1',NULL,742500.00,0.00,NULL,'2024-10-01 10:09:12','2024-10-01 10:09:13',0,0,'cart'),(160,NULL,'lLkyH0kOE1vqsqNIL4W6tPFrG1itz39V_1',NULL,473000.00,0.00,NULL,'2024-10-16 00:46:40','2024-10-16 00:46:44',0,0,'cart'),(162,NULL,'ML36M9BusYKFidbw4BPR1UEXup9BStms_1',NULL,313500.00,0.00,NULL,'2024-10-20 05:19:51','2024-10-20 05:19:53',0,0,'cart'),(163,NULL,'0pK6IoMlLDJK6Cu7YYKwW4zVPjkToCY4_1',NULL,302500.00,0.00,NULL,'2024-10-20 08:34:01','2024-10-20 08:34:04',0,0,'cart'),(164,NULL,'WoG5drhphIRkqr8VkiiS26rCXPHYDwMo_1',NULL,390500.00,0.00,NULL,'2024-10-21 00:52:54','2024-10-21 00:52:55',0,0,'cart'),(165,NULL,'W10VN5N36ujgTOfwPziqRB6y0eiiyQ48_1','81106f29a0a68649ddad91f321ec6373fe4e7694',324500.00,0.00,NULL,'2024-10-24 06:53:43','2024-10-24 06:55:42',0,0,'cart'),(166,NULL,'6WRdRut17HD04U2rKnJjMplxk9SIP9NG_1',NULL,556600.00,0.00,NULL,'2024-10-24 07:00:41','2024-10-24 07:00:42',0,0,'cart'),(167,NULL,'BcAuoHIHUD7rqmPylYHeQXV0FOZHq9lB_1',NULL,346500.00,0.00,NULL,'2024-11-01 11:46:57','2024-11-01 11:46:59',0,0,'cart'),(168,NULL,'gH8lL7lwxsBgdEs1Fefx00HekrBUsv7f_1',NULL,313500.00,0.00,NULL,'2024-11-02 01:40:10','2024-11-02 01:40:12',0,0,'cart'),(169,NULL,'uGTzFkBzweyHcBLp95Ws8uIlTzwPikz3_1',NULL,350900.00,0.00,NULL,'2024-11-03 09:15:38','2024-11-03 09:15:42',0,0,'cart'),(173,NULL,'wWw9sk2PbTJ5ewgxMDWJ5DP7wsVeGnit_1',NULL,598400.00,0.00,NULL,'2024-11-04 05:25:16','2024-11-04 05:25:35',0,0,'cart'),(174,NULL,'Vzt1FGbMw9WcKCjpIamtTR0lEq8nSWRB_1',NULL,335500.00,0.00,NULL,'2024-11-04 10:12:18','2024-11-04 10:12:20',0,0,'cart'),(175,NULL,'GOzXKusmGGVvdU6LWQPgW7OsoLtwExlm_1','6d04e46e4402980217001f8ab7d19f591c54f6e4',429000.00,0.00,NULL,'2024-11-05 08:40:52','2024-11-05 08:41:39',0,0,'cart'),(176,NULL,'yaFFrbBhDKxMQY2A57gadInOxRVbM7pA_1',NULL,192500.00,0.00,NULL,'2024-11-10 11:24:29','2024-11-10 11:24:32',0,0,'cart'),(177,NULL,'shVtYy9UPjlzVLP72rdYLOkurIh3l1Oa_1',NULL,431200.00,0.00,NULL,'2024-11-13 11:58:53','2024-11-13 11:58:53',0,0,'cart'),(179,NULL,'M7Tkrld8gIum3yc7nORZvoKEYzj7wCI9_1',NULL,324500.00,0.00,NULL,'2024-11-20 01:33:39','2024-11-20 01:33:39',0,0,'cart'),(181,NULL,'sohftwxxaWSmQK2DEtrLg5RLi5lMPGXO_1',NULL,335500.00,0.00,NULL,'2024-11-22 11:59:03','2024-11-22 11:59:04',0,0,'cart'),(182,NULL,'NubpagBxerav8udNvviIiSMuUPdKGDzj_1',NULL,324500.00,0.00,NULL,'2024-11-27 08:02:59','2024-11-27 08:28:16',0,0,'cart'),(183,NULL,'TQBhZ52fXGSrDniqLtq91ipyeuZiHx7a_1',NULL,154000.00,0.00,NULL,'2024-11-27 08:12:28','2024-11-27 08:12:30',0,0,'cart'),(184,NULL,'XHb2AATjmQ8JDXBHKqD3csidjTHswonq_1',NULL,748000.00,0.00,NULL,'2024-11-27 14:20:04','2024-11-27 14:20:04',0,0,'cart'),(185,NULL,'KMknNYzXdjL28OM4C5SwAMWynXA6xxQG_1',NULL,282700.00,0.00,NULL,'2024-11-30 06:10:53','2024-11-30 06:10:56',0,0,'cart'),(186,NULL,'qmgOa5LKqjCkYrHuMMHb7FGrkZyNyZu7_1',NULL,572000.00,0.00,NULL,'2024-12-01 08:06:23','2024-12-01 08:06:25',0,0,'cart'),(187,NULL,'qXkhK0rXVNLIzQrJp1AcMN5BipMvp4nG_1',NULL,170500.00,0.00,NULL,'2024-12-01 13:07:00','2024-12-01 13:07:01',0,0,'cart'),(188,NULL,'ujoDdFb6l9V28fXPeJYEo7lH6JoY6Ady_1','a771bbe7cfc31f07a122927346002c10a9a12438',148500.00,0.00,NULL,'2024-12-01 14:08:58','2024-12-01 14:19:34',0,0,'cart'),(189,NULL,'wXzBt5KKCPUgDLEMeBxH5wVADQwlRpjn_1',NULL,346500.00,0.00,NULL,'2024-12-01 17:19:40','2024-12-01 17:19:42',0,0,'cart'),(194,NULL,'GKPlZduVmteU4cKxtzFgz0foGREwGzkC_1','1b598a295a92d58aa09d4bb379c2bc0e650b80b2',324500.00,0.00,NULL,'2024-12-02 06:41:53','2024-12-02 06:43:15',0,0,'cart'),(200,NULL,'kduVey01sdW6tJGJdERKsOMuhxvzNuAI_1',NULL,352000.00,0.00,NULL,'2024-12-05 14:34:33','2024-12-05 14:34:34',0,0,'cart'),(213,NULL,'RLQIWLl7Z2AZvZD5kzAoGMgWfTFL2BY1_1',NULL,165000.00,0.00,NULL,'2024-12-10 10:21:00','2024-12-10 10:21:01',0,0,'cart'),(214,NULL,'ONkb1t6XaXav5Iwjb8K5Ou0gSqVmje1n_1',NULL,293700.00,0.00,NULL,'2024-12-12 10:29:47','2024-12-12 10:29:51',0,0,'cart'),(218,NULL,'k9Smo26tZRwgdkukdsV8l8apDt8NPaSw_1',NULL,374000.00,0.00,NULL,'2024-12-18 11:37:47','2024-12-18 11:37:47',0,0,'cart'),(219,NULL,'sifcfVBZumWsd9XGJHXFvR0TuShL73CP_1',NULL,154000.00,0.00,NULL,'2024-12-20 03:35:53','2024-12-20 03:35:53',0,0,'cart'),(220,NULL,'gulobwOsLvsr32G4S5Rx4eymjhxJ7c9a_1',NULL,357500.00,0.00,NULL,'2024-12-20 11:27:09','2024-12-20 11:27:12',0,0,'cart'),(222,NULL,'0Ormm9LU5yjCJ34oa6xl2qXuuabUSS8g_1',NULL,407000.00,0.00,NULL,'2024-12-21 09:56:18','2024-12-21 09:56:19',0,0,'cart'),(223,NULL,'LehEASdC0fxqP4tqwm8DkBC88GTa9LUs_1',NULL,313500.00,0.00,NULL,'2024-12-21 13:27:28','2024-12-21 13:27:29',0,0,'cart'),(224,NULL,'fjnecvC0MMQ7jrLhayjlXCJxy90jmZQl_1',NULL,148500.00,0.00,NULL,'2024-12-22 11:51:40','2024-12-22 11:51:40',0,0,'cart'),(225,NULL,'Wak7734PhYcqsSBMBhQOpXMM1gcKvSOq_1',NULL,286000.00,0.00,NULL,'2024-12-24 02:56:42','2024-12-24 02:56:45',0,0,'cart'),(226,NULL,'wS4CdzE5alLZsE4jGP8DAw1vciJK3yNw_1',NULL,159500.00,0.00,NULL,'2024-12-25 12:57:29','2024-12-25 12:57:31',0,0,'cart'),(230,NULL,'LgbQ0OZfTMU4dQ86NxsleWXflsLxMPCR_1',NULL,324500.00,0.00,NULL,'2025-01-02 05:57:32','2025-01-02 05:57:32',0,0,'cart'),(232,NULL,'0OdbefV987wzSYZbCDBEcSxS2uBFCTlx_1',NULL,282700.00,0.00,NULL,'2025-01-03 03:29:00','2025-01-03 03:33:28',0,0,'cart'),(233,NULL,'ArlL9BN4PBe23h8Wlj5AdhA7bhlTTaPw_1',NULL,541200.00,0.00,NULL,'2025-01-03 03:33:26','2025-01-03 03:33:28',0,0,'cart'),(237,NULL,'qHN2xBBntzMjKZexddmgpKQSekKPPhNN_1',NULL,331100.00,0.00,NULL,'2025-01-03 05:42:38','2025-01-03 05:42:38',0,0,'cart'),(238,NULL,'fsqBi420naMclLMOr30dLXd7O7V5kgrO_1',NULL,126500.00,0.00,NULL,'2025-01-03 05:56:30','2025-01-03 05:56:32',0,0,'cart'),(240,NULL,'g1Pox6vdRKdIzy3hLHKJUBbVBD8F4MKe_1',NULL,874500.00,0.00,NULL,'2025-01-04 09:44:44','2025-01-04 09:44:44',0,0,'cart'),(241,NULL,'wJUO4LRAAXQ060JgFNnLAGMnsTTMHcXz_1',NULL,167200.00,0.00,NULL,'2025-01-06 11:01:11','2025-01-06 11:01:14',0,0,'cart'),(243,NULL,'HbKFmbyMqaAOP3CLurTireXo3Oyq5zsi_1',NULL,203500.00,0.00,NULL,'2025-01-09 14:28:11','2025-01-09 14:28:13',0,0,'cart'),(244,NULL,'dtx25hfOEhZmpiiUCv3LsYXUPpWleYFD_1',NULL,418000.00,0.00,NULL,'2025-01-12 21:04:25','2025-01-12 21:04:27',0,0,'cart'),(245,NULL,'8AedqUY4LSWrOI0CrxsYq2NqtLPItTDm_1',NULL,572000.00,0.00,NULL,'2025-01-14 15:29:46','2025-01-14 15:29:49',0,0,'cart'),(247,NULL,'3srdbMKdeNIf1EEn6Lm5NpqzJ5EAoWYO_1','36874b7b09c907506dae974b40dc17867403aba9',115500.00,0.00,NULL,'2025-01-15 08:50:50','2025-01-15 08:53:34',0,0,'cart'),(248,NULL,'uE4RMH2Uj9O6q79ANp1hP9BTAKQ73aZ2_1',NULL,115500.00,0.00,NULL,'2025-01-19 10:40:42','2025-01-19 10:40:47',0,0,'cart'),(250,NULL,'NAMg4RuAwFokeFxEc2STVclTQ5dnwLbz_1',NULL,139700.00,0.00,NULL,'2025-01-21 00:43:27','2025-01-21 00:45:45',0,0,'cart'),(251,NULL,'KxBhU39bV7DkwWxfbfoimqZmQKJHbzLE_1',NULL,115500.00,0.00,NULL,'2025-01-21 03:02:08','2025-01-21 03:02:10',0,0,'cart'),(252,NULL,'yFV22KtTHCqIA0PzlWQYs0iDejvqlBzT_1',NULL,159500.00,0.00,NULL,'2025-01-23 01:18:28','2025-01-23 01:18:56',0,0,'cart'),(257,NULL,'oAVq9yKhTDQ4tgoXCAgPCYoCnrwvSFtZ_1',NULL,341000.00,0.00,NULL,'2025-01-26 23:30:42','2025-01-26 23:30:44',0,0,'cart'),(258,NULL,'kOCT3XOTl7TUY7FV2s7QYVtJvnvDNtUO_1',NULL,324500.00,0.00,NULL,'2025-01-29 11:11:47','2025-01-29 11:11:48',0,0,'cart'),(259,NULL,'drRgwRgeogjnTlori9BPdAxMYw08IoLJ_1',NULL,280500.00,0.00,NULL,'2025-01-30 13:39:13','2025-01-30 13:40:09',0,0,'cart'),(260,NULL,'DA4lUW46n5MoJWDzTmHlrZlfCnd6afcg_1',NULL,280500.00,0.00,NULL,'2025-01-30 13:47:17','2025-01-30 13:47:17',0,0,'cart'),(261,NULL,'O5cmndgDLVDsySjqNEpd2L8viaJtb32x_1',NULL,324500.00,0.00,NULL,'2025-02-01 08:10:16','2025-02-01 08:10:19',0,0,'cart'),(262,NULL,'GCOED6nCAaBw8LDLbwndXjKqUzpges8x_1',NULL,220000.00,0.00,NULL,'2025-02-02 16:01:34','2025-02-02 16:01:39',0,0,'cart'),(263,NULL,'fw0Leod8JVtRNN2CNAfUtgHsJ5ZDckFM_1',NULL,313500.00,0.00,NULL,'2025-02-07 15:06:40','2025-02-07 15:06:42',0,0,'cart'),(264,NULL,'LSY1Gk0zjebtgj3mKDi1Z1O2VARkWcLV_1',NULL,337700.00,0.00,NULL,'2025-02-09 10:28:39','2025-02-09 12:44:27',0,0,'cart'),(265,NULL,'BRxSUhhnuNcUWeDBCZXikrOYtGqsWcV4_1',NULL,181500.00,0.00,NULL,'2025-02-09 14:11:51','2025-02-09 14:11:54',0,0,'cart'),(266,NULL,'Jr1yijDeyLf8tqWc999MZsmwOMVuK1gQ_1',NULL,357500.00,0.00,NULL,'2025-02-11 08:42:10','2025-02-11 08:42:12',0,0,'cart'),(267,NULL,'pcmDWcW6x6DHMp6hGSOfxRuaD7CYTvOP_1',NULL,346500.00,0.00,NULL,'2025-02-11 09:37:11','2025-02-11 09:37:12',0,0,'cart'),(268,NULL,'zuNNozaRLsMyugyow5Rpg5tJXy7TUafY_1',NULL,398200.00,0.00,NULL,'2025-02-13 03:41:07','2025-02-13 03:42:03',0,0,'cart'),(269,NULL,'iSoRquh51DYKS2OjlDQJRTPVrE1sduIm_1',NULL,390500.00,0.00,NULL,'2025-02-21 08:09:49','2025-02-21 08:09:51',0,0,'cart'),(270,NULL,'5mg0ui4DZTE2iYmfprU7D1vDYaZWXRsL_1',NULL,242000.00,0.00,NULL,'2025-02-22 15:38:24','2025-02-22 15:38:26',0,0,'cart'),(271,NULL,'YpK7JyK8VVZIN7xljWB9vP7KEqALTf0T_1',NULL,304700.00,0.00,NULL,'2025-02-24 13:37:11','2025-02-24 13:37:16',0,0,'cart'),(272,NULL,'3D6Sx4BQ7KFuUmea4NCNwamQsQpiHgRQ_1',NULL,341000.00,0.00,NULL,'2025-02-24 14:13:53','2025-02-24 14:13:55',0,0,'cart'),(273,NULL,'n4ORTkKIv9wGvHgkbaQbsq61v6TgIY1K_1',NULL,176000.00,0.00,NULL,'2025-02-24 15:51:42','2025-02-24 15:51:42',0,0,'cart'),(274,NULL,'dk7mvkYTVkL8RE6BR2nW6dYdJOGvu3bd_1',NULL,282700.00,0.00,NULL,'2025-03-01 07:32:00','2025-03-01 07:32:56',0,0,'cart'),(280,NULL,'UGZL6lBVSmt0mRjRB3gw2LAc0z1G9TJb_1',NULL,385000.00,0.00,NULL,'2025-03-03 10:05:46','2025-03-03 10:05:48',0,0,'cart'),(282,NULL,'tzlxq043GXSEXCxPO2ol3dDL5jrIBdYl_1',NULL,159500.00,0.00,NULL,'2025-03-05 07:55:33','2025-03-05 07:55:34',0,0,'cart'),(284,NULL,'0rhpuQ9JDW1LyyGfHiWPoJolchhgrjsV_1',NULL,1551000.00,0.00,NULL,'2025-03-08 00:25:44','2025-03-08 00:25:45',0,0,'cart'),(285,NULL,'fiE32nc4I4eCjol2WPi7qU4QxzKg5Qz6_1',NULL,346500.00,0.00,NULL,'2025-03-08 12:45:03','2025-03-08 12:45:05',0,0,'cart'),(286,NULL,'28sW0yEcxYu1xHk6Hh7gLN9rPTZlHDhK_1',NULL,209000.00,0.00,NULL,'2025-03-10 03:58:02','2025-03-10 03:58:03',0,0,'cart'),(289,NULL,'R5DJeFSnWOyrM6CVanELOEMC7R2ynKaZ_1',NULL,484000.00,0.00,NULL,'2025-03-15 23:16:31','2025-03-15 23:16:33',0,0,'cart'),(290,NULL,'W8DhANXmequ8BSxq6ZSmvNxGOe0dUojY_1',NULL,319000.00,0.00,NULL,'2025-03-16 02:36:17','2025-03-16 02:36:19',0,0,'cart'),(291,NULL,'MCmpruUhal8hQrYqP5xXvR4MATOMdqzr_1',NULL,319000.00,0.00,NULL,'2025-03-16 05:58:38','2025-03-16 05:58:45',0,0,'cart'),(296,NULL,'I85vBtATuhwFgm7n2sMBdK38BybYg9HF_1','7d0a1d452b8f9a60ca74ade68f08221a163665d8',445500.00,0.00,NULL,'2025-03-18 03:31:55','2025-03-18 03:35:01',0,0,'cart'),(299,NULL,'tnis41nrAmVdl7880kttEQcQClyEbRRv_1','f9d33cdad985c8ed5199c894d7e6dc153d8f4c16',445500.00,0.00,NULL,'2025-03-18 08:22:21','2025-03-18 08:48:21',0,0,'cart'),(303,NULL,'H3fvtrq2T4pXPCUbEZOiQ8L2PSG1Ntcr_1',NULL,282700.00,0.00,NULL,'2025-03-19 17:38:37','2025-03-19 17:38:38',0,0,'cart'),(304,NULL,'F8E0OGCpoEEej67eyT13MUemyPNjaaqf_1',NULL,148500.00,0.00,NULL,'2025-03-22 17:13:32','2025-03-22 17:13:33',0,0,'cart'),(305,NULL,'PMlu0hNPwI7HKxfnZbqVIg3BS21v71Fy_1',NULL,467500.00,0.00,NULL,'2025-03-23 12:27:12','2025-03-23 12:27:12',0,0,'cart'),(307,NULL,'YG9noQrnpxoaYDz7BX7pbtB3xwGw6bG3_1',NULL,143000.00,0.00,NULL,'2025-03-25 14:32:39','2025-03-25 14:32:41',0,0,'cart'),(309,NULL,'ecp4kQe4Ae2dZKMMVHM4cYDkkVfA5hya_1',NULL,412500.00,0.00,NULL,'2025-04-01 10:00:19','2025-04-01 10:00:21',0,0,'cart'),(310,NULL,'q2vR6xsEJ7D6JCAC8JUDi2unC9kDPo9Z_1',NULL,834900.00,0.00,NULL,'2025-04-02 07:20:00','2025-04-02 07:20:02',0,0,'cart'),(314,NULL,'I74r0bSMFmEImHDFTd1UvY79WSPOz3xy_1',NULL,346500.00,0.00,NULL,'2025-04-03 14:32:40','2025-04-03 14:37:06',0,0,'cart'),(317,NULL,'OMqmJmng2EVxS0pR8Amemq4QmJUJqXv7_1',NULL,291500.00,0.00,NULL,'2025-04-04 12:26:19','2025-04-04 12:26:19',0,0,'cart'),(318,NULL,'bX0SggEWvJQfX5zQpwkxmnQ0DsNVpFGd_1',NULL,247500.00,0.00,NULL,'2025-04-05 03:41:07','2025-04-05 03:41:08',0,0,'cart'),(319,NULL,'VPQ3b33MeRYyVK4ul9TzE3UJKTTt5kkq_1',NULL,247500.00,0.00,NULL,'2025-04-05 03:49:31','2025-04-05 03:49:32',0,0,'cart'),(322,NULL,'WUdXVPcx4B67jUqniaWZvE0IeXjyiSrI_1',NULL,332200.00,0.00,NULL,'2025-04-12 17:36:14','2025-04-12 17:36:14',0,0,'cart'),(324,NULL,'sxrfTC1PiTqLeTQgf2KwDNKKV8NYIQPj_1',NULL,693000.00,0.00,NULL,'2025-04-14 14:44:08','2025-04-14 14:44:12',0,0,'cart'),(325,NULL,'Cs7E1z9AAZnZFcx1MvznNpRzcySxM8ex_1',NULL,315700.00,0.00,NULL,'2025-04-17 11:36:02','2025-04-17 11:36:05',0,0,'cart'),(326,NULL,'pMpg8TaXwdrTzU3H7cjZbhokK1Y3LNXe_1',NULL,357500.00,0.00,NULL,'2025-04-17 13:51:59','2025-04-17 13:52:01',0,0,'cart'),(327,NULL,'YA6KDKww0lIM5mrCAKDtgKfTD9LTvKe0_1',NULL,418000.00,0.00,NULL,'2025-04-17 15:00:01','2025-04-17 15:00:03',0,0,'cart'),(328,NULL,'GEufoRFN3zC70osmiX2iRXVuql37OcyR_1',NULL,198000.00,0.00,NULL,'2025-04-21 10:56:57','2025-04-21 10:56:57',0,0,'cart'),(329,NULL,'SIDHuf92S1YVtAi0X04J5r80VGpxLNYS_1',NULL,165000.00,0.00,NULL,'2025-04-23 14:16:11','2025-04-23 14:16:13',0,0,'cart'),(333,NULL,'OEghrhdLRzVFYPpJEh24ZlxITUnDyYcL_1',NULL,159500.00,0.00,NULL,'2025-05-02 11:59:14','2025-05-02 11:59:14',0,0,'cart'),(334,NULL,'Sj8XwGeU2FMntOvsHVunTyMqiCyJJdsO_1','92b9921b95b8214b0c6bfbdd51e7e712fc8630ba',181500.00,0.00,NULL,'2025-05-07 04:24:21','2025-05-07 04:27:11',0,0,'cart'),(337,NULL,'KDxutvLjd2B33nQm5RiD9U5WQxoYwdt1_1',NULL,350900.00,0.00,NULL,'2025-05-07 15:26:52','2025-05-07 15:27:39',0,0,'cart'),(338,NULL,'8qI6r1W7GMSmsa8XwEBJh1yUGads360B_1',NULL,148500.00,0.00,NULL,'2025-05-07 15:50:06','2025-05-07 15:50:08',0,0,'cart'),(341,NULL,'Yg4bQlmdDY9ULxxFUcNX6I1G7GvbAK9y_1',NULL,170500.00,0.00,NULL,'2025-05-12 06:59:26','2025-05-12 06:59:26',0,0,'cart'),(343,NULL,'kMTzwqLTP1MAed5UoMw0WawzeLHNf6pQ_1',NULL,154000.00,0.00,NULL,'2025-05-18 08:57:57','2025-05-18 08:57:57',0,0,'cart'),(344,NULL,'vbM2LxMLIXlLscag0gSavD7qbMnOsetI_1',NULL,143000.00,0.00,NULL,'2025-05-18 08:58:53','2025-05-18 08:58:53',0,0,'cart'),(346,NULL,'fkkARgbUfCm9ugj0Z1plHsgvactZ3Ydi_1',NULL,297000.00,0.00,NULL,'2025-05-18 08:59:56','2025-05-18 08:59:58',0,0,'cart'),(347,NULL,'mVkm0lfpLjz41Nx17G5S9ndoPRkXzoq6_1',NULL,313500.00,0.00,NULL,'2025-05-18 14:28:13','2025-05-18 14:28:14',0,0,'cart'),(348,NULL,'19wy6NMEGD2LF3wKcuxr3fBpUzPppNwp_1',NULL,154000.00,0.00,NULL,'2025-05-21 13:02:27','2025-05-21 13:02:30',0,0,'cart'),(349,NULL,'En9Z3NMqxZY6svpKeymvLh401w2mx8K6_1',NULL,192500.00,0.00,NULL,'2025-05-22 05:20:48','2025-05-22 05:20:50',0,0,'cart'),(350,NULL,'B3UTZYg6xohcthNjL6aJc5GDNOTmGjiZ_1',NULL,165000.00,0.00,NULL,'2025-05-22 12:56:46','2025-05-22 12:56:47',0,0,'cart'),(351,NULL,'v7zKSa8LuxhHdm6kYtRYd62dmE4b1fFY_1','8c9118032bfc41ee040d483f33aedfc1a0f6daec',280500.00,0.00,NULL,'2025-05-22 14:07:38','2025-05-22 14:13:48',0,0,'cart'),(356,NULL,'3nywSM1uUc5BEHidvo5jtiOkZ8SKrpEe_1',NULL,654500.00,0.00,NULL,'2025-05-24 10:11:23','2025-05-24 10:11:24',0,0,'cart'),(359,NULL,'T2Fe2i8FGnlPZpQpNXa0lMlVOntag0zO_1','9b1efa999cf077d2a5958cf8668d31ce85b289fc',335500.00,0.00,NULL,'2025-05-25 06:11:27','2025-05-25 06:14:54',0,0,'cart'),(362,NULL,'UPcO379q1SFCrc9SseF0Fqd4u528IzpJ_1',NULL,161700.00,0.00,NULL,'2025-05-25 06:15:02','2025-05-25 06:17:25',0,0,'cart'),(364,NULL,'WR9ihPJCTiKANSqmRVgj0ojvW4aUgHbf_1',NULL,139700.00,0.00,NULL,'2025-05-25 14:42:33','2025-05-25 14:42:35',0,0,'cart'),(365,NULL,'cPb5JMeVlinsV9VFIaTf9D00KlS8rgrG_1',NULL,115500.00,0.00,NULL,'2025-05-25 23:38:50','2025-05-25 23:38:53',0,0,'cart'),(366,NULL,'DgXCKf4ovBlL8K4XffX6v4wuTkdpqSuH_1',NULL,335500.00,0.00,NULL,'2025-05-26 02:44:22','2025-05-26 02:44:26',0,0,'cart'),(367,NULL,'IWNvxq4fzVtp4XhE7Auk5H6JjSBhyJpC_1',NULL,304700.00,0.00,NULL,'2025-05-27 10:45:43','2025-05-27 10:45:44',0,0,'cart'),(369,NULL,'4tuoyIx5YKXrRSWLkxr5tVmngity3qPG_1',NULL,341000.00,0.00,NULL,'2025-05-27 12:52:40','2025-05-27 12:52:41',0,0,'cart'),(370,NULL,'q0ZU6nD6hcJQAhThKoJoLc7jvbE6Hv87_1',NULL,154000.00,0.00,NULL,'2025-05-27 21:48:39','2025-05-27 21:48:41',0,0,'cart'),(373,NULL,'esAPAuXepR8bx8O6bL554qRJ9YsuAurU_1',NULL,341000.00,0.00,NULL,'2025-05-28 02:03:16','2025-05-28 02:03:18',0,0,'cart'),(374,NULL,'U5nwjuULKAJugCeaEcac2y4oS7ttl5Jf_1','401b29e70191d968ad573aa50aefa90377e63bec',143000.00,0.00,NULL,'2025-05-28 02:14:21','2025-05-28 02:30:17',0,0,'cart'),(375,NULL,'BwkEe9a1iCsryhajs7M2pDCd6CVhm7YW_1',NULL,170500.00,0.00,NULL,'2025-05-28 02:14:26','2025-05-28 02:14:27',0,0,'cart'),(376,NULL,'ktLi9MMswO241weo8z5DzWFtK2otZnHh_1','9182320f9680601334378c67ce91503421822875',154000.00,0.00,NULL,'2025-05-29 06:23:37','2025-05-29 06:24:56',0,0,'cart'),(377,NULL,'9nJZo7MNIFGMScGYQ9B44WgGJCklAXNL_1',NULL,319000.00,0.00,NULL,'2025-05-30 18:22:41','2025-05-30 18:22:43',0,0,'cart'),(378,NULL,'6qcYWK8Wv4UMtANrTRyKZKW9MDjhRgkU_1','c3c4aae8cef688dd241e14e3f5ce90b27c769e9e',308000.00,0.00,NULL,'2025-05-30 22:23:43','2025-05-30 22:32:48',0,0,'cart'),(387,NULL,'8I6M5mAJTBnQAI59Rep1yGWDjb7WYafV_1',NULL,247500.00,0.00,NULL,'2025-05-31 10:06:25','2025-05-31 10:06:25',0,0,'cart'),(391,NULL,'laoOcKhLE15tcS9W0ZtzFkDBqVwKSc8i_1','4531dd6506ab3425f56a1beb457cb3dc774dd06e',247500.00,0.00,NULL,'2025-05-31 10:16:17','2025-05-31 10:18:19',0,0,'cart'),(392,NULL,'AH1Rm8RO69j7AYL2xBdrfODA82O9Guha_1',NULL,247500.00,0.00,NULL,'2025-05-31 10:16:19','2025-05-31 10:16:23',0,0,'cart'),(393,NULL,'u3i0C8wWIH42Zw4kQbkrY5SbbsBGOzm6_1',NULL,247500.00,0.00,NULL,'2025-05-31 10:30:16','2025-05-31 10:30:18',0,0,'cart'),(397,NULL,'3IUfUoYDbXrno5CvOEbUDf0dx6018K2I_1',NULL,308000.00,0.00,NULL,'2025-06-02 05:03:24','2025-06-02 05:03:28',0,0,'cart'),(398,NULL,'HCaBruq9EaCQdSmehkRfSD8nHgdWOOeF_1',NULL,304700.00,0.00,NULL,'2025-06-02 10:54:56','2025-06-02 10:54:58',0,0,'cart'),(400,NULL,'BmhYvxAuxnim8o3Oj0tVMpEWGp6LFTaJ_1',NULL,308000.00,0.00,NULL,'2025-06-03 03:10:31','2025-06-03 03:10:34',0,0,'cart'),(404,NULL,'nem8dRnU1wxjf9Zgew8LRuHNbmqqu7lk_1',NULL,775500.00,0.00,NULL,'2025-06-07 05:22:18','2025-06-07 05:23:08',0,0,'cart'),(406,NULL,'GpBu7VYIqNmspGLtIzddSt0QbduwWOIH_1',NULL,517000.00,0.00,NULL,'2025-06-08 02:43:19','2025-06-08 02:43:21',0,0,'cart'),(407,NULL,'SEcajlXkZI6z1CKAxVb6WGF870qBjc8Q_1',NULL,258500.00,0.00,NULL,'2025-06-08 03:24:40','2025-06-08 03:24:55',0,0,'cart'),(408,NULL,'5dpMR3UzmJx09QIwZFxIXShrsatv6De9_1','4e98c1e17abf0ff03572b244eacef564e99f4130',258500.00,0.00,NULL,'2025-06-08 03:24:59','2025-06-08 03:28:57',0,0,'cart'),(410,NULL,'vKMJeD4TOp7bXN6TCUzeKlcF6U52Oq2K_1',NULL,393800.00,0.00,NULL,'2025-06-10 14:56:43','2025-06-10 14:56:46',0,0,'cart'),(411,NULL,'w3RcAm8kb8vkbMTYTdYeSRmgq4DhZJLO_1',NULL,363000.00,0.00,NULL,'2025-06-14 09:43:40','2025-06-14 09:43:42',0,0,'cart'),(412,NULL,'ueVXaN9SaerdWiOUXrKQmMSDJG5htXCb_1',NULL,198000.00,0.00,NULL,'2025-06-15 02:40:14','2025-06-15 02:40:18',0,0,'cart'),(413,NULL,'2QdDeF1k4KrQAiqZ4QORLSycIOVuVKOy_1','bf39eaf24ae238ec7fbad3f3f6bf5fa38e2d29e6',363000.00,0.00,NULL,'2025-06-15 12:14:54','2025-06-15 12:16:14',0,0,'cart'),(414,NULL,'CNra4Icyy6aJs11VWuJUQVjflQdhFch0_1',NULL,352000.00,0.00,NULL,'2025-06-16 13:42:17','2025-06-16 13:42:19',0,0,'cart'),(432,NULL,'xodXGKY8GAsj7WZ296CvAFwSsHPaAtJp_1',NULL,4471500.00,0.00,NULL,'2025-06-17 08:49:23','2025-06-17 08:49:23',0,0,'cart'),(1163,NULL,'4M54WaBE6Cpb4eRFI3TaBUU04Dido04C_1',NULL,127281000.00,0.00,NULL,'2025-06-17 10:51:35','2025-06-17 10:51:35',0,0,'cart'),(1164,NULL,'vNFBLtxsCjMaOBOwLfXU7qo4VO1dymqV_1',NULL,363000.00,0.00,NULL,'2025-06-17 22:58:34','2025-06-17 22:58:36',0,0,'cart'),(1717,NULL,'rt4Zqyad2FHAqsafKHFVBLTesgkSSyHi_1',NULL,154062700.00,0.00,NULL,'2025-06-21 18:26:08','2025-06-21 18:26:08',0,0,'cart'),(1721,NULL,'bpGhHO5CYKiCaWrsl3aHGxexUH7j0Itn_1',NULL,297000.00,0.00,NULL,'2025-06-23 02:52:40','2025-06-23 02:52:48',0,0,'cart'),(1727,NULL,'WXOSUCERS2p12Rv7PmSDCGnbA1qHakSA_1',NULL,242000.00,0.00,NULL,'2025-06-27 07:13:50','2025-06-27 07:13:51',0,0,'cart'),(1728,NULL,'BEudQ8BgMFm7ysiJ6zjds3EmvNs69qev_1','1e275884328166e5e20c2f80c36a88fe9e804662',297000.00,0.00,NULL,'2025-06-28 05:42:01','2025-06-28 05:43:22',0,0,'cart'),(1734,NULL,'iKCEwxYQNXQkCj35EAf3iudM7OF52K1l_1',NULL,1364000.00,0.00,NULL,'2025-06-30 22:56:08','2025-06-30 22:56:10',0,0,'cart'),(2562,NULL,'5A8PZlWpLNtt2wCZSLqvKUl94hkxQ2WA_1',NULL,151027800.00,0.00,NULL,'2025-07-01 01:36:41','2025-07-01 01:36:41',0,0,'cart'),(2567,NULL,'8g1DpGEYmF6V72Zocx6BRYOHxOkFSTUC_1',NULL,209000.00,0.00,NULL,'2025-07-01 09:25:06','2025-07-01 09:25:06',0,0,'cart'),(2570,NULL,'0HM2njLE0xE1xYM3s2CslVsRgvqrF1VH_1',NULL,308000.00,0.00,NULL,'2025-07-02 09:18:50','2025-07-02 09:18:50',0,0,'cart'),(2571,NULL,'JVbXl7kmNwNzccJwW6TCOeC4g7uJA7XS_1','c3ba7989f5fddb6c39b63c7c467f54ab40dc75d6',335500.00,0.00,NULL,'2025-07-03 01:41:59','2025-07-03 02:50:13',0,0,'cart'),(2577,NULL,'p7wtOtniAeeDdrjKzRfL1HFVoHZgHBaf_1',NULL,335500.00,0.00,NULL,'2025-07-04 06:39:24','2025-07-04 06:39:25',0,0,'cart'),(2578,NULL,'7Pa2uMfx6HC3v5LyrN0K4yT5u4eqPeRP_1',NULL,335500.00,0.00,NULL,'2025-07-05 14:16:31','2025-07-05 14:18:26',0,0,'cart'),(2580,NULL,'bVohhzKXPk3WG4t8ZuXrDzZG9CnxIsyf_1',NULL,434500.00,0.00,NULL,'2025-07-06 11:03:06','2025-07-06 11:03:08',0,0,'cart'),(2581,NULL,'X9mkuTUcA73JA3H1FlFF9AbmODCL2vpW_1',NULL,264000.00,0.00,NULL,'2025-07-08 00:57:39','2025-07-08 00:57:52',0,0,'cart'),(2582,NULL,'qHVWM3NZp6ygQNlh7P1HH28kfZ8MSTHP_1',NULL,335500.00,0.00,NULL,'2025-07-08 03:43:29','2025-07-08 03:43:31',0,0,'cart'),(2586,NULL,'iWvLpdWbSIu5Ajw7Wn6ruOv7acUA0McA_1',NULL,286000.00,0.00,NULL,'2025-07-13 04:34:46','2025-07-13 04:34:48',0,0,'cart');

--
-- Table structure for table `dtb_cart_item`
--

CREATE TABLE `dtb_cart_item` (
  `id` int(10) unsigned NOT NULL AUTO_INCREMENT,
  `product_class_id` int(10) unsigned DEFAULT NULL,
  `cart_id` int(10) unsigned DEFAULT NULL,
  `price` decimal(12,2) NOT NULL DEFAULT '0.00',
  `quantity` decimal(10,0) NOT NULL DEFAULT '0',
  `point_rate` decimal(10,0) unsigned DEFAULT NULL,
  `discriminator_type` varchar(255) COLLATE utf8mb4_bin NOT NULL,
  `size` longtext COLLATE utf8mb4_bin NOT NULL,
  `engraving` varchar(255) COLLATE utf8mb4_bin DEFAULT NULL,
  `engraving_font` varchar(255) COLLATE utf8mb4_bin DEFAULT NULL,
  `engraving_text` varchar(255) COLLATE utf8mb4_bin DEFAULT NULL,
  `stone` varchar(255) COLLATE utf8mb4_bin DEFAULT NULL,
  `option_total_price` decimal(12,2) NOT NULL DEFAULT '0.00',
  `size_price` decimal(12,2) NOT NULL DEFAULT '0.00',
  PRIMARY KEY (`id`),
  KEY `IDX_B0228F7421B06187` (`product_class_id`),
  KEY `IDX_B0228F741AD5CDBF` (`cart_id`),
  CONSTRAINT `FK_B0228F741AD5CDBF` FOREIGN KEY (`cart_id`) REFERENCES `dtb_cart` (`id`) ON DELETE CASCADE,
  CONSTRAINT `FK_B0228F7421B06187` FOREIGN KEY (`product_class_id`) REFERENCES `dtb_product_class` (`id`)
) ENGINE=InnoDB AUTO_INCREMENT=823472 DEFAULT CHARSET=utf8mb4 COLLATE=utf8mb4_bin;

--
-- Dumping data for table `dtb_cart_item`
--

INSERT INTO `dtb_cart_item` VALUES (1,30,1,176000.00,1,NULL,'cartitem','12','あり','有料書体1','test','サファイア',11000.00,0.00),(12,902,9,577500.00,1,NULL,'cartitem','16',NULL,NULL,NULL,NULL,0.00,10000.00),(13,890,9,737000.00,1,NULL,'cartitem','11',NULL,NULL,NULL,NULL,0.00,0.00),(14,902,9,577500.00,1,NULL,'cartitem','15.5',NULL,NULL,NULL,NULL,0.00,10000.00),(34,766,19,451000.00,1,NULL,'cartitem','16','あり','有料書体1','test','ガーネット',11000.00,15000.00),(87,1450,58,143000.00,1,NULL,'cartitem','16.5',NULL,NULL,NULL,NULL,0.00,22000.00),(88,1458,58,150700.00,1,NULL,'cartitem','16.5',NULL,NULL,NULL,NULL,0.00,22000.00),(89,2072,59,187000.00,1,NULL,'cartitem','16.5','あり','有料書体1','test','アクアマリン',11000.00,22000.00),(90,2073,59,165000.00,1,NULL,'cartitem','16.5','なし',NULL,'','なし',0.00,22000.00),(94,1471,62,167200.00,1,NULL,'cartitem','8','あり','有料書体4','testtesttesttestあああ','タンザナイト',11000.00,0.00),(103,1457,67,139700.00,1,NULL,'cartitem','9','なし','有料書体1','test test','なし',0.00,0.00),(104,1457,68,139700.00,1,NULL,'cartitem','9','なし',NULL,'','なし',0.00,0.00),(105,1457,69,139700.00,1,NULL,'cartitem','9','なし',NULL,'','なし',0.00,0.00),(106,1457,70,139700.00,1,NULL,'cartitem','9','なし',NULL,'','なし',0.00,0.00),(108,1457,72,139700.00,1,NULL,'cartitem','12.5','あり','基本書体','test test','ガーネット',5500.00,11000.00),(114,2123,76,280500.00,1,NULL,'cartitem','16.5','なし',NULL,'','なし',0.00,22000.00),(115,2133,76,181500.00,1,NULL,'cartitem','10','なし',NULL,'','なし',0.00,0.00),(116,768,77,407000.00,1,NULL,'cartitem','16','あり','有料書体1','test','なし',5500.00,16500.00),(126,1450,81,143000.00,1,NULL,'cartitem','16','なし',NULL,'','なし',0.00,11000.00),(127,1462,81,150700.00,1,NULL,'cartitem','9','なし',NULL,'','なし',0.00,0.00),(128,1450,82,143000.00,1,NULL,'cartitem','16.5','あり','有料書体4','2024.7.31 AtoB','エメラルド',11000.00,22000.00),(129,1459,82,150700.00,1,NULL,'cartitem','10','なし',NULL,'','なし',0.00,0.00),(131,1456,84,154000.00,1,NULL,'cartitem','18','あり','基本書体','forever  TtoA','エメラルド',5500.00,22000.00),(132,1499,84,192500.00,1,NULL,'cartitem','9.5','あり','基本書体','forever AtoT','ダイヤモンド',5500.00,0.00),(133,1472,85,178200.00,1,NULL,'cartitem','9.5',NULL,NULL,NULL,NULL,0.00,0.00),(134,1452,86,154000.00,1,NULL,'cartitem','9',NULL,NULL,NULL,NULL,0.00,0.00),(136,331,88,550000.00,1,NULL,'cartitem','18.5',NULL,NULL,NULL,NULL,0.00,0.00),(140,766,91,440000.00,1,NULL,'cartitem','16','あり','有料書体1','テスト','シトリン',11000.00,16500.00),(141,2003,92,115500.00,1,NULL,'cartitem','20','あり','有料書体10','2024.7.31 AtoB','ピンクトルマリン',11000.00,22000.00),(142,1450,93,143000.00,1,NULL,'cartitem','16.5','あり','有料書体4','2024.7.21','ガーネット',11000.00,22000.00),(144,1455,95,154000.00,1,NULL,'cartitem','18.5','あり','有料書体9','2024.7.31 AtoB','エメラルド',11000.00,22000.00),(145,1535,95,192500.00,1,NULL,'cartitem','3.5',NULL,NULL,NULL,NULL,0.00,0.00),(147,191,97,550000.00,1,NULL,'cartitem','10.5',NULL,NULL,NULL,NULL,0.00,0.00),(148,1318,98,291500.00,1,NULL,'cartitem','8',NULL,NULL,NULL,NULL,0.00,0.00),(152,2108,101,280500.00,1,NULL,'cartitem','7.5','なし',NULL,'','なし',0.00,0.00),(161,1450,106,143000.00,1,NULL,'cartitem','8.5','なし',NULL,'','なし',0.00,0.00),(162,1522,107,170500.00,1,NULL,'cartitem','20','あり','有料書体10','浜野','タンザナイト',11000.00,22000.00),(163,1527,107,154000.00,1,NULL,'cartitem','18','あり','有料書体9','髙屋','ムーンストーン',11000.00,22000.00),(164,1450,108,143000.00,1,NULL,'cartitem','11','あり','有料書体1','koko','アクアマリン',11000.00,0.00),(165,1450,109,143000.00,1,NULL,'cartitem','8.5',NULL,NULL,NULL,NULL,0.00,0.00),(166,1457,109,139700.00,1,NULL,'cartitem','9.5',NULL,NULL,NULL,NULL,0.00,0.00),(167,197,110,302500.00,1,NULL,'cartitem','8.5',NULL,NULL,NULL,NULL,0.00,0.00),(168,1478,111,165000.00,1,NULL,'cartitem','7',NULL,NULL,NULL,NULL,0.00,0.00),(169,1485,111,159500.00,1,NULL,'cartitem','14',NULL,NULL,NULL,NULL,0.00,11000.00),(172,2122,114,280500.00,1,NULL,'cartitem','20',NULL,NULL,NULL,NULL,0.00,22000.00),(173,2133,114,181500.00,1,NULL,'cartitem','9',NULL,NULL,NULL,NULL,0.00,0.00),(175,198,116,264000.00,1,NULL,'cartitem','9',NULL,NULL,NULL,NULL,0.00,0.00),(176,196,116,308000.00,1,NULL,'cartitem','7',NULL,NULL,NULL,NULL,0.00,0.00),(177,1488,117,170500.00,1,NULL,'cartitem','9',NULL,NULL,NULL,NULL,0.00,0.00),(178,338,119,264000.00,1,NULL,'cartitem','9',NULL,NULL,NULL,NULL,0.00,0.00),(183,799,123,907500.00,1,NULL,'cartitem','6',NULL,NULL,NULL,NULL,0.00,0.00),(184,1450,124,143000.00,1,NULL,'cartitem','10.5','あり','有料書体4','2024.11.23','エメラルド',11000.00,0.00),(185,1457,124,139700.00,1,NULL,'cartitem','5.5','あり','有料書体4','2024.11.23','ガーネット',11000.00,0.00),(186,1548,125,159500.00,1,NULL,'cartitem','13.5',NULL,NULL,NULL,NULL,0.00,11000.00),(214,132,137,478500.00,1,NULL,'cartitem','5',NULL,NULL,NULL,NULL,0.00,0.00),(215,2041,138,176000.00,1,NULL,'cartitem','7.5',NULL,NULL,NULL,NULL,0.00,0.00),(216,2041,138,176000.00,1,NULL,'cartitem','14',NULL,NULL,NULL,NULL,0.00,11000.00),(217,1999,138,143000.00,1,NULL,'cartitem','6.5',NULL,NULL,NULL,NULL,0.00,0.00),(218,2006,138,126500.00,1,NULL,'cartitem','14',NULL,NULL,NULL,NULL,0.00,11000.00),(219,1828,139,170500.00,1,NULL,'cartitem','14','あり','基本書体','A&J','なし',0.00,11000.00),(220,1835,139,198000.00,1,NULL,'cartitem','7.5','あり','基本書体','J&A','なし',0.00,0.00),(221,128,140,275000.00,1,NULL,'cartitem','3','なし',NULL,'','なし',0.00,0.00),(222,1674,141,159500.00,1,NULL,'cartitem','10',NULL,NULL,NULL,NULL,0.00,0.00),(223,1681,141,143000.00,1,NULL,'cartitem','10',NULL,NULL,NULL,NULL,0.00,0.00),(224,1492,142,165000.00,1,NULL,'cartitem','15.5',NULL,NULL,NULL,NULL,0.00,11000.00),(225,1499,142,192500.00,1,NULL,'cartitem','8',NULL,NULL,NULL,NULL,0.00,0.00),(226,2057,143,192500.00,1,NULL,'cartitem','6.5',NULL,NULL,NULL,NULL,0.00,0.00),(228,2080,145,181500.00,1,NULL,'cartitem','3',NULL,NULL,NULL,NULL,0.00,0.00),(229,2080,145,181500.00,1,NULL,'cartitem','3',NULL,NULL,NULL,NULL,0.00,0.00),(230,2089,145,176000.00,1,NULL,'cartitem','3',NULL,NULL,NULL,NULL,0.00,0.00),(236,1954,150,143000.00,1,NULL,'cartitem','7',NULL,NULL,NULL,NULL,0.00,0.00),(237,1961,150,165000.00,1,NULL,'cartitem','12',NULL,NULL,NULL,NULL,0.00,0.00),(240,1464,152,148500.00,1,NULL,'cartitem','14',NULL,NULL,NULL,NULL,0.00,11000.00),(241,1476,152,178200.00,1,NULL,'cartitem','11.5',NULL,NULL,NULL,NULL,0.00,0.00),(242,1464,152,148500.00,1,NULL,'cartitem','13',NULL,NULL,NULL,NULL,0.00,11000.00),(243,1476,152,178200.00,1,NULL,'cartitem','11.5',NULL,NULL,NULL,NULL,0.00,0.00),(244,1473,153,178200.00,1,NULL,'cartitem','9',NULL,NULL,NULL,NULL,0.00,0.00),(245,2293,155,792000.00,1,NULL,'cartitem','11','なし',NULL,'','なし',0.00,0.00),(248,1830,157,181500.00,1,NULL,'cartitem','14.5',NULL,NULL,NULL,NULL,0.00,11000.00),(249,1837,157,209000.00,1,NULL,'cartitem','9.5',NULL,NULL,NULL,NULL,0.00,0.00),(250,1886,157,181500.00,1,NULL,'cartitem','14.5',NULL,NULL,NULL,NULL,0.00,11000.00),(251,1893,157,170500.00,1,NULL,'cartitem','9.5',NULL,NULL,NULL,NULL,0.00,0.00),(254,1707,160,269500.00,1,NULL,'cartitem','20',NULL,NULL,NULL,NULL,0.00,22000.00),(255,1504,160,203500.00,1,NULL,'cartitem','6.5',NULL,NULL,NULL,NULL,0.00,0.00),(257,1527,162,154000.00,1,NULL,'cartitem','9',NULL,NULL,NULL,NULL,0.00,0.00),(258,1485,162,159500.00,1,NULL,'cartitem','9',NULL,NULL,NULL,NULL,0.00,0.00),(259,197,163,302500.00,1,NULL,'cartitem','9',NULL,NULL,NULL,NULL,0.00,0.00),(260,1833,164,181500.00,1,NULL,'cartitem','14',NULL,NULL,NULL,NULL,0.00,11000.00),(261,1840,164,209000.00,1,NULL,'cartitem','9',NULL,NULL,NULL,NULL,0.00,0.00),(262,2286,165,324500.00,1,NULL,'cartitem','11','なし',NULL,'','なし',0.00,0.00),(263,2111,166,280500.00,1,NULL,'cartitem','10.5',NULL,NULL,NULL,NULL,0.00,0.00),(264,2119,166,276100.00,1,NULL,'cartitem','6.5',NULL,NULL,NULL,NULL,0.00,0.00),(265,195,167,346500.00,1,NULL,'cartitem','9.5',NULL,NULL,NULL,NULL,0.00,0.00),(266,1520,168,159500.00,1,NULL,'cartitem','18',NULL,NULL,NULL,NULL,0.00,22000.00),(267,1527,168,154000.00,1,NULL,'cartitem','7',NULL,NULL,NULL,NULL,0.00,0.00),(268,1660,169,165000.00,1,NULL,'cartitem','5.5','なし',NULL,'','なし',0.00,0.00),(269,1669,169,185900.00,1,NULL,'cartitem','7.5','なし',NULL,'','なし',0.00,0.00),(275,1450,173,143000.00,1,NULL,'cartitem','13',NULL,NULL,NULL,NULL,0.00,11000.00),(276,1460,173,150700.00,1,NULL,'cartitem','4',NULL,NULL,NULL,NULL,0.00,0.00),(277,1451,173,154000.00,1,NULL,'cartitem','13',NULL,NULL,NULL,NULL,0.00,11000.00),(278,1462,173,150700.00,1,NULL,'cartitem','4',NULL,NULL,NULL,NULL,0.00,0.00),(279,1478,174,165000.00,1,NULL,'cartitem','16',NULL,NULL,NULL,NULL,0.00,11000.00),(280,1488,174,170500.00,1,NULL,'cartitem','8',NULL,NULL,NULL,NULL,0.00,0.00),(281,1506,175,209000.00,1,NULL,'cartitem','8','なし',NULL,'','なし',0.00,0.00),(282,1516,175,220000.00,1,NULL,'cartitem','11','なし',NULL,'','なし',0.00,0.00),(283,1499,176,192500.00,1,NULL,'cartitem','6',NULL,NULL,NULL,NULL,0.00,0.00),(284,1707,177,269500.00,1,NULL,'cartitem','20',NULL,NULL,NULL,NULL,0.00,22000.00),(285,1714,177,161700.00,1,NULL,'cartitem','6',NULL,NULL,NULL,NULL,0.00,0.00),(287,2286,179,324500.00,1,NULL,'cartitem','11',NULL,NULL,NULL,NULL,0.00,0.00),(289,1478,181,165000.00,1,NULL,'cartitem','5','あり','有料書体1','aaa','ピンクトルマリン',11000.00,0.00),(290,1488,181,170500.00,1,NULL,'cartitem','6.5','なし',NULL,'','ピンクトルマリン',5500.00,0.00),(291,1478,182,165000.00,1,NULL,'cartitem','3',NULL,NULL,NULL,NULL,0.00,0.00),(292,1485,182,159500.00,1,NULL,'cartitem','11',NULL,NULL,NULL,NULL,0.00,0.00),(293,1527,183,154000.00,1,NULL,'cartitem','7.5',NULL,NULL,NULL,NULL,0.00,0.00),(294,750,184,748000.00,1,NULL,'cartitem','6',NULL,NULL,NULL,NULL,0.00,0.00),(295,1450,185,143000.00,1,NULL,'cartitem','16','なし',NULL,'','なし',0.00,11000.00),(296,1457,185,139700.00,1,NULL,'cartitem','7','なし',NULL,'','なし',0.00,0.00),(297,2243,186,297000.00,1,NULL,'cartitem','12',NULL,NULL,NULL,NULL,0.00,0.00),(298,2250,186,275000.00,1,NULL,'cartitem','8',NULL,NULL,NULL,NULL,0.00,0.00),(299,1487,187,170500.00,1,NULL,'cartitem','8.5',NULL,NULL,NULL,NULL,0.00,0.00),(300,1464,188,148500.00,1,NULL,'cartitem','17','あり','基本書体','MtoR','なし',0.00,22000.00),(301,1480,189,176000.00,1,NULL,'cartitem','7','あり','有料書体1','456','ダイヤモンド',11000.00,0.00),(302,1487,189,170500.00,1,NULL,'cartitem','10','あり','有料書体10','22','なし',5500.00,0.00),(311,2286,194,324500.00,1,NULL,'cartitem','11','なし',NULL,'','なし',0.00,0.00),(326,2066,200,176000.00,1,NULL,'cartitem','13',NULL,NULL,NULL,NULL,0.00,11000.00),(327,2079,200,176000.00,1,NULL,'cartitem','4',NULL,NULL,NULL,NULL,0.00,0.00),(353,2038,213,165000.00,1,NULL,'cartitem','13','なし',NULL,'','なし',0.00,11000.00),(354,1453,214,154000.00,1,NULL,'cartitem','7','なし',NULL,'','なし',0.00,0.00),(355,1457,214,139700.00,1,NULL,'cartitem','18','なし',NULL,'','なし',0.00,22000.00),(365,1499,218,192500.00,1,NULL,'cartitem','9',NULL,NULL,NULL,NULL,0.00,0.00),(366,2045,218,181500.00,1,NULL,'cartitem','9',NULL,NULL,NULL,NULL,0.00,0.00),(367,1452,219,154000.00,1,NULL,'cartitem','13',NULL,NULL,NULL,NULL,0.00,11000.00),(368,1492,220,165000.00,1,NULL,'cartitem','17',NULL,NULL,NULL,NULL,0.00,22000.00),(369,1499,220,192500.00,1,NULL,'cartitem','9',NULL,NULL,NULL,NULL,0.00,0.00),(371,1611,222,198000.00,1,NULL,'cartitem','3',NULL,NULL,NULL,NULL,0.00,0.00),(372,1506,222,209000.00,1,NULL,'cartitem','3',NULL,NULL,NULL,NULL,0.00,0.00),(373,1520,223,159500.00,1,NULL,'cartitem','6',NULL,NULL,NULL,NULL,0.00,0.00),(374,1527,223,154000.00,1,NULL,'cartitem','15',NULL,NULL,NULL,NULL,0.00,11000.00),(375,1464,224,148500.00,1,NULL,'cartitem','17',NULL,NULL,NULL,NULL,0.00,22000.00),(376,1108,225,286000.00,1,NULL,'cartitem','5',NULL,NULL,NULL,NULL,0.00,0.00),(377,1730,226,159500.00,1,NULL,'cartitem','17',NULL,NULL,NULL,NULL,0.00,22000.00),(382,2286,230,324500.00,1,NULL,'cartitem','11',NULL,NULL,NULL,NULL,0.00,0.00),(385,1450,232,143000.00,1,NULL,'cartitem','12','なし',NULL,'','なし',0.00,0.00),(386,1457,232,139700.00,1,NULL,'cartitem','9','なし',NULL,'','なし',0.00,0.00),(387,1450,233,143000.00,1,NULL,'cartitem','20','なし',NULL,'','なし',0.00,22000.00),(388,1457,233,139700.00,1,NULL,'cartitem','18','なし',NULL,'','なし',0.00,22000.00),(389,1997,233,143000.00,1,NULL,'cartitem','20','なし',NULL,'','なし',0.00,22000.00),(390,2003,233,115500.00,1,NULL,'cartitem','8.5','なし',NULL,'','なし',0.00,0.00),(397,1737,237,171600.00,1,NULL,'cartitem','17',NULL,NULL,NULL,NULL,0.00,22000.00),(398,1730,237,159500.00,1,NULL,'cartitem','17',NULL,NULL,NULL,NULL,0.00,22000.00),(399,2006,238,126500.00,1,NULL,'cartitem','8','なし',NULL,'','なし',0.00,0.00),(401,1259,240,874500.00,1,NULL,'cartitem','8',NULL,NULL,NULL,NULL,0.00,0.00),(402,1471,241,167200.00,1,NULL,'cartitem','15.5',NULL,NULL,NULL,NULL,0.00,11000.00),(404,1504,243,203500.00,1,NULL,'cartitem','11',NULL,NULL,NULL,NULL,0.00,0.00),(405,1634,244,209000.00,1,NULL,'cartitem','12',NULL,NULL,NULL,NULL,0.00,0.00),(406,1641,244,209000.00,1,NULL,'cartitem','8',NULL,NULL,NULL,NULL,0.00,0.00),(407,1101,245,572000.00,1,NULL,'cartitem','10.5',NULL,NULL,NULL,NULL,0.00,0.00),(409,2003,247,115500.00,1,NULL,'cartitem','8.5','なし',NULL,'','なし',0.00,0.00),(410,2003,248,115500.00,1,NULL,'cartitem','8.5',NULL,NULL,NULL,NULL,0.00,0.00),(412,1457,250,139700.00,1,NULL,'cartitem','8.5','あり','基本書体','12345','なし',0.00,0.00),(413,2003,251,115500.00,1,NULL,'cartitem','8.5',NULL,NULL,NULL,NULL,0.00,0.00),(414,1730,252,159500.00,1,NULL,'cartitem','17','あり','有料書体4','testtest','なし',5500.00,22000.00),(423,1994,257,181500.00,1,NULL,'cartitem','6',NULL,NULL,NULL,NULL,0.00,0.00),(424,1983,257,159500.00,1,NULL,'cartitem','17.5',NULL,NULL,NULL,NULL,0.00,22000.00),(425,1478,258,165000.00,1,NULL,'cartitem','17',NULL,NULL,NULL,NULL,0.00,22000.00),(426,1485,258,159500.00,1,NULL,'cartitem','9',NULL,NULL,NULL,NULL,0.00,0.00),(427,2284,259,280500.00,1,NULL,'cartitem','11','なし',NULL,'','なし',0.00,0.00),(428,2284,260,280500.00,1,NULL,'cartitem','11',NULL,NULL,NULL,NULL,0.00,0.00),(429,1590,261,176000.00,1,NULL,'cartitem','19','あり','有料書体10','てすと','アクアマリン',11000.00,22000.00),(430,1597,261,148500.00,1,NULL,'cartitem','10','あり','有料書体10','てすと','アクアマリン',11000.00,0.00),(431,1515,262,220000.00,1,NULL,'cartitem','6.5',NULL,NULL,NULL,NULL,0.00,0.00),(432,1520,263,159500.00,1,NULL,'cartitem','7.5','なし',NULL,'','なし',0.00,0.00),(433,1527,263,154000.00,1,NULL,'cartitem','4.5','なし',NULL,'','なし',0.00,0.00),(434,1466,264,159500.00,1,NULL,'cartitem','18',NULL,NULL,NULL,NULL,0.00,22000.00),(435,1473,264,178200.00,1,NULL,'cartitem','10',NULL,NULL,NULL,NULL,0.00,0.00),(436,2083,265,181500.00,1,NULL,'cartitem','13',NULL,NULL,NULL,NULL,0.00,11000.00),(437,2082,266,181500.00,1,NULL,'cartitem','10',NULL,NULL,NULL,NULL,0.00,0.00),(438,2089,266,176000.00,1,NULL,'cartitem','12.5',NULL,NULL,NULL,NULL,0.00,11000.00),(439,2038,267,165000.00,1,NULL,'cartitem','5','なし',NULL,'','シトリン',5500.00,0.00),(440,2045,267,181500.00,1,NULL,'cartitem','3.5','なし',NULL,'','アメシスト',5500.00,0.00),(441,1562,268,225500.00,1,NULL,'cartitem','7',NULL,NULL,NULL,NULL,0.00,0.00),(442,1574,268,172700.00,1,NULL,'cartitem','9.5',NULL,NULL,NULL,NULL,0.00,0.00),(443,1247,269,390500.00,1,NULL,'cartitem','3.5',NULL,NULL,NULL,NULL,0.00,0.00),(444,2218,270,242000.00,1,NULL,'cartitem','14',NULL,NULL,NULL,NULL,0.00,11000.00),(445,1455,271,154000.00,1,NULL,'cartitem','5.5',NULL,NULL,NULL,NULL,0.00,0.00),(446,1462,271,150700.00,1,NULL,'cartitem','18',NULL,NULL,NULL,NULL,0.00,22000.00),(447,2069,272,176000.00,1,NULL,'cartitem','18.5',NULL,NULL,NULL,NULL,0.00,22000.00),(448,2076,272,165000.00,1,NULL,'cartitem','5.5',NULL,NULL,NULL,NULL,0.00,0.00),(449,1898,273,176000.00,1,NULL,'cartitem','19',NULL,NULL,NULL,NULL,0.00,22000.00),(450,1450,274,143000.00,1,NULL,'cartitem','7.5',NULL,NULL,NULL,NULL,0.00,0.00),(451,1457,274,139700.00,1,NULL,'cartitem','10',NULL,NULL,NULL,NULL,0.00,0.00),(458,1646,280,176000.00,1,NULL,'cartitem','8',NULL,NULL,NULL,NULL,0.00,0.00),(459,1653,280,209000.00,1,NULL,'cartitem','11',NULL,NULL,NULL,NULL,0.00,0.00),(462,1469,282,159500.00,1,NULL,'cartitem','3.5','なし',NULL,'','なし',0.00,0.00),(464,469,284,803000.00,1,NULL,'cartitem','17.5',NULL,NULL,NULL,NULL,0.00,0.00),(465,750,284,748000.00,1,NULL,'cartitem','17.5',NULL,NULL,NULL,NULL,0.00,16500.00),(466,2038,285,165000.00,1,NULL,'cartitem','15',NULL,NULL,NULL,NULL,0.00,11000.00),(467,2045,285,181500.00,1,NULL,'cartitem','8',NULL,NULL,NULL,NULL,0.00,0.00),(468,1699,286,209000.00,1,NULL,'cartitem','8.5','なし',NULL,'','なし',0.00,0.00),(472,472,289,484000.00,1,NULL,'cartitem','9.5',NULL,NULL,NULL,NULL,0.00,0.00),(473,1619,290,165000.00,1,NULL,'cartitem','10','なし',NULL,'','ムーンストーン',5500.00,0.00),(474,1629,290,154000.00,1,NULL,'cartitem','8','なし',NULL,'','アメシスト',5500.00,0.00),(475,1982,291,148500.00,1,NULL,'cartitem','11.5',NULL,NULL,NULL,NULL,0.00,0.00),(476,1989,291,170500.00,1,NULL,'cartitem','6.5',NULL,NULL,NULL,NULL,0.00,0.00),(482,1285,296,445500.00,1,NULL,'cartitem','7.5','あり','有料書体4','R&S615','ムーンストーン',11000.00,0.00),(486,1285,299,445500.00,1,NULL,'cartitem','7.5','あり','有料書体4','R&S615','ムーンストーン',11000.00,0.00),(491,1450,303,143000.00,1,NULL,'cartitem','19',NULL,NULL,NULL,NULL,0.00,22000.00),(492,1457,303,139700.00,1,NULL,'cartitem','11',NULL,NULL,NULL,NULL,0.00,0.00),(493,1464,304,148500.00,1,NULL,'cartitem','8.5',NULL,NULL,NULL,NULL,0.00,0.00),(494,2156,305,225500.00,1,NULL,'cartitem','11.5',NULL,NULL,NULL,NULL,0.00,0.00),(495,2161,305,242000.00,1,NULL,'cartitem','12',NULL,NULL,NULL,NULL,0.00,0.00),(497,2000,307,143000.00,1,NULL,'cartitem','15',NULL,NULL,NULL,NULL,0.00,11000.00),(499,1945,309,198000.00,1,NULL,'cartitem','9',NULL,NULL,NULL,NULL,0.00,0.00),(500,1952,309,214500.00,1,NULL,'cartitem','9',NULL,NULL,NULL,NULL,0.00,0.00),(501,819,310,834900.00,1,NULL,'cartitem','8',NULL,NULL,NULL,NULL,0.00,0.00),(511,1480,314,176000.00,1,NULL,'cartitem','13','あり','有料書体2','2025.04.03 StoR','タンザナイト',11000.00,11000.00),(512,1487,314,170500.00,1,NULL,'cartitem','9','あり','有料書体2','2025.04.03 RtoS','アメシスト',11000.00,0.00),(516,1318,317,291500.00,1,NULL,'cartitem','9',NULL,NULL,NULL,NULL,0.00,0.00),(517,1996,318,132000.00,1,NULL,'cartitem','9',NULL,NULL,NULL,NULL,0.00,0.00),(518,2003,318,115500.00,1,NULL,'cartitem','9',NULL,NULL,NULL,NULL,0.00,0.00),(519,1996,319,132000.00,1,NULL,'cartitem','11',NULL,NULL,NULL,NULL,0.00,0.00),(520,2003,319,115500.00,1,NULL,'cartitem','11',NULL,NULL,NULL,NULL,0.00,0.00),(524,1178,322,332200.00,1,NULL,'cartitem','6',NULL,NULL,NULL,NULL,0.00,0.00),(527,2038,324,165000.00,1,NULL,'cartitem','18',NULL,NULL,NULL,NULL,0.00,22000.00),(528,2045,324,181500.00,1,NULL,'cartitem','16',NULL,NULL,NULL,NULL,0.00,11000.00),(529,2038,324,165000.00,1,NULL,'cartitem','18',NULL,NULL,NULL,NULL,0.00,22000.00),(530,2045,324,181500.00,1,NULL,'cartitem','16',NULL,NULL,NULL,NULL,0.00,11000.00),(531,1464,325,148500.00,1,NULL,'cartitem','20',NULL,NULL,NULL,NULL,0.00,22000.00),(532,1471,325,167200.00,1,NULL,'cartitem','8',NULL,NULL,NULL,NULL,0.00,0.00),(533,1870,326,176000.00,1,NULL,'cartitem','7.5','なし',NULL,'','なし',0.00,0.00),(534,1877,326,181500.00,1,NULL,'cartitem','7.5','なし',NULL,'','なし',0.00,0.00),(535,1758,327,214500.00,1,NULL,'cartitem','13',NULL,NULL,NULL,NULL,0.00,11000.00),(536,1770,327,203500.00,1,NULL,'cartitem','7.5',NULL,NULL,NULL,NULL,0.00,0.00),(537,1611,328,198000.00,1,NULL,'cartitem','19',NULL,NULL,NULL,NULL,0.00,22000.00),(538,1492,329,165000.00,1,NULL,'cartitem','11',NULL,NULL,NULL,NULL,0.00,0.00),(544,1485,333,159500.00,1,NULL,'cartitem','18',NULL,NULL,NULL,NULL,0.00,22000.00),(545,2132,334,181500.00,1,NULL,'cartitem','3','あり','基本書体','C&Y','ルビー',5500.00,0.00),(550,1660,337,165000.00,1,NULL,'cartitem','12','あり','有料書体4','2025.11.24 Dear K','サファイア',11000.00,0.00),(551,1669,337,185900.00,1,NULL,'cartitem','10','あり','有料書体4','2025.11.24 Dear K','シトリン',11000.00,0.00),(552,1968,338,148500.00,1,NULL,'cartitem','9.5',NULL,NULL,NULL,NULL,0.00,0.00),(556,1828,341,170500.00,1,NULL,'cartitem','15',NULL,NULL,NULL,NULL,0.00,11000.00),(558,1453,343,154000.00,1,NULL,'cartitem','15.5',NULL,NULL,NULL,NULL,0.00,11000.00),(559,1999,344,143000.00,1,NULL,'cartitem','10.5',NULL,NULL,NULL,NULL,0.00,0.00),(561,1999,346,143000.00,1,NULL,'cartitem','10.5',NULL,NULL,NULL,NULL,0.00,0.00),(562,1453,346,154000.00,1,NULL,'cartitem','15.5',NULL,NULL,NULL,NULL,0.00,11000.00),(563,127,347,313500.00,1,NULL,'cartitem','14',NULL,NULL,NULL,NULL,0.00,0.00),(564,1630,348,154000.00,1,NULL,'cartitem','13',NULL,NULL,NULL,NULL,0.00,11000.00),(565,1499,349,192500.00,1,NULL,'cartitem','7.5',NULL,NULL,NULL,NULL,0.00,0.00),(566,2059,350,165000.00,1,NULL,'cartitem','13','あり','基本書体','V','エメラルド',5500.00,11000.00),(567,2284,351,280500.00,1,NULL,'cartitem','11','なし',NULL,'','なし',0.00,0.00),(573,196,356,308000.00,1,NULL,'cartitem','11',NULL,NULL,NULL,NULL,0.00,0.00),(574,195,356,346500.00,1,NULL,'cartitem','11',NULL,NULL,NULL,NULL,0.00,0.00),(578,1786,359,154000.00,1,NULL,'cartitem','16.5','なし',NULL,'','なし',0.00,22000.00),(579,1793,359,181500.00,1,NULL,'cartitem','7','なし',NULL,'','なし',0.00,0.00),(585,1569,362,161700.00,1,NULL,'cartitem','10','なし',NULL,'','なし',0.00,0.00),(588,1457,364,139700.00,1,NULL,'cartitem','8.5',NULL,NULL,NULL,NULL,0.00,0.00),(589,2003,365,115500.00,1,NULL,'cartitem','12',NULL,NULL,NULL,NULL,0.00,0.00),(590,1786,366,154000.00,1,NULL,'cartitem','16.5',NULL,NULL,NULL,NULL,0.00,22000.00),(591,1793,366,181500.00,1,NULL,'cartitem','7',NULL,NULL,NULL,NULL,0.00,0.00),(592,1451,367,154000.00,1,NULL,'cartitem','3.5','なし',NULL,'','なし',0.00,0.00),(593,1458,367,150700.00,1,NULL,'cartitem','6.5','なし',NULL,'','なし',0.00,0.00),(595,1546,369,170500.00,1,NULL,'cartitem','8',NULL,NULL,NULL,NULL,0.00,0.00),(596,1546,369,170500.00,1,NULL,'cartitem','20',NULL,NULL,NULL,NULL,0.00,22000.00),(597,1454,370,154000.00,1,NULL,'cartitem','8',NULL,NULL,NULL,NULL,0.00,0.00),(600,1546,373,170500.00,1,NULL,'cartitem','20',NULL,NULL,NULL,NULL,0.00,22000.00),(601,1546,373,170500.00,1,NULL,'cartitem','8',NULL,NULL,NULL,NULL,0.00,0.00),(602,1450,374,143000.00,1,NULL,'cartitem','11','なし',NULL,'','ガーネット',5500.00,0.00),(603,1546,375,170500.00,1,NULL,'cartitem','8',NULL,NULL,NULL,NULL,0.00,0.00),(604,1454,376,154000.00,1,NULL,'cartitem','12','なし',NULL,'','サファイア',5500.00,0.00),(605,1982,377,148500.00,1,NULL,'cartitem','11.5','あり','基本書体','m','タンザナイト',5500.00,0.00),(606,1989,377,170500.00,1,NULL,'cartitem','15.5','なし',NULL,'','サファイア',5500.00,11000.00),(607,196,378,308000.00,1,NULL,'cartitem','5','あり','基本書体','AYAKA','なし',0.00,0.00),(632,1996,387,132000.00,1,NULL,'cartitem','19','なし',NULL,'','なし',0.00,22000.00),(633,2003,387,115500.00,1,NULL,'cartitem','8','なし',NULL,'','なし',0.00,0.00),(640,1996,391,132000.00,1,NULL,'cartitem','19','なし',NULL,'','なし',0.00,22000.00),(641,2003,391,115500.00,1,NULL,'cartitem','9','なし',NULL,'','なし',0.00,0.00),(642,1996,392,132000.00,1,NULL,'cartitem','19','なし',NULL,'','なし',0.00,22000.00),(643,2003,392,115500.00,1,NULL,'cartitem','9','なし',NULL,'','なし',0.00,0.00),(644,1996,393,132000.00,1,NULL,'cartitem','19',NULL,NULL,NULL,NULL,0.00,22000.00),(645,2003,393,115500.00,1,NULL,'cartitem','8',NULL,NULL,NULL,NULL,0.00,0.00),(651,406,397,308000.00,1,NULL,'cartitem','3.5',NULL,NULL,NULL,NULL,0.00,0.00),(652,1454,398,154000.00,1,NULL,'cartitem','12',NULL,NULL,NULL,NULL,0.00,0.00),(653,1462,398,150700.00,1,NULL,'cartitem','12',NULL,NULL,NULL,NULL,0.00,0.00),(655,336,400,308000.00,1,NULL,'cartitem','4.5',NULL,NULL,NULL,NULL,0.00,0.00),(659,189,404,775500.00,1,NULL,'cartitem','10',NULL,NULL,NULL,NULL,0.00,0.00),(662,1996,406,137500.00,1,NULL,'cartitem','9','なし',NULL,'','なし',0.00,0.00),(663,2003,406,121000.00,1,NULL,'cartitem','6','なし',NULL,'','なし',0.00,0.00),(664,1996,406,137500.00,1,NULL,'cartitem','9','なし',NULL,'','なし',0.00,0.00),(665,2003,406,121000.00,1,NULL,'cartitem','6','なし',NULL,'','なし',0.00,0.00),(666,1996,407,137500.00,1,NULL,'cartitem','9','なし',NULL,'','なし',0.00,0.00),(667,2003,407,121000.00,1,NULL,'cartitem','6','なし',NULL,'','なし',0.00,0.00),(668,1996,408,137500.00,1,NULL,'cartitem','9','なし',NULL,'','なし',0.00,0.00),(669,2003,408,121000.00,1,NULL,'cartitem','6','なし',NULL,'','なし',0.00,0.00),(672,1814,410,179300.00,1,NULL,'cartitem','7.5',NULL,NULL,NULL,NULL,0.00,0.00),(673,1821,410,214500.00,1,NULL,'cartitem','6',NULL,NULL,NULL,NULL,0.00,0.00),(674,2038,411,170500.00,1,NULL,'cartitem','17',NULL,NULL,NULL,NULL,0.00,22000.00),(675,2045,411,192500.00,1,NULL,'cartitem','15',NULL,NULL,NULL,NULL,0.00,11000.00),(676,1476,412,198000.00,1,NULL,'cartitem','12.5',NULL,NULL,NULL,NULL,0.00,11000.00),(677,2038,413,170500.00,1,NULL,'cartitem','17','なし',NULL,'','なし',0.00,22000.00),(678,2045,413,192500.00,1,NULL,'cartitem','15','なし',NULL,'','なし',0.00,11000.00),(679,1786,414,159500.00,1,NULL,'cartitem','4',NULL,NULL,NULL,NULL,0.00,0.00),(680,1793,414,192500.00,1,NULL,'cartitem','7',NULL,NULL,NULL,NULL,0.00,0.00),(865,1462,432,170500.00,1,NULL,'cartitem','5',NULL,NULL,NULL,NULL,0.00,0.00),(866,1462,432,170500.00,1,NULL,'cartitem','5',NULL,NULL,NULL,NULL,0.00,0.00),(867,1462,432,170500.00,1,NULL,'cartitem','5',NULL,NULL,NULL,NULL,0.00,0.00),(868,1462,432,170500.00,1,NULL,'cartitem','5',NULL,NULL,NULL,NULL,0.00,0.00),(869,1462,432,170500.00,1,NULL,'cartitem','5',NULL,NULL,NULL,NULL,0.00,0.00),(870,1462,432,170500.00,1,NULL,'cartitem','5',NULL,NULL,NULL,NULL,0.00,0.00),(871,1462,432,170500.00,1,NULL,'cartitem','5',NULL,NULL,NULL,NULL,0.00,0.00),(872,1462,432,170500.00,1,NULL,'cartitem','5',NULL,NULL,NULL,NULL,0.00,0.00),(873,1462,432,170500.00,1,NULL,'cartitem','5',NULL,NULL,NULL,NULL,0.00,0.00),(874,1462,432,170500.00,1,NULL,'cartitem','5',NULL,NULL,NULL,NULL,0.00,0.00),(875,1560,432,225500.00,1,NULL,'cartitem','5',NULL,NULL,NULL,NULL,0.00,0.00),(876,1560,432,225500.00,1,NULL,'cartitem','5',NULL,NULL,NULL,NULL,0.00,0.00),(877,1560,432,225500.00,1,NULL,'cartitem','5',NULL,NULL,NULL,NULL,0.00,0.00),(878,1560,432,225500.00,1,NULL,'cartitem','5',NULL,NULL,NULL,NULL,0.00,0.00),(879,1560,432,225500.00,1,NULL,'cartitem','5',NULL,NULL,NULL,NULL,0.00,0.00),(880,1560,432,225500.00,1,NULL,'cartitem','5',NULL,NULL,NULL,NULL,0.00,0.00),(881,1560,432,225500.00,1,NULL,'cartitem','5',NULL,NULL,NULL,NULL,0.00,0.00),(882,1560,432,225500.00,1,NULL,'cartitem','5',NULL,NULL,NULL,NULL,0.00,0.00),(883,1560,432,225500.00,1,NULL,'cartitem','5',NULL,NULL,NULL,NULL,0.00,0.00),(884,1560,432,225500.00,1,NULL,'cartitem','5',NULL,NULL,NULL,NULL,0.00,0.00),(885,1462,432,170500.00,1,NULL,'cartitem','5',NULL,NULL,NULL,NULL,0.00,0.00),(886,1462,432,170500.00,1,NULL,'cartitem','5',NULL,NULL,NULL,NULL,0.00,0.00),(887,1462,432,170500.00,1,NULL,'cartitem','5',NULL,NULL,NULL,NULL,0.00,0.00),(276369,2090,1163,187000.00,1,NULL,'cartitem','5',NULL,NULL,NULL,NULL,0.00,0.00),(276370,2090,1163,187000.00,1,NULL,'cartitem','5',NULL,NULL,NULL,NULL,0.00,0.00),(276371,2091,1163,187000.00,1,NULL,'cartitem','5',NULL,NULL,NULL,NULL,0.00,0.00),(276372,2091,1163,187000.00,1,NULL,'cartitem','5',NULL,NULL,NULL,NULL,0.00,0.00),(276373,2090,1163,187000.00,1,NULL,'cartitem','5',NULL,NULL,NULL,NULL,0.00,0.00),(276374,2091,1163,187000.00,1,NULL,'cartitem','5',NULL,NULL,NULL,NULL,0.00,0.00),(276375,2090,1163,187000.00,1,NULL,'cartitem','5',NULL,NULL,NULL,NULL,0.00,0.00),(276376,2090,1163,187000.00,1,NULL,'cartitem','5',NULL,NULL,NULL,NULL,0.00,0.00),(276377,2091,1163,187000.00,1,NULL,'cartitem','5',NULL,NULL,NULL,NULL,0.00,0.00),(276378,2090,1163,187000.00,1,NULL,'cartitem','5',NULL,NULL,NULL,NULL,0.00,0.00),(276379,2090,1163,187000.00,1,NULL,'cartitem','5',NULL,NULL,NULL,NULL,0.00,0.00),(276380,2090,1163,187000.00,1,NULL,'cartitem','5',NULL,NULL,NULL,NULL,0.00,0.00),(276381,1882,1163,214500.00,1,NULL,'cartitem','5',NULL,NULL,NULL,NULL,0.00,0.00),(276382,1882,1163,214500.00,1,NULL,'cartitem','5',NULL,NULL,NULL,NULL,0.00,0.00),(276383,1882,1163,214500.00,1,NULL,'cartitem','5',NULL,NULL,NULL,NULL,0.00,0.00),(276384,1882,1163,214500.00,1,NULL,'cartitem','5',NULL,NULL,NULL,NULL,0.00,0.00),(276385,1882,1163,214500.00,1,NULL,'cartitem','5',NULL,NULL,NULL,NULL,0.00,0.00),(276386,1882,1163,214500.00,1,NULL,'cartitem','5',NULL,NULL,NULL,NULL,0.00,0.00),(276387,1882,1163,214500.00,1,NULL,'cartitem','5',NULL,NULL,NULL,NULL,0.00,0.00),(276388,1882,1163,214500.00,1,NULL,'cartitem','5',NULL,NULL,NULL,NULL,0.00,0.00),(276389,1882,1163,214500.00,1,NULL,'cartitem','5',NULL,NULL,NULL,NULL,0.00,0.00),(276390,1882,1163,214500.00,1,NULL,'cartitem','5',NULL,NULL,NULL,NULL,0.00,0.00),(276391,2008,1163,143000.00,1,NULL,'cartitem','5',NULL,NULL,NULL,NULL,0.00,0.00),(276392,2008,1163,143000.00,1,NULL,'cartitem','5',NULL,NULL,NULL,NULL,0.00,0.00),(276393,2008,1163,143000.00,1,NULL,'cartitem','5',NULL,NULL,NULL,NULL,0.00,0.00),(276394,2008,1163,143000.00,1,NULL,'cartitem','5',NULL,NULL,NULL,NULL,0.00,0.00),(276395,2008,1163,143000.00,1,NULL,'cartitem','5',NULL,NULL,NULL,NULL,0.00,0.00),(276396,2008,1163,143000.00,1,NULL,'cartitem','5',NULL,NULL,NULL,NULL,0.00,0.00),(276397,2008,1163,143000.00,1,NULL,'cartitem','5',NULL,NULL,NULL,NULL,0.00,0.00),(276398,2008,1163,143000.00,1,NULL,'cartitem','5',NULL,NULL,NULL,NULL,0.00,0.00),(276399,2008,1163,143000.00,1,NULL,'cartitem','5',NULL,NULL,NULL,NULL,0.00,0.00),(276400,2008,1163,143000.00,1,NULL,'cartitem','5',NULL,NULL,NULL,NULL,0.00,0.00),(276401,2008,1163,143000.00,1,NULL,'cartitem','5',NULL,NULL,NULL,NULL,0.00,0.00),(276402,2008,1163,143000.00,1,NULL,'cartitem','5',NULL,NULL,NULL,NULL,0.00,0.00),(276403,1574,1163,190300.00,1,NULL,'cartitem','5',NULL,NULL,NULL,NULL,0.00,0.00),(276404,1602,1163,176000.00,1,NULL,'cartitem','5',NULL,NULL,NULL,NULL,0.00,0.00),(276405,2076,1163,176000.00,1,NULL,'cartitem','5',NULL,NULL,NULL,NULL,0.00,0.00),(276406,1574,1163,190300.00,1,NULL,'cartitem','5',NULL,NULL,NULL,NULL,0.00,0.00),(276407,1574,1163,190300.00,1,NULL,'cartitem','5',NULL,NULL,NULL,NULL,0.00,0.00),(276408,2076,1163,176000.00,1,NULL,'cartitem','5',NULL,NULL,NULL,NULL,0.00,0.00),(276409,1602,1163,176000.00,1,NULL,'cartitem','5',NULL,NULL,NULL,NULL,0.00,0.00),(276410,2076,1163,176000.00,1,NULL,'cartitem','5',NULL,NULL,NULL,NULL,0.00,0.00),(276411,1602,1163,176000.00,1,NULL,'cartitem','5',NULL,NULL,NULL,NULL,0.00,0.00),(276412,2076,1163,176000.00,1,NULL,'cartitem','5',NULL,NULL,NULL,NULL,0.00,0.00),(276413,2076,1163,176000.00,1,NULL,'cartitem','5',NULL,NULL,NULL,NULL,0.00,0.00),(276414,2076,1163,176000.00,1,NULL,'cartitem','5',NULL,NULL,NULL,NULL,0.00,0.00),(276415,1574,1163,190300.00,1,NULL,'cartitem','5',NULL,NULL,NULL,NULL,0.00,0.00),(276416,1602,1163,176000.00,1,NULL,'cartitem','5',NULL,NULL,NULL,NULL,0.00,0.00),(276417,1574,1163,190300.00,1,NULL,'cartitem','5',NULL,NULL,NULL,NULL,0.00,0.00),(276418,1574,1163,190300.00,1,NULL,'cartitem','5',NULL,NULL,NULL,NULL,0.00,0.00),(276419,1602,1163,176000.00,1,NULL,'cartitem','5',NULL,NULL,NULL,NULL,0.00,0.00),(276420,1602,1163,176000.00,1,NULL,'cartitem','5',NULL,NULL,NULL,NULL,0.00,0.00),(276421,2076,1163,176000.00,1,NULL,'cartitem','5',NULL,NULL,NULL,NULL,0.00,0.00),(276422,2076,1163,176000.00,1,NULL,'cartitem','5',NULL,NULL,NULL,NULL,0.00,0.00),(276423,2076,1163,176000.00,1,NULL,'cartitem','5',NULL,NULL,NULL,NULL,0.00,0.00),(276424,1574,1163,190300.00,1,NULL,'cartitem','5',NULL,NULL,NULL,NULL,0.00,0.00),(276425,1574,1163,190300.00,1,NULL,'cartitem','5',NULL,NULL,NULL,NULL,0.00,0.00),(276426,1574,1163,190300.00,1,NULL,'cartitem','5',NULL,NULL,NULL,NULL,0.00,0.00),(276427,1602,1163,176000.00,1,NULL,'cartitem','5',NULL,NULL,NULL,NULL,0.00,0.00),(276428,1602,1163,176000.00,1,NULL,'cartitem','5',NULL,NULL,NULL,NULL,0.00,0.00),(276429,1602,1163,176000.00,1,NULL,'cartitem','5',NULL,NULL,NULL,NULL,0.00,0.00),(276430,1602,1163,176000.00,1,NULL,'cartitem','5',NULL,NULL,NULL,NULL,0.00,0.00),(276431,2076,1163,176000.00,1,NULL,'cartitem','5',NULL,NULL,NULL,NULL,0.00,0.00),(276432,1574,1163,190300.00,1,NULL,'cartitem','5',NULL,NULL,NULL,NULL,0.00,0.00),(276433,2104,1163,209000.00,1,NULL,'cartitem','5',NULL,NULL,NULL,NULL,0.00,0.00),(276434,1658,1163,247500.00,1,NULL,'cartitem','5',NULL,NULL,NULL,NULL,0.00,0.00),(276435,1588,1163,187000.00,1,NULL,'cartitem','5',NULL,NULL,NULL,NULL,0.00,0.00),(276436,1476,1163,198000.00,1,NULL,'cartitem','5',NULL,NULL,NULL,NULL,0.00,0.00),(276437,2104,1163,209000.00,1,NULL,'cartitem','5',NULL,NULL,NULL,NULL,0.00,0.00),(276438,2105,1163,209000.00,1,NULL,'cartitem','5',NULL,NULL,NULL,NULL,0.00,0.00),(276439,1588,1163,187000.00,1,NULL,'cartitem','5',NULL,NULL,NULL,NULL,0.00,0.00),(276440,1658,1163,247500.00,1,NULL,'cartitem','5',NULL,NULL,NULL,NULL,0.00,0.00),(276441,1658,1163,247500.00,1,NULL,'cartitem','5',NULL,NULL,NULL,NULL,0.00,0.00),(276442,1588,1163,187000.00,1,NULL,'cartitem','5',NULL,NULL,NULL,NULL,0.00,0.00),(276443,1476,1163,198000.00,1,NULL,'cartitem','5',NULL,NULL,NULL,NULL,0.00,0.00),(276444,2104,1163,209000.00,1,NULL,'cartitem','5',NULL,NULL,NULL,NULL,0.00,0.00),(276445,2105,1163,209000.00,1,NULL,'cartitem','5',NULL,NULL,NULL,NULL,0.00,0.00),(276446,1658,1163,247500.00,1,NULL,'cartitem','5',NULL,NULL,NULL,NULL,0.00,0.00),(276447,2105,1163,209000.00,1,NULL,'cartitem','5',NULL,NULL,NULL,NULL,0.00,0.00),(276448,1476,1163,198000.00,1,NULL,'cartitem','5',NULL,NULL,NULL,NULL,0.00,0.00),(276449,1476,1163,198000.00,1,NULL,'cartitem','5',NULL,NULL,NULL,NULL,0.00,0.00),(276450,1476,1163,198000.00,1,NULL,'cartitem','5',NULL,NULL,NULL,NULL,0.00,0.00),(276451,1588,1163,187000.00,1,NULL,'cartitem','5',NULL,NULL,NULL,NULL,0.00,0.00),(276452,1658,1163,247500.00,1,NULL,'cartitem','5',NULL,NULL,NULL,NULL,0.00,0.00),(276453,1658,1163,247500.00,1,NULL,'cartitem','5',NULL,NULL,NULL,NULL,0.00,0.00),(276454,2104,1163,209000.00,1,NULL,'cartitem','5',NULL,NULL,NULL,NULL,0.00,0.00),(276455,1588,1163,187000.00,1,NULL,'cartitem','5',NULL,NULL,NULL,NULL,0.00,0.00),(276456,1588,1163,187000.00,1,NULL,'cartitem','5',NULL,NULL,NULL,NULL,0.00,0.00),(276457,2104,1163,209000.00,1,NULL,'cartitem','5',NULL,NULL,NULL,NULL,0.00,0.00),(276458,2105,1163,209000.00,1,NULL,'cartitem','5',NULL,NULL,NULL,NULL,0.00,0.00),(276459,1476,1163,198000.00,1,NULL,'cartitem','5',NULL,NULL,NULL,NULL,0.00,0.00),(276460,1476,1163,198000.00,1,NULL,'cartitem','5',NULL,NULL,NULL,NULL,0.00,0.00),(276461,1476,1163,198000.00,1,NULL,'cartitem','5',NULL,NULL,NULL,NULL,0.00,0.00),(276462,1476,1163,198000.00,1,NULL,'cartitem','5',NULL,NULL,NULL,NULL,0.00,0.00),(276463,1658,1163,247500.00,1,NULL,'cartitem','5',NULL,NULL,NULL,NULL,0.00,0.00),(276464,1658,1163,247500.00,1,NULL,'cartitem','5',NULL,NULL,NULL,NULL,0.00,0.00),(276465,1658,1163,247500.00,1,NULL,'cartitem','5',NULL,NULL,NULL,NULL,0.00,0.00),(276466,2104,1163,209000.00,1,NULL,'cartitem','5',NULL,NULL,NULL,NULL,0.00,0.00),(276467,1476,1163,198000.00,1,NULL,'cartitem','5',NULL,NULL,NULL,NULL,0.00,0.00),(276468,1588,1163,187000.00,1,NULL,'cartitem','5',NULL,NULL,NULL,NULL,0.00,0.00),(276469,1588,1163,187000.00,1,NULL,'cartitem','5',NULL,NULL,NULL,NULL,0.00,0.00),(276470,1588,1163,187000.00,1,NULL,'cartitem','5',NULL,NULL,NULL,NULL,0.00,0.00),(276471,1658,1163,247500.00,1,NULL,'cartitem','5',NULL,NULL,NULL,NULL,0.00,0.00),(276472,1630,1163,170500.00,1,NULL,'cartitem','5',NULL,NULL,NULL,NULL,0.00,0.00),(276473,1588,1163,187000.00,1,NULL,'cartitem','5',NULL,NULL,NULL,NULL,0.00,0.00),(276474,1630,1163,170500.00,1,NULL,'cartitem','5',NULL,NULL,NULL,NULL,0.00,0.00),(276475,1630,1163,170500.00,1,NULL,'cartitem','5',NULL,NULL,NULL,NULL,0.00,0.00),(276476,1630,1163,170500.00,1,NULL,'cartitem','5',NULL,NULL,NULL,NULL,0.00,0.00),(276477,1630,1163,170500.00,1,NULL,'cartitem','5',NULL,NULL,NULL,NULL,0.00,0.00),(276478,1630,1163,170500.00,1,NULL,'cartitem','5',NULL,NULL,NULL,NULL,0.00,0.00),(276479,1588,1163,187000.00,1,NULL,'cartitem','5',NULL,NULL,NULL,NULL,0.00,0.00),(276480,1476,1163,198000.00,1,NULL,'cartitem','5',NULL,NULL,NULL,NULL,0.00,0.00),(276481,1658,1163,247500.00,1,NULL,'cartitem','5',NULL,NULL,NULL,NULL,0.00,0.00),(276482,1630,1163,170500.00,1,NULL,'cartitem','5',NULL,NULL,NULL,NULL,0.00,0.00),(276483,1630,1163,170500.00,1,NULL,'cartitem','5',NULL,NULL,NULL,NULL,0.00,0.00),(276484,1588,1163,187000.00,1,NULL,'cartitem','5',NULL,NULL,NULL,NULL,0.00,0.00),(276485,1658,1163,247500.00,1,NULL,'cartitem','5',NULL,NULL,NULL,NULL,0.00,0.00),(276486,1476,1163,198000.00,1,NULL,'cartitem','5',NULL,NULL,NULL,NULL,0.00,0.00),(276487,1616,1163,231000.00,1,NULL,'cartitem','5',NULL,NULL,NULL,NULL,0.00,0.00),(276488,1616,1163,231000.00,1,NULL,'cartitem','5',NULL,NULL,NULL,NULL,0.00,0.00),(276489,1616,1163,231000.00,1,NULL,'cartitem','5',NULL,NULL,NULL,NULL,0.00,0.00),(276490,1616,1163,231000.00,1,NULL,'cartitem','5',NULL,NULL,NULL,NULL,0.00,0.00),(276491,1616,1163,231000.00,1,NULL,'cartitem','5',NULL,NULL,NULL,NULL,0.00,0.00),(276492,1616,1163,231000.00,1,NULL,'cartitem','5',NULL,NULL,NULL,NULL,0.00,0.00),(276493,1462,1163,170500.00,1,NULL,'cartitem','5',NULL,NULL,NULL,NULL,0.00,0.00),(276494,1616,1163,231000.00,1,NULL,'cartitem','5',NULL,NULL,NULL,NULL,0.00,0.00),(276495,1616,1163,231000.00,1,NULL,'cartitem','5',NULL,NULL,NULL,NULL,0.00,0.00),(276496,1616,1163,231000.00,1,NULL,'cartitem','5',NULL,NULL,NULL,NULL,0.00,0.00),(276497,2118,1163,290400.00,1,NULL,'cartitem','5',NULL,NULL,NULL,NULL,0.00,0.00),(276498,1616,1163,231000.00,1,NULL,'cartitem','5',NULL,NULL,NULL,NULL,0.00,0.00),(276499,2118,1163,290400.00,1,NULL,'cartitem','5',NULL,NULL,NULL,NULL,0.00,0.00),(276500,2118,1163,290400.00,1,NULL,'cartitem','5',NULL,NULL,NULL,NULL,0.00,0.00),(276501,1644,1163,231000.00,1,NULL,'cartitem','5',NULL,NULL,NULL,NULL,0.00,0.00),(276502,2118,1163,290400.00,1,NULL,'cartitem','5',NULL,NULL,NULL,NULL,0.00,0.00),(276503,2118,1163,290400.00,1,NULL,'cartitem','5',NULL,NULL,NULL,NULL,0.00,0.00),(276504,2118,1163,290400.00,1,NULL,'cartitem','5',NULL,NULL,NULL,NULL,0.00,0.00),(276505,1686,1163,170500.00,1,NULL,'cartitem','5',NULL,NULL,NULL,NULL,0.00,0.00),(276506,1672,1163,205700.00,1,NULL,'cartitem','5',NULL,NULL,NULL,NULL,0.00,0.00),(276507,1644,1163,231000.00,1,NULL,'cartitem','5',NULL,NULL,NULL,NULL,0.00,0.00),(276508,1644,1163,231000.00,1,NULL,'cartitem','5',NULL,NULL,NULL,NULL,0.00,0.00),(276509,2118,1163,290400.00,1,NULL,'cartitem','5',NULL,NULL,NULL,NULL,0.00,0.00),(276510,2118,1163,290400.00,1,NULL,'cartitem','5',NULL,NULL,NULL,NULL,0.00,0.00),(276511,1686,1163,170500.00,1,NULL,'cartitem','5',NULL,NULL,NULL,NULL,0.00,0.00),(276512,1686,1163,170500.00,1,NULL,'cartitem','5',NULL,NULL,NULL,NULL,0.00,0.00),(276513,1672,1163,205700.00,1,NULL,'cartitem','5',NULL,NULL,NULL,NULL,0.00,0.00),(276514,1672,1163,205700.00,1,NULL,'cartitem','5',NULL,NULL,NULL,NULL,0.00,0.00),(276515,1644,1163,231000.00,1,NULL,'cartitem','5',NULL,NULL,NULL,NULL,0.00,0.00),(276516,1672,1163,205700.00,1,NULL,'cartitem','5',NULL,NULL,NULL,NULL,0.00,0.00),(276517,1672,1163,205700.00,1,NULL,'cartitem','5',NULL,NULL,NULL,NULL,0.00,0.00),(276518,1672,1163,205700.00,1,NULL,'cartitem','5',NULL,NULL,NULL,NULL,0.00,0.00),(276519,1686,1163,170500.00,1,NULL,'cartitem','5',NULL,NULL,NULL,NULL,0.00,0.00),(276520,1686,1163,170500.00,1,NULL,'cartitem','5',NULL,NULL,NULL,NULL,0.00,0.00),(276521,1686,1163,170500.00,1,NULL,'cartitem','5',NULL,NULL,NULL,NULL,0.00,0.00),(276522,1644,1163,231000.00,1,NULL,'cartitem','5',NULL,NULL,NULL,NULL,0.00,0.00),(276523,1644,1163,231000.00,1,NULL,'cartitem','5',NULL,NULL,NULL,NULL,0.00,0.00),(276524,1644,1163,231000.00,1,NULL,'cartitem','5',NULL,NULL,NULL,NULL,0.00,0.00),(276525,1644,1163,231000.00,1,NULL,'cartitem','5',NULL,NULL,NULL,NULL,0.00,0.00),(276526,1672,1163,205700.00,1,NULL,'cartitem','5',NULL,NULL,NULL,NULL,0.00,0.00),(276527,1672,1163,205700.00,1,NULL,'cartitem','5',NULL,NULL,NULL,NULL,0.00,0.00),(276528,1686,1163,170500.00,1,NULL,'cartitem','5',NULL,NULL,NULL,NULL,0.00,0.00),(276529,1686,1163,170500.00,1,NULL,'cartitem','5',NULL,NULL,NULL,NULL,0.00,0.00),(276530,1462,1163,170500.00,1,NULL,'cartitem','5',NULL,NULL,NULL,NULL,0.00,0.00),(276531,1686,1163,170500.00,1,NULL,'cartitem','5',NULL,NULL,NULL,NULL,0.00,0.00),(276532,1686,1163,170500.00,1,NULL,'cartitem','5',NULL,NULL,NULL,NULL,0.00,0.00),(276533,1462,1163,170500.00,1,NULL,'cartitem','5',NULL,NULL,NULL,NULL,0.00,0.00),(276534,1462,1163,170500.00,1,NULL,'cartitem','5',NULL,NULL,NULL,NULL,0.00,0.00),(276535,1462,1163,170500.00,1,NULL,'cartitem','5',NULL,NULL,NULL,NULL,0.00,0.00),(276536,1462,1163,170500.00,1,NULL,'cartitem','5',NULL,NULL,NULL,NULL,0.00,0.00),(276537,1462,1163,170500.00,1,NULL,'cartitem','5',NULL,NULL,NULL,NULL,0.00,0.00),(276538,1462,1163,170500.00,1,NULL,'cartitem','5',NULL,NULL,NULL,NULL,0.00,0.00),(276539,1462,1163,170500.00,1,NULL,'cartitem','5',NULL,NULL,NULL,NULL,0.00,0.00),(276540,1588,1163,187000.00,1,NULL,'cartitem','5',NULL,NULL,NULL,NULL,0.00,0.00),(276541,2076,1163,176000.00,1,NULL,'cartitem','5',NULL,NULL,NULL,NULL,0.00,0.00),(276542,1476,1163,198000.00,1,NULL,'cartitem','5',NULL,NULL,NULL,NULL,0.00,0.00),(276543,2090,1163,187000.00,1,NULL,'cartitem','5',NULL,NULL,NULL,NULL,0.00,0.00),(276544,1588,1163,187000.00,1,NULL,'cartitem','5',NULL,NULL,NULL,NULL,0.00,0.00),(276545,2076,1163,176000.00,1,NULL,'cartitem','5',NULL,NULL,NULL,NULL,0.00,0.00),(276546,1462,1163,170500.00,1,NULL,'cartitem','5',NULL,NULL,NULL,NULL,0.00,0.00),(276547,2076,1163,176000.00,1,NULL,'cartitem','5',NULL,NULL,NULL,NULL,0.00,0.00),(276548,1476,1163,198000.00,1,NULL,'cartitem','5',NULL,NULL,NULL,NULL,0.00,0.00),(276549,2090,1163,187000.00,1,NULL,'cartitem','5',NULL,NULL,NULL,NULL,0.00,0.00),(276550,2091,1163,187000.00,1,NULL,'cartitem','5',NULL,NULL,NULL,NULL,0.00,0.00),(276551,2104,1163,209000.00,1,NULL,'cartitem','5',NULL,NULL,NULL,NULL,0.00,0.00),(276552,1560,1163,225500.00,1,NULL,'cartitem','5',NULL,NULL,NULL,NULL,0.00,0.00),(276553,2090,1163,187000.00,1,NULL,'cartitem','5',NULL,NULL,NULL,NULL,0.00,0.00),(276554,1686,1163,170500.00,1,NULL,'cartitem','5',NULL,NULL,NULL,NULL,0.00,0.00),(276555,2076,1163,176000.00,1,NULL,'cartitem','5',NULL,NULL,NULL,NULL,0.00,0.00),(276556,1462,1163,170500.00,1,NULL,'cartitem','5',NULL,NULL,NULL,NULL,0.00,0.00),(276557,2090,1163,187000.00,1,NULL,'cartitem','5',NULL,NULL,NULL,NULL,0.00,0.00),(276558,2091,1163,187000.00,1,NULL,'cartitem','5',NULL,NULL,NULL,NULL,0.00,0.00),(276559,2104,1163,209000.00,1,NULL,'cartitem','5',NULL,NULL,NULL,NULL,0.00,0.00),(276560,1560,1163,225500.00,1,NULL,'cartitem','5',NULL,NULL,NULL,NULL,0.00,0.00),(276561,1686,1163,170500.00,1,NULL,'cartitem','5',NULL,NULL,NULL,NULL,0.00,0.00),(276562,1588,1163,187000.00,1,NULL,'cartitem','5',NULL,NULL,NULL,NULL,0.00,0.00),(276563,1462,1163,170500.00,1,NULL,'cartitem','5',NULL,NULL,NULL,NULL,0.00,0.00),(276564,2076,1163,176000.00,1,NULL,'cartitem','5',NULL,NULL,NULL,NULL,0.00,0.00),(276565,1476,1163,198000.00,1,NULL,'cartitem','5',NULL,NULL,NULL,NULL,0.00,0.00),(276566,2090,1163,187000.00,1,NULL,'cartitem','5',NULL,NULL,NULL,NULL,0.00,0.00),(276567,2076,1163,176000.00,1,NULL,'cartitem','5',NULL,NULL,NULL,NULL,0.00,0.00),(276568,1462,1163,170500.00,1,NULL,'cartitem','5',NULL,NULL,NULL,NULL,0.00,0.00),(276569,1462,1163,170500.00,1,NULL,'cartitem','5',NULL,NULL,NULL,NULL,0.00,0.00),(276570,1462,1163,170500.00,1,NULL,'cartitem','5',NULL,NULL,NULL,NULL,0.00,0.00),(276571,1462,1163,170500.00,1,NULL,'cartitem','5',NULL,NULL,NULL,NULL,0.00,0.00),(276572,1462,1163,170500.00,1,NULL,'cartitem','5',NULL,NULL,NULL,NULL,0.00,0.00),(276573,1462,1163,170500.00,1,NULL,'cartitem','5',NULL,NULL,NULL,NULL,0.00,0.00),(276574,2090,1163,187000.00,1,NULL,'cartitem','5',NULL,NULL,NULL,NULL,0.00,0.00),(276575,2091,1163,187000.00,1,NULL,'cartitem','5',NULL,NULL,NULL,NULL,0.00,0.00),(276576,2104,1163,209000.00,1,NULL,'cartitem','5',NULL,NULL,NULL,NULL,0.00,0.00),(276577,1560,1163,225500.00,1,NULL,'cartitem','5',NULL,NULL,NULL,NULL,0.00,0.00),(276578,1686,1163,170500.00,1,NULL,'cartitem','5',NULL,NULL,NULL,NULL,0.00,0.00),(276579,1462,1163,170500.00,1,NULL,'cartitem','5',NULL,NULL,NULL,NULL,0.00,0.00),(276580,1462,1163,170500.00,1,NULL,'cartitem','5',NULL,NULL,NULL,NULL,0.00,0.00),(276581,1462,1163,170500.00,1,NULL,'cartitem','5',NULL,NULL,NULL,NULL,0.00,0.00),(276582,1546,1163,187000.00,1,NULL,'cartitem','5',NULL,NULL,NULL,NULL,0.00,0.00),(276583,1462,1163,170500.00,1,NULL,'cartitem','5',NULL,NULL,NULL,NULL,0.00,0.00),(276584,1546,1163,187000.00,1,NULL,'cartitem','5',NULL,NULL,NULL,NULL,0.00,0.00),(276585,1546,1163,187000.00,1,NULL,'cartitem','5',NULL,NULL,NULL,NULL,0.00,0.00),(276586,1546,1163,187000.00,1,NULL,'cartitem','5',NULL,NULL,NULL,NULL,0.00,0.00),(276587,1546,1163,187000.00,1,NULL,'cartitem','5',NULL,NULL,NULL,NULL,0.00,0.00),(276588,1546,1163,187000.00,1,NULL,'cartitem','5',NULL,NULL,NULL,NULL,0.00,0.00),(276589,1546,1163,187000.00,1,NULL,'cartitem','5',NULL,NULL,NULL,NULL,0.00,0.00),(276590,1546,1163,187000.00,1,NULL,'cartitem','5',NULL,NULL,NULL,NULL,0.00,0.00),(276591,1546,1163,187000.00,1,NULL,'cartitem','5',NULL,NULL,NULL,NULL,0.00,0.00),(276592,1546,1163,187000.00,1,NULL,'cartitem','5',NULL,NULL,NULL,NULL,0.00,0.00),(276593,1546,1163,187000.00,1,NULL,'cartitem','5',NULL,NULL,NULL,NULL,0.00,0.00),(276594,1462,1163,170500.00,1,NULL,'cartitem','5',NULL,NULL,NULL,NULL,0.00,0.00),(276595,1462,1163,170500.00,1,NULL,'cartitem','5',NULL,NULL,NULL,NULL,0.00,0.00),(276596,1462,1163,170500.00,1,NULL,'cartitem','5',NULL,NULL,NULL,NULL,0.00,0.00),(276597,1462,1163,170500.00,1,NULL,'cartitem','5',NULL,NULL,NULL,NULL,0.00,0.00),(276598,1462,1163,170500.00,1,NULL,'cartitem','5',NULL,NULL,NULL,NULL,0.00,0.00),(276599,1462,1163,170500.00,1,NULL,'cartitem','5',NULL,NULL,NULL,NULL,0.00,0.00),(276600,1462,1163,170500.00,1,NULL,'cartitem','5',NULL,NULL,NULL,NULL,0.00,0.00),(276601,1462,1163,170500.00,1,NULL,'cartitem','5',NULL,NULL,NULL,NULL,0.00,0.00),(276602,1462,1163,170500.00,1,NULL,'cartitem','5',NULL,NULL,NULL,NULL,0.00,0.00),(276603,1462,1163,170500.00,1,NULL,'cartitem','5',NULL,NULL,NULL,NULL,0.00,0.00),(276604,1462,1163,170500.00,1,NULL,'cartitem','5',NULL,NULL,NULL,NULL,0.00,0.00),(276605,1462,1163,170500.00,1,NULL,'cartitem','5',NULL,NULL,NULL,NULL,0.00,0.00),(276606,1462,1163,170500.00,1,NULL,'cartitem','5',NULL,NULL,NULL,NULL,0.00,0.00),(276607,1462,1163,170500.00,1,NULL,'cartitem','5',NULL,NULL,NULL,NULL,0.00,0.00),(276608,1462,1163,170500.00,1,NULL,'cartitem','5',NULL,NULL,NULL,NULL,0.00,0.00),(276609,1462,1163,170500.00,1,NULL,'cartitem','5',NULL,NULL,NULL,NULL,0.00,0.00),(276610,1462,1163,170500.00,1,NULL,'cartitem','5',NULL,NULL,NULL,NULL,0.00,0.00),(276611,1462,1163,170500.00,1,NULL,'cartitem','5',NULL,NULL,NULL,NULL,0.00,0.00),(276612,1462,1163,170500.00,1,NULL,'cartitem','5',NULL,NULL,NULL,NULL,0.00,0.00),(276613,1462,1163,170500.00,1,NULL,'cartitem','5',NULL,NULL,NULL,NULL,0.00,0.00),(276614,1462,1163,170500.00,1,NULL,'cartitem','5',NULL,NULL,NULL,NULL,0.00,0.00),(276615,1462,1163,170500.00,1,NULL,'cartitem','5',NULL,NULL,NULL,NULL,0.00,0.00),(276616,1462,1163,170500.00,1,NULL,'cartitem','5',NULL,NULL,NULL,NULL,0.00,0.00),(276617,1462,1163,170500.00,1,NULL,'cartitem','5',NULL,NULL,NULL,NULL,0.00,0.00),(276618,1462,1163,170500.00,1,NULL,'cartitem','5',NULL,NULL,NULL,NULL,0.00,0.00),(276619,1462,1163,170500.00,1,NULL,'cartitem','5',NULL,NULL,NULL,NULL,0.00,0.00),(276620,1462,1163,170500.00,1,NULL,'cartitem','5',NULL,NULL,NULL,NULL,0.00,0.00),(276621,1462,1163,170500.00,1,NULL,'cartitem','5',NULL,NULL,NULL,NULL,0.00,0.00),(276622,1462,1163,170500.00,1,NULL,'cartitem','5',NULL,NULL,NULL,NULL,0.00,0.00),(276623,1462,1163,170500.00,1,NULL,'cartitem','5',NULL,NULL,NULL,NULL,0.00,0.00),(276624,1462,1163,170500.00,1,NULL,'cartitem','5',NULL,NULL,NULL,NULL,0.00,0.00),(276625,1462,1163,170500.00,1,NULL,'cartitem','5',NULL,NULL,NULL,NULL,0.00,0.00),(276626,1462,1163,170500.00,1,NULL,'cartitem','5',NULL,NULL,NULL,NULL,0.00,0.00),(276627,1462,1163,170500.00,1,NULL,'cartitem','5',NULL,NULL,NULL,NULL,0.00,0.00),(276628,1462,1163,170500.00,1,NULL,'cartitem','5',NULL,NULL,NULL,NULL,0.00,0.00),(276629,1462,1163,170500.00,1,NULL,'cartitem','5',NULL,NULL,NULL,NULL,0.00,0.00),(276630,1462,1163,170500.00,1,NULL,'cartitem','5',NULL,NULL,NULL,NULL,0.00,0.00),(276631,1462,1163,170500.00,1,NULL,'cartitem','5',NULL,NULL,NULL,NULL,0.00,0.00),(276632,1588,1163,187000.00,1,NULL,'cartitem','5',NULL,NULL,NULL,NULL,0.00,0.00),(276633,2076,1163,176000.00,1,NULL,'cartitem','5',NULL,NULL,NULL,NULL,0.00,0.00),(276634,1462,1163,170500.00,1,NULL,'cartitem','5',NULL,NULL,NULL,NULL,0.00,0.00),(276635,1476,1163,198000.00,1,NULL,'cartitem','5',NULL,NULL,NULL,NULL,0.00,0.00),(276636,1462,1163,170500.00,1,NULL,'cartitem','5',NULL,NULL,NULL,NULL,0.00,0.00),(276637,1462,1163,170500.00,1,NULL,'cartitem','5',NULL,NULL,NULL,NULL,0.00,0.00),(276638,2090,1163,187000.00,1,NULL,'cartitem','5',NULL,NULL,NULL,NULL,0.00,0.00),(276639,1588,1163,187000.00,1,NULL,'cartitem','5',NULL,NULL,NULL,NULL,0.00,0.00),(276640,2076,1163,176000.00,1,NULL,'cartitem','5',NULL,NULL,NULL,NULL,0.00,0.00),(276641,1462,1163,170500.00,1,NULL,'cartitem','5',NULL,NULL,NULL,NULL,0.00,0.00),(276642,2076,1163,176000.00,1,NULL,'cartitem','5',NULL,NULL,NULL,NULL,0.00,0.00),(276643,2118,1163,290400.00,1,NULL,'cartitem','5',NULL,NULL,NULL,NULL,0.00,0.00),(276644,1462,1163,170500.00,1,NULL,'cartitem','5',NULL,NULL,NULL,NULL,0.00,0.00),(276645,1462,1163,170500.00,1,NULL,'cartitem','5',NULL,NULL,NULL,NULL,0.00,0.00),(276646,1462,1163,170500.00,1,NULL,'cartitem','5',NULL,NULL,NULL,NULL,0.00,0.00),(276647,1462,1163,170500.00,1,NULL,'cartitem','5',NULL,NULL,NULL,NULL,0.00,0.00),(276648,1476,1163,198000.00,1,NULL,'cartitem','5',NULL,NULL,NULL,NULL,0.00,0.00),(276649,1462,1163,170500.00,1,NULL,'cartitem','5',NULL,NULL,NULL,NULL,0.00,0.00),(276650,1462,1163,170500.00,1,NULL,'cartitem','5',NULL,NULL,NULL,NULL,0.00,0.00),(276651,1462,1163,170500.00,1,NULL,'cartitem','5',NULL,NULL,NULL,NULL,0.00,0.00),(276652,1462,1163,170500.00,1,NULL,'cartitem','5',NULL,NULL,NULL,NULL,0.00,0.00),(276653,1462,1163,170500.00,1,NULL,'cartitem','5',NULL,NULL,NULL,NULL,0.00,0.00),(276654,1462,1163,170500.00,1,NULL,'cartitem','5',NULL,NULL,NULL,NULL,0.00,0.00),(276655,2090,1163,187000.00,1,NULL,'cartitem','5',NULL,NULL,NULL,NULL,0.00,0.00),(276656,2091,1163,187000.00,1,NULL,'cartitem','5',NULL,NULL,NULL,NULL,0.00,0.00),(276657,1462,1163,170500.00,1,NULL,'cartitem','5',NULL,NULL,NULL,NULL,0.00,0.00),(276658,1462,1163,170500.00,1,NULL,'cartitem','5',NULL,NULL,NULL,NULL,0.00,0.00),(276659,1560,1163,225500.00,1,NULL,'cartitem','5',NULL,NULL,NULL,NULL,0.00,0.00),(276660,2104,1163,209000.00,1,NULL,'cartitem','5',NULL,NULL,NULL,NULL,0.00,0.00),(276661,1560,1163,225500.00,1,NULL,'cartitem','5',NULL,NULL,NULL,NULL,0.00,0.00),(276662,1686,1163,170500.00,1,NULL,'cartitem','5',NULL,NULL,NULL,NULL,0.00,0.00),(276663,2090,1163,187000.00,1,NULL,'cartitem','5',NULL,NULL,NULL,NULL,0.00,0.00),(276664,1882,1163,214500.00,1,NULL,'cartitem','5',NULL,NULL,NULL,NULL,0.00,0.00),(276665,1588,1163,187000.00,1,NULL,'cartitem','5',NULL,NULL,NULL,NULL,0.00,0.00),(276666,1462,1163,170500.00,1,NULL,'cartitem','5',NULL,NULL,NULL,NULL,0.00,0.00),(276667,2076,1163,176000.00,1,NULL,'cartitem','5',NULL,NULL,NULL,NULL,0.00,0.00),(276668,2076,1163,176000.00,1,NULL,'cartitem','5',NULL,NULL,NULL,NULL,0.00,0.00),(276669,2118,1163,290400.00,1,NULL,'cartitem','5',NULL,NULL,NULL,NULL,0.00,0.00),(276670,1476,1163,198000.00,1,NULL,'cartitem','5',NULL,NULL,NULL,NULL,0.00,0.00),(276671,1462,1163,170500.00,1,NULL,'cartitem','5',NULL,NULL,NULL,NULL,0.00,0.00),(276672,1462,1163,170500.00,1,NULL,'cartitem','5',NULL,NULL,NULL,NULL,0.00,0.00),(276673,2090,1163,187000.00,1,NULL,'cartitem','5',NULL,NULL,NULL,NULL,0.00,0.00),(276674,2091,1163,187000.00,1,NULL,'cartitem','5',NULL,NULL,NULL,NULL,0.00,0.00),(276675,1560,1163,225500.00,1,NULL,'cartitem','5',NULL,NULL,NULL,NULL,0.00,0.00),(276676,2104,1163,209000.00,1,NULL,'cartitem','5',NULL,NULL,NULL,NULL,0.00,0.00),(276677,2090,1163,187000.00,1,NULL,'cartitem','5',NULL,NULL,NULL,NULL,0.00,0.00),(276678,1560,1163,225500.00,1,NULL,'cartitem','5',NULL,NULL,NULL,NULL,0.00,0.00),(276679,1882,1163,214500.00,1,NULL,'cartitem','5',NULL,NULL,NULL,NULL,0.00,0.00),(276680,1686,1163,170500.00,1,NULL,'cartitem','5',NULL,NULL,NULL,NULL,0.00,0.00),(276681,1588,1163,187000.00,1,NULL,'cartitem','5',NULL,NULL,NULL,NULL,0.00,0.00),(276682,1462,1163,170500.00,1,NULL,'cartitem','5',NULL,NULL,NULL,NULL,0.00,0.00),(276683,2076,1163,176000.00,1,NULL,'cartitem','5',NULL,NULL,NULL,NULL,0.00,0.00),(276684,2076,1163,176000.00,1,NULL,'cartitem','5',NULL,NULL,NULL,NULL,0.00,0.00),(276685,1476,1163,198000.00,1,NULL,'cartitem','5',NULL,NULL,NULL,NULL,0.00,0.00),(276686,1462,1163,170500.00,1,NULL,'cartitem','5',NULL,NULL,NULL,NULL,0.00,0.00),(276687,1462,1163,170500.00,1,NULL,'cartitem','5',NULL,NULL,NULL,NULL,0.00,0.00),(276688,2090,1163,187000.00,1,NULL,'cartitem','5',NULL,NULL,NULL,NULL,0.00,0.00),(276689,2091,1163,187000.00,1,NULL,'cartitem','5',NULL,NULL,NULL,NULL,0.00,0.00),(276690,2104,1163,209000.00,1,NULL,'cartitem','5',NULL,NULL,NULL,NULL,0.00,0.00),(276691,2090,1163,187000.00,1,NULL,'cartitem','5',NULL,NULL,NULL,NULL,0.00,0.00),(276692,1560,1163,225500.00,1,NULL,'cartitem','5',NULL,NULL,NULL,NULL,0.00,0.00),(276693,1686,1163,170500.00,1,NULL,'cartitem','5',NULL,NULL,NULL,NULL,0.00,0.00),(276694,1588,1163,187000.00,1,NULL,'cartitem','5',NULL,NULL,NULL,NULL,0.00,0.00),(276695,1588,1163,187000.00,1,NULL,'cartitem','5',NULL,NULL,NULL,NULL,0.00,0.00),(276696,1588,1163,187000.00,1,NULL,'cartitem','5',NULL,NULL,NULL,NULL,0.00,0.00),(276697,1462,1163,170500.00,1,NULL,'cartitem','5',NULL,NULL,NULL,NULL,0.00,0.00),(276698,1588,1163,187000.00,1,NULL,'cartitem','5',NULL,NULL,NULL,NULL,0.00,0.00),(276699,2076,1163,176000.00,1,NULL,'cartitem','5',NULL,NULL,NULL,NULL,0.00,0.00),(276700,1588,1163,187000.00,1,NULL,'cartitem','5',NULL,NULL,NULL,NULL,0.00,0.00),(276701,2076,1163,176000.00,1,NULL,'cartitem','5',NULL,NULL,NULL,NULL,0.00,0.00),(276702,1588,1163,187000.00,1,NULL,'cartitem','5',NULL,NULL,NULL,NULL,0.00,0.00),(276703,2076,1163,176000.00,1,NULL,'cartitem','5',NULL,NULL,NULL,NULL,0.00,0.00),(276704,2118,1163,290400.00,1,NULL,'cartitem','5',NULL,NULL,NULL,NULL,0.00,0.00),(276705,1588,1163,187000.00,1,NULL,'cartitem','5',NULL,NULL,NULL,NULL,0.00,0.00),(276706,2076,1163,176000.00,1,NULL,'cartitem','5',NULL,NULL,NULL,NULL,0.00,0.00),(276707,1476,1163,198000.00,1,NULL,'cartitem','5',NULL,NULL,NULL,NULL,0.00,0.00),(276708,2076,1163,176000.00,1,NULL,'cartitem','5',NULL,NULL,NULL,NULL,0.00,0.00),(276709,1476,1163,198000.00,1,NULL,'cartitem','5',NULL,NULL,NULL,NULL,0.00,0.00),(276710,2076,1163,176000.00,1,NULL,'cartitem','5',NULL,NULL,NULL,NULL,0.00,0.00),(276711,1476,1163,198000.00,1,NULL,'cartitem','5',NULL,NULL,NULL,NULL,0.00,0.00),(276712,2076,1163,176000.00,1,NULL,'cartitem','5',NULL,NULL,NULL,NULL,0.00,0.00),(276713,1476,1163,198000.00,1,NULL,'cartitem','5',NULL,NULL,NULL,NULL,0.00,0.00),(276714,2076,1163,176000.00,1,NULL,'cartitem','5',NULL,NULL,NULL,NULL,0.00,0.00),(276715,1476,1163,198000.00,1,NULL,'cartitem','5',NULL,NULL,NULL,NULL,0.00,0.00),(276716,1462,1163,170500.00,1,NULL,'cartitem','5',NULL,NULL,NULL,NULL,0.00,0.00),(276717,1462,1163,170500.00,1,NULL,'cartitem','5',NULL,NULL,NULL,NULL,0.00,0.00),(276718,1476,1163,198000.00,1,NULL,'cartitem','5',NULL,NULL,NULL,NULL,0.00,0.00),(276719,2118,1163,290400.00,1,NULL,'cartitem','5',NULL,NULL,NULL,NULL,0.00,0.00),(276720,1476,1163,198000.00,1,NULL,'cartitem','5',NULL,NULL,NULL,NULL,0.00,0.00),(276721,2090,1163,187000.00,1,NULL,'cartitem','5',NULL,NULL,NULL,NULL,0.00,0.00),(276722,2091,1163,187000.00,1,NULL,'cartitem','5',NULL,NULL,NULL,NULL,0.00,0.00),(276723,1476,1163,198000.00,1,NULL,'cartitem','5',NULL,NULL,NULL,NULL,0.00,0.00),(276724,1560,1163,225500.00,1,NULL,'cartitem','5',NULL,NULL,NULL,NULL,0.00,0.00),(276725,1476,1163,198000.00,1,NULL,'cartitem','5',NULL,NULL,NULL,NULL,0.00,0.00),(276726,1476,1163,198000.00,1,NULL,'cartitem','5',NULL,NULL,NULL,NULL,0.00,0.00),(276727,2104,1163,209000.00,1,NULL,'cartitem','5',NULL,NULL,NULL,NULL,0.00,0.00),(276728,2090,1163,187000.00,1,NULL,'cartitem','5',NULL,NULL,NULL,NULL,0.00,0.00),(276729,2090,1163,187000.00,1,NULL,'cartitem','5',NULL,NULL,NULL,NULL,0.00,0.00),(276730,1560,1163,225500.00,1,NULL,'cartitem','5',NULL,NULL,NULL,NULL,0.00,0.00),(276731,2090,1163,187000.00,1,NULL,'cartitem','5',NULL,NULL,NULL,NULL,0.00,0.00),(276732,1882,1163,214500.00,1,NULL,'cartitem','5',NULL,NULL,NULL,NULL,0.00,0.00),(276733,2090,1163,187000.00,1,NULL,'cartitem','5',NULL,NULL,NULL,NULL,0.00,0.00),(276734,2090,1163,187000.00,1,NULL,'cartitem','5',NULL,NULL,NULL,NULL,0.00,0.00),(276735,1686,1163,170500.00,1,NULL,'cartitem','5',NULL,NULL,NULL,NULL,0.00,0.00),(276736,2090,1163,187000.00,1,NULL,'cartitem','5',NULL,NULL,NULL,NULL,0.00,0.00),(276737,1462,1163,170500.00,1,NULL,'cartitem','5',NULL,NULL,NULL,NULL,0.00,0.00),(276738,2076,1163,176000.00,1,NULL,'cartitem','5',NULL,NULL,NULL,NULL,0.00,0.00),(276739,2076,1163,176000.00,1,NULL,'cartitem','5',NULL,NULL,NULL,NULL,0.00,0.00),(276740,1588,1163,187000.00,1,NULL,'cartitem','5',NULL,NULL,NULL,NULL,0.00,0.00),(276741,2076,1163,176000.00,1,NULL,'cartitem','5',NULL,NULL,NULL,NULL,0.00,0.00),(276742,2076,1163,176000.00,1,NULL,'cartitem','5',NULL,NULL,NULL,NULL,0.00,0.00),(276743,2076,1163,176000.00,1,NULL,'cartitem','5',NULL,NULL,NULL,NULL,0.00,0.00),(276744,2076,1163,176000.00,1,NULL,'cartitem','5',NULL,NULL,NULL,NULL,0.00,0.00),(276745,2076,1163,176000.00,1,NULL,'cartitem','5',NULL,NULL,NULL,NULL,0.00,0.00),(276746,1462,1163,170500.00,1,NULL,'cartitem','5',NULL,NULL,NULL,NULL,0.00,0.00),(276747,1462,1163,170500.00,1,NULL,'cartitem','5',NULL,NULL,NULL,NULL,0.00,0.00),(276748,2090,1163,187000.00,1,NULL,'cartitem','5',NULL,NULL,NULL,NULL,0.00,0.00),(276749,2091,1163,187000.00,1,NULL,'cartitem','5',NULL,NULL,NULL,NULL,0.00,0.00),(276750,2090,1163,187000.00,1,NULL,'cartitem','5',NULL,NULL,NULL,NULL,0.00,0.00),(276751,2091,1163,187000.00,1,NULL,'cartitem','5',NULL,NULL,NULL,NULL,0.00,0.00),(276752,2118,1163,290400.00,1,NULL,'cartitem','5',NULL,NULL,NULL,NULL,0.00,0.00),(276753,2090,1163,187000.00,1,NULL,'cartitem','5',NULL,NULL,NULL,NULL,0.00,0.00),(276754,2091,1163,187000.00,1,NULL,'cartitem','5',NULL,NULL,NULL,NULL,0.00,0.00),(276755,2090,1163,187000.00,1,NULL,'cartitem','5',NULL,NULL,NULL,NULL,0.00,0.00),(276756,2091,1163,187000.00,1,NULL,'cartitem','5',NULL,NULL,NULL,NULL,0.00,0.00),(276757,1476,1163,198000.00,1,NULL,'cartitem','5',NULL,NULL,NULL,NULL,0.00,0.00),(276758,2090,1163,187000.00,1,NULL,'cartitem','5',NULL,NULL,NULL,NULL,0.00,0.00),(276759,2091,1163,187000.00,1,NULL,'cartitem','5',NULL,NULL,NULL,NULL,0.00,0.00),(276760,2090,1163,187000.00,1,NULL,'cartitem','5',NULL,NULL,NULL,NULL,0.00,0.00),(276761,2091,1163,187000.00,1,NULL,'cartitem','5',NULL,NULL,NULL,NULL,0.00,0.00),(276762,2104,1163,209000.00,1,NULL,'cartitem','5',NULL,NULL,NULL,NULL,0.00,0.00),(276763,2090,1163,187000.00,1,NULL,'cartitem','5',NULL,NULL,NULL,NULL,0.00,0.00),(276764,2091,1163,187000.00,1,NULL,'cartitem','5',NULL,NULL,NULL,NULL,0.00,0.00),(276765,2104,1163,209000.00,1,NULL,'cartitem','5',NULL,NULL,NULL,NULL,0.00,0.00),(276766,2104,1163,209000.00,1,NULL,'cartitem','5',NULL,NULL,NULL,NULL,0.00,0.00),(276767,2104,1163,209000.00,1,NULL,'cartitem','5',NULL,NULL,NULL,NULL,0.00,0.00),(276768,2104,1163,209000.00,1,NULL,'cartitem','5',NULL,NULL,NULL,NULL,0.00,0.00),(276769,2104,1163,209000.00,1,NULL,'cartitem','5',NULL,NULL,NULL,NULL,0.00,0.00),(276770,1560,1163,225500.00,1,NULL,'cartitem','5',NULL,NULL,NULL,NULL,0.00,0.00),(276771,1560,1163,225500.00,1,NULL,'cartitem','5',NULL,NULL,NULL,NULL,0.00,0.00),(276772,1560,1163,225500.00,1,NULL,'cartitem','5',NULL,NULL,NULL,NULL,0.00,0.00),(276773,1686,1163,170500.00,1,NULL,'cartitem','5',NULL,NULL,NULL,NULL,0.00,0.00),(276774,1560,1163,225500.00,1,NULL,'cartitem','5',NULL,NULL,NULL,NULL,0.00,0.00),(276775,2090,1163,187000.00,1,NULL,'cartitem','5',NULL,NULL,NULL,NULL,0.00,0.00),(276776,1686,1163,170500.00,1,NULL,'cartitem','5',NULL,NULL,NULL,NULL,0.00,0.00),(276777,1560,1163,225500.00,1,NULL,'cartitem','5',NULL,NULL,NULL,NULL,0.00,0.00),(276778,1686,1163,170500.00,1,NULL,'cartitem','5',NULL,NULL,NULL,NULL,0.00,0.00),(276779,1560,1163,225500.00,1,NULL,'cartitem','5',NULL,NULL,NULL,NULL,0.00,0.00),(276780,1686,1163,170500.00,1,NULL,'cartitem','5',NULL,NULL,NULL,NULL,0.00,0.00),(276781,1462,1163,170500.00,1,NULL,'cartitem','5',NULL,NULL,NULL,NULL,0.00,0.00),(276782,1686,1163,170500.00,1,NULL,'cartitem','5',NULL,NULL,NULL,NULL,0.00,0.00),(276783,1588,1163,187000.00,1,NULL,'cartitem','5',NULL,NULL,NULL,NULL,0.00,0.00),(276784,1686,1163,170500.00,1,NULL,'cartitem','5',NULL,NULL,NULL,NULL,0.00,0.00),(276785,1686,1163,170500.00,1,NULL,'cartitem','5',NULL,NULL,NULL,NULL,0.00,0.00),(276786,1686,1163,170500.00,1,NULL,'cartitem','5',NULL,NULL,NULL,NULL,0.00,0.00),(276787,2076,1163,176000.00,1,NULL,'cartitem','5',NULL,NULL,NULL,NULL,0.00,0.00),(276788,1686,1163,170500.00,1,NULL,'cartitem','5',NULL,NULL,NULL,NULL,0.00,0.00),(276789,2076,1163,176000.00,1,NULL,'cartitem','5',NULL,NULL,NULL,NULL,0.00,0.00),(276790,1686,1163,170500.00,1,NULL,'cartitem','5',NULL,NULL,NULL,NULL,0.00,0.00),(276791,1462,1163,170500.00,1,NULL,'cartitem','5',NULL,NULL,NULL,NULL,0.00,0.00),(276792,1462,1163,170500.00,1,NULL,'cartitem','5',NULL,NULL,NULL,NULL,0.00,0.00),(276793,1686,1163,170500.00,1,NULL,'cartitem','5',NULL,NULL,NULL,NULL,0.00,0.00),(276794,2118,1163,290400.00,1,NULL,'cartitem','5',NULL,NULL,NULL,NULL,0.00,0.00),(276795,1476,1163,198000.00,1,NULL,'cartitem','5',NULL,NULL,NULL,NULL,0.00,0.00),(276796,2090,1163,187000.00,1,NULL,'cartitem','5',NULL,NULL,NULL,NULL,0.00,0.00),(276797,2091,1163,187000.00,1,NULL,'cartitem','5',NULL,NULL,NULL,NULL,0.00,0.00),(276798,2104,1163,209000.00,1,NULL,'cartitem','5',NULL,NULL,NULL,NULL,0.00,0.00),(276799,2090,1163,187000.00,1,NULL,'cartitem','5',NULL,NULL,NULL,NULL,0.00,0.00),(276800,1560,1163,225500.00,1,NULL,'cartitem','5',NULL,NULL,NULL,NULL,0.00,0.00),(276801,1462,1163,170500.00,1,NULL,'cartitem','5',NULL,NULL,NULL,NULL,0.00,0.00),(276802,1462,1163,170500.00,1,NULL,'cartitem','5',NULL,NULL,NULL,NULL,0.00,0.00),(276803,1588,1163,187000.00,1,NULL,'cartitem','5',NULL,NULL,NULL,NULL,0.00,0.00),(276804,1462,1163,170500.00,1,NULL,'cartitem','5',NULL,NULL,NULL,NULL,0.00,0.00),(276805,1462,1163,170500.00,1,NULL,'cartitem','5',NULL,NULL,NULL,NULL,0.00,0.00),(276806,1462,1163,170500.00,1,NULL,'cartitem','5',NULL,NULL,NULL,NULL,0.00,0.00),(276807,2076,1163,176000.00,1,NULL,'cartitem','5',NULL,NULL,NULL,NULL,0.00,0.00),(276808,2076,1163,176000.00,1,NULL,'cartitem','5',NULL,NULL,NULL,NULL,0.00,0.00),(276809,1462,1163,170500.00,1,NULL,'cartitem','5',NULL,NULL,NULL,NULL,0.00,0.00),(276810,1462,1163,170500.00,1,NULL,'cartitem','5',NULL,NULL,NULL,NULL,0.00,0.00),(276811,1686,1163,170500.00,1,NULL,'cartitem','5',NULL,NULL,NULL,NULL,0.00,0.00),(276812,2118,1163,290400.00,1,NULL,'cartitem','5',NULL,NULL,NULL,NULL,0.00,0.00),(276813,1476,1163,198000.00,1,NULL,'cartitem','5',NULL,NULL,NULL,NULL,0.00,0.00),(276814,2090,1163,187000.00,1,NULL,'cartitem','5',NULL,NULL,NULL,NULL,0.00,0.00),(276815,2091,1163,187000.00,1,NULL,'cartitem','5',NULL,NULL,NULL,NULL,0.00,0.00),(276816,2104,1163,209000.00,1,NULL,'cartitem','5',NULL,NULL,NULL,NULL,0.00,0.00),(276817,2090,1163,187000.00,1,NULL,'cartitem','5',NULL,NULL,NULL,NULL,0.00,0.00),(276818,1560,1163,225500.00,1,NULL,'cartitem','5',NULL,NULL,NULL,NULL,0.00,0.00),(276819,1588,1163,187000.00,1,NULL,'cartitem','5',NULL,NULL,NULL,NULL,0.00,0.00),(276820,1462,1163,170500.00,1,NULL,'cartitem','5',NULL,NULL,NULL,NULL,0.00,0.00),(276821,2076,1163,176000.00,1,NULL,'cartitem','5',NULL,NULL,NULL,NULL,0.00,0.00),(276822,2076,1163,176000.00,1,NULL,'cartitem','5',NULL,NULL,NULL,NULL,0.00,0.00),(276823,1462,1163,170500.00,1,NULL,'cartitem','5',NULL,NULL,NULL,NULL,0.00,0.00),(276824,1462,1163,170500.00,1,NULL,'cartitem','5',NULL,NULL,NULL,NULL,0.00,0.00),(276825,1686,1163,170500.00,1,NULL,'cartitem','5',NULL,NULL,NULL,NULL,0.00,0.00),(276826,2118,1163,290400.00,1,NULL,'cartitem','5',NULL,NULL,NULL,NULL,0.00,0.00),(276827,2118,1163,290400.00,1,NULL,'cartitem','5',NULL,NULL,NULL,NULL,0.00,0.00),(276828,1476,1163,198000.00,1,NULL,'cartitem','5',NULL,NULL,NULL,NULL,0.00,0.00),(276829,2118,1163,290400.00,1,NULL,'cartitem','5',NULL,NULL,NULL,NULL,0.00,0.00),(276830,2090,1163,187000.00,1,NULL,'cartitem','5',NULL,NULL,NULL,NULL,0.00,0.00),(276831,2091,1163,187000.00,1,NULL,'cartitem','5',NULL,NULL,NULL,NULL,0.00,0.00),(276832,1476,1163,198000.00,1,NULL,'cartitem','5',NULL,NULL,NULL,NULL,0.00,0.00),(276833,2118,1163,290400.00,1,NULL,'cartitem','5',NULL,NULL,NULL,NULL,0.00,0.00),(276834,1476,1163,198000.00,1,NULL,'cartitem','5',NULL,NULL,NULL,NULL,0.00,0.00),(276835,2118,1163,290400.00,1,NULL,'cartitem','5',NULL,NULL,NULL,NULL,0.00,0.00),(276836,1476,1163,198000.00,1,NULL,'cartitem','5',NULL,NULL,NULL,NULL,0.00,0.00),(276837,2118,1163,290400.00,1,NULL,'cartitem','5',NULL,NULL,NULL,NULL,0.00,0.00),(276838,1476,1163,198000.00,1,NULL,'cartitem','5',NULL,NULL,NULL,NULL,0.00,0.00),(276839,2118,1163,290400.00,1,NULL,'cartitem','5',NULL,NULL,NULL,NULL,0.00,0.00),(276840,1476,1163,198000.00,1,NULL,'cartitem','5',NULL,NULL,NULL,NULL,0.00,0.00),(276841,2118,1163,290400.00,1,NULL,'cartitem','5',NULL,NULL,NULL,NULL,0.00,0.00),(276842,2104,1163,209000.00,1,NULL,'cartitem','5',NULL,NULL,NULL,NULL,0.00,0.00),(276843,1476,1163,198000.00,1,NULL,'cartitem','5',NULL,NULL,NULL,NULL,0.00,0.00),(276844,2118,1163,290400.00,1,NULL,'cartitem','5',NULL,NULL,NULL,NULL,0.00,0.00),(276845,1476,1163,198000.00,1,NULL,'cartitem','5',NULL,NULL,NULL,NULL,0.00,0.00),(276846,2118,1163,290400.00,1,NULL,'cartitem','5',NULL,NULL,NULL,NULL,0.00,0.00),(276847,1476,1163,198000.00,1,NULL,'cartitem','5',NULL,NULL,NULL,NULL,0.00,0.00),(276848,1476,1163,198000.00,1,NULL,'cartitem','5',NULL,NULL,NULL,NULL,0.00,0.00),(276849,2090,1163,187000.00,1,NULL,'cartitem','5',NULL,NULL,NULL,NULL,0.00,0.00),(276850,1560,1163,225500.00,1,NULL,'cartitem','5',NULL,NULL,NULL,NULL,0.00,0.00),(276851,1588,1163,187000.00,1,NULL,'cartitem','5',NULL,NULL,NULL,NULL,0.00,0.00),(276852,1462,1163,170500.00,1,NULL,'cartitem','5',NULL,NULL,NULL,NULL,0.00,0.00),(276853,2076,1163,176000.00,1,NULL,'cartitem','5',NULL,NULL,NULL,NULL,0.00,0.00),(276854,2076,1163,176000.00,1,NULL,'cartitem','5',NULL,NULL,NULL,NULL,0.00,0.00),(276855,1462,1163,170500.00,1,NULL,'cartitem','5',NULL,NULL,NULL,NULL,0.00,0.00),(276856,1462,1163,170500.00,1,NULL,'cartitem','5',NULL,NULL,NULL,NULL,0.00,0.00),(276857,1686,1163,170500.00,1,NULL,'cartitem','5',NULL,NULL,NULL,NULL,0.00,0.00),(276858,2090,1163,187000.00,1,NULL,'cartitem','5',NULL,NULL,NULL,NULL,0.00,0.00),(276859,2091,1163,187000.00,1,NULL,'cartitem','5',NULL,NULL,NULL,NULL,0.00,0.00),(276860,2104,1163,209000.00,1,NULL,'cartitem','5',NULL,NULL,NULL,NULL,0.00,0.00),(276861,2118,1163,290400.00,1,NULL,'cartitem','5',NULL,NULL,NULL,NULL,0.00,0.00),(276862,1476,1163,198000.00,1,NULL,'cartitem','5',NULL,NULL,NULL,NULL,0.00,0.00),(276863,2090,1163,187000.00,1,NULL,'cartitem','5',NULL,NULL,NULL,NULL,0.00,0.00),(276864,1560,1163,225500.00,1,NULL,'cartitem','5',NULL,NULL,NULL,NULL,0.00,0.00),(276865,1588,1163,187000.00,1,NULL,'cartitem','5',NULL,NULL,NULL,NULL,0.00,0.00),(276866,1462,1163,170500.00,1,NULL,'cartitem','5',NULL,NULL,NULL,NULL,0.00,0.00),(276867,2076,1163,176000.00,1,NULL,'cartitem','5',NULL,NULL,NULL,NULL,0.00,0.00),(276868,2076,1163,176000.00,1,NULL,'cartitem','5',NULL,NULL,NULL,NULL,0.00,0.00),(276869,1462,1163,170500.00,1,NULL,'cartitem','5',NULL,NULL,NULL,NULL,0.00,0.00),(276870,1462,1163,170500.00,1,NULL,'cartitem','5',NULL,NULL,NULL,NULL,0.00,0.00),(276871,1686,1163,170500.00,1,NULL,'cartitem','5',NULL,NULL,NULL,NULL,0.00,0.00),(276872,1686,1163,170500.00,1,NULL,'cartitem','5',NULL,NULL,NULL,NULL,0.00,0.00),(276873,1686,1163,170500.00,1,NULL,'cartitem','5',NULL,NULL,NULL,NULL,0.00,0.00),(276874,1686,1163,170500.00,1,NULL,'cartitem','5',NULL,NULL,NULL,NULL,0.00,0.00),(276875,2090,1163,187000.00,1,NULL,'cartitem','5',NULL,NULL,NULL,NULL,0.00,0.00),(276876,2091,1163,187000.00,1,NULL,'cartitem','5',NULL,NULL,NULL,NULL,0.00,0.00),(276877,1686,1163,170500.00,1,NULL,'cartitem','5',NULL,NULL,NULL,NULL,0.00,0.00),(276878,1686,1163,170500.00,1,NULL,'cartitem','5',NULL,NULL,NULL,NULL,0.00,0.00),(276879,2104,1163,209000.00,1,NULL,'cartitem','5',NULL,NULL,NULL,NULL,0.00,0.00),(276880,2118,1163,290400.00,1,NULL,'cartitem','5',NULL,NULL,NULL,NULL,0.00,0.00),(276881,1476,1163,198000.00,1,NULL,'cartitem','5',NULL,NULL,NULL,NULL,0.00,0.00),(276882,2090,1163,187000.00,1,NULL,'cartitem','5',NULL,NULL,NULL,NULL,0.00,0.00),(276883,1560,1163,225500.00,1,NULL,'cartitem','5',NULL,NULL,NULL,NULL,0.00,0.00),(276884,1588,1163,187000.00,1,NULL,'cartitem','5',NULL,NULL,NULL,NULL,0.00,0.00),(276885,1462,1163,170500.00,1,NULL,'cartitem','5',NULL,NULL,NULL,NULL,0.00,0.00),(276886,1462,1163,170500.00,1,NULL,'cartitem','5',NULL,NULL,NULL,NULL,0.00,0.00),(276887,2076,1163,176000.00,1,NULL,'cartitem','5',NULL,NULL,NULL,NULL,0.00,0.00),(276888,1462,1163,170500.00,1,NULL,'cartitem','5',NULL,NULL,NULL,NULL,0.00,0.00),(276889,2076,1163,176000.00,1,NULL,'cartitem','5',NULL,NULL,NULL,NULL,0.00,0.00),(276890,1462,1163,170500.00,1,NULL,'cartitem','5',NULL,NULL,NULL,NULL,0.00,0.00),(276891,1462,1163,170500.00,1,NULL,'cartitem','5',NULL,NULL,NULL,NULL,0.00,0.00),(276892,1462,1163,170500.00,1,NULL,'cartitem','5',NULL,NULL,NULL,NULL,0.00,0.00),(276893,1462,1163,170500.00,1,NULL,'cartitem','5',NULL,NULL,NULL,NULL,0.00,0.00),(276894,1462,1163,170500.00,1,NULL,'cartitem','5',NULL,NULL,NULL,NULL,0.00,0.00),(276895,1462,1163,170500.00,1,NULL,'cartitem','5',NULL,NULL,NULL,NULL,0.00,0.00),(276896,1462,1163,170500.00,1,NULL,'cartitem','5',NULL,NULL,NULL,NULL,0.00,0.00),(276897,2090,1163,187000.00,1,NULL,'cartitem','5',NULL,NULL,NULL,NULL,0.00,0.00),(276898,2091,1163,187000.00,1,NULL,'cartitem','5',NULL,NULL,NULL,NULL,0.00,0.00),(276899,1462,1163,170500.00,1,NULL,'cartitem','5',NULL,NULL,NULL,NULL,0.00,0.00),(276900,1462,1163,170500.00,1,NULL,'cartitem','5',NULL,NULL,NULL,NULL,0.00,0.00),(276901,1686,1163,170500.00,1,NULL,'cartitem','5',NULL,NULL,NULL,NULL,0.00,0.00),(276902,2104,1163,209000.00,1,NULL,'cartitem','5',NULL,NULL,NULL,NULL,0.00,0.00),(276903,2118,1163,290400.00,1,NULL,'cartitem','5',NULL,NULL,NULL,NULL,0.00,0.00),(276904,1476,1163,198000.00,1,NULL,'cartitem','5',NULL,NULL,NULL,NULL,0.00,0.00),(276905,2090,1163,187000.00,1,NULL,'cartitem','5',NULL,NULL,NULL,NULL,0.00,0.00),(276906,1560,1163,225500.00,1,NULL,'cartitem','5',NULL,NULL,NULL,NULL,0.00,0.00),(276907,1588,1163,187000.00,1,NULL,'cartitem','5',NULL,NULL,NULL,NULL,0.00,0.00),(276908,2076,1163,176000.00,1,NULL,'cartitem','5',NULL,NULL,NULL,NULL,0.00,0.00),(276909,2076,1163,176000.00,1,NULL,'cartitem','5',NULL,NULL,NULL,NULL,0.00,0.00),(276910,1462,1163,170500.00,1,NULL,'cartitem','5',NULL,NULL,NULL,NULL,0.00,0.00),(276911,1462,1163,170500.00,1,NULL,'cartitem','5',NULL,NULL,NULL,NULL,0.00,0.00),(276912,2090,1163,187000.00,1,NULL,'cartitem','5',NULL,NULL,NULL,NULL,0.00,0.00),(276913,2091,1163,187000.00,1,NULL,'cartitem','5',NULL,NULL,NULL,NULL,0.00,0.00),(276914,1462,1163,170500.00,1,NULL,'cartitem','5',NULL,NULL,NULL,NULL,0.00,0.00),(276915,1686,1163,170500.00,1,NULL,'cartitem','5',NULL,NULL,NULL,NULL,0.00,0.00),(276916,2104,1163,209000.00,1,NULL,'cartitem','5',NULL,NULL,NULL,NULL,0.00,0.00),(276917,2118,1163,290400.00,1,NULL,'cartitem','5',NULL,NULL,NULL,NULL,0.00,0.00),(276918,2118,1163,290400.00,1,NULL,'cartitem','5',NULL,NULL,NULL,NULL,0.00,0.00),(276919,1476,1163,198000.00,1,NULL,'cartitem','5',NULL,NULL,NULL,NULL,0.00,0.00),(276920,2118,1163,290400.00,1,NULL,'cartitem','5',NULL,NULL,NULL,NULL,0.00,0.00),(276921,2090,1163,187000.00,1,NULL,'cartitem','5',NULL,NULL,NULL,NULL,0.00,0.00),(276922,1476,1163,198000.00,1,NULL,'cartitem','5',NULL,NULL,NULL,NULL,0.00,0.00),(276923,2118,1163,290400.00,1,NULL,'cartitem','5',NULL,NULL,NULL,NULL,0.00,0.00),(276924,1476,1163,198000.00,1,NULL,'cartitem','5',NULL,NULL,NULL,NULL,0.00,0.00),(276925,1560,1163,225500.00,1,NULL,'cartitem','5',NULL,NULL,NULL,NULL,0.00,0.00),(276926,2118,1163,290400.00,1,NULL,'cartitem','5',NULL,NULL,NULL,NULL,0.00,0.00),(276927,1476,1163,198000.00,1,NULL,'cartitem','5',NULL,NULL,NULL,NULL,0.00,0.00),(276928,2118,1163,290400.00,1,NULL,'cartitem','5',NULL,NULL,NULL,NULL,0.00,0.00),(276929,1476,1163,198000.00,1,NULL,'cartitem','5',NULL,NULL,NULL,NULL,0.00,0.00),(276930,2118,1163,290400.00,1,NULL,'cartitem','5',NULL,NULL,NULL,NULL,0.00,0.00),(276931,1476,1163,198000.00,1,NULL,'cartitem','5',NULL,NULL,NULL,NULL,0.00,0.00),(276932,2118,1163,290400.00,1,NULL,'cartitem','5',NULL,NULL,NULL,NULL,0.00,0.00),(276933,1476,1163,198000.00,1,NULL,'cartitem','5',NULL,NULL,NULL,NULL,0.00,0.00),(276934,2118,1163,290400.00,1,NULL,'cartitem','5',NULL,NULL,NULL,NULL,0.00,0.00),(276935,1476,1163,198000.00,1,NULL,'cartitem','5',NULL,NULL,NULL,NULL,0.00,0.00),(276936,2118,1163,290400.00,1,NULL,'cartitem','5',NULL,NULL,NULL,NULL,0.00,0.00),(276937,1476,1163,198000.00,1,NULL,'cartitem','5',NULL,NULL,NULL,NULL,0.00,0.00),(276938,2118,1163,290400.00,1,NULL,'cartitem','5',NULL,NULL,NULL,NULL,0.00,0.00),(276939,1476,1163,198000.00,1,NULL,'cartitem','5',NULL,NULL,NULL,NULL,0.00,0.00),(276940,2118,1163,290400.00,1,NULL,'cartitem','5',NULL,NULL,NULL,NULL,0.00,0.00),(276941,1476,1163,198000.00,1,NULL,'cartitem','5',NULL,NULL,NULL,NULL,0.00,0.00),(276942,2118,1163,290400.00,1,NULL,'cartitem','5',NULL,NULL,NULL,NULL,0.00,0.00),(276943,1588,1163,187000.00,1,NULL,'cartitem','5',NULL,NULL,NULL,NULL,0.00,0.00),(276944,1476,1163,198000.00,1,NULL,'cartitem','5',NULL,NULL,NULL,NULL,0.00,0.00),(276945,2118,1163,290400.00,1,NULL,'cartitem','5',NULL,NULL,NULL,NULL,0.00,0.00),(276946,1476,1163,198000.00,1,NULL,'cartitem','5',NULL,NULL,NULL,NULL,0.00,0.00),(276947,2118,1163,290400.00,1,NULL,'cartitem','5',NULL,NULL,NULL,NULL,0.00,0.00),(276948,1476,1163,198000.00,1,NULL,'cartitem','5',NULL,NULL,NULL,NULL,0.00,0.00),(276949,2118,1163,290400.00,1,NULL,'cartitem','5',NULL,NULL,NULL,NULL,0.00,0.00),(276950,1476,1163,198000.00,1,NULL,'cartitem','5',NULL,NULL,NULL,NULL,0.00,0.00),(276951,2076,1163,176000.00,1,NULL,'cartitem','5',NULL,NULL,NULL,NULL,0.00,0.00),(276952,2118,1163,290400.00,1,NULL,'cartitem','5',NULL,NULL,NULL,NULL,0.00,0.00),(276953,1476,1163,198000.00,1,NULL,'cartitem','5',NULL,NULL,NULL,NULL,0.00,0.00),(276954,2118,1163,290400.00,1,NULL,'cartitem','5',NULL,NULL,NULL,NULL,0.00,0.00),(276955,2076,1163,176000.00,1,NULL,'cartitem','5',NULL,NULL,NULL,NULL,0.00,0.00),(276956,1476,1163,198000.00,1,NULL,'cartitem','5',NULL,NULL,NULL,NULL,0.00,0.00),(276957,1462,1163,170500.00,1,NULL,'cartitem','5',NULL,NULL,NULL,NULL,0.00,0.00),(276958,1462,1163,170500.00,1,NULL,'cartitem','5',NULL,NULL,NULL,NULL,0.00,0.00),(276959,2118,1163,290400.00,1,NULL,'cartitem','5',NULL,NULL,NULL,NULL,0.00,0.00),(276960,1476,1163,198000.00,1,NULL,'cartitem','5',NULL,NULL,NULL,NULL,0.00,0.00),(276961,2118,1163,290400.00,1,NULL,'cartitem','5',NULL,NULL,NULL,NULL,0.00,0.00),(276962,1476,1163,198000.00,1,NULL,'cartitem','5',NULL,NULL,NULL,NULL,0.00,0.00),(276963,2118,1163,290400.00,1,NULL,'cartitem','5',NULL,NULL,NULL,NULL,0.00,0.00),(276964,1476,1163,198000.00,1,NULL,'cartitem','5',NULL,NULL,NULL,NULL,0.00,0.00),(276965,2090,1163,187000.00,1,NULL,'cartitem','5',NULL,NULL,NULL,NULL,0.00,0.00),(276966,2091,1163,187000.00,1,NULL,'cartitem','5',NULL,NULL,NULL,NULL,0.00,0.00),(276967,2118,1163,290400.00,1,NULL,'cartitem','5',NULL,NULL,NULL,NULL,0.00,0.00),(276968,1476,1163,198000.00,1,NULL,'cartitem','5',NULL,NULL,NULL,NULL,0.00,0.00),(276969,1462,1163,170500.00,1,NULL,'cartitem','5',NULL,NULL,NULL,NULL,0.00,0.00),(276970,1476,1163,198000.00,1,NULL,'cartitem','5',NULL,NULL,NULL,NULL,0.00,0.00),(276971,1462,1163,170500.00,1,NULL,'cartitem','5',NULL,NULL,NULL,NULL,0.00,0.00),(276972,1476,1163,198000.00,1,NULL,'cartitem','5',NULL,NULL,NULL,NULL,0.00,0.00),(276973,1462,1163,170500.00,1,NULL,'cartitem','5',NULL,NULL,NULL,NULL,0.00,0.00),(276974,1476,1163,198000.00,1,NULL,'cartitem','5',NULL,NULL,NULL,NULL,0.00,0.00),(276975,1686,1163,170500.00,1,NULL,'cartitem','5',NULL,NULL,NULL,NULL,0.00,0.00),(276976,1476,1163,198000.00,1,NULL,'cartitem','5',NULL,NULL,NULL,NULL,0.00,0.00),(276977,2104,1163,209000.00,1,NULL,'cartitem','5',NULL,NULL,NULL,NULL,0.00,0.00),(276978,1476,1163,198000.00,1,NULL,'cartitem','5',NULL,NULL,NULL,NULL,0.00,0.00),(276979,1476,1163,198000.00,1,NULL,'cartitem','5',NULL,NULL,NULL,NULL,0.00,0.00),(276980,1476,1163,198000.00,1,NULL,'cartitem','5',NULL,NULL,NULL,NULL,0.00,0.00),(276981,1476,1163,198000.00,1,NULL,'cartitem','5',NULL,NULL,NULL,NULL,0.00,0.00),(276982,1476,1163,198000.00,1,NULL,'cartitem','5',NULL,NULL,NULL,NULL,0.00,0.00),(276983,2090,1163,187000.00,1,NULL,'cartitem','5',NULL,NULL,NULL,NULL,0.00,0.00),(276984,1476,1163,198000.00,1,NULL,'cartitem','5',NULL,NULL,NULL,NULL,0.00,0.00),(276985,1560,1163,225500.00,1,NULL,'cartitem','5',NULL,NULL,NULL,NULL,0.00,0.00),(276986,1476,1163,198000.00,1,NULL,'cartitem','5',NULL,NULL,NULL,NULL,0.00,0.00),(276987,1476,1163,198000.00,1,NULL,'cartitem','5',NULL,NULL,NULL,NULL,0.00,0.00),(276988,1588,1163,187000.00,1,NULL,'cartitem','5',NULL,NULL,NULL,NULL,0.00,0.00),(276989,2076,1163,176000.00,1,NULL,'cartitem','5',NULL,NULL,NULL,NULL,0.00,0.00),(276990,2076,1163,176000.00,1,NULL,'cartitem','5',NULL,NULL,NULL,NULL,0.00,0.00),(276991,1462,1163,170500.00,1,NULL,'cartitem','5',NULL,NULL,NULL,NULL,0.00,0.00),(276992,1462,1163,170500.00,1,NULL,'cartitem','5',NULL,NULL,NULL,NULL,0.00,0.00),(276993,2090,1163,187000.00,1,NULL,'cartitem','5',NULL,NULL,NULL,NULL,0.00,0.00),(276994,2091,1163,187000.00,1,NULL,'cartitem','5',NULL,NULL,NULL,NULL,0.00,0.00),(276995,2118,1163,290400.00,1,NULL,'cartitem','5',NULL,NULL,NULL,NULL,0.00,0.00),(276996,2118,1163,290400.00,1,NULL,'cartitem','5',NULL,NULL,NULL,NULL,0.00,0.00),(276997,2118,1163,290400.00,1,NULL,'cartitem','5',NULL,NULL,NULL,NULL,0.00,0.00),(276998,1686,1163,170500.00,1,NULL,'cartitem','5',NULL,NULL,NULL,NULL,0.00,0.00),(276999,2118,1163,290400.00,1,NULL,'cartitem','5',NULL,NULL,NULL,NULL,0.00,0.00),(277000,2118,1163,290400.00,1,NULL,'cartitem','5',NULL,NULL,NULL,NULL,0.00,0.00),(277001,2104,1163,209000.00,1,NULL,'cartitem','5',NULL,NULL,NULL,NULL,0.00,0.00),(277002,2118,1163,290400.00,1,NULL,'cartitem','5',NULL,NULL,NULL,NULL,0.00,0.00),(277003,2090,1163,187000.00,1,NULL,'cartitem','5',NULL,NULL,NULL,NULL,0.00,0.00),(277004,1560,1163,225500.00,1,NULL,'cartitem','5',NULL,NULL,NULL,NULL,0.00,0.00),(277005,1476,1163,198000.00,1,NULL,'cartitem','5',NULL,NULL,NULL,NULL,0.00,0.00),(277006,1476,1163,198000.00,1,NULL,'cartitem','5',NULL,NULL,NULL,NULL,0.00,0.00),(277007,1476,1163,198000.00,1,NULL,'cartitem','5',NULL,NULL,NULL,NULL,0.00,0.00),(277008,1476,1163,198000.00,1,NULL,'cartitem','5',NULL,NULL,NULL,NULL,0.00,0.00),(277009,1476,1163,198000.00,1,NULL,'cartitem','5',NULL,NULL,NULL,NULL,0.00,0.00),(277010,1476,1163,198000.00,1,NULL,'cartitem','5',NULL,NULL,NULL,NULL,0.00,0.00),(277011,1476,1163,198000.00,1,NULL,'cartitem','5',NULL,NULL,NULL,NULL,0.00,0.00),(277012,1476,1163,198000.00,1,NULL,'cartitem','5',NULL,NULL,NULL,NULL,0.00,0.00),(277013,1476,1163,198000.00,1,NULL,'cartitem','5',NULL,NULL,NULL,NULL,0.00,0.00),(277014,1588,1163,187000.00,1,NULL,'cartitem','5',NULL,NULL,NULL,NULL,0.00,0.00),(277015,1476,1163,198000.00,1,NULL,'cartitem','5',NULL,NULL,NULL,NULL,0.00,0.00),(277016,2038,1164,170500.00,1,NULL,'cartitem','16',NULL,NULL,NULL,NULL,0.00,11000.00),(277017,2045,1164,192500.00,1,NULL,'cartitem','12.5',NULL,NULL,NULL,NULL,0.00,11000.00),(472837,2091,1717,187000.00,1,NULL,'cartitem','5',NULL,NULL,NULL,NULL,0.00,0.00),(472838,2091,1717,187000.00,1,NULL,'cartitem','5',NULL,NULL,NULL,NULL,0.00,0.00),(472839,2090,1717,187000.00,1,NULL,'cartitem','5',NULL,NULL,NULL,NULL,0.00,0.00),(472840,2091,1717,187000.00,1,NULL,'cartitem','5',NULL,NULL,NULL,NULL,0.00,0.00),(472841,2090,1717,187000.00,1,NULL,'cartitem','5',NULL,NULL,NULL,NULL,0.00,0.00),(472842,2090,1717,187000.00,1,NULL,'cartitem','5',NULL,NULL,NULL,NULL,0.00,0.00),(472843,2091,1717,187000.00,1,NULL,'cartitem','5',NULL,NULL,NULL,NULL,0.00,0.00),(472844,2091,1717,187000.00,1,NULL,'cartitem','5',NULL,NULL,NULL,NULL,0.00,0.00),(472845,2090,1717,187000.00,1,NULL,'cartitem','5',NULL,NULL,NULL,NULL,0.00,0.00),(472846,2091,1717,187000.00,1,NULL,'cartitem','5',NULL,NULL,NULL,NULL,0.00,0.00),(472847,1462,1717,170500.00,1,NULL,'cartitem','5',NULL,NULL,NULL,NULL,0.00,0.00),(472848,1462,1717,170500.00,1,NULL,'cartitem','5',NULL,NULL,NULL,NULL,0.00,0.00),(472849,1462,1717,170500.00,1,NULL,'cartitem','5',NULL,NULL,NULL,NULL,0.00,0.00),(472850,1462,1717,170500.00,1,NULL,'cartitem','5',NULL,NULL,NULL,NULL,0.00,0.00),(472851,1462,1717,170500.00,1,NULL,'cartitem','5',NULL,NULL,NULL,NULL,0.00,0.00),(472852,1462,1717,170500.00,1,NULL,'cartitem','5',NULL,NULL,NULL,NULL,0.00,0.00),(472853,1462,1717,170500.00,1,NULL,'cartitem','5',NULL,NULL,NULL,NULL,0.00,0.00),(472854,1462,1717,170500.00,1,NULL,'cartitem','5',NULL,NULL,NULL,NULL,0.00,0.00),(472855,1462,1717,170500.00,1,NULL,'cartitem','5',NULL,NULL,NULL,NULL,0.00,0.00),(472856,1462,1717,170500.00,1,NULL,'cartitem','5',NULL,NULL,NULL,NULL,0.00,0.00),(472857,1574,1717,190300.00,1,NULL,'cartitem','5',NULL,NULL,NULL,NULL,0.00,0.00),(472858,1574,1717,190300.00,1,NULL,'cartitem','5',NULL,NULL,NULL,NULL,0.00,0.00),(472859,1574,1717,190300.00,1,NULL,'cartitem','5',NULL,NULL,NULL,NULL,0.00,0.00),(472860,1574,1717,190300.00,1,NULL,'cartitem','5',NULL,NULL,NULL,NULL,0.00,0.00),(472861,1574,1717,190300.00,1,NULL,'cartitem','5',NULL,NULL,NULL,NULL,0.00,0.00),(472862,1574,1717,190300.00,1,NULL,'cartitem','5',NULL,NULL,NULL,NULL,0.00,0.00),(472863,2076,1717,176000.00,1,NULL,'cartitem','5',NULL,NULL,NULL,NULL,0.00,0.00),(472864,1574,1717,190300.00,1,NULL,'cartitem','5',NULL,NULL,NULL,NULL,0.00,0.00),(472865,1574,1717,190300.00,1,NULL,'cartitem','5',NULL,NULL,NULL,NULL,0.00,0.00),(472866,1574,1717,190300.00,1,NULL,'cartitem','5',NULL,NULL,NULL,NULL,0.00,0.00),(472867,1630,1717,170500.00,1,NULL,'cartitem','5',NULL,NULL,NULL,NULL,0.00,0.00),(472868,2077,1717,176000.00,1,NULL,'cartitem','5',NULL,NULL,NULL,NULL,0.00,0.00),(472869,2076,1717,176000.00,1,NULL,'cartitem','5',NULL,NULL,NULL,NULL,0.00,0.00),(472870,1574,1717,190300.00,1,NULL,'cartitem','5',NULL,NULL,NULL,NULL,0.00,0.00),(472871,1630,1717,170500.00,1,NULL,'cartitem','5',NULL,NULL,NULL,NULL,0.00,0.00),(472872,1630,1717,170500.00,1,NULL,'cartitem','5',NULL,NULL,NULL,NULL,0.00,0.00),(472873,2077,1717,176000.00,1,NULL,'cartitem','5',NULL,NULL,NULL,NULL,0.00,0.00),(472874,2076,1717,176000.00,1,NULL,'cartitem','5',NULL,NULL,NULL,NULL,0.00,0.00),(472875,2077,1717,176000.00,1,NULL,'cartitem','5',NULL,NULL,NULL,NULL,0.00,0.00),(472876,1630,1717,170500.00,1,NULL,'cartitem','5',NULL,NULL,NULL,NULL,0.00,0.00),(472877,1630,1717,170500.00,1,NULL,'cartitem','5',NULL,NULL,NULL,NULL,0.00,0.00),(472878,1630,1717,170500.00,1,NULL,'cartitem','5',NULL,NULL,NULL,NULL,0.00,0.00),(472879,2076,1717,176000.00,1,NULL,'cartitem','5',NULL,NULL,NULL,NULL,0.00,0.00),(472880,2077,1717,176000.00,1,NULL,'cartitem','5',NULL,NULL,NULL,NULL,0.00,0.00),(472881,1560,1717,225500.00,1,NULL,'cartitem','5',NULL,NULL,NULL,NULL,0.00,0.00),(472882,1630,1717,170500.00,1,NULL,'cartitem','5',NULL,NULL,NULL,NULL,0.00,0.00),(472883,1630,1717,170500.00,1,NULL,'cartitem','5',NULL,NULL,NULL,NULL,0.00,0.00),(472884,1630,1717,170500.00,1,NULL,'cartitem','5',NULL,NULL,NULL,NULL,0.00,0.00),(472885,2076,1717,176000.00,1,NULL,'cartitem','5',NULL,NULL,NULL,NULL,0.00,0.00),(472886,2076,1717,176000.00,1,NULL,'cartitem','5',NULL,NULL,NULL,NULL,0.00,0.00),(472887,1630,1717,170500.00,1,NULL,'cartitem','5',NULL,NULL,NULL,NULL,0.00,0.00),(472888,1560,1717,225500.00,1,NULL,'cartitem','5',NULL,NULL,NULL,NULL,0.00,0.00),(472889,1560,1717,225500.00,1,NULL,'cartitem','5',NULL,NULL,NULL,NULL,0.00,0.00),(472890,1560,1717,225500.00,1,NULL,'cartitem','5',NULL,NULL,NULL,NULL,0.00,0.00),(472891,2076,1717,176000.00,1,NULL,'cartitem','5',NULL,NULL,NULL,NULL,0.00,0.00),(472892,1560,1717,225500.00,1,NULL,'cartitem','5',NULL,NULL,NULL,NULL,0.00,0.00),(472893,1560,1717,225500.00,1,NULL,'cartitem','5',NULL,NULL,NULL,NULL,0.00,0.00),(472894,1560,1717,225500.00,1,NULL,'cartitem','5',NULL,NULL,NULL,NULL,0.00,0.00),(472895,1560,1717,225500.00,1,NULL,'cartitem','5',NULL,NULL,NULL,NULL,0.00,0.00),(472896,1560,1717,225500.00,1,NULL,'cartitem','5',NULL,NULL,NULL,NULL,0.00,0.00),(472897,1560,1717,225500.00,1,NULL,'cartitem','5',NULL,NULL,NULL,NULL,0.00,0.00),(472898,2076,1717,176000.00,1,NULL,'cartitem','5',NULL,NULL,NULL,NULL,0.00,0.00),(472899,2008,1717,143000.00,1,NULL,'cartitem','5',NULL,NULL,NULL,NULL,0.00,0.00),(472900,1658,1717,247500.00,1,NULL,'cartitem','5',NULL,NULL,NULL,NULL,0.00,0.00),(472901,2008,1717,143000.00,1,NULL,'cartitem','5',NULL,NULL,NULL,NULL,0.00,0.00),(472902,2008,1717,143000.00,1,NULL,'cartitem','5',NULL,NULL,NULL,NULL,0.00,0.00),(472903,1658,1717,247500.00,1,NULL,'cartitem','5',NULL,NULL,NULL,NULL,0.00,0.00),(472904,2008,1717,143000.00,1,NULL,'cartitem','5',NULL,NULL,NULL,NULL,0.00,0.00),(472905,2008,1717,143000.00,1,NULL,'cartitem','5',NULL,NULL,NULL,NULL,0.00,0.00),(472906,1588,1717,187000.00,1,NULL,'cartitem','5',NULL,NULL,NULL,NULL,0.00,0.00),(472907,1658,1717,247500.00,1,NULL,'cartitem','5',NULL,NULL,NULL,NULL,0.00,0.00),(472908,2008,1717,143000.00,1,NULL,'cartitem','5',NULL,NULL,NULL,NULL,0.00,0.00),(472909,1658,1717,247500.00,1,NULL,'cartitem','5',NULL,NULL,NULL,NULL,0.00,0.00),(472910,1658,1717,247500.00,1,NULL,'cartitem','5',NULL,NULL,NULL,NULL,0.00,0.00),(472911,1658,1717,247500.00,1,NULL,'cartitem','5',NULL,NULL,NULL,NULL,0.00,0.00),(472912,2008,1717,143000.00,1,NULL,'cartitem','5',NULL,NULL,NULL,NULL,0.00,0.00),(472913,2008,1717,143000.00,1,NULL,'cartitem','5',NULL,NULL,NULL,NULL,0.00,0.00),(472914,2008,1717,143000.00,1,NULL,'cartitem','5',NULL,NULL,NULL,NULL,0.00,0.00),(472915,1588,1717,187000.00,1,NULL,'cartitem','5',NULL,NULL,NULL,NULL,0.00,0.00),(472916,1658,1717,247500.00,1,NULL,'cartitem','5',NULL,NULL,NULL,NULL,0.00,0.00),(472917,1658,1717,247500.00,1,NULL,'cartitem','5',NULL,NULL,NULL,NULL,0.00,0.00),(472918,1588,1717,187000.00,1,NULL,'cartitem','5',NULL,NULL,NULL,NULL,0.00,0.00),(472919,1644,1717,231000.00,1,NULL,'cartitem','5',NULL,NULL,NULL,NULL,0.00,0.00),(472920,1588,1717,187000.00,1,NULL,'cartitem','5',NULL,NULL,NULL,NULL,0.00,0.00),(472921,2008,1717,143000.00,1,NULL,'cartitem','5',NULL,NULL,NULL,NULL,0.00,0.00),(472922,1658,1717,247500.00,1,NULL,'cartitem','5',NULL,NULL,NULL,NULL,0.00,0.00),(472923,1588,1717,187000.00,1,NULL,'cartitem','5',NULL,NULL,NULL,NULL,0.00,0.00),(472924,1588,1717,187000.00,1,NULL,'cartitem','5',NULL,NULL,NULL,NULL,0.00,0.00),(472925,1532,1717,181500.00,1,NULL,'cartitem','5',NULL,NULL,NULL,NULL,0.00,0.00),(472926,1658,1717,247500.00,1,NULL,'cartitem','5',NULL,NULL,NULL,NULL,0.00,0.00),(472927,1588,1717,187000.00,1,NULL,'cartitem','5',NULL,NULL,NULL,NULL,0.00,0.00),(472928,1644,1717,231000.00,1,NULL,'cartitem','5',NULL,NULL,NULL,NULL,0.00,0.00),(472929,1588,1717,187000.00,1,NULL,'cartitem','5',NULL,NULL,NULL,NULL,0.00,0.00),(472930,1588,1717,187000.00,1,NULL,'cartitem','5',NULL,NULL,NULL,NULL,0.00,0.00),(472931,1644,1717,231000.00,1,NULL,'cartitem','5',NULL,NULL,NULL,NULL,0.00,0.00),(472932,1532,1717,181500.00,1,NULL,'cartitem','5',NULL,NULL,NULL,NULL,0.00,0.00),(472933,1588,1717,187000.00,1,NULL,'cartitem','5',NULL,NULL,NULL,NULL,0.00,0.00),(472934,1532,1717,181500.00,1,NULL,'cartitem','5',NULL,NULL,NULL,NULL,0.00,0.00),(472935,1644,1717,231000.00,1,NULL,'cartitem','5',NULL,NULL,NULL,NULL,0.00,0.00),(472936,1644,1717,231000.00,1,NULL,'cartitem','5',NULL,NULL,NULL,NULL,0.00,0.00),(472937,1644,1717,231000.00,1,NULL,'cartitem','5',NULL,NULL,NULL,NULL,0.00,0.00),(472938,1532,1717,181500.00,1,NULL,'cartitem','5',NULL,NULL,NULL,NULL,0.00,0.00),(472939,1532,1717,181500.00,1,NULL,'cartitem','5',NULL,NULL,NULL,NULL,0.00,0.00),(472940,1532,1717,181500.00,1,NULL,'cartitem','5',NULL,NULL,NULL,NULL,0.00,0.00),(472941,1644,1717,231000.00,1,NULL,'cartitem','5',NULL,NULL,NULL,NULL,0.00,0.00),(472942,1644,1717,231000.00,1,NULL,'cartitem','5',NULL,NULL,NULL,NULL,0.00,0.00),(472943,1644,1717,231000.00,1,NULL,'cartitem','5',NULL,NULL,NULL,NULL,0.00,0.00),(472944,1532,1717,181500.00,1,NULL,'cartitem','5',NULL,NULL,NULL,NULL,0.00,0.00),(472945,1532,1717,181500.00,1,NULL,'cartitem','5',NULL,NULL,NULL,NULL,0.00,0.00),(472946,1532,1717,181500.00,1,NULL,'cartitem','5',NULL,NULL,NULL,NULL,0.00,0.00),(472947,1644,1717,231000.00,1,NULL,'cartitem','5',NULL,NULL,NULL,NULL,0.00,0.00),(472948,1532,1717,181500.00,1,NULL,'cartitem','5',NULL,NULL,NULL,NULL,0.00,0.00),(472949,1518,1717,247500.00,1,NULL,'cartitem','5',NULL,NULL,NULL,NULL,0.00,0.00),(472950,1504,1717,225500.00,1,NULL,'cartitem','5',NULL,NULL,NULL,NULL,0.00,0.00),(472951,1518,1717,247500.00,1,NULL,'cartitem','5',NULL,NULL,NULL,NULL,0.00,0.00),(472952,1518,1717,247500.00,1,NULL,'cartitem','5',NULL,NULL,NULL,NULL,0.00,0.00),(472953,1504,1717,225500.00,1,NULL,'cartitem','5',NULL,NULL,NULL,NULL,0.00,0.00),(472954,1504,1717,225500.00,1,NULL,'cartitem','5',NULL,NULL,NULL,NULL,0.00,0.00),(472955,1518,1717,247500.00,1,NULL,'cartitem','5',NULL,NULL,NULL,NULL,0.00,0.00),(472956,1518,1717,247500.00,1,NULL,'cartitem','5',NULL,NULL,NULL,NULL,0.00,0.00),(472957,1504,1717,225500.00,1,NULL,'cartitem','5',NULL,NULL,NULL,NULL,0.00,0.00),(472958,1504,1717,225500.00,1,NULL,'cartitem','5',NULL,NULL,NULL,NULL,0.00,0.00),(472959,1504,1717,225500.00,1,NULL,'cartitem','5',NULL,NULL,NULL,NULL,0.00,0.00),(472960,1518,1717,247500.00,1,NULL,'cartitem','5',NULL,NULL,NULL,NULL,0.00,0.00),(472961,1518,1717,247500.00,1,NULL,'cartitem','5',NULL,NULL,NULL,NULL,0.00,0.00),(472962,1518,1717,247500.00,1,NULL,'cartitem','5',NULL,NULL,NULL,NULL,0.00,0.00),(472963,1518,1717,247500.00,1,NULL,'cartitem','5',NULL,NULL,NULL,NULL,0.00,0.00),(472964,1504,1717,225500.00,1,NULL,'cartitem','5',NULL,NULL,NULL,NULL,0.00,0.00),(472965,1504,1717,225500.00,1,NULL,'cartitem','5',NULL,NULL,NULL,NULL,0.00,0.00),(472966,1504,1717,225500.00,1,NULL,'cartitem','5',NULL,NULL,NULL,NULL,0.00,0.00),(472967,2104,1717,209000.00,1,NULL,'cartitem','5',NULL,NULL,NULL,NULL,0.00,0.00),(472968,1518,1717,247500.00,1,NULL,'cartitem','5',NULL,NULL,NULL,NULL,0.00,0.00),(472969,1504,1717,225500.00,1,NULL,'cartitem','5',NULL,NULL,NULL,NULL,0.00,0.00),(472970,1784,1717,220000.00,1,NULL,'cartitem','5',NULL,NULL,NULL,NULL,0.00,0.00),(472971,2104,1717,209000.00,1,NULL,'cartitem','5',NULL,NULL,NULL,NULL,0.00,0.00),(472972,2105,1717,209000.00,1,NULL,'cartitem','5',NULL,NULL,NULL,NULL,0.00,0.00),(472973,1784,1717,220000.00,1,NULL,'cartitem','5',NULL,NULL,NULL,NULL,0.00,0.00),(472974,1784,1717,220000.00,1,NULL,'cartitem','5',NULL,NULL,NULL,NULL,0.00,0.00),(472975,2105,1717,209000.00,1,NULL,'cartitem','5',NULL,NULL,NULL,NULL,0.00,0.00),(472976,2104,1717,209000.00,1,NULL,'cartitem','5',NULL,NULL,NULL,NULL,0.00,0.00),(472977,2105,1717,209000.00,1,NULL,'cartitem','5',NULL,NULL,NULL,NULL,0.00,0.00),(472978,1784,1717,220000.00,1,NULL,'cartitem','5',NULL,NULL,NULL,NULL,0.00,0.00),(472979,2104,1717,209000.00,1,NULL,'cartitem','5',NULL,NULL,NULL,NULL,0.00,0.00),(472980,2105,1717,209000.00,1,NULL,'cartitem','5',NULL,NULL,NULL,NULL,0.00,0.00),(472981,1784,1717,220000.00,1,NULL,'cartitem','5',NULL,NULL,NULL,NULL,0.00,0.00),(472982,1784,1717,220000.00,1,NULL,'cartitem','5',NULL,NULL,NULL,NULL,0.00,0.00),(472983,2104,1717,209000.00,1,NULL,'cartitem','5',NULL,NULL,NULL,NULL,0.00,0.00),(472984,1784,1717,220000.00,1,NULL,'cartitem','5',NULL,NULL,NULL,NULL,0.00,0.00),(472985,1784,1717,220000.00,1,NULL,'cartitem','5',NULL,NULL,NULL,NULL,0.00,0.00),(472986,1784,1717,220000.00,1,NULL,'cartitem','5',NULL,NULL,NULL,NULL,0.00,0.00),(472987,2104,1717,209000.00,1,NULL,'cartitem','5',NULL,NULL,NULL,NULL,0.00,0.00),(472988,1756,1717,253000.00,1,NULL,'cartitem','5',NULL,NULL,NULL,NULL,0.00,0.00),(472989,2174,1717,231000.00,1,NULL,'cartitem','5',NULL,NULL,NULL,NULL,0.00,0.00),(472990,1770,1717,225500.00,1,NULL,'cartitem','5',NULL,NULL,NULL,NULL,0.00,0.00),(472991,1784,1717,220000.00,1,NULL,'cartitem','5',NULL,NULL,NULL,NULL,0.00,0.00),(472992,2174,1717,231000.00,1,NULL,'cartitem','5',NULL,NULL,NULL,NULL,0.00,0.00),(472993,2175,1717,231000.00,1,NULL,'cartitem','5',NULL,NULL,NULL,NULL,0.00,0.00),(472994,1756,1717,253000.00,1,NULL,'cartitem','5',NULL,NULL,NULL,NULL,0.00,0.00),(472995,1756,1717,253000.00,1,NULL,'cartitem','5',NULL,NULL,NULL,NULL,0.00,0.00),(472996,2104,1717,209000.00,1,NULL,'cartitem','5',NULL,NULL,NULL,NULL,0.00,0.00),(472997,1770,1717,225500.00,1,NULL,'cartitem','5',NULL,NULL,NULL,NULL,0.00,0.00),(472998,2174,1717,231000.00,1,NULL,'cartitem','5',NULL,NULL,NULL,NULL,0.00,0.00),(472999,2175,1717,231000.00,1,NULL,'cartitem','5',NULL,NULL,NULL,NULL,0.00,0.00),(473000,1770,1717,225500.00,1,NULL,'cartitem','5',NULL,NULL,NULL,NULL,0.00,0.00),(473001,2175,1717,231000.00,1,NULL,'cartitem','5',NULL,NULL,NULL,NULL,0.00,0.00),(473002,1756,1717,253000.00,1,NULL,'cartitem','5',NULL,NULL,NULL,NULL,0.00,0.00),(473003,1770,1717,225500.00,1,NULL,'cartitem','5',NULL,NULL,NULL,NULL,0.00,0.00),(473004,2104,1717,209000.00,1,NULL,'cartitem','5',NULL,NULL,NULL,NULL,0.00,0.00),(473005,2174,1717,231000.00,1,NULL,'cartitem','5',NULL,NULL,NULL,NULL,0.00,0.00),(473006,1770,1717,225500.00,1,NULL,'cartitem','5',NULL,NULL,NULL,NULL,0.00,0.00),(473007,1770,1717,225500.00,1,NULL,'cartitem','5',NULL,NULL,NULL,NULL,0.00,0.00),(473008,1770,1717,225500.00,1,NULL,'cartitem','5',NULL,NULL,NULL,NULL,0.00,0.00),(473009,1756,1717,253000.00,1,NULL,'cartitem','5',NULL,NULL,NULL,NULL,0.00,0.00),(473010,1756,1717,253000.00,1,NULL,'cartitem','5',NULL,NULL,NULL,NULL,0.00,0.00),(473011,2174,1717,231000.00,1,NULL,'cartitem','5',NULL,NULL,NULL,NULL,0.00,0.00),(473012,2174,1717,231000.00,1,NULL,'cartitem','5',NULL,NULL,NULL,NULL,0.00,0.00),(473013,2175,1717,231000.00,1,NULL,'cartitem','5',NULL,NULL,NULL,NULL,0.00,0.00),(473014,1756,1717,253000.00,1,NULL,'cartitem','5',NULL,NULL,NULL,NULL,0.00,0.00),(473015,1756,1717,253000.00,1,NULL,'cartitem','5',NULL,NULL,NULL,NULL,0.00,0.00),(473016,1756,1717,253000.00,1,NULL,'cartitem','5',NULL,NULL,NULL,NULL,0.00,0.00),(473017,1770,1717,225500.00,1,NULL,'cartitem','5',NULL,NULL,NULL,NULL,0.00,0.00),(473018,1770,1717,225500.00,1,NULL,'cartitem','5',NULL,NULL,NULL,NULL,0.00,0.00),(473019,1770,1717,225500.00,1,NULL,'cartitem','5',NULL,NULL,NULL,NULL,0.00,0.00),(473020,1476,1717,198000.00,1,NULL,'cartitem','5',NULL,NULL,NULL,NULL,0.00,0.00),(473021,1756,1717,253000.00,1,NULL,'cartitem','5',NULL,NULL,NULL,NULL,0.00,0.00),(473022,1476,1717,198000.00,1,NULL,'cartitem','5',NULL,NULL,NULL,NULL,0.00,0.00),(473023,1476,1717,198000.00,1,NULL,'cartitem','5',NULL,NULL,NULL,NULL,0.00,0.00),(473024,1686,1717,170500.00,1,NULL,'cartitem','5',NULL,NULL,NULL,NULL,0.00,0.00),(473025,1770,1717,225500.00,1,NULL,'cartitem','5',NULL,NULL,NULL,NULL,0.00,0.00),(473026,1672,1717,205700.00,1,NULL,'cartitem','5',NULL,NULL,NULL,NULL,0.00,0.00),(473027,1476,1717,198000.00,1,NULL,'cartitem','5',NULL,NULL,NULL,NULL,0.00,0.00),(473028,1476,1717,198000.00,1,NULL,'cartitem','5',NULL,NULL,NULL,NULL,0.00,0.00),(473029,1476,1717,198000.00,1,NULL,'cartitem','5',NULL,NULL,NULL,NULL,0.00,0.00),(473030,1756,1717,253000.00,1,NULL,'cartitem','5',NULL,NULL,NULL,NULL,0.00,0.00),(473031,1686,1717,170500.00,1,NULL,'cartitem','5',NULL,NULL,NULL,NULL,0.00,0.00),(473032,1686,1717,170500.00,1,NULL,'cartitem','5',NULL,NULL,NULL,NULL,0.00,0.00),(473033,1672,1717,205700.00,1,NULL,'cartitem','5',NULL,NULL,NULL,NULL,0.00,0.00),(473034,1672,1717,205700.00,1,NULL,'cartitem','5',NULL,NULL,NULL,NULL,0.00,0.00),(473035,1672,1717,205700.00,1,NULL,'cartitem','5',NULL,NULL,NULL,NULL,0.00,0.00),(473036,1672,1717,205700.00,1,NULL,'cartitem','5',NULL,NULL,NULL,NULL,0.00,0.00),(473037,1672,1717,205700.00,1,NULL,'cartitem','5',NULL,NULL,NULL,NULL,0.00,0.00),(473038,1672,1717,205700.00,1,NULL,'cartitem','5',NULL,NULL,NULL,NULL,0.00,0.00),(473039,1770,1717,225500.00,1,NULL,'cartitem','5',NULL,NULL,NULL,NULL,0.00,0.00),(473040,1476,1717,198000.00,1,NULL,'cartitem','5',NULL,NULL,NULL,NULL,0.00,0.00),(473041,1476,1717,198000.00,1,NULL,'cartitem','5',NULL,NULL,NULL,NULL,0.00,0.00),(473042,1686,1717,170500.00,1,NULL,'cartitem','5',NULL,NULL,NULL,NULL,0.00,0.00),(473043,1672,1717,205700.00,1,NULL,'cartitem','5',NULL,NULL,NULL,NULL,0.00,0.00),(473044,1672,1717,205700.00,1,NULL,'cartitem','5',NULL,NULL,NULL,NULL,0.00,0.00),(473045,1756,1717,253000.00,1,NULL,'cartitem','5',NULL,NULL,NULL,NULL,0.00,0.00),(473046,1672,1717,205700.00,1,NULL,'cartitem','5',NULL,NULL,NULL,NULL,0.00,0.00),(473047,1686,1717,170500.00,1,NULL,'cartitem','5',NULL,NULL,NULL,NULL,0.00,0.00),(473048,1686,1717,170500.00,1,NULL,'cartitem','5',NULL,NULL,NULL,NULL,0.00,0.00),(473049,1686,1717,170500.00,1,NULL,'cartitem','5',NULL,NULL,NULL,NULL,0.00,0.00),(473050,1686,1717,170500.00,1,NULL,'cartitem','5',NULL,NULL,NULL,NULL,0.00,0.00),(473051,1714,1717,181500.00,1,NULL,'cartitem','5',NULL,NULL,NULL,NULL,0.00,0.00),(473052,1602,1717,176000.00,1,NULL,'cartitem','5',NULL,NULL,NULL,NULL,0.00,0.00),(473053,1742,1717,202400.00,1,NULL,'cartitem','5',NULL,NULL,NULL,NULL,0.00,0.00),(473054,2146,1717,253000.00,1,NULL,'cartitem','5',NULL,NULL,NULL,NULL,0.00,0.00),(473055,1686,1717,170500.00,1,NULL,'cartitem','5',NULL,NULL,NULL,NULL,0.00,0.00),(473056,2146,1717,253000.00,1,NULL,'cartitem','5',NULL,NULL,NULL,NULL,0.00,0.00),(473057,2147,1717,253000.00,1,NULL,'cartitem','5',NULL,NULL,NULL,NULL,0.00,0.00),(473058,1742,1717,202400.00,1,NULL,'cartitem','5',NULL,NULL,NULL,NULL,0.00,0.00),(473059,1742,1717,202400.00,1,NULL,'cartitem','5',NULL,NULL,NULL,NULL,0.00,0.00),(473060,1742,1717,202400.00,1,NULL,'cartitem','5',NULL,NULL,NULL,NULL,0.00,0.00),(473061,1742,1717,202400.00,1,NULL,'cartitem','5',NULL,NULL,NULL,NULL,0.00,0.00),(473062,2147,1717,253000.00,1,NULL,'cartitem','5',NULL,NULL,NULL,NULL,0.00,0.00),(473063,2147,1717,253000.00,1,NULL,'cartitem','5',NULL,NULL,NULL,NULL,0.00,0.00),(473064,1602,1717,176000.00,1,NULL,'cartitem','5',NULL,NULL,NULL,NULL,0.00,0.00),(473065,1602,1717,176000.00,1,NULL,'cartitem','5',NULL,NULL,NULL,NULL,0.00,0.00),(473066,1602,1717,176000.00,1,NULL,'cartitem','5',NULL,NULL,NULL,NULL,0.00,0.00),(473067,1742,1717,202400.00,1,NULL,'cartitem','5',NULL,NULL,NULL,NULL,0.00,0.00),(473068,1742,1717,202400.00,1,NULL,'cartitem','5',NULL,NULL,NULL,NULL,0.00,0.00),(473069,1714,1717,181500.00,1,NULL,'cartitem','5',NULL,NULL,NULL,NULL,0.00,0.00),(473070,1602,1717,176000.00,1,NULL,'cartitem','5',NULL,NULL,NULL,NULL,0.00,0.00),(473071,1714,1717,181500.00,1,NULL,'cartitem','5',NULL,NULL,NULL,NULL,0.00,0.00),(473072,2146,1717,253000.00,1,NULL,'cartitem','5',NULL,NULL,NULL,NULL,0.00,0.00),(473073,2147,1717,253000.00,1,NULL,'cartitem','5',NULL,NULL,NULL,NULL,0.00,0.00),(473074,2147,1717,253000.00,1,NULL,'cartitem','5',NULL,NULL,NULL,NULL,0.00,0.00),(473075,2146,1717,253000.00,1,NULL,'cartitem','5',NULL,NULL,NULL,NULL,0.00,0.00),(473076,2147,1717,253000.00,1,NULL,'cartitem','5',NULL,NULL,NULL,NULL,0.00,0.00),(473077,2146,1717,253000.00,1,NULL,'cartitem','5',NULL,NULL,NULL,NULL,0.00,0.00),(473078,2147,1717,253000.00,1,NULL,'cartitem','5',NULL,NULL,NULL,NULL,0.00,0.00),(473079,1714,1717,181500.00,1,NULL,'cartitem','5',NULL,NULL,NULL,NULL,0.00,0.00),(473080,1714,1717,181500.00,1,NULL,'cartitem','5',NULL,NULL,NULL,NULL,0.00,0.00),(473081,1602,1717,176000.00,1,NULL,'cartitem','5',NULL,NULL,NULL,NULL,0.00,0.00),(473082,1686,1717,170500.00,1,NULL,'cartitem','5',NULL,NULL,NULL,NULL,0.00,0.00),(473083,1602,1717,176000.00,1,NULL,'cartitem','5',NULL,NULL,NULL,NULL,0.00,0.00),(473084,1602,1717,176000.00,1,NULL,'cartitem','5',NULL,NULL,NULL,NULL,0.00,0.00),(473085,1714,1717,181500.00,1,NULL,'cartitem','5',NULL,NULL,NULL,NULL,0.00,0.00),(473086,1742,1717,202400.00,1,NULL,'cartitem','5',NULL,NULL,NULL,NULL,0.00,0.00),(473087,1714,1717,181500.00,1,NULL,'cartitem','5',NULL,NULL,NULL,NULL,0.00,0.00),(473088,1714,1717,181500.00,1,NULL,'cartitem','5',NULL,NULL,NULL,NULL,0.00,0.00),(473089,1812,1717,214500.00,1,NULL,'cartitem','5',NULL,NULL,NULL,NULL,0.00,0.00),(473090,1742,1717,202400.00,1,NULL,'cartitem','5',NULL,NULL,NULL,NULL,0.00,0.00),(473091,1742,1717,202400.00,1,NULL,'cartitem','5',NULL,NULL,NULL,NULL,0.00,0.00),(473092,1812,1717,214500.00,1,NULL,'cartitem','5',NULL,NULL,NULL,NULL,0.00,0.00),(473093,1602,1717,176000.00,1,NULL,'cartitem','5',NULL,NULL,NULL,NULL,0.00,0.00),(473094,1602,1717,176000.00,1,NULL,'cartitem','5',NULL,NULL,NULL,NULL,0.00,0.00),(473095,1812,1717,214500.00,1,NULL,'cartitem','5',NULL,NULL,NULL,NULL,0.00,0.00),(473096,1812,1717,214500.00,1,NULL,'cartitem','5',NULL,NULL,NULL,NULL,0.00,0.00),(473097,1714,1717,181500.00,1,NULL,'cartitem','5',NULL,NULL,NULL,NULL,0.00,0.00),(473098,1812,1717,214500.00,1,NULL,'cartitem','5',NULL,NULL,NULL,NULL,0.00,0.00),(473099,1812,1717,214500.00,1,NULL,'cartitem','5',NULL,NULL,NULL,NULL,0.00,0.00),(473100,1714,1717,181500.00,1,NULL,'cartitem','5',NULL,NULL,NULL,NULL,0.00,0.00),(473101,1812,1717,214500.00,1,NULL,'cartitem','5',NULL,NULL,NULL,NULL,0.00,0.00),(473102,1742,1717,202400.00,1,NULL,'cartitem','5',NULL,NULL,NULL,NULL,0.00,0.00),(473103,1742,1717,202400.00,1,NULL,'cartitem','5',NULL,NULL,NULL,NULL,0.00,0.00),(473104,1812,1717,214500.00,1,NULL,'cartitem','5',NULL,NULL,NULL,NULL,0.00,0.00),(473105,2161,1717,253000.00,1,NULL,'cartitem','5',NULL,NULL,NULL,NULL,0.00,0.00),(473106,1826,1717,236500.00,1,NULL,'cartitem','5',NULL,NULL,NULL,NULL,0.00,0.00),(473107,2133,1717,192500.00,1,NULL,'cartitem','5',NULL,NULL,NULL,NULL,0.00,0.00),(473108,1798,1717,214500.00,1,NULL,'cartitem','5',NULL,NULL,NULL,NULL,0.00,0.00),(473109,1980,1717,181500.00,1,NULL,'cartitem','5',NULL,NULL,NULL,NULL,0.00,0.00),(473110,1826,1717,236500.00,1,NULL,'cartitem','5',NULL,NULL,NULL,NULL,0.00,0.00),(473111,1826,1717,236500.00,1,NULL,'cartitem','5',NULL,NULL,NULL,NULL,0.00,0.00),(473112,1826,1717,236500.00,1,NULL,'cartitem','5',NULL,NULL,NULL,NULL,0.00,0.00),(473113,1826,1717,236500.00,1,NULL,'cartitem','5',NULL,NULL,NULL,NULL,0.00,0.00),(473114,1798,1717,214500.00,1,NULL,'cartitem','5',NULL,NULL,NULL,NULL,0.00,0.00),(473115,2160,1717,253000.00,1,NULL,'cartitem','5',NULL,NULL,NULL,NULL,0.00,0.00),(473116,1980,1717,181500.00,1,NULL,'cartitem','5',NULL,NULL,NULL,NULL,0.00,0.00),(473117,1980,1717,181500.00,1,NULL,'cartitem','5',NULL,NULL,NULL,NULL,0.00,0.00),(473118,2133,1717,192500.00,1,NULL,'cartitem','5',NULL,NULL,NULL,NULL,0.00,0.00),(473119,2132,1717,192500.00,1,NULL,'cartitem','5',NULL,NULL,NULL,NULL,0.00,0.00),(473120,2132,1717,192500.00,1,NULL,'cartitem','5',NULL,NULL,NULL,NULL,0.00,0.00),(473121,2132,1717,192500.00,1,NULL,'cartitem','5',NULL,NULL,NULL,NULL,0.00,0.00),(473122,1980,1717,181500.00,1,NULL,'cartitem','5',NULL,NULL,NULL,NULL,0.00,0.00),(473123,2133,1717,192500.00,1,NULL,'cartitem','5',NULL,NULL,NULL,NULL,0.00,0.00),(473124,2132,1717,192500.00,1,NULL,'cartitem','5',NULL,NULL,NULL,NULL,0.00,0.00),(473125,1798,1717,214500.00,1,NULL,'cartitem','5',NULL,NULL,NULL,NULL,0.00,0.00),(473126,2161,1717,253000.00,1,NULL,'cartitem','5',NULL,NULL,NULL,NULL,0.00,0.00),(473127,1826,1717,236500.00,1,NULL,'cartitem','5',NULL,NULL,NULL,NULL,0.00,0.00),(473128,1826,1717,236500.00,1,NULL,'cartitem','5',NULL,NULL,NULL,NULL,0.00,0.00),(473129,1798,1717,214500.00,1,NULL,'cartitem','5',NULL,NULL,NULL,NULL,0.00,0.00),(473130,1798,1717,214500.00,1,NULL,'cartitem','5',NULL,NULL,NULL,NULL,0.00,0.00),(473131,1798,1717,214500.00,1,NULL,'cartitem','5',NULL,NULL,NULL,NULL,0.00,0.00),(473132,2133,1717,192500.00,1,NULL,'cartitem','5',NULL,NULL,NULL,NULL,0.00,0.00),(473133,2160,1717,253000.00,1,NULL,'cartitem','5',NULL,NULL,NULL,NULL,0.00,0.00),(473134,1980,1717,181500.00,1,NULL,'cartitem','5',NULL,NULL,NULL,NULL,0.00,0.00),(473135,2161,1717,253000.00,1,NULL,'cartitem','5',NULL,NULL,NULL,NULL,0.00,0.00),(473136,1826,1717,236500.00,1,NULL,'cartitem','5',NULL,NULL,NULL,NULL,0.00,0.00),(473137,2161,1717,253000.00,1,NULL,'cartitem','5',NULL,NULL,NULL,NULL,0.00,0.00),(473138,1826,1717,236500.00,1,NULL,'cartitem','5',NULL,NULL,NULL,NULL,0.00,0.00),(473139,1826,1717,236500.00,1,NULL,'cartitem','5',NULL,NULL,NULL,NULL,0.00,0.00),(473140,1798,1717,214500.00,1,NULL,'cartitem','5',NULL,NULL,NULL,NULL,0.00,0.00),(473141,1798,1717,214500.00,1,NULL,'cartitem','5',NULL,NULL,NULL,NULL,0.00,0.00),(473142,1980,1717,181500.00,1,NULL,'cartitem','5',NULL,NULL,NULL,NULL,0.00,0.00),(473143,1980,1717,181500.00,1,NULL,'cartitem','5',NULL,NULL,NULL,NULL,0.00,0.00),(473144,1980,1717,181500.00,1,NULL,'cartitem','5',NULL,NULL,NULL,NULL,0.00,0.00),(473145,2161,1717,253000.00,1,NULL,'cartitem','5',NULL,NULL,NULL,NULL,0.00,0.00),(473146,2160,1717,253000.00,1,NULL,'cartitem','5',NULL,NULL,NULL,NULL,0.00,0.00),(473147,1854,1717,242000.00,1,NULL,'cartitem','5',NULL,NULL,NULL,NULL,0.00,0.00),(473148,1854,1717,242000.00,1,NULL,'cartitem','5',NULL,NULL,NULL,NULL,0.00,0.00),(473149,1854,1717,242000.00,1,NULL,'cartitem','5',NULL,NULL,NULL,NULL,0.00,0.00),(473150,1854,1717,242000.00,1,NULL,'cartitem','5',NULL,NULL,NULL,NULL,0.00,0.00),(473151,1728,1717,193600.00,1,NULL,'cartitem','5',NULL,NULL,NULL,NULL,0.00,0.00),(473152,2118,1717,290400.00,1,NULL,'cartitem','5',NULL,NULL,NULL,NULL,0.00,0.00),(473153,1854,1717,242000.00,1,NULL,'cartitem','5',NULL,NULL,NULL,NULL,0.00,0.00),(473154,1854,1717,242000.00,1,NULL,'cartitem','5',NULL,NULL,NULL,NULL,0.00,0.00),(473155,1854,1717,242000.00,1,NULL,'cartitem','5',NULL,NULL,NULL,NULL,0.00,0.00),(473156,1854,1717,242000.00,1,NULL,'cartitem','5',NULL,NULL,NULL,NULL,0.00,0.00),(473157,1854,1717,242000.00,1,NULL,'cartitem','5',NULL,NULL,NULL,NULL,0.00,0.00),(473158,1854,1717,242000.00,1,NULL,'cartitem','5',NULL,NULL,NULL,NULL,0.00,0.00),(473159,1854,1717,242000.00,1,NULL,'cartitem','5',NULL,NULL,NULL,NULL,0.00,0.00),(473160,1854,1717,242000.00,1,NULL,'cartitem','5',NULL,NULL,NULL,NULL,0.00,0.00),(473161,2118,1717,290400.00,1,NULL,'cartitem','5',NULL,NULL,NULL,NULL,0.00,0.00),(473162,1728,1717,193600.00,1,NULL,'cartitem','5',NULL,NULL,NULL,NULL,0.00,0.00),(473163,1728,1717,193600.00,1,NULL,'cartitem','5',NULL,NULL,NULL,NULL,0.00,0.00),(473164,1490,1717,187000.00,1,NULL,'cartitem','5',NULL,NULL,NULL,NULL,0.00,0.00),(473165,2119,1717,290400.00,1,NULL,'cartitem','5',NULL,NULL,NULL,NULL,0.00,0.00),(473166,1700,1717,231000.00,1,NULL,'cartitem','5',NULL,NULL,NULL,NULL,0.00,0.00),(473167,2188,1717,220000.00,1,NULL,'cartitem','5',NULL,NULL,NULL,NULL,0.00,0.00),(473168,2118,1717,290400.00,1,NULL,'cartitem','5',NULL,NULL,NULL,NULL,0.00,0.00),(473169,2188,1717,220000.00,1,NULL,'cartitem','5',NULL,NULL,NULL,NULL,0.00,0.00),(473170,2119,1717,290400.00,1,NULL,'cartitem','5',NULL,NULL,NULL,NULL,0.00,0.00),(473171,2189,1717,220000.00,1,NULL,'cartitem','5',NULL,NULL,NULL,NULL,0.00,0.00),(473172,2188,1717,220000.00,1,NULL,'cartitem','5',NULL,NULL,NULL,NULL,0.00,0.00),(473173,2189,1717,220000.00,1,NULL,'cartitem','5',NULL,NULL,NULL,NULL,0.00,0.00),(473174,2189,1717,220000.00,1,NULL,'cartitem','5',NULL,NULL,NULL,NULL,0.00,0.00),(473175,1490,1717,187000.00,1,NULL,'cartitem','5',NULL,NULL,NULL,NULL,0.00,0.00),(473176,1728,1717,193600.00,1,NULL,'cartitem','5',NULL,NULL,NULL,NULL,0.00,0.00),(473177,2189,1717,220000.00,1,NULL,'cartitem','5',NULL,NULL,NULL,NULL,0.00,0.00),(473178,1700,1717,231000.00,1,NULL,'cartitem','5',NULL,NULL,NULL,NULL,0.00,0.00),(473179,2188,1717,220000.00,1,NULL,'cartitem','5',NULL,NULL,NULL,NULL,0.00,0.00),(473180,2189,1717,220000.00,1,NULL,'cartitem','5',NULL,NULL,NULL,NULL,0.00,0.00),(473181,1490,1717,187000.00,1,NULL,'cartitem','5',NULL,NULL,NULL,NULL,0.00,0.00),(473182,2189,1717,220000.00,1,NULL,'cartitem','5',NULL,NULL,NULL,NULL,0.00,0.00),(473183,2118,1717,290400.00,1,NULL,'cartitem','5',NULL,NULL,NULL,NULL,0.00,0.00),(473184,1728,1717,193600.00,1,NULL,'cartitem','5',NULL,NULL,NULL,NULL,0.00,0.00),(473185,1728,1717,193600.00,1,NULL,'cartitem','5',NULL,NULL,NULL,NULL,0.00,0.00),(473186,1728,1717,193600.00,1,NULL,'cartitem','5',NULL,NULL,NULL,NULL,0.00,0.00),(473187,1546,1717,187000.00,1,NULL,'cartitem','5',NULL,NULL,NULL,NULL,0.00,0.00),(473188,1616,1717,231000.00,1,NULL,'cartitem','5',NULL,NULL,NULL,NULL,0.00,0.00),(473189,1882,1717,214500.00,1,NULL,'cartitem','5',NULL,NULL,NULL,NULL,0.00,0.00),(473190,2227,1717,248600.00,1,NULL,'cartitem','5',NULL,NULL,NULL,NULL,0.00,0.00),(473191,1616,1717,231000.00,1,NULL,'cartitem','5',NULL,NULL,NULL,NULL,0.00,0.00),(473192,2227,1717,248600.00,1,NULL,'cartitem','5',NULL,NULL,NULL,NULL,0.00,0.00),(473193,1616,1717,231000.00,1,NULL,'cartitem','5',NULL,NULL,NULL,NULL,0.00,0.00),(473194,1616,1717,231000.00,1,NULL,'cartitem','5',NULL,NULL,NULL,NULL,0.00,0.00),(473195,1546,1717,187000.00,1,NULL,'cartitem','5',NULL,NULL,NULL,NULL,0.00,0.00),(473196,1616,1717,231000.00,1,NULL,'cartitem','5',NULL,NULL,NULL,NULL,0.00,0.00),(473197,1616,1717,231000.00,1,NULL,'cartitem','5',NULL,NULL,NULL,NULL,0.00,0.00),(473198,1882,1717,214500.00,1,NULL,'cartitem','5',NULL,NULL,NULL,NULL,0.00,0.00),(473199,1882,1717,214500.00,1,NULL,'cartitem','5',NULL,NULL,NULL,NULL,0.00,0.00),(473200,1616,1717,231000.00,1,NULL,'cartitem','5',NULL,NULL,NULL,NULL,0.00,0.00),(473201,1616,1717,231000.00,1,NULL,'cartitem','5',NULL,NULL,NULL,NULL,0.00,0.00),(473202,2227,1717,248600.00,1,NULL,'cartitem','5',NULL,NULL,NULL,NULL,0.00,0.00),(473203,2227,1717,248600.00,1,NULL,'cartitem','5',NULL,NULL,NULL,NULL,0.00,0.00),(473204,1882,1717,214500.00,1,NULL,'cartitem','5',NULL,NULL,NULL,NULL,0.00,0.00),(473205,1882,1717,214500.00,1,NULL,'cartitem','5',NULL,NULL,NULL,NULL,0.00,0.00),(473206,1616,1717,231000.00,1,NULL,'cartitem','5',NULL,NULL,NULL,NULL,0.00,0.00),(473207,1546,1717,187000.00,1,NULL,'cartitem','5',NULL,NULL,NULL,NULL,0.00,0.00),(473208,1882,1717,214500.00,1,NULL,'cartitem','5',NULL,NULL,NULL,NULL,0.00,0.00),(473209,1546,1717,187000.00,1,NULL,'cartitem','5',NULL,NULL,NULL,NULL,0.00,0.00),(473210,1546,1717,187000.00,1,NULL,'cartitem','5',NULL,NULL,NULL,NULL,0.00,0.00),(473211,2227,1717,248600.00,1,NULL,'cartitem','5',NULL,NULL,NULL,NULL,0.00,0.00),(473212,2227,1717,248600.00,1,NULL,'cartitem','5',NULL,NULL,NULL,NULL,0.00,0.00),(473213,1882,1717,214500.00,1,NULL,'cartitem','5',NULL,NULL,NULL,NULL,0.00,0.00),(473214,1546,1717,187000.00,1,NULL,'cartitem','5',NULL,NULL,NULL,NULL,0.00,0.00),(473215,1546,1717,187000.00,1,NULL,'cartitem','5',NULL,NULL,NULL,NULL,0.00,0.00),(473216,2227,1717,248600.00,1,NULL,'cartitem','5',NULL,NULL,NULL,NULL,0.00,0.00),(473217,2227,1717,248600.00,1,NULL,'cartitem','5',NULL,NULL,NULL,NULL,0.00,0.00),(473218,1546,1717,187000.00,1,NULL,'cartitem','5',NULL,NULL,NULL,NULL,0.00,0.00),(473219,2227,1717,248600.00,1,NULL,'cartitem','5',NULL,NULL,NULL,NULL,0.00,0.00),(473220,1616,1717,231000.00,1,NULL,'cartitem','5',NULL,NULL,NULL,NULL,0.00,0.00),(473221,1882,1717,214500.00,1,NULL,'cartitem','5',NULL,NULL,NULL,NULL,0.00,0.00),(473222,1868,1717,214500.00,1,NULL,'cartitem','5',NULL,NULL,NULL,NULL,0.00,0.00),(473223,1868,1717,214500.00,1,NULL,'cartitem','5',NULL,NULL,NULL,NULL,0.00,0.00),(473224,1868,1717,214500.00,1,NULL,'cartitem','5',NULL,NULL,NULL,NULL,0.00,0.00),(473225,1868,1717,214500.00,1,NULL,'cartitem','5',NULL,NULL,NULL,NULL,0.00,0.00),(473226,1868,1717,214500.00,1,NULL,'cartitem','5',NULL,NULL,NULL,NULL,0.00,0.00),(473227,1868,1717,214500.00,1,NULL,'cartitem','5',NULL,NULL,NULL,NULL,0.00,0.00),(473228,1868,1717,214500.00,1,NULL,'cartitem','5',NULL,NULL,NULL,NULL,0.00,0.00),(473229,1868,1717,214500.00,1,NULL,'cartitem','5',NULL,NULL,NULL,NULL,0.00,0.00),(473230,1868,1717,214500.00,1,NULL,'cartitem','5',NULL,NULL,NULL,NULL,0.00,0.00),(473231,1868,1717,214500.00,1,NULL,'cartitem','5',NULL,NULL,NULL,NULL,0.00,0.00),(473232,1840,1717,231000.00,1,NULL,'cartitem','5',NULL,NULL,NULL,NULL,0.00,0.00),(473233,1840,1717,231000.00,1,NULL,'cartitem','5',NULL,NULL,NULL,NULL,0.00,0.00),(473234,1840,1717,231000.00,1,NULL,'cartitem','5',NULL,NULL,NULL,NULL,0.00,0.00),(473235,1840,1717,231000.00,1,NULL,'cartitem','5',NULL,NULL,NULL,NULL,0.00,0.00),(473236,1840,1717,231000.00,1,NULL,'cartitem','5',NULL,NULL,NULL,NULL,0.00,0.00),(473237,1840,1717,231000.00,1,NULL,'cartitem','5',NULL,NULL,NULL,NULL,0.00,0.00),(473238,1840,1717,231000.00,1,NULL,'cartitem','5',NULL,NULL,NULL,NULL,0.00,0.00),(473239,1840,1717,231000.00,1,NULL,'cartitem','5',NULL,NULL,NULL,NULL,0.00,0.00),(473240,1840,1717,231000.00,1,NULL,'cartitem','5',NULL,NULL,NULL,NULL,0.00,0.00),(473241,1840,1717,231000.00,1,NULL,'cartitem','5',NULL,NULL,NULL,NULL,0.00,0.00),(473242,1840,1717,231000.00,1,NULL,'cartitem','5',NULL,NULL,NULL,NULL,0.00,0.00),(473243,1840,1717,231000.00,1,NULL,'cartitem','5',NULL,NULL,NULL,NULL,0.00,0.00),(473244,2091,1717,187000.00,1,NULL,'cartitem','5',NULL,NULL,NULL,NULL,0.00,0.00),(473245,1574,1717,190300.00,1,NULL,'cartitem','5',NULL,NULL,NULL,NULL,0.00,0.00),(473246,1574,1717,190300.00,1,NULL,'cartitem','5',NULL,NULL,NULL,NULL,0.00,0.00),(473247,2008,1717,143000.00,1,NULL,'cartitem','5',NULL,NULL,NULL,NULL,0.00,0.00),(473248,2104,1717,209000.00,1,NULL,'cartitem','5',NULL,NULL,NULL,NULL,0.00,0.00),(473249,1616,1717,231000.00,1,NULL,'cartitem','5',NULL,NULL,NULL,NULL,0.00,0.00),(473250,1616,1717,231000.00,1,NULL,'cartitem','5',NULL,NULL,NULL,NULL,0.00,0.00),(473251,2076,1717,176000.00,1,NULL,'cartitem','5',NULL,NULL,NULL,NULL,0.00,0.00),(473252,2091,1717,187000.00,1,NULL,'cartitem','5',NULL,NULL,NULL,NULL,0.00,0.00),(473253,1574,1717,190300.00,1,NULL,'cartitem','5',NULL,NULL,NULL,NULL,0.00,0.00),(473254,1574,1717,190300.00,1,NULL,'cartitem','5',NULL,NULL,NULL,NULL,0.00,0.00),(473255,2008,1717,143000.00,1,NULL,'cartitem','5',NULL,NULL,NULL,NULL,0.00,0.00),(473256,2104,1717,209000.00,1,NULL,'cartitem','5',NULL,NULL,NULL,NULL,0.00,0.00),(473257,1616,1717,231000.00,1,NULL,'cartitem','5',NULL,NULL,NULL,NULL,0.00,0.00),(473258,1616,1717,231000.00,1,NULL,'cartitem','5',NULL,NULL,NULL,NULL,0.00,0.00),(473259,2076,1717,176000.00,1,NULL,'cartitem','5',NULL,NULL,NULL,NULL,0.00,0.00),(473260,2091,1717,187000.00,1,NULL,'cartitem','5',NULL,NULL,NULL,NULL,0.00,0.00),(473261,1574,1717,190300.00,1,NULL,'cartitem','5',NULL,NULL,NULL,NULL,0.00,0.00),(473262,1574,1717,190300.00,1,NULL,'cartitem','5',NULL,NULL,NULL,NULL,0.00,0.00),(473263,2008,1717,143000.00,1,NULL,'cartitem','5',NULL,NULL,NULL,NULL,0.00,0.00),(473264,2104,1717,209000.00,1,NULL,'cartitem','5',NULL,NULL,NULL,NULL,0.00,0.00),(473265,1616,1717,231000.00,1,NULL,'cartitem','5',NULL,NULL,NULL,NULL,0.00,0.00),(473266,1616,1717,231000.00,1,NULL,'cartitem','5',NULL,NULL,NULL,NULL,0.00,0.00),(473267,1574,1717,190300.00,1,NULL,'cartitem','5',NULL,NULL,NULL,NULL,0.00,0.00),(473268,1574,1717,190300.00,1,NULL,'cartitem','5',NULL,NULL,NULL,NULL,0.00,0.00),(473269,1616,1717,231000.00,1,NULL,'cartitem','5',NULL,NULL,NULL,NULL,0.00,0.00),(473270,1616,1717,231000.00,1,NULL,'cartitem','5',NULL,NULL,NULL,NULL,0.00,0.00),(473271,2076,1717,176000.00,1,NULL,'cartitem','5',NULL,NULL,NULL,NULL,0.00,0.00),(473272,1574,1717,190300.00,1,NULL,'cartitem','5',NULL,NULL,NULL,NULL,0.00,0.00),(473273,1574,1717,190300.00,1,NULL,'cartitem','5',NULL,NULL,NULL,NULL,0.00,0.00),(473274,1616,1717,231000.00,1,NULL,'cartitem','5',NULL,NULL,NULL,NULL,0.00,0.00),(473275,1616,1717,231000.00,1,NULL,'cartitem','5',NULL,NULL,NULL,NULL,0.00,0.00),(473276,1574,1717,190300.00,1,NULL,'cartitem','5',NULL,NULL,NULL,NULL,0.00,0.00),(473277,1574,1717,190300.00,1,NULL,'cartitem','5',NULL,NULL,NULL,NULL,0.00,0.00),(473278,1616,1717,231000.00,1,NULL,'cartitem','5',NULL,NULL,NULL,NULL,0.00,0.00),(473279,1616,1717,231000.00,1,NULL,'cartitem','5',NULL,NULL,NULL,NULL,0.00,0.00),(473280,1574,1717,190300.00,1,NULL,'cartitem','5',NULL,NULL,NULL,NULL,0.00,0.00),(473281,1574,1717,190300.00,1,NULL,'cartitem','5',NULL,NULL,NULL,NULL,0.00,0.00),(473282,1616,1717,231000.00,1,NULL,'cartitem','5',NULL,NULL,NULL,NULL,0.00,0.00),(473283,1616,1717,231000.00,1,NULL,'cartitem','5',NULL,NULL,NULL,NULL,0.00,0.00),(473284,1574,1717,190300.00,1,NULL,'cartitem','5',NULL,NULL,NULL,NULL,0.00,0.00),(473285,1574,1717,190300.00,1,NULL,'cartitem','5',NULL,NULL,NULL,NULL,0.00,0.00),(473286,1574,1717,190300.00,1,NULL,'cartitem','5',NULL,NULL,NULL,NULL,0.00,0.00),(473287,1574,1717,190300.00,1,NULL,'cartitem','5',NULL,NULL,NULL,NULL,0.00,0.00),(473288,1574,1717,190300.00,1,NULL,'cartitem','5',NULL,NULL,NULL,NULL,0.00,0.00),(473289,1574,1717,190300.00,1,NULL,'cartitem','5',NULL,NULL,NULL,NULL,0.00,0.00),(473290,1574,1717,190300.00,1,NULL,'cartitem','5',NULL,NULL,NULL,NULL,0.00,0.00),(473291,1574,1717,190300.00,1,NULL,'cartitem','5',NULL,NULL,NULL,NULL,0.00,0.00),(473292,1574,1717,190300.00,1,NULL,'cartitem','5',NULL,NULL,NULL,NULL,0.00,0.00),(473293,1574,1717,190300.00,1,NULL,'cartitem','5',NULL,NULL,NULL,NULL,0.00,0.00),(473294,1616,1717,231000.00,1,NULL,'cartitem','5',NULL,NULL,NULL,NULL,0.00,0.00),(473295,1616,1717,231000.00,1,NULL,'cartitem','5',NULL,NULL,NULL,NULL,0.00,0.00),(473296,1574,1717,190300.00,1,NULL,'cartitem','5',NULL,NULL,NULL,NULL,0.00,0.00),(473297,1574,1717,190300.00,1,NULL,'cartitem','5',NULL,NULL,NULL,NULL,0.00,0.00),(473298,1616,1717,231000.00,1,NULL,'cartitem','5',NULL,NULL,NULL,NULL,0.00,0.00),(473299,1616,1717,231000.00,1,NULL,'cartitem','5',NULL,NULL,NULL,NULL,0.00,0.00),(473300,1574,1717,190300.00,1,NULL,'cartitem','5',NULL,NULL,NULL,NULL,0.00,0.00),(473301,1574,1717,190300.00,1,NULL,'cartitem','5',NULL,NULL,NULL,NULL,0.00,0.00),(473302,1616,1717,231000.00,1,NULL,'cartitem','5',NULL,NULL,NULL,NULL,0.00,0.00),(473303,1616,1717,231000.00,1,NULL,'cartitem','5',NULL,NULL,NULL,NULL,0.00,0.00),(473304,1574,1717,190300.00,1,NULL,'cartitem','5',NULL,NULL,NULL,NULL,0.00,0.00),(473305,1574,1717,190300.00,1,NULL,'cartitem','5',NULL,NULL,NULL,NULL,0.00,0.00),(473306,1616,1717,231000.00,1,NULL,'cartitem','5',NULL,NULL,NULL,NULL,0.00,0.00),(473307,1616,1717,231000.00,1,NULL,'cartitem','5',NULL,NULL,NULL,NULL,0.00,0.00),(473308,1574,1717,190300.00,1,NULL,'cartitem','5',NULL,NULL,NULL,NULL,0.00,0.00),(473309,1574,1717,190300.00,1,NULL,'cartitem','5',NULL,NULL,NULL,NULL,0.00,0.00),(473310,1616,1717,231000.00,1,NULL,'cartitem','5',NULL,NULL,NULL,NULL,0.00,0.00),(473311,1616,1717,231000.00,1,NULL,'cartitem','5',NULL,NULL,NULL,NULL,0.00,0.00),(473312,1574,1717,190300.00,1,NULL,'cartitem','5',NULL,NULL,NULL,NULL,0.00,0.00),(473313,1574,1717,190300.00,1,NULL,'cartitem','5',NULL,NULL,NULL,NULL,0.00,0.00),(473314,2091,1717,187000.00,1,NULL,'cartitem','5',NULL,NULL,NULL,NULL,0.00,0.00),(473315,2090,1717,187000.00,1,NULL,'cartitem','5',NULL,NULL,NULL,NULL,0.00,0.00),(473316,1616,1717,231000.00,1,NULL,'cartitem','5',NULL,NULL,NULL,NULL,0.00,0.00),(473317,1616,1717,231000.00,1,NULL,'cartitem','5',NULL,NULL,NULL,NULL,0.00,0.00),(473318,1574,1717,190300.00,1,NULL,'cartitem','5',NULL,NULL,NULL,NULL,0.00,0.00),(473319,1574,1717,190300.00,1,NULL,'cartitem','5',NULL,NULL,NULL,NULL,0.00,0.00),(473320,2091,1717,187000.00,1,NULL,'cartitem','5',NULL,NULL,NULL,NULL,0.00,0.00),(473321,2090,1717,187000.00,1,NULL,'cartitem','5',NULL,NULL,NULL,NULL,0.00,0.00),(473322,1616,1717,231000.00,1,NULL,'cartitem','5',NULL,NULL,NULL,NULL,0.00,0.00),(473323,1616,1717,231000.00,1,NULL,'cartitem','5',NULL,NULL,NULL,NULL,0.00,0.00),(473324,1574,1717,190300.00,1,NULL,'cartitem','5',NULL,NULL,NULL,NULL,0.00,0.00),(473325,1574,1717,190300.00,1,NULL,'cartitem','5',NULL,NULL,NULL,NULL,0.00,0.00),(473326,2091,1717,187000.00,1,NULL,'cartitem','5',NULL,NULL,NULL,NULL,0.00,0.00),(473327,2090,1717,187000.00,1,NULL,'cartitem','5',NULL,NULL,NULL,NULL,0.00,0.00),(473328,1616,1717,231000.00,1,NULL,'cartitem','5',NULL,NULL,NULL,NULL,0.00,0.00),(473329,1616,1717,231000.00,1,NULL,'cartitem','5',NULL,NULL,NULL,NULL,0.00,0.00),(473330,1574,1717,190300.00,1,NULL,'cartitem','5',NULL,NULL,NULL,NULL,0.00,0.00),(473331,1574,1717,190300.00,1,NULL,'cartitem','5',NULL,NULL,NULL,NULL,0.00,0.00),(473332,2091,1717,187000.00,1,NULL,'cartitem','5',NULL,NULL,NULL,NULL,0.00,0.00),(473333,2090,1717,187000.00,1,NULL,'cartitem','5',NULL,NULL,NULL,NULL,0.00,0.00),(473334,1616,1717,231000.00,1,NULL,'cartitem','5',NULL,NULL,NULL,NULL,0.00,0.00),(473335,1616,1717,231000.00,1,NULL,'cartitem','5',NULL,NULL,NULL,NULL,0.00,0.00),(473336,2091,1717,187000.00,1,NULL,'cartitem','5',NULL,NULL,NULL,NULL,0.00,0.00),(473337,2090,1717,187000.00,1,NULL,'cartitem','5',NULL,NULL,NULL,NULL,0.00,0.00),(473338,1616,1717,231000.00,1,NULL,'cartitem','5',NULL,NULL,NULL,NULL,0.00,0.00),(473339,1616,1717,231000.00,1,NULL,'cartitem','5',NULL,NULL,NULL,NULL,0.00,0.00),(473340,2091,1717,187000.00,1,NULL,'cartitem','5',NULL,NULL,NULL,NULL,0.00,0.00),(473341,2090,1717,187000.00,1,NULL,'cartitem','5',NULL,NULL,NULL,NULL,0.00,0.00),(473342,1616,1717,231000.00,1,NULL,'cartitem','5',NULL,NULL,NULL,NULL,0.00,0.00),(473343,1616,1717,231000.00,1,NULL,'cartitem','5',NULL,NULL,NULL,NULL,0.00,0.00),(473344,1616,1717,231000.00,1,NULL,'cartitem','5',NULL,NULL,NULL,NULL,0.00,0.00),(473345,1616,1717,231000.00,1,NULL,'cartitem','5',NULL,NULL,NULL,NULL,0.00,0.00),(473346,1616,1717,231000.00,1,NULL,'cartitem','5',NULL,NULL,NULL,NULL,0.00,0.00),(473347,1616,1717,231000.00,1,NULL,'cartitem','5',NULL,NULL,NULL,NULL,0.00,0.00),(473348,1616,1717,231000.00,1,NULL,'cartitem','5',NULL,NULL,NULL,NULL,0.00,0.00),(473349,1616,1717,231000.00,1,NULL,'cartitem','5',NULL,NULL,NULL,NULL,0.00,0.00),(473350,1616,1717,231000.00,1,NULL,'cartitem','5',NULL,NULL,NULL,NULL,0.00,0.00),(473351,1616,1717,231000.00,1,NULL,'cartitem','5',NULL,NULL,NULL,NULL,0.00,0.00),(473352,1616,1717,231000.00,1,NULL,'cartitem','5',NULL,NULL,NULL,NULL,0.00,0.00),(473353,1616,1717,231000.00,1,NULL,'cartitem','5',NULL,NULL,NULL,NULL,0.00,0.00),(473354,1574,1717,190300.00,1,NULL,'cartitem','5',NULL,NULL,NULL,NULL,0.00,0.00),(473355,1574,1717,190300.00,1,NULL,'cartitem','5',NULL,NULL,NULL,NULL,0.00,0.00),(473356,2091,1717,187000.00,1,NULL,'cartitem','5',NULL,NULL,NULL,NULL,0.00,0.00),(473357,2090,1717,187000.00,1,NULL,'cartitem','5',NULL,NULL,NULL,NULL,0.00,0.00),(473358,1616,1717,231000.00,1,NULL,'cartitem','5',NULL,NULL,NULL,NULL,0.00,0.00),(473359,1616,1717,231000.00,1,NULL,'cartitem','5',NULL,NULL,NULL,NULL,0.00,0.00),(473360,1574,1717,190300.00,1,NULL,'cartitem','5',NULL,NULL,NULL,NULL,0.00,0.00),(473361,1574,1717,190300.00,1,NULL,'cartitem','5',NULL,NULL,NULL,NULL,0.00,0.00),(473362,2091,1717,187000.00,1,NULL,'cartitem','5',NULL,NULL,NULL,NULL,0.00,0.00),(473363,2090,1717,187000.00,1,NULL,'cartitem','5',NULL,NULL,NULL,NULL,0.00,0.00),(473364,1616,1717,231000.00,1,NULL,'cartitem','5',NULL,NULL,NULL,NULL,0.00,0.00),(473365,1616,1717,231000.00,1,NULL,'cartitem','5',NULL,NULL,NULL,NULL,0.00,0.00),(473366,1462,1717,170500.00,1,NULL,'cartitem','5',NULL,NULL,NULL,NULL,0.00,0.00),(473367,1574,1717,190300.00,1,NULL,'cartitem','5',NULL,NULL,NULL,NULL,0.00,0.00),(473368,1574,1717,190300.00,1,NULL,'cartitem','5',NULL,NULL,NULL,NULL,0.00,0.00),(473369,2091,1717,187000.00,1,NULL,'cartitem','5',NULL,NULL,NULL,NULL,0.00,0.00),(473370,2090,1717,187000.00,1,NULL,'cartitem','5',NULL,NULL,NULL,NULL,0.00,0.00),(473371,1616,1717,231000.00,1,NULL,'cartitem','5',NULL,NULL,NULL,NULL,0.00,0.00),(473372,1616,1717,231000.00,1,NULL,'cartitem','5',NULL,NULL,NULL,NULL,0.00,0.00),(473373,1462,1717,170500.00,1,NULL,'cartitem','5',NULL,NULL,NULL,NULL,0.00,0.00),(473374,1574,1717,190300.00,1,NULL,'cartitem','5',NULL,NULL,NULL,NULL,0.00,0.00),(473375,1574,1717,190300.00,1,NULL,'cartitem','5',NULL,NULL,NULL,NULL,0.00,0.00),(473376,1574,1717,190300.00,1,NULL,'cartitem','5',NULL,NULL,NULL,NULL,0.00,0.00),(473377,1574,1717,190300.00,1,NULL,'cartitem','5',NULL,NULL,NULL,NULL,0.00,0.00),(473378,1574,1717,190300.00,1,NULL,'cartitem','5',NULL,NULL,NULL,NULL,0.00,0.00),(473379,1574,1717,190300.00,1,NULL,'cartitem','5',NULL,NULL,NULL,NULL,0.00,0.00),(473380,1574,1717,190300.00,1,NULL,'cartitem','5',NULL,NULL,NULL,NULL,0.00,0.00),(473381,1574,1717,190300.00,1,NULL,'cartitem','5',NULL,NULL,NULL,NULL,0.00,0.00),(473382,1574,1717,190300.00,1,NULL,'cartitem','5',NULL,NULL,NULL,NULL,0.00,0.00),(473383,1574,1717,190300.00,1,NULL,'cartitem','5',NULL,NULL,NULL,NULL,0.00,0.00),(473384,1574,1717,190300.00,1,NULL,'cartitem','5',NULL,NULL,NULL,NULL,0.00,0.00),(473385,1574,1717,190300.00,1,NULL,'cartitem','5',NULL,NULL,NULL,NULL,0.00,0.00),(473386,1574,1717,190300.00,1,NULL,'cartitem','5',NULL,NULL,NULL,NULL,0.00,0.00),(473387,1574,1717,190300.00,1,NULL,'cartitem','5',NULL,NULL,NULL,NULL,0.00,0.00),(473388,2091,1717,187000.00,1,NULL,'cartitem','5',NULL,NULL,NULL,NULL,0.00,0.00),(473389,2090,1717,187000.00,1,NULL,'cartitem','5',NULL,NULL,NULL,NULL,0.00,0.00),(473390,1574,1717,190300.00,1,NULL,'cartitem','5',NULL,NULL,NULL,NULL,0.00,0.00),(473391,1574,1717,190300.00,1,NULL,'cartitem','5',NULL,NULL,NULL,NULL,0.00,0.00),(473392,2091,1717,187000.00,1,NULL,'cartitem','5',NULL,NULL,NULL,NULL,0.00,0.00),(473393,2090,1717,187000.00,1,NULL,'cartitem','5',NULL,NULL,NULL,NULL,0.00,0.00),(473394,1574,1717,190300.00,1,NULL,'cartitem','5',NULL,NULL,NULL,NULL,0.00,0.00),(473395,1574,1717,190300.00,1,NULL,'cartitem','5',NULL,NULL,NULL,NULL,0.00,0.00),(473396,2091,1717,187000.00,1,NULL,'cartitem','5',NULL,NULL,NULL,NULL,0.00,0.00),(473397,2090,1717,187000.00,1,NULL,'cartitem','5',NULL,NULL,NULL,NULL,0.00,0.00),(473398,1616,1717,231000.00,1,NULL,'cartitem','5',NULL,NULL,NULL,NULL,0.00,0.00),(473399,1616,1717,231000.00,1,NULL,'cartitem','5',NULL,NULL,NULL,NULL,0.00,0.00),(473400,1574,1717,190300.00,1,NULL,'cartitem','5',NULL,NULL,NULL,NULL,0.00,0.00),(473401,1574,1717,190300.00,1,NULL,'cartitem','5',NULL,NULL,NULL,NULL,0.00,0.00),(473402,2091,1717,187000.00,1,NULL,'cartitem','5',NULL,NULL,NULL,NULL,0.00,0.00),(473403,2090,1717,187000.00,1,NULL,'cartitem','5',NULL,NULL,NULL,NULL,0.00,0.00),(473404,1616,1717,231000.00,1,NULL,'cartitem','5',NULL,NULL,NULL,NULL,0.00,0.00),(473405,1616,1717,231000.00,1,NULL,'cartitem','5',NULL,NULL,NULL,NULL,0.00,0.00),(473406,1574,1717,190300.00,1,NULL,'cartitem','5',NULL,NULL,NULL,NULL,0.00,0.00),(473407,1574,1717,190300.00,1,NULL,'cartitem','5',NULL,NULL,NULL,NULL,0.00,0.00),(473408,2091,1717,187000.00,1,NULL,'cartitem','5',NULL,NULL,NULL,NULL,0.00,0.00),(473409,2090,1717,187000.00,1,NULL,'cartitem','5',NULL,NULL,NULL,NULL,0.00,0.00),(473410,1616,1717,231000.00,1,NULL,'cartitem','5',NULL,NULL,NULL,NULL,0.00,0.00),(473411,1616,1717,231000.00,1,NULL,'cartitem','5',NULL,NULL,NULL,NULL,0.00,0.00),(473412,1574,1717,190300.00,1,NULL,'cartitem','5',NULL,NULL,NULL,NULL,0.00,0.00),(473413,1574,1717,190300.00,1,NULL,'cartitem','5',NULL,NULL,NULL,NULL,0.00,0.00),(473414,2091,1717,187000.00,1,NULL,'cartitem','5',NULL,NULL,NULL,NULL,0.00,0.00),(473415,2090,1717,187000.00,1,NULL,'cartitem','5',NULL,NULL,NULL,NULL,0.00,0.00),(473416,1616,1717,231000.00,1,NULL,'cartitem','5',NULL,NULL,NULL,NULL,0.00,0.00),(473417,1616,1717,231000.00,1,NULL,'cartitem','5',NULL,NULL,NULL,NULL,0.00,0.00),(473418,1574,1717,190300.00,1,NULL,'cartitem','5',NULL,NULL,NULL,NULL,0.00,0.00),(473419,1574,1717,190300.00,1,NULL,'cartitem','5',NULL,NULL,NULL,NULL,0.00,0.00),(473420,2091,1717,187000.00,1,NULL,'cartitem','5',NULL,NULL,NULL,NULL,0.00,0.00),(473421,2090,1717,187000.00,1,NULL,'cartitem','5',NULL,NULL,NULL,NULL,0.00,0.00),(473422,1616,1717,231000.00,1,NULL,'cartitem','5',NULL,NULL,NULL,NULL,0.00,0.00),(473423,1616,1717,231000.00,1,NULL,'cartitem','5',NULL,NULL,NULL,NULL,0.00,0.00),(473424,1574,1717,190300.00,1,NULL,'cartitem','5',NULL,NULL,NULL,NULL,0.00,0.00),(473425,1574,1717,190300.00,1,NULL,'cartitem','5',NULL,NULL,NULL,NULL,0.00,0.00),(473426,2091,1717,187000.00,1,NULL,'cartitem','5',NULL,NULL,NULL,NULL,0.00,0.00),(473427,2090,1717,187000.00,1,NULL,'cartitem','5',NULL,NULL,NULL,NULL,0.00,0.00),(473428,1616,1717,231000.00,1,NULL,'cartitem','5',NULL,NULL,NULL,NULL,0.00,0.00),(473429,1616,1717,231000.00,1,NULL,'cartitem','5',NULL,NULL,NULL,NULL,0.00,0.00),(473430,2091,1717,187000.00,1,NULL,'cartitem','5',NULL,NULL,NULL,NULL,0.00,0.00),(473431,2090,1717,187000.00,1,NULL,'cartitem','5',NULL,NULL,NULL,NULL,0.00,0.00),(473432,1616,1717,231000.00,1,NULL,'cartitem','5',NULL,NULL,NULL,NULL,0.00,0.00),(473433,1616,1717,231000.00,1,NULL,'cartitem','5',NULL,NULL,NULL,NULL,0.00,0.00),(473434,2091,1717,187000.00,1,NULL,'cartitem','5',NULL,NULL,NULL,NULL,0.00,0.00),(473435,2090,1717,187000.00,1,NULL,'cartitem','5',NULL,NULL,NULL,NULL,0.00,0.00),(473436,1616,1717,231000.00,1,NULL,'cartitem','5',NULL,NULL,NULL,NULL,0.00,0.00),(473437,1616,1717,231000.00,1,NULL,'cartitem','5',NULL,NULL,NULL,NULL,0.00,0.00),(473438,2091,1717,187000.00,1,NULL,'cartitem','5',NULL,NULL,NULL,NULL,0.00,0.00),(473439,2090,1717,187000.00,1,NULL,'cartitem','5',NULL,NULL,NULL,NULL,0.00,0.00),(473440,1616,1717,231000.00,1,NULL,'cartitem','5',NULL,NULL,NULL,NULL,0.00,0.00),(473441,1616,1717,231000.00,1,NULL,'cartitem','5',NULL,NULL,NULL,NULL,0.00,0.00),(473442,2091,1717,187000.00,1,NULL,'cartitem','5',NULL,NULL,NULL,NULL,0.00,0.00),(473443,2090,1717,187000.00,1,NULL,'cartitem','5',NULL,NULL,NULL,NULL,0.00,0.00),(473444,1616,1717,231000.00,1,NULL,'cartitem','5',NULL,NULL,NULL,NULL,0.00,0.00),(473445,1616,1717,231000.00,1,NULL,'cartitem','5',NULL,NULL,NULL,NULL,0.00,0.00),(473446,2091,1717,187000.00,1,NULL,'cartitem','5',NULL,NULL,NULL,NULL,0.00,0.00),(473447,2090,1717,187000.00,1,NULL,'cartitem','5',NULL,NULL,NULL,NULL,0.00,0.00),(473448,1616,1717,231000.00,1,NULL,'cartitem','5',NULL,NULL,NULL,NULL,0.00,0.00),(473449,1616,1717,231000.00,1,NULL,'cartitem','5',NULL,NULL,NULL,NULL,0.00,0.00),(473450,2091,1717,187000.00,1,NULL,'cartitem','5',NULL,NULL,NULL,NULL,0.00,0.00),(473451,2090,1717,187000.00,1,NULL,'cartitem','5',NULL,NULL,NULL,NULL,0.00,0.00),(473452,1616,1717,231000.00,1,NULL,'cartitem','5',NULL,NULL,NULL,NULL,0.00,0.00),(473453,1616,1717,231000.00,1,NULL,'cartitem','5',NULL,NULL,NULL,NULL,0.00,0.00),(473454,2091,1717,187000.00,1,NULL,'cartitem','5',NULL,NULL,NULL,NULL,0.00,0.00),(473455,2090,1717,187000.00,1,NULL,'cartitem','5',NULL,NULL,NULL,NULL,0.00,0.00),(473456,1616,1717,231000.00,1,NULL,'cartitem','5',NULL,NULL,NULL,NULL,0.00,0.00),(473457,1616,1717,231000.00,1,NULL,'cartitem','5',NULL,NULL,NULL,NULL,0.00,0.00),(473458,2091,1717,187000.00,1,NULL,'cartitem','5',NULL,NULL,NULL,NULL,0.00,0.00),(473459,2090,1717,187000.00,1,NULL,'cartitem','5',NULL,NULL,NULL,NULL,0.00,0.00),(473460,1616,1717,231000.00,1,NULL,'cartitem','5',NULL,NULL,NULL,NULL,0.00,0.00),(473461,1616,1717,231000.00,1,NULL,'cartitem','5',NULL,NULL,NULL,NULL,0.00,0.00),(473462,2091,1717,187000.00,1,NULL,'cartitem','5',NULL,NULL,NULL,NULL,0.00,0.00),(473463,2090,1717,187000.00,1,NULL,'cartitem','5',NULL,NULL,NULL,NULL,0.00,0.00),(473464,1616,1717,231000.00,1,NULL,'cartitem','5',NULL,NULL,NULL,NULL,0.00,0.00),(473465,1616,1717,231000.00,1,NULL,'cartitem','5',NULL,NULL,NULL,NULL,0.00,0.00),(473466,2091,1717,187000.00,1,NULL,'cartitem','5',NULL,NULL,NULL,NULL,0.00,0.00),(473467,2090,1717,187000.00,1,NULL,'cartitem','5',NULL,NULL,NULL,NULL,0.00,0.00),(473468,1616,1717,231000.00,1,NULL,'cartitem','5',NULL,NULL,NULL,NULL,0.00,0.00),(473469,1616,1717,231000.00,1,NULL,'cartitem','5',NULL,NULL,NULL,NULL,0.00,0.00),(473470,2091,1717,187000.00,1,NULL,'cartitem','5',NULL,NULL,NULL,NULL,0.00,0.00),(473471,2090,1717,187000.00,1,NULL,'cartitem','5',NULL,NULL,NULL,NULL,0.00,0.00),(473472,1616,1717,231000.00,1,NULL,'cartitem','5',NULL,NULL,NULL,NULL,0.00,0.00),(473473,1616,1717,231000.00,1,NULL,'cartitem','5',NULL,NULL,NULL,NULL,0.00,0.00),(473474,2091,1717,187000.00,1,NULL,'cartitem','5',NULL,NULL,NULL,NULL,0.00,0.00),(473475,2090,1717,187000.00,1,NULL,'cartitem','5',NULL,NULL,NULL,NULL,0.00,0.00),(473476,1616,1717,231000.00,1,NULL,'cartitem','5',NULL,NULL,NULL,NULL,0.00,0.00),(473477,1616,1717,231000.00,1,NULL,'cartitem','5',NULL,NULL,NULL,NULL,0.00,0.00),(473478,2091,1717,187000.00,1,NULL,'cartitem','5',NULL,NULL,NULL,NULL,0.00,0.00),(473479,2090,1717,187000.00,1,NULL,'cartitem','5',NULL,NULL,NULL,NULL,0.00,0.00),(473480,1616,1717,231000.00,1,NULL,'cartitem','5',NULL,NULL,NULL,NULL,0.00,0.00),(473481,1616,1717,231000.00,1,NULL,'cartitem','5',NULL,NULL,NULL,NULL,0.00,0.00),(473482,2091,1717,187000.00,1,NULL,'cartitem','5',NULL,NULL,NULL,NULL,0.00,0.00),(473483,2090,1717,187000.00,1,NULL,'cartitem','5',NULL,NULL,NULL,NULL,0.00,0.00),(473484,1616,1717,231000.00,1,NULL,'cartitem','5',NULL,NULL,NULL,NULL,0.00,0.00),(473485,1616,1717,231000.00,1,NULL,'cartitem','5',NULL,NULL,NULL,NULL,0.00,0.00),(473486,2091,1717,187000.00,1,NULL,'cartitem','5',NULL,NULL,NULL,NULL,0.00,0.00),(473487,2090,1717,187000.00,1,NULL,'cartitem','5',NULL,NULL,NULL,NULL,0.00,0.00),(473488,1616,1717,231000.00,1,NULL,'cartitem','5',NULL,NULL,NULL,NULL,0.00,0.00),(473489,1616,1717,231000.00,1,NULL,'cartitem','5',NULL,NULL,NULL,NULL,0.00,0.00),(473490,2091,1717,187000.00,1,NULL,'cartitem','5',NULL,NULL,NULL,NULL,0.00,0.00),(473491,2090,1717,187000.00,1,NULL,'cartitem','5',NULL,NULL,NULL,NULL,0.00,0.00),(473492,1616,1717,231000.00,1,NULL,'cartitem','5',NULL,NULL,NULL,NULL,0.00,0.00),(473493,1616,1717,231000.00,1,NULL,'cartitem','5',NULL,NULL,NULL,NULL,0.00,0.00),(473494,2091,1717,187000.00,1,NULL,'cartitem','5',NULL,NULL,NULL,NULL,0.00,0.00),(473495,2090,1717,187000.00,1,NULL,'cartitem','5',NULL,NULL,NULL,NULL,0.00,0.00),(473496,1616,1717,231000.00,1,NULL,'cartitem','5',NULL,NULL,NULL,NULL,0.00,0.00),(473497,1616,1717,231000.00,1,NULL,'cartitem','5',NULL,NULL,NULL,NULL,0.00,0.00),(473498,2091,1717,187000.00,1,NULL,'cartitem','5',NULL,NULL,NULL,NULL,0.00,0.00),(473499,2090,1717,187000.00,1,NULL,'cartitem','5',NULL,NULL,NULL,NULL,0.00,0.00),(473500,1616,1717,231000.00,1,NULL,'cartitem','5',NULL,NULL,NULL,NULL,0.00,0.00),(473501,1616,1717,231000.00,1,NULL,'cartitem','5',NULL,NULL,NULL,NULL,0.00,0.00),(473502,2091,1717,187000.00,1,NULL,'cartitem','5',NULL,NULL,NULL,NULL,0.00,0.00),(473503,2090,1717,187000.00,1,NULL,'cartitem','5',NULL,NULL,NULL,NULL,0.00,0.00),(473504,1616,1717,231000.00,1,NULL,'cartitem','5',NULL,NULL,NULL,NULL,0.00,0.00),(473505,1616,1717,231000.00,1,NULL,'cartitem','5',NULL,NULL,NULL,NULL,0.00,0.00),(473506,2091,1717,187000.00,1,NULL,'cartitem','5',NULL,NULL,NULL,NULL,0.00,0.00),(473507,2090,1717,187000.00,1,NULL,'cartitem','5',NULL,NULL,NULL,NULL,0.00,0.00),(473508,1616,1717,231000.00,1,NULL,'cartitem','5',NULL,NULL,NULL,NULL,0.00,0.00),(473509,1616,1717,231000.00,1,NULL,'cartitem','5',NULL,NULL,NULL,NULL,0.00,0.00),(473510,2091,1717,187000.00,1,NULL,'cartitem','5',NULL,NULL,NULL,NULL,0.00,0.00),(473511,2090,1717,187000.00,1,NULL,'cartitem','5',NULL,NULL,NULL,NULL,0.00,0.00),(473512,1616,1717,231000.00,1,NULL,'cartitem','5',NULL,NULL,NULL,NULL,0.00,0.00),(473513,1616,1717,231000.00,1,NULL,'cartitem','5',NULL,NULL,NULL,NULL,0.00,0.00),(473514,2091,1717,187000.00,1,NULL,'cartitem','5',NULL,NULL,NULL,NULL,0.00,0.00),(473515,2090,1717,187000.00,1,NULL,'cartitem','5',NULL,NULL,NULL,NULL,0.00,0.00),(473516,1616,1717,231000.00,1,NULL,'cartitem','5',NULL,NULL,NULL,NULL,0.00,0.00),(473517,1616,1717,231000.00,1,NULL,'cartitem','5',NULL,NULL,NULL,NULL,0.00,0.00),(473518,2091,1717,187000.00,1,NULL,'cartitem','5',NULL,NULL,NULL,NULL,0.00,0.00),(473519,2090,1717,187000.00,1,NULL,'cartitem','5',NULL,NULL,NULL,NULL,0.00,0.00),(473520,1616,1717,231000.00,1,NULL,'cartitem','5',NULL,NULL,NULL,NULL,0.00,0.00),(473521,1616,1717,231000.00,1,NULL,'cartitem','5',NULL,NULL,NULL,NULL,0.00,0.00),(473522,1616,1717,231000.00,1,NULL,'cartitem','5',NULL,NULL,NULL,NULL,0.00,0.00),(473523,1616,1717,231000.00,1,NULL,'cartitem','5',NULL,NULL,NULL,NULL,0.00,0.00),(473524,1616,1717,231000.00,1,NULL,'cartitem','5',NULL,NULL,NULL,NULL,0.00,0.00),(473525,1616,1717,231000.00,1,NULL,'cartitem','5',NULL,NULL,NULL,NULL,0.00,0.00),(473526,1616,1717,231000.00,1,NULL,'cartitem','5',NULL,NULL,NULL,NULL,0.00,0.00),(473527,1616,1717,231000.00,1,NULL,'cartitem','5',NULL,NULL,NULL,NULL,0.00,0.00),(473528,1574,1717,190300.00,1,NULL,'cartitem','5',NULL,NULL,NULL,NULL,0.00,0.00),(473529,1574,1717,190300.00,1,NULL,'cartitem','5',NULL,NULL,NULL,NULL,0.00,0.00),(473530,1616,1717,231000.00,1,NULL,'cartitem','5',NULL,NULL,NULL,NULL,0.00,0.00),(473531,1616,1717,231000.00,1,NULL,'cartitem','5',NULL,NULL,NULL,NULL,0.00,0.00),(473532,1574,1717,190300.00,1,NULL,'cartitem','5',NULL,NULL,NULL,NULL,0.00,0.00),(473533,1574,1717,190300.00,1,NULL,'cartitem','5',NULL,NULL,NULL,NULL,0.00,0.00),(473534,1616,1717,231000.00,1,NULL,'cartitem','5',NULL,NULL,NULL,NULL,0.00,0.00),(473535,1616,1717,231000.00,1,NULL,'cartitem','5',NULL,NULL,NULL,NULL,0.00,0.00),(473536,1574,1717,190300.00,1,NULL,'cartitem','5',NULL,NULL,NULL,NULL,0.00,0.00),(473537,1574,1717,190300.00,1,NULL,'cartitem','5',NULL,NULL,NULL,NULL,0.00,0.00),(473538,1616,1717,231000.00,1,NULL,'cartitem','5',NULL,NULL,NULL,NULL,0.00,0.00),(473539,1616,1717,231000.00,1,NULL,'cartitem','5',NULL,NULL,NULL,NULL,0.00,0.00),(473540,1574,1717,190300.00,1,NULL,'cartitem','5',NULL,NULL,NULL,NULL,0.00,0.00),(473541,1574,1717,190300.00,1,NULL,'cartitem','5',NULL,NULL,NULL,NULL,0.00,0.00),(473542,1616,1717,231000.00,1,NULL,'cartitem','5',NULL,NULL,NULL,NULL,0.00,0.00),(473543,1616,1717,231000.00,1,NULL,'cartitem','5',NULL,NULL,NULL,NULL,0.00,0.00),(473544,1574,1717,190300.00,1,NULL,'cartitem','5',NULL,NULL,NULL,NULL,0.00,0.00),(473545,1574,1717,190300.00,1,NULL,'cartitem','5',NULL,NULL,NULL,NULL,0.00,0.00),(473546,1616,1717,231000.00,1,NULL,'cartitem','5',NULL,NULL,NULL,NULL,0.00,0.00),(473547,1616,1717,231000.00,1,NULL,'cartitem','5',NULL,NULL,NULL,NULL,0.00,0.00),(473548,1574,1717,190300.00,1,NULL,'cartitem','5',NULL,NULL,NULL,NULL,0.00,0.00),(473549,1574,1717,190300.00,1,NULL,'cartitem','5',NULL,NULL,NULL,NULL,0.00,0.00),(473550,1616,1717,231000.00,1,NULL,'cartitem','5',NULL,NULL,NULL,NULL,0.00,0.00),(473551,1616,1717,231000.00,1,NULL,'cartitem','5',NULL,NULL,NULL,NULL,0.00,0.00),(473552,1574,1717,190300.00,1,NULL,'cartitem','5',NULL,NULL,NULL,NULL,0.00,0.00),(473553,1574,1717,190300.00,1,NULL,'cartitem','5',NULL,NULL,NULL,NULL,0.00,0.00),(473554,1616,1717,231000.00,1,NULL,'cartitem','5',NULL,NULL,NULL,NULL,0.00,0.00),(473555,1616,1717,231000.00,1,NULL,'cartitem','5',NULL,NULL,NULL,NULL,0.00,0.00),(473556,1462,1717,170500.00,1,NULL,'cartitem','5',NULL,NULL,NULL,NULL,0.00,0.00),(473557,1574,1717,190300.00,1,NULL,'cartitem','5',NULL,NULL,NULL,NULL,0.00,0.00),(473558,1574,1717,190300.00,1,NULL,'cartitem','5',NULL,NULL,NULL,NULL,0.00,0.00),(473559,1616,1717,231000.00,1,NULL,'cartitem','5',NULL,NULL,NULL,NULL,0.00,0.00),(473560,1616,1717,231000.00,1,NULL,'cartitem','5',NULL,NULL,NULL,NULL,0.00,0.00),(473561,1462,1717,170500.00,1,NULL,'cartitem','5',NULL,NULL,NULL,NULL,0.00,0.00),(473562,1574,1717,190300.00,1,NULL,'cartitem','5',NULL,NULL,NULL,NULL,0.00,0.00),(473563,1574,1717,190300.00,1,NULL,'cartitem','5',NULL,NULL,NULL,NULL,0.00,0.00),(473564,1616,1717,231000.00,1,NULL,'cartitem','5',NULL,NULL,NULL,NULL,0.00,0.00),(473565,1616,1717,231000.00,1,NULL,'cartitem','5',NULL,NULL,NULL,NULL,0.00,0.00),(473566,1462,1717,170500.00,1,NULL,'cartitem','5',NULL,NULL,NULL,NULL,0.00,0.00),(473567,1616,1717,231000.00,1,NULL,'cartitem','5',NULL,NULL,NULL,NULL,0.00,0.00),(473568,1616,1717,231000.00,1,NULL,'cartitem','5',NULL,NULL,NULL,NULL,0.00,0.00),(473569,1574,1717,190300.00,1,NULL,'cartitem','5',NULL,NULL,NULL,NULL,0.00,0.00),(473570,1574,1717,190300.00,1,NULL,'cartitem','5',NULL,NULL,NULL,NULL,0.00,0.00),(473571,1574,1717,190300.00,1,NULL,'cartitem','5',NULL,NULL,NULL,NULL,0.00,0.00),(473572,1574,1717,190300.00,1,NULL,'cartitem','5',NULL,NULL,NULL,NULL,0.00,0.00),(473573,1574,1717,190300.00,1,NULL,'cartitem','5',NULL,NULL,NULL,NULL,0.00,0.00),(473574,1574,1717,190300.00,1,NULL,'cartitem','5',NULL,NULL,NULL,NULL,0.00,0.00),(474316,1450,1721,148500.00,1,NULL,'cartitem','3','なし',NULL,'','なし',0.00,0.00),(474317,1457,1721,148500.00,1,NULL,'cartitem','3','なし',NULL,'','なし',0.00,0.00),(474332,2003,1727,121000.00,1,NULL,'cartitem','3','なし',NULL,'','なし',0.00,0.00),(474333,2003,1727,121000.00,1,NULL,'cartitem','3','なし',NULL,'','なし',0.00,0.00),(474334,1450,1728,148500.00,1,NULL,'cartitem','3','なし',NULL,'','なし',0.00,0.00),(474335,1457,1728,148500.00,1,NULL,'cartitem','3','なし',NULL,'','なし',0.00,0.00),(474352,1462,1734,170500.00,1,NULL,'cartitem','5',NULL,NULL,NULL,NULL,0.00,0.00),(474353,1462,1734,170500.00,1,NULL,'cartitem','5',NULL,NULL,NULL,NULL,0.00,0.00),(474354,1462,1734,170500.00,1,NULL,'cartitem','5',NULL,NULL,NULL,NULL,0.00,0.00),(474355,1462,1734,170500.00,1,NULL,'cartitem','5',NULL,NULL,NULL,NULL,0.00,0.00),(474356,1462,1734,170500.00,1,NULL,'cartitem','5',NULL,NULL,NULL,NULL,0.00,0.00),(474357,1462,1734,170500.00,1,NULL,'cartitem','5',NULL,NULL,NULL,NULL,0.00,0.00),(474358,1462,1734,170500.00,1,NULL,'cartitem','5',NULL,NULL,NULL,NULL,0.00,0.00),(474359,1462,1734,170500.00,1,NULL,'cartitem','5',NULL,NULL,NULL,NULL,0.00,0.00),(822607,1574,2562,190300.00,1,NULL,'cartitem','5',NULL,NULL,NULL,NULL,0.00,0.00),(822608,1574,2562,190300.00,1,NULL,'cartitem','5',NULL,NULL,NULL,NULL,0.00,0.00),(822609,1574,2562,190300.00,1,NULL,'cartitem','5',NULL,NULL,NULL,NULL,0.00,0.00),(822610,1574,2562,190300.00,1,NULL,'cartitem','5',NULL,NULL,NULL,NULL,0.00,0.00),(822611,1574,2562,190300.00,1,NULL,'cartitem','5',NULL,NULL,NULL,NULL,0.00,0.00),(822612,1574,2562,190300.00,1,NULL,'cartitem','5',NULL,NULL,NULL,NULL,0.00,0.00),(822613,1574,2562,190300.00,1,NULL,'cartitem','5',NULL,NULL,NULL,NULL,0.00,0.00),(822614,1574,2562,190300.00,1,NULL,'cartitem','5',NULL,NULL,NULL,NULL,0.00,0.00),(822615,1588,2562,187000.00,1,NULL,'cartitem','5',NULL,NULL,NULL,NULL,0.00,0.00),(822616,1588,2562,187000.00,1,NULL,'cartitem','5',NULL,NULL,NULL,NULL,0.00,0.00),(822617,1588,2562,187000.00,1,NULL,'cartitem','5',NULL,NULL,NULL,NULL,0.00,0.00),(822618,1588,2562,187000.00,1,NULL,'cartitem','5',NULL,NULL,NULL,NULL,0.00,0.00),(822619,1588,2562,187000.00,1,NULL,'cartitem','5',NULL,NULL,NULL,NULL,0.00,0.00),(822620,1588,2562,187000.00,1,NULL,'cartitem','5',NULL,NULL,NULL,NULL,0.00,0.00),(822621,1588,2562,187000.00,1,NULL,'cartitem','5',NULL,NULL,NULL,NULL,0.00,0.00),(822622,1588,2562,187000.00,1,NULL,'cartitem','5',NULL,NULL,NULL,NULL,0.00,0.00),(822623,1560,2562,225500.00,1,NULL,'cartitem','5',NULL,NULL,NULL,NULL,0.00,0.00),(822624,2091,2562,187000.00,1,NULL,'cartitem','5',NULL,NULL,NULL,NULL,0.00,0.00),(822625,2076,2562,176000.00,1,NULL,'cartitem','5',NULL,NULL,NULL,NULL,0.00,0.00),(822626,1560,2562,225500.00,1,NULL,'cartitem','5',NULL,NULL,NULL,NULL,0.00,0.00),(822627,2091,2562,187000.00,1,NULL,'cartitem','5',NULL,NULL,NULL,NULL,0.00,0.00),(822628,1560,2562,225500.00,1,NULL,'cartitem','5',NULL,NULL,NULL,NULL,0.00,0.00),(822629,2090,2562,187000.00,1,NULL,'cartitem','5',NULL,NULL,NULL,NULL,0.00,0.00),(822630,2076,2562,176000.00,1,NULL,'cartitem','5',NULL,NULL,NULL,NULL,0.00,0.00),(822631,2076,2562,176000.00,1,NULL,'cartitem','5',NULL,NULL,NULL,NULL,0.00,0.00),(822632,1560,2562,225500.00,1,NULL,'cartitem','5',NULL,NULL,NULL,NULL,0.00,0.00),(822633,2090,2562,187000.00,1,NULL,'cartitem','5',NULL,NULL,NULL,NULL,0.00,0.00),(822634,1560,2562,225500.00,1,NULL,'cartitem','5',NULL,NULL,NULL,NULL,0.00,0.00),(822635,1560,2562,225500.00,1,NULL,'cartitem','5',NULL,NULL,NULL,NULL,0.00,0.00),(822636,2091,2562,187000.00,1,NULL,'cartitem','5',NULL,NULL,NULL,NULL,0.00,0.00),(822637,2090,2562,187000.00,1,NULL,'cartitem','5',NULL,NULL,NULL,NULL,0.00,0.00),(822638,2076,2562,176000.00,1,NULL,'cartitem','5',NULL,NULL,NULL,NULL,0.00,0.00),(822639,2076,2562,176000.00,1,NULL,'cartitem','5',NULL,NULL,NULL,NULL,0.00,0.00),(822640,2076,2562,176000.00,1,NULL,'cartitem','5',NULL,NULL,NULL,NULL,0.00,0.00),(822641,1560,2562,225500.00,1,NULL,'cartitem','5',NULL,NULL,NULL,NULL,0.00,0.00),(822642,1560,2562,225500.00,1,NULL,'cartitem','5',NULL,NULL,NULL,NULL,0.00,0.00),(822643,2091,2562,187000.00,1,NULL,'cartitem','5',NULL,NULL,NULL,NULL,0.00,0.00),(822644,2090,2562,187000.00,1,NULL,'cartitem','5',NULL,NULL,NULL,NULL,0.00,0.00),(822645,2076,2562,176000.00,1,NULL,'cartitem','5',NULL,NULL,NULL,NULL,0.00,0.00),(822646,2076,2562,176000.00,1,NULL,'cartitem','5',NULL,NULL,NULL,NULL,0.00,0.00),(822647,1574,2562,190300.00,1,NULL,'cartitem','5',NULL,NULL,NULL,NULL,0.00,0.00),(822648,1574,2562,190300.00,1,NULL,'cartitem','5',NULL,NULL,NULL,NULL,0.00,0.00),(822649,1574,2562,190300.00,1,NULL,'cartitem','5',NULL,NULL,NULL,NULL,0.00,0.00),(822650,1462,2562,170500.00,1,NULL,'cartitem','5',NULL,NULL,NULL,NULL,0.00,0.00),(822651,1462,2562,170500.00,1,NULL,'cartitem','5',NULL,NULL,NULL,NULL,0.00,0.00),(822652,2090,2562,187000.00,1,NULL,'cartitem','5',NULL,NULL,NULL,NULL,0.00,0.00),(822653,2091,2562,187000.00,1,NULL,'cartitem','5',NULL,NULL,NULL,NULL,0.00,0.00),(822654,2090,2562,187000.00,1,NULL,'cartitem','5',NULL,NULL,NULL,NULL,0.00,0.00),(822655,1462,2562,170500.00,1,NULL,'cartitem','5',NULL,NULL,NULL,NULL,0.00,0.00),(822656,2091,2562,187000.00,1,NULL,'cartitem','5',NULL,NULL,NULL,NULL,0.00,0.00),(822657,2090,2562,187000.00,1,NULL,'cartitem','5',NULL,NULL,NULL,NULL,0.00,0.00),(822658,2091,2562,187000.00,1,NULL,'cartitem','5',NULL,NULL,NULL,NULL,0.00,0.00),(822659,2076,2562,176000.00,1,NULL,'cartitem','5',NULL,NULL,NULL,NULL,0.00,0.00),(822660,1574,2562,190300.00,1,NULL,'cartitem','5',NULL,NULL,NULL,NULL,0.00,0.00),(822661,2076,2562,176000.00,1,NULL,'cartitem','5',NULL,NULL,NULL,NULL,0.00,0.00),(822662,1574,2562,190300.00,1,NULL,'cartitem','5',NULL,NULL,NULL,NULL,0.00,0.00),(822663,2076,2562,176000.00,1,NULL,'cartitem','5',NULL,NULL,NULL,NULL,0.00,0.00),(822664,1574,2562,190300.00,1,NULL,'cartitem','5',NULL,NULL,NULL,NULL,0.00,0.00),(822665,2076,2562,176000.00,1,NULL,'cartitem','5',NULL,NULL,NULL,NULL,0.00,0.00),(822666,2076,2562,176000.00,1,NULL,'cartitem','5',NULL,NULL,NULL,NULL,0.00,0.00),(822667,1574,2562,190300.00,1,NULL,'cartitem','5',NULL,NULL,NULL,NULL,0.00,0.00),(822668,1574,2562,190300.00,1,NULL,'cartitem','5',NULL,NULL,NULL,NULL,0.00,0.00),(822669,1574,2562,190300.00,1,NULL,'cartitem','5',NULL,NULL,NULL,NULL,0.00,0.00),(822670,1574,2562,190300.00,1,NULL,'cartitem','5',NULL,NULL,NULL,NULL,0.00,0.00),(822671,1574,2562,190300.00,1,NULL,'cartitem','5',NULL,NULL,NULL,NULL,0.00,0.00),(822672,1574,2562,190300.00,1,NULL,'cartitem','5',NULL,NULL,NULL,NULL,0.00,0.00),(822673,1574,2562,190300.00,1,NULL,'cartitem','5',NULL,NULL,NULL,NULL,0.00,0.00),(822674,2076,2562,176000.00,1,NULL,'cartitem','5',NULL,NULL,NULL,NULL,0.00,0.00),(822675,1574,2562,190300.00,1,NULL,'cartitem','5',NULL,NULL,NULL,NULL,0.00,0.00),(822676,1574,2562,190300.00,1,NULL,'cartitem','5',NULL,NULL,NULL,NULL,0.00,0.00),(822677,1574,2562,190300.00,1,NULL,'cartitem','5',NULL,NULL,NULL,NULL,0.00,0.00),(822678,1462,2562,170500.00,1,NULL,'cartitem','5',NULL,NULL,NULL,NULL,0.00,0.00),(822679,1574,2562,190300.00,1,NULL,'cartitem','5',NULL,NULL,NULL,NULL,0.00,0.00),(822680,1462,2562,170500.00,1,NULL,'cartitem','5',NULL,NULL,NULL,NULL,0.00,0.00),(822681,1574,2562,190300.00,1,NULL,'cartitem','5',NULL,NULL,NULL,NULL,0.00,0.00),(822682,1462,2562,170500.00,1,NULL,'cartitem','5',NULL,NULL,NULL,NULL,0.00,0.00),(822683,2090,2562,187000.00,1,NULL,'cartitem','5',NULL,NULL,NULL,NULL,0.00,0.00),(822684,2091,2562,187000.00,1,NULL,'cartitem','5',NULL,NULL,NULL,NULL,0.00,0.00),(822685,1574,2562,190300.00,1,NULL,'cartitem','5',NULL,NULL,NULL,NULL,0.00,0.00),(822686,1462,2562,170500.00,1,NULL,'cartitem','5',NULL,NULL,NULL,NULL,0.00,0.00),(822687,1462,2562,170500.00,1,NULL,'cartitem','5',NULL,NULL,NULL,NULL,0.00,0.00),(822688,2090,2562,187000.00,1,NULL,'cartitem','5',NULL,NULL,NULL,NULL,0.00,0.00),(822689,1462,2562,170500.00,1,NULL,'cartitem','5',NULL,NULL,NULL,NULL,0.00,0.00),(822690,1462,2562,170500.00,1,NULL,'cartitem','5',NULL,NULL,NULL,NULL,0.00,0.00),(822691,2091,2562,187000.00,1,NULL,'cartitem','5',NULL,NULL,NULL,NULL,0.00,0.00),(822692,1462,2562,170500.00,1,NULL,'cartitem','5',NULL,NULL,NULL,NULL,0.00,0.00),(822693,1462,2562,170500.00,1,NULL,'cartitem','5',NULL,NULL,NULL,NULL,0.00,0.00),(822694,1574,2562,190300.00,1,NULL,'cartitem','5',NULL,NULL,NULL,NULL,0.00,0.00),(822695,2090,2562,187000.00,1,NULL,'cartitem','5',NULL,NULL,NULL,NULL,0.00,0.00),(822696,2091,2562,187000.00,1,NULL,'cartitem','5',NULL,NULL,NULL,NULL,0.00,0.00),(822697,1462,2562,170500.00,1,NULL,'cartitem','5',NULL,NULL,NULL,NULL,0.00,0.00),(822698,1574,2562,190300.00,1,NULL,'cartitem','5',NULL,NULL,NULL,NULL,0.00,0.00),(822699,2090,2562,187000.00,1,NULL,'cartitem','5',NULL,NULL,NULL,NULL,0.00,0.00),(822700,2090,2562,187000.00,1,NULL,'cartitem','5',NULL,NULL,NULL,NULL,0.00,0.00),(822701,2090,2562,187000.00,1,NULL,'cartitem','5',NULL,NULL,NULL,NULL,0.00,0.00),(822702,2090,2562,187000.00,1,NULL,'cartitem','5',NULL,NULL,NULL,NULL,0.00,0.00),(822703,2090,2562,187000.00,1,NULL,'cartitem','5',NULL,NULL,NULL,NULL,0.00,0.00),(822704,2091,2562,187000.00,1,NULL,'cartitem','5',NULL,NULL,NULL,NULL,0.00,0.00),(822705,2090,2562,187000.00,1,NULL,'cartitem','5',NULL,NULL,NULL,NULL,0.00,0.00),(822706,2091,2562,187000.00,1,NULL,'cartitem','5',NULL,NULL,NULL,NULL,0.00,0.00),(822707,1462,2562,170500.00,1,NULL,'cartitem','5',NULL,NULL,NULL,NULL,0.00,0.00),(822708,2090,2562,187000.00,1,NULL,'cartitem','5',NULL,NULL,NULL,NULL,0.00,0.00),(822709,2091,2562,187000.00,1,NULL,'cartitem','5',NULL,NULL,NULL,NULL,0.00,0.00),(822710,2091,2562,187000.00,1,NULL,'cartitem','5',NULL,NULL,NULL,NULL,0.00,0.00),(822711,1574,2562,190300.00,1,NULL,'cartitem','5',NULL,NULL,NULL,NULL,0.00,0.00),(822712,2091,2562,187000.00,1,NULL,'cartitem','5',NULL,NULL,NULL,NULL,0.00,0.00),(822713,2091,2562,187000.00,1,NULL,'cartitem','5',NULL,NULL,NULL,NULL,0.00,0.00),(822714,1462,2562,170500.00,1,NULL,'cartitem','5',NULL,NULL,NULL,NULL,0.00,0.00),(822715,2090,2562,187000.00,1,NULL,'cartitem','5',NULL,NULL,NULL,NULL,0.00,0.00),(822716,1574,2562,190300.00,1,NULL,'cartitem','5',NULL,NULL,NULL,NULL,0.00,0.00),(822717,1574,2562,190300.00,1,NULL,'cartitem','5',NULL,NULL,NULL,NULL,0.00,0.00),(822718,2091,2562,187000.00,1,NULL,'cartitem','5',NULL,NULL,NULL,NULL,0.00,0.00),(822719,1574,2562,190300.00,1,NULL,'cartitem','5',NULL,NULL,NULL,NULL,0.00,0.00),(822720,1574,2562,190300.00,1,NULL,'cartitem','5',NULL,NULL,NULL,NULL,0.00,0.00),(822721,1462,2562,170500.00,1,NULL,'cartitem','5',NULL,NULL,NULL,NULL,0.00,0.00),(822722,2076,2562,176000.00,1,NULL,'cartitem','5',NULL,NULL,NULL,NULL,0.00,0.00),(822723,2090,2562,187000.00,1,NULL,'cartitem','5',NULL,NULL,NULL,NULL,0.00,0.00),(822724,2091,2562,187000.00,1,NULL,'cartitem','5',NULL,NULL,NULL,NULL,0.00,0.00),(822725,1574,2562,190300.00,1,NULL,'cartitem','5',NULL,NULL,NULL,NULL,0.00,0.00),(822726,1462,2562,170500.00,1,NULL,'cartitem','5',NULL,NULL,NULL,NULL,0.00,0.00),(822727,2076,2562,176000.00,1,NULL,'cartitem','5',NULL,NULL,NULL,NULL,0.00,0.00),(822728,2090,2562,187000.00,1,NULL,'cartitem','5',NULL,NULL,NULL,NULL,0.00,0.00),(822729,2076,2562,176000.00,1,NULL,'cartitem','5',NULL,NULL,NULL,NULL,0.00,0.00),(822730,2091,2562,187000.00,1,NULL,'cartitem','5',NULL,NULL,NULL,NULL,0.00,0.00),(822731,1574,2562,190300.00,1,NULL,'cartitem','5',NULL,NULL,NULL,NULL,0.00,0.00),(822732,1462,2562,170500.00,1,NULL,'cartitem','5',NULL,NULL,NULL,NULL,0.00,0.00),(822733,2076,2562,176000.00,1,NULL,'cartitem','5',NULL,NULL,NULL,NULL,0.00,0.00),(822734,2090,2562,187000.00,1,NULL,'cartitem','5',NULL,NULL,NULL,NULL,0.00,0.00),(822735,2076,2562,176000.00,1,NULL,'cartitem','5',NULL,NULL,NULL,NULL,0.00,0.00),(822736,2091,2562,187000.00,1,NULL,'cartitem','5',NULL,NULL,NULL,NULL,0.00,0.00),(822737,1574,2562,190300.00,1,NULL,'cartitem','5',NULL,NULL,NULL,NULL,0.00,0.00),(822738,1462,2562,170500.00,1,NULL,'cartitem','5',NULL,NULL,NULL,NULL,0.00,0.00),(822739,2076,2562,176000.00,1,NULL,'cartitem','5',NULL,NULL,NULL,NULL,0.00,0.00),(822740,2076,2562,176000.00,1,NULL,'cartitem','5',NULL,NULL,NULL,NULL,0.00,0.00),(822741,2090,2562,187000.00,1,NULL,'cartitem','5',NULL,NULL,NULL,NULL,0.00,0.00),(822742,2076,2562,176000.00,1,NULL,'cartitem','5',NULL,NULL,NULL,NULL,0.00,0.00),(822743,2076,2562,176000.00,1,NULL,'cartitem','5',NULL,NULL,NULL,NULL,0.00,0.00),(822744,2076,2562,176000.00,1,NULL,'cartitem','5',NULL,NULL,NULL,NULL,0.00,0.00),(822745,2076,2562,176000.00,1,NULL,'cartitem','5',NULL,NULL,NULL,NULL,0.00,0.00),(822746,2076,2562,176000.00,1,NULL,'cartitem','5',NULL,NULL,NULL,NULL,0.00,0.00),(822747,2091,2562,187000.00,1,NULL,'cartitem','5',NULL,NULL,NULL,NULL,0.00,0.00),(822748,2076,2562,176000.00,1,NULL,'cartitem','5',NULL,NULL,NULL,NULL,0.00,0.00),(822749,1574,2562,190300.00,1,NULL,'cartitem','5',NULL,NULL,NULL,NULL,0.00,0.00),(822750,1574,2562,190300.00,1,NULL,'cartitem','5',NULL,NULL,NULL,NULL,0.00,0.00),(822751,1574,2562,190300.00,1,NULL,'cartitem','5',NULL,NULL,NULL,NULL,0.00,0.00),(822752,1574,2562,190300.00,1,NULL,'cartitem','5',NULL,NULL,NULL,NULL,0.00,0.00),(822753,1574,2562,190300.00,1,NULL,'cartitem','5',NULL,NULL,NULL,NULL,0.00,0.00),(822754,1462,2562,170500.00,1,NULL,'cartitem','5',NULL,NULL,NULL,NULL,0.00,0.00),(822755,1574,2562,190300.00,1,NULL,'cartitem','5',NULL,NULL,NULL,NULL,0.00,0.00),(822756,2090,2562,187000.00,1,NULL,'cartitem','5',NULL,NULL,NULL,NULL,0.00,0.00),(822757,2076,2562,176000.00,1,NULL,'cartitem','5',NULL,NULL,NULL,NULL,0.00,0.00),(822758,2091,2562,187000.00,1,NULL,'cartitem','5',NULL,NULL,NULL,NULL,0.00,0.00),(822759,2076,2562,176000.00,1,NULL,'cartitem','5',NULL,NULL,NULL,NULL,0.00,0.00),(822760,2076,2562,176000.00,1,NULL,'cartitem','5',NULL,NULL,NULL,NULL,0.00,0.00),(822761,2076,2562,176000.00,1,NULL,'cartitem','5',NULL,NULL,NULL,NULL,0.00,0.00),(822762,2076,2562,176000.00,1,NULL,'cartitem','5',NULL,NULL,NULL,NULL,0.00,0.00),(822763,2076,2562,176000.00,1,NULL,'cartitem','5',NULL,NULL,NULL,NULL,0.00,0.00),(822764,2076,2562,176000.00,1,NULL,'cartitem','5',NULL,NULL,NULL,NULL,0.00,0.00),(822765,1462,2562,170500.00,1,NULL,'cartitem','5',NULL,NULL,NULL,NULL,0.00,0.00),(822766,1574,2562,190300.00,1,NULL,'cartitem','5',NULL,NULL,NULL,NULL,0.00,0.00),(822767,2090,2562,187000.00,1,NULL,'cartitem','5',NULL,NULL,NULL,NULL,0.00,0.00),(822768,2091,2562,187000.00,1,NULL,'cartitem','5',NULL,NULL,NULL,NULL,0.00,0.00),(822769,2076,2562,176000.00,1,NULL,'cartitem','5',NULL,NULL,NULL,NULL,0.00,0.00),(822770,2076,2562,176000.00,1,NULL,'cartitem','5',NULL,NULL,NULL,NULL,0.00,0.00),(822771,1462,2562,170500.00,1,NULL,'cartitem','5',NULL,NULL,NULL,NULL,0.00,0.00),(822772,1574,2562,190300.00,1,NULL,'cartitem','5',NULL,NULL,NULL,NULL,0.00,0.00),(822773,2090,2562,187000.00,1,NULL,'cartitem','5',NULL,NULL,NULL,NULL,0.00,0.00),(822774,2091,2562,187000.00,1,NULL,'cartitem','5',NULL,NULL,NULL,NULL,0.00,0.00),(822775,2076,2562,176000.00,1,NULL,'cartitem','5',NULL,NULL,NULL,NULL,0.00,0.00),(822776,2076,2562,176000.00,1,NULL,'cartitem','5',NULL,NULL,NULL,NULL,0.00,0.00),(822777,1462,2562,170500.00,1,NULL,'cartitem','5',NULL,NULL,NULL,NULL,0.00,0.00),(822778,1574,2562,190300.00,1,NULL,'cartitem','5',NULL,NULL,NULL,NULL,0.00,0.00),(822779,2090,2562,187000.00,1,NULL,'cartitem','5',NULL,NULL,NULL,NULL,0.00,0.00),(822780,2091,2562,187000.00,1,NULL,'cartitem','5',NULL,NULL,NULL,NULL,0.00,0.00),(822781,2076,2562,176000.00,1,NULL,'cartitem','5',NULL,NULL,NULL,NULL,0.00,0.00),(822782,2076,2562,176000.00,1,NULL,'cartitem','5',NULL,NULL,NULL,NULL,0.00,0.00),(822783,1462,2562,170500.00,1,NULL,'cartitem','5',NULL,NULL,NULL,NULL,0.00,0.00),(822784,1574,2562,190300.00,1,NULL,'cartitem','5',NULL,NULL,NULL,NULL,0.00,0.00),(822785,2090,2562,187000.00,1,NULL,'cartitem','5',NULL,NULL,NULL,NULL,0.00,0.00),(822786,2090,2562,187000.00,1,NULL,'cartitem','5',NULL,NULL,NULL,NULL,0.00,0.00),(822787,2091,2562,187000.00,1,NULL,'cartitem','5',NULL,NULL,NULL,NULL,0.00,0.00),(822788,2090,2562,187000.00,1,NULL,'cartitem','5',NULL,NULL,NULL,NULL,0.00,0.00),(822789,2076,2562,176000.00,1,NULL,'cartitem','5',NULL,NULL,NULL,NULL,0.00,0.00),(822790,2090,2562,187000.00,1,NULL,'cartitem','5',NULL,NULL,NULL,NULL,0.00,0.00),(822791,2076,2562,176000.00,1,NULL,'cartitem','5',NULL,NULL,NULL,NULL,0.00,0.00),(822792,1462,2562,170500.00,1,NULL,'cartitem','5',NULL,NULL,NULL,NULL,0.00,0.00),(822793,1574,2562,190300.00,1,NULL,'cartitem','5',NULL,NULL,NULL,NULL,0.00,0.00),(822794,2091,2562,187000.00,1,NULL,'cartitem','5',NULL,NULL,NULL,NULL,0.00,0.00),(822795,2076,2562,176000.00,1,NULL,'cartitem','5',NULL,NULL,NULL,NULL,0.00,0.00),(822796,2090,2562,187000.00,1,NULL,'cartitem','5',NULL,NULL,NULL,NULL,0.00,0.00),(822797,2076,2562,176000.00,1,NULL,'cartitem','5',NULL,NULL,NULL,NULL,0.00,0.00),(822798,1462,2562,170500.00,1,NULL,'cartitem','5',NULL,NULL,NULL,NULL,0.00,0.00),(822799,1574,2562,190300.00,1,NULL,'cartitem','5',NULL,NULL,NULL,NULL,0.00,0.00),(822800,2091,2562,187000.00,1,NULL,'cartitem','5',NULL,NULL,NULL,NULL,0.00,0.00),(822801,2076,2562,176000.00,1,NULL,'cartitem','5',NULL,NULL,NULL,NULL,0.00,0.00),(822802,2090,2562,187000.00,1,NULL,'cartitem','5',NULL,NULL,NULL,NULL,0.00,0.00),(822803,2076,2562,176000.00,1,NULL,'cartitem','5',NULL,NULL,NULL,NULL,0.00,0.00),(822804,1462,2562,170500.00,1,NULL,'cartitem','5',NULL,NULL,NULL,NULL,0.00,0.00),(822805,1574,2562,190300.00,1,NULL,'cartitem','5',NULL,NULL,NULL,NULL,0.00,0.00),(822806,2091,2562,187000.00,1,NULL,'cartitem','5',NULL,NULL,NULL,NULL,0.00,0.00),(822807,2076,2562,176000.00,1,NULL,'cartitem','5',NULL,NULL,NULL,NULL,0.00,0.00),(822808,2090,2562,187000.00,1,NULL,'cartitem','5',NULL,NULL,NULL,NULL,0.00,0.00),(822809,2076,2562,176000.00,1,NULL,'cartitem','5',NULL,NULL,NULL,NULL,0.00,0.00),(822810,1462,2562,170500.00,1,NULL,'cartitem','5',NULL,NULL,NULL,NULL,0.00,0.00),(822811,1462,2562,170500.00,1,NULL,'cartitem','5',NULL,NULL,NULL,NULL,0.00,0.00),(822812,1574,2562,190300.00,1,NULL,'cartitem','5',NULL,NULL,NULL,NULL,0.00,0.00),(822813,1462,2562,170500.00,1,NULL,'cartitem','5',NULL,NULL,NULL,NULL,0.00,0.00),(822814,2091,2562,187000.00,1,NULL,'cartitem','5',NULL,NULL,NULL,NULL,0.00,0.00),(822815,1462,2562,170500.00,1,NULL,'cartitem','5',NULL,NULL,NULL,NULL,0.00,0.00),(822816,2076,2562,176000.00,1,NULL,'cartitem','5',NULL,NULL,NULL,NULL,0.00,0.00),(822817,2090,2562,187000.00,1,NULL,'cartitem','5',NULL,NULL,NULL,NULL,0.00,0.00),(822818,2090,2562,187000.00,1,NULL,'cartitem','5',NULL,NULL,NULL,NULL,0.00,0.00),(822819,2090,2562,187000.00,1,NULL,'cartitem','5',NULL,NULL,NULL,NULL,0.00,0.00),(822820,2090,2562,187000.00,1,NULL,'cartitem','5',NULL,NULL,NULL,NULL,0.00,0.00),(822821,2090,2562,187000.00,1,NULL,'cartitem','5',NULL,NULL,NULL,NULL,0.00,0.00),(822822,2076,2562,176000.00,1,NULL,'cartitem','5',NULL,NULL,NULL,NULL,0.00,0.00),(822823,2090,2562,187000.00,1,NULL,'cartitem','5',NULL,NULL,NULL,NULL,0.00,0.00),(822824,1574,2562,190300.00,1,NULL,'cartitem','5',NULL,NULL,NULL,NULL,0.00,0.00),(822825,2091,2562,187000.00,1,NULL,'cartitem','5',NULL,NULL,NULL,NULL,0.00,0.00),(822826,1462,2562,170500.00,1,NULL,'cartitem','5',NULL,NULL,NULL,NULL,0.00,0.00),(822827,2076,2562,176000.00,1,NULL,'cartitem','5',NULL,NULL,NULL,NULL,0.00,0.00),(822828,2076,2562,176000.00,1,NULL,'cartitem','5',NULL,NULL,NULL,NULL,0.00,0.00),(822829,2076,2562,176000.00,1,NULL,'cartitem','5',NULL,NULL,NULL,NULL,0.00,0.00),(822830,2076,2562,176000.00,1,NULL,'cartitem','5',NULL,NULL,NULL,NULL,0.00,0.00),(822831,2076,2562,176000.00,1,NULL,'cartitem','5',NULL,NULL,NULL,NULL,0.00,0.00),(822832,2090,2562,187000.00,1,NULL,'cartitem','5',NULL,NULL,NULL,NULL,0.00,0.00),(822833,1574,2562,190300.00,1,NULL,'cartitem','5',NULL,NULL,NULL,NULL,0.00,0.00),(822834,1574,2562,190300.00,1,NULL,'cartitem','5',NULL,NULL,NULL,NULL,0.00,0.00),(822835,2091,2562,187000.00,1,NULL,'cartitem','5',NULL,NULL,NULL,NULL,0.00,0.00),(822836,1574,2562,190300.00,1,NULL,'cartitem','5',NULL,NULL,NULL,NULL,0.00,0.00),(822837,1462,2562,170500.00,1,NULL,'cartitem','5',NULL,NULL,NULL,NULL,0.00,0.00),(822838,2091,2562,187000.00,1,NULL,'cartitem','5',NULL,NULL,NULL,NULL,0.00,0.00),(822839,1574,2562,190300.00,1,NULL,'cartitem','5',NULL,NULL,NULL,NULL,0.00,0.00),(822840,2091,2562,187000.00,1,NULL,'cartitem','5',NULL,NULL,NULL,NULL,0.00,0.00),(822841,2091,2562,187000.00,1,NULL,'cartitem','5',NULL,NULL,NULL,NULL,0.00,0.00),(822842,2076,2562,176000.00,1,NULL,'cartitem','5',NULL,NULL,NULL,NULL,0.00,0.00),(822843,2076,2562,176000.00,1,NULL,'cartitem','5',NULL,NULL,NULL,NULL,0.00,0.00),(822844,2090,2562,187000.00,1,NULL,'cartitem','5',NULL,NULL,NULL,NULL,0.00,0.00),(822845,1462,2562,170500.00,1,NULL,'cartitem','5',NULL,NULL,NULL,NULL,0.00,0.00),(822846,1574,2562,190300.00,1,NULL,'cartitem','5',NULL,NULL,NULL,NULL,0.00,0.00),(822847,2091,2562,187000.00,1,NULL,'cartitem','5',NULL,NULL,NULL,NULL,0.00,0.00),(822848,2076,2562,176000.00,1,NULL,'cartitem','5',NULL,NULL,NULL,NULL,0.00,0.00),(822849,2076,2562,176000.00,1,NULL,'cartitem','5',NULL,NULL,NULL,NULL,0.00,0.00),(822850,2090,2562,187000.00,1,NULL,'cartitem','5',NULL,NULL,NULL,NULL,0.00,0.00),(822851,1462,2562,170500.00,1,NULL,'cartitem','5',NULL,NULL,NULL,NULL,0.00,0.00),(822852,1462,2562,170500.00,1,NULL,'cartitem','5',NULL,NULL,NULL,NULL,0.00,0.00),(822853,1574,2562,190300.00,1,NULL,'cartitem','5',NULL,NULL,NULL,NULL,0.00,0.00),(822854,1462,2562,170500.00,1,NULL,'cartitem','5',NULL,NULL,NULL,NULL,0.00,0.00),(822855,1462,2562,170500.00,1,NULL,'cartitem','5',NULL,NULL,NULL,NULL,0.00,0.00),(822856,2091,2562,187000.00,1,NULL,'cartitem','5',NULL,NULL,NULL,NULL,0.00,0.00),(822857,1462,2562,170500.00,1,NULL,'cartitem','5',NULL,NULL,NULL,NULL,0.00,0.00),(822858,2076,2562,176000.00,1,NULL,'cartitem','5',NULL,NULL,NULL,NULL,0.00,0.00),(822859,1462,2562,170500.00,1,NULL,'cartitem','5',NULL,NULL,NULL,NULL,0.00,0.00),(822860,2076,2562,176000.00,1,NULL,'cartitem','5',NULL,NULL,NULL,NULL,0.00,0.00),(822861,2090,2562,187000.00,1,NULL,'cartitem','5',NULL,NULL,NULL,NULL,0.00,0.00),(822862,1574,2562,190300.00,1,NULL,'cartitem','5',NULL,NULL,NULL,NULL,0.00,0.00),(822863,2091,2562,187000.00,1,NULL,'cartitem','5',NULL,NULL,NULL,NULL,0.00,0.00),(822864,2076,2562,176000.00,1,NULL,'cartitem','5',NULL,NULL,NULL,NULL,0.00,0.00),(822865,1462,2562,170500.00,1,NULL,'cartitem','5',NULL,NULL,NULL,NULL,0.00,0.00),(822866,2076,2562,176000.00,1,NULL,'cartitem','5',NULL,NULL,NULL,NULL,0.00,0.00),(822867,2076,2562,176000.00,1,NULL,'cartitem','5',NULL,NULL,NULL,NULL,0.00,0.00),(822868,2076,2562,176000.00,1,NULL,'cartitem','5',NULL,NULL,NULL,NULL,0.00,0.00),(822869,2076,2562,176000.00,1,NULL,'cartitem','5',NULL,NULL,NULL,NULL,0.00,0.00),(822870,2076,2562,176000.00,1,NULL,'cartitem','5',NULL,NULL,NULL,NULL,0.00,0.00),(822871,2090,2562,187000.00,1,NULL,'cartitem','5',NULL,NULL,NULL,NULL,0.00,0.00),(822872,2076,2562,176000.00,1,NULL,'cartitem','5',NULL,NULL,NULL,NULL,0.00,0.00),(822873,1574,2562,190300.00,1,NULL,'cartitem','5',NULL,NULL,NULL,NULL,0.00,0.00),(822874,1574,2562,190300.00,1,NULL,'cartitem','5',NULL,NULL,NULL,NULL,0.00,0.00),(822875,1574,2562,190300.00,1,NULL,'cartitem','5',NULL,NULL,NULL,NULL,0.00,0.00),(822876,2091,2562,187000.00,1,NULL,'cartitem','5',NULL,NULL,NULL,NULL,0.00,0.00),(822877,1574,2562,190300.00,1,NULL,'cartitem','5',NULL,NULL,NULL,NULL,0.00,0.00),(822878,2091,2562,187000.00,1,NULL,'cartitem','5',NULL,NULL,NULL,NULL,0.00,0.00),(822879,1574,2562,190300.00,1,NULL,'cartitem','5',NULL,NULL,NULL,NULL,0.00,0.00),(822880,2091,2562,187000.00,1,NULL,'cartitem','5',NULL,NULL,NULL,NULL,0.00,0.00),(822881,1462,2562,170500.00,1,NULL,'cartitem','5',NULL,NULL,NULL,NULL,0.00,0.00),(822882,1574,2562,190300.00,1,NULL,'cartitem','5',NULL,NULL,NULL,NULL,0.00,0.00),(822883,2091,2562,187000.00,1,NULL,'cartitem','5',NULL,NULL,NULL,NULL,0.00,0.00),(822884,2091,2562,187000.00,1,NULL,'cartitem','5',NULL,NULL,NULL,NULL,0.00,0.00),(822885,2091,2562,187000.00,1,NULL,'cartitem','5',NULL,NULL,NULL,NULL,0.00,0.00),(822886,2076,2562,176000.00,1,NULL,'cartitem','5',NULL,NULL,NULL,NULL,0.00,0.00),(822887,2090,2562,187000.00,1,NULL,'cartitem','5',NULL,NULL,NULL,NULL,0.00,0.00),(822888,2076,2562,176000.00,1,NULL,'cartitem','5',NULL,NULL,NULL,NULL,0.00,0.00),(822889,1462,2562,170500.00,1,NULL,'cartitem','5',NULL,NULL,NULL,NULL,0.00,0.00),(822890,1574,2562,190300.00,1,NULL,'cartitem','5',NULL,NULL,NULL,NULL,0.00,0.00),(822891,2091,2562,187000.00,1,NULL,'cartitem','5',NULL,NULL,NULL,NULL,0.00,0.00),(822892,2076,2562,176000.00,1,NULL,'cartitem','5',NULL,NULL,NULL,NULL,0.00,0.00),(822893,2090,2562,187000.00,1,NULL,'cartitem','5',NULL,NULL,NULL,NULL,0.00,0.00),(822894,2076,2562,176000.00,1,NULL,'cartitem','5',NULL,NULL,NULL,NULL,0.00,0.00),(822895,1462,2562,170500.00,1,NULL,'cartitem','5',NULL,NULL,NULL,NULL,0.00,0.00),(822896,1574,2562,190300.00,1,NULL,'cartitem','5',NULL,NULL,NULL,NULL,0.00,0.00),(822897,2091,2562,187000.00,1,NULL,'cartitem','5',NULL,NULL,NULL,NULL,0.00,0.00),(822898,2076,2562,176000.00,1,NULL,'cartitem','5',NULL,NULL,NULL,NULL,0.00,0.00),(822899,2076,2562,176000.00,1,NULL,'cartitem','5',NULL,NULL,NULL,NULL,0.00,0.00),(822900,2090,2562,187000.00,1,NULL,'cartitem','5',NULL,NULL,NULL,NULL,0.00,0.00),(822901,2076,2562,176000.00,1,NULL,'cartitem','5',NULL,NULL,NULL,NULL,0.00,0.00),(822902,2076,2562,176000.00,1,NULL,'cartitem','5',NULL,NULL,NULL,NULL,0.00,0.00),(822903,2076,2562,176000.00,1,NULL,'cartitem','5',NULL,NULL,NULL,NULL,0.00,0.00),(822904,1462,2562,170500.00,1,NULL,'cartitem','5',NULL,NULL,NULL,NULL,0.00,0.00),(822905,1574,2562,190300.00,1,NULL,'cartitem','5',NULL,NULL,NULL,NULL,0.00,0.00),(822906,2091,2562,187000.00,1,NULL,'cartitem','5',NULL,NULL,NULL,NULL,0.00,0.00),(822907,2090,2562,187000.00,1,NULL,'cartitem','5',NULL,NULL,NULL,NULL,0.00,0.00),(822908,2076,2562,176000.00,1,NULL,'cartitem','5',NULL,NULL,NULL,NULL,0.00,0.00),(822909,2076,2562,176000.00,1,NULL,'cartitem','5',NULL,NULL,NULL,NULL,0.00,0.00),(822910,1462,2562,170500.00,1,NULL,'cartitem','5',NULL,NULL,NULL,NULL,0.00,0.00),(822911,1574,2562,190300.00,1,NULL,'cartitem','5',NULL,NULL,NULL,NULL,0.00,0.00),(822912,2091,2562,187000.00,1,NULL,'cartitem','5',NULL,NULL,NULL,NULL,0.00,0.00),(822913,2090,2562,187000.00,1,NULL,'cartitem','5',NULL,NULL,NULL,NULL,0.00,0.00),(822914,2090,2562,187000.00,1,NULL,'cartitem','5',NULL,NULL,NULL,NULL,0.00,0.00),(822915,2076,2562,176000.00,1,NULL,'cartitem','5',NULL,NULL,NULL,NULL,0.00,0.00),(822916,2090,2562,187000.00,1,NULL,'cartitem','5',NULL,NULL,NULL,NULL,0.00,0.00),(822917,2076,2562,176000.00,1,NULL,'cartitem','5',NULL,NULL,NULL,NULL,0.00,0.00),(822918,2090,2562,187000.00,1,NULL,'cartitem','5',NULL,NULL,NULL,NULL,0.00,0.00),(822919,1462,2562,170500.00,1,NULL,'cartitem','5',NULL,NULL,NULL,NULL,0.00,0.00),(822920,1574,2562,190300.00,1,NULL,'cartitem','5',NULL,NULL,NULL,NULL,0.00,0.00),(822921,2091,2562,187000.00,1,NULL,'cartitem','5',NULL,NULL,NULL,NULL,0.00,0.00),(822922,2076,2562,176000.00,1,NULL,'cartitem','5',NULL,NULL,NULL,NULL,0.00,0.00),(822923,2076,2562,176000.00,1,NULL,'cartitem','5',NULL,NULL,NULL,NULL,0.00,0.00),(822924,2090,2562,187000.00,1,NULL,'cartitem','5',NULL,NULL,NULL,NULL,0.00,0.00),(822925,1462,2562,170500.00,1,NULL,'cartitem','5',NULL,NULL,NULL,NULL,0.00,0.00),(822926,1574,2562,190300.00,1,NULL,'cartitem','5',NULL,NULL,NULL,NULL,0.00,0.00),(822927,2091,2562,187000.00,1,NULL,'cartitem','5',NULL,NULL,NULL,NULL,0.00,0.00),(822928,2076,2562,176000.00,1,NULL,'cartitem','5',NULL,NULL,NULL,NULL,0.00,0.00),(822929,2076,2562,176000.00,1,NULL,'cartitem','5',NULL,NULL,NULL,NULL,0.00,0.00),(822930,2076,2562,176000.00,1,NULL,'cartitem','5',NULL,NULL,NULL,NULL,0.00,0.00),(822931,2090,2562,187000.00,1,NULL,'cartitem','5',NULL,NULL,NULL,NULL,0.00,0.00),(822932,2076,2562,176000.00,1,NULL,'cartitem','5',NULL,NULL,NULL,NULL,0.00,0.00),(822933,2076,2562,176000.00,1,NULL,'cartitem','5',NULL,NULL,NULL,NULL,0.00,0.00),(822934,2076,2562,176000.00,1,NULL,'cartitem','5',NULL,NULL,NULL,NULL,0.00,0.00),(822935,2076,2562,176000.00,1,NULL,'cartitem','5',NULL,NULL,NULL,NULL,0.00,0.00),(822936,1462,2562,170500.00,1,NULL,'cartitem','5',NULL,NULL,NULL,NULL,0.00,0.00),(822937,1574,2562,190300.00,1,NULL,'cartitem','5',NULL,NULL,NULL,NULL,0.00,0.00),(822938,2091,2562,187000.00,1,NULL,'cartitem','5',NULL,NULL,NULL,NULL,0.00,0.00),(822939,2076,2562,176000.00,1,NULL,'cartitem','5',NULL,NULL,NULL,NULL,0.00,0.00),(822940,2090,2562,187000.00,1,NULL,'cartitem','5',NULL,NULL,NULL,NULL,0.00,0.00),(822941,2076,2562,176000.00,1,NULL,'cartitem','5',NULL,NULL,NULL,NULL,0.00,0.00),(822942,1462,2562,170500.00,1,NULL,'cartitem','5',NULL,NULL,NULL,NULL,0.00,0.00),(822943,1574,2562,190300.00,1,NULL,'cartitem','5',NULL,NULL,NULL,NULL,0.00,0.00),(822944,2091,2562,187000.00,1,NULL,'cartitem','5',NULL,NULL,NULL,NULL,0.00,0.00),(822945,2076,2562,176000.00,1,NULL,'cartitem','5',NULL,NULL,NULL,NULL,0.00,0.00),(822946,2090,2562,187000.00,1,NULL,'cartitem','5',NULL,NULL,NULL,NULL,0.00,0.00),(822947,2090,2562,187000.00,1,NULL,'cartitem','5',NULL,NULL,NULL,NULL,0.00,0.00),(822948,2090,2562,187000.00,1,NULL,'cartitem','5',NULL,NULL,NULL,NULL,0.00,0.00),(822949,2076,2562,176000.00,1,NULL,'cartitem','5',NULL,NULL,NULL,NULL,0.00,0.00),(822950,2090,2562,187000.00,1,NULL,'cartitem','5',NULL,NULL,NULL,NULL,0.00,0.00),(822951,2090,2562,187000.00,1,NULL,'cartitem','5',NULL,NULL,NULL,NULL,0.00,0.00),(822952,2090,2562,187000.00,1,NULL,'cartitem','5',NULL,NULL,NULL,NULL,0.00,0.00),(822953,2090,2562,187000.00,1,NULL,'cartitem','5',NULL,NULL,NULL,NULL,0.00,0.00),(822954,1462,2562,170500.00,1,NULL,'cartitem','5',NULL,NULL,NULL,NULL,0.00,0.00),(822955,2090,2562,187000.00,1,NULL,'cartitem','5',NULL,NULL,NULL,NULL,0.00,0.00),(822956,1574,2562,190300.00,1,NULL,'cartitem','5',NULL,NULL,NULL,NULL,0.00,0.00),(822957,2090,2562,187000.00,1,NULL,'cartitem','5',NULL,NULL,NULL,NULL,0.00,0.00),(822958,2091,2562,187000.00,1,NULL,'cartitem','5',NULL,NULL,NULL,NULL,0.00,0.00),(822959,2076,2562,176000.00,1,NULL,'cartitem','5',NULL,NULL,NULL,NULL,0.00,0.00),(822960,2076,2562,176000.00,1,NULL,'cartitem','5',NULL,NULL,NULL,NULL,0.00,0.00),(822961,2076,2562,176000.00,1,NULL,'cartitem','5',NULL,NULL,NULL,NULL,0.00,0.00),(822962,2076,2562,176000.00,1,NULL,'cartitem','5',NULL,NULL,NULL,NULL,0.00,0.00),(822963,2076,2562,176000.00,1,NULL,'cartitem','5',NULL,NULL,NULL,NULL,0.00,0.00),(822964,1462,2562,170500.00,1,NULL,'cartitem','5',NULL,NULL,NULL,NULL,0.00,0.00),(822965,1574,2562,190300.00,1,NULL,'cartitem','5',NULL,NULL,NULL,NULL,0.00,0.00),(822966,2090,2562,187000.00,1,NULL,'cartitem','5',NULL,NULL,NULL,NULL,0.00,0.00),(822967,2091,2562,187000.00,1,NULL,'cartitem','5',NULL,NULL,NULL,NULL,0.00,0.00),(822968,2076,2562,176000.00,1,NULL,'cartitem','5',NULL,NULL,NULL,NULL,0.00,0.00),(822969,2076,2562,176000.00,1,NULL,'cartitem','5',NULL,NULL,NULL,NULL,0.00,0.00),(822970,1462,2562,170500.00,1,NULL,'cartitem','5',NULL,NULL,NULL,NULL,0.00,0.00),(822971,1574,2562,190300.00,1,NULL,'cartitem','5',NULL,NULL,NULL,NULL,0.00,0.00),(822972,2090,2562,187000.00,1,NULL,'cartitem','5',NULL,NULL,NULL,NULL,0.00,0.00),(822973,2091,2562,187000.00,1,NULL,'cartitem','5',NULL,NULL,NULL,NULL,0.00,0.00),(822974,2076,2562,176000.00,1,NULL,'cartitem','5',NULL,NULL,NULL,NULL,0.00,0.00),(822975,2076,2562,176000.00,1,NULL,'cartitem','5',NULL,NULL,NULL,NULL,0.00,0.00),(822976,1462,2562,170500.00,1,NULL,'cartitem','5',NULL,NULL,NULL,NULL,0.00,0.00),(822977,1574,2562,190300.00,1,NULL,'cartitem','5',NULL,NULL,NULL,NULL,0.00,0.00),(822978,2090,2562,187000.00,1,NULL,'cartitem','5',NULL,NULL,NULL,NULL,0.00,0.00),(822979,2091,2562,187000.00,1,NULL,'cartitem','5',NULL,NULL,NULL,NULL,0.00,0.00),(822980,2076,2562,176000.00,1,NULL,'cartitem','5',NULL,NULL,NULL,NULL,0.00,0.00),(822981,2076,2562,176000.00,1,NULL,'cartitem','5',NULL,NULL,NULL,NULL,0.00,0.00),(822982,1462,2562,170500.00,1,NULL,'cartitem','5',NULL,NULL,NULL,NULL,0.00,0.00),(822983,1574,2562,190300.00,1,NULL,'cartitem','5',NULL,NULL,NULL,NULL,0.00,0.00),(822984,2090,2562,187000.00,1,NULL,'cartitem','5',NULL,NULL,NULL,NULL,0.00,0.00),(822985,2091,2562,187000.00,1,NULL,'cartitem','5',NULL,NULL,NULL,NULL,0.00,0.00),(822986,2090,2562,187000.00,1,NULL,'cartitem','5',NULL,NULL,NULL,NULL,0.00,0.00),(822987,2090,2562,187000.00,1,NULL,'cartitem','5',NULL,NULL,NULL,NULL,0.00,0.00),(822988,2090,2562,187000.00,1,NULL,'cartitem','5',NULL,NULL,NULL,NULL,0.00,0.00),(822989,2090,2562,187000.00,1,NULL,'cartitem','5',NULL,NULL,NULL,NULL,0.00,0.00),(822990,2090,2562,187000.00,1,NULL,'cartitem','5',NULL,NULL,NULL,NULL,0.00,0.00),(822991,2076,2562,176000.00,1,NULL,'cartitem','5',NULL,NULL,NULL,NULL,0.00,0.00),(822992,2076,2562,176000.00,1,NULL,'cartitem','5',NULL,NULL,NULL,NULL,0.00,0.00),(822993,2076,2562,176000.00,1,NULL,'cartitem','5',NULL,NULL,NULL,NULL,0.00,0.00),(822994,1462,2562,170500.00,1,NULL,'cartitem','5',NULL,NULL,NULL,NULL,0.00,0.00),(822995,2076,2562,176000.00,1,NULL,'cartitem','5',NULL,NULL,NULL,NULL,0.00,0.00),(822996,1462,2562,170500.00,1,NULL,'cartitem','5',NULL,NULL,NULL,NULL,0.00,0.00),(822997,2076,2562,176000.00,1,NULL,'cartitem','5',NULL,NULL,NULL,NULL,0.00,0.00),(822998,1574,2562,190300.00,1,NULL,'cartitem','5',NULL,NULL,NULL,NULL,0.00,0.00),(822999,1462,2562,170500.00,1,NULL,'cartitem','5',NULL,NULL,NULL,NULL,0.00,0.00),(823000,2076,2562,176000.00,1,NULL,'cartitem','5',NULL,NULL,NULL,NULL,0.00,0.00),(823001,1462,2562,170500.00,1,NULL,'cartitem','5',NULL,NULL,NULL,NULL,0.00,0.00),(823002,2091,2562,187000.00,1,NULL,'cartitem','5',NULL,NULL,NULL,NULL,0.00,0.00),(823003,2076,2562,176000.00,1,NULL,'cartitem','5',NULL,NULL,NULL,NULL,0.00,0.00),(823004,2090,2562,187000.00,1,NULL,'cartitem','5',NULL,NULL,NULL,NULL,0.00,0.00),(823005,2076,2562,176000.00,1,NULL,'cartitem','5',NULL,NULL,NULL,NULL,0.00,0.00),(823006,1574,2562,190300.00,1,NULL,'cartitem','5',NULL,NULL,NULL,NULL,0.00,0.00),(823007,1462,2562,170500.00,1,NULL,'cartitem','5',NULL,NULL,NULL,NULL,0.00,0.00),(823008,2091,2562,187000.00,1,NULL,'cartitem','5',NULL,NULL,NULL,NULL,0.00,0.00),(823009,2076,2562,176000.00,1,NULL,'cartitem','5',NULL,NULL,NULL,NULL,0.00,0.00),(823010,2090,2562,187000.00,1,NULL,'cartitem','5',NULL,NULL,NULL,NULL,0.00,0.00),(823011,2076,2562,176000.00,1,NULL,'cartitem','5',NULL,NULL,NULL,NULL,0.00,0.00),(823012,1574,2562,190300.00,1,NULL,'cartitem','5',NULL,NULL,NULL,NULL,0.00,0.00),(823013,1462,2562,170500.00,1,NULL,'cartitem','5',NULL,NULL,NULL,NULL,0.00,0.00),(823014,2091,2562,187000.00,1,NULL,'cartitem','5',NULL,NULL,NULL,NULL,0.00,0.00),(823015,2076,2562,176000.00,1,NULL,'cartitem','5',NULL,NULL,NULL,NULL,0.00,0.00),(823016,2091,2562,187000.00,1,NULL,'cartitem','5',NULL,NULL,NULL,NULL,0.00,0.00),(823017,2091,2562,187000.00,1,NULL,'cartitem','5',NULL,NULL,NULL,NULL,0.00,0.00),(823018,2091,2562,187000.00,1,NULL,'cartitem','5',NULL,NULL,NULL,NULL,0.00,0.00),(823019,2090,2562,187000.00,1,NULL,'cartitem','5',NULL,NULL,NULL,NULL,0.00,0.00),(823020,2076,2562,176000.00,1,NULL,'cartitem','5',NULL,NULL,NULL,NULL,0.00,0.00),(823021,1574,2562,190300.00,1,NULL,'cartitem','5',NULL,NULL,NULL,NULL,0.00,0.00),(823022,1574,2562,190300.00,1,NULL,'cartitem','5',NULL,NULL,NULL,NULL,0.00,0.00),(823023,1574,2562,190300.00,1,NULL,'cartitem','5',NULL,NULL,NULL,NULL,0.00,0.00),(823024,1574,2562,190300.00,1,NULL,'cartitem','5',NULL,NULL,NULL,NULL,0.00,0.00),(823025,2076,2562,176000.00,1,NULL,'cartitem','5',NULL,NULL,NULL,NULL,0.00,0.00),(823026,2091,2562,187000.00,1,NULL,'cartitem','5',NULL,NULL,NULL,NULL,0.00,0.00),(823027,2090,2562,187000.00,1,NULL,'cartitem','5',NULL,NULL,NULL,NULL,0.00,0.00),(823028,2076,2562,176000.00,1,NULL,'cartitem','5',NULL,NULL,NULL,NULL,0.00,0.00),(823029,1462,2562,170500.00,1,NULL,'cartitem','5',NULL,NULL,NULL,NULL,0.00,0.00),(823030,1574,2562,190300.00,1,NULL,'cartitem','5',NULL,NULL,NULL,NULL,0.00,0.00),(823031,2076,2562,176000.00,1,NULL,'cartitem','5',NULL,NULL,NULL,NULL,0.00,0.00),(823032,2091,2562,187000.00,1,NULL,'cartitem','5',NULL,NULL,NULL,NULL,0.00,0.00),(823033,2090,2562,187000.00,1,NULL,'cartitem','5',NULL,NULL,NULL,NULL,0.00,0.00),(823034,2076,2562,176000.00,1,NULL,'cartitem','5',NULL,NULL,NULL,NULL,0.00,0.00),(823035,1574,2562,190300.00,1,NULL,'cartitem','5',NULL,NULL,NULL,NULL,0.00,0.00),(823036,2076,2562,176000.00,1,NULL,'cartitem','5',NULL,NULL,NULL,NULL,0.00,0.00),(823037,2090,2562,187000.00,1,NULL,'cartitem','5',NULL,NULL,NULL,NULL,0.00,0.00),(823038,2076,2562,176000.00,1,NULL,'cartitem','5',NULL,NULL,NULL,NULL,0.00,0.00),(823039,1574,2562,190300.00,1,NULL,'cartitem','5',NULL,NULL,NULL,NULL,0.00,0.00),(823040,2076,2562,176000.00,1,NULL,'cartitem','5',NULL,NULL,NULL,NULL,0.00,0.00),(823041,2091,2562,187000.00,1,NULL,'cartitem','5',NULL,NULL,NULL,NULL,0.00,0.00),(823042,2090,2562,187000.00,1,NULL,'cartitem','5',NULL,NULL,NULL,NULL,0.00,0.00),(823043,2076,2562,176000.00,1,NULL,'cartitem','5',NULL,NULL,NULL,NULL,0.00,0.00),(823044,1574,2562,190300.00,1,NULL,'cartitem','5',NULL,NULL,NULL,NULL,0.00,0.00),(823045,2076,2562,176000.00,1,NULL,'cartitem','5',NULL,NULL,NULL,NULL,0.00,0.00),(823046,2090,2562,187000.00,1,NULL,'cartitem','5',NULL,NULL,NULL,NULL,0.00,0.00),(823047,2076,2562,176000.00,1,NULL,'cartitem','5',NULL,NULL,NULL,NULL,0.00,0.00),(823048,2076,2562,176000.00,1,NULL,'cartitem','5',NULL,NULL,NULL,NULL,0.00,0.00),(823049,2090,2562,187000.00,1,NULL,'cartitem','5',NULL,NULL,NULL,NULL,0.00,0.00),(823050,2076,2562,176000.00,1,NULL,'cartitem','5',NULL,NULL,NULL,NULL,0.00,0.00),(823051,2076,2562,176000.00,1,NULL,'cartitem','5',NULL,NULL,NULL,NULL,0.00,0.00),(823052,2076,2562,176000.00,1,NULL,'cartitem','5',NULL,NULL,NULL,NULL,0.00,0.00),(823053,2076,2562,176000.00,1,NULL,'cartitem','5',NULL,NULL,NULL,NULL,0.00,0.00),(823054,1574,2562,190300.00,1,NULL,'cartitem','5',NULL,NULL,NULL,NULL,0.00,0.00),(823055,2076,2562,176000.00,1,NULL,'cartitem','5',NULL,NULL,NULL,NULL,0.00,0.00),(823056,2090,2562,187000.00,1,NULL,'cartitem','5',NULL,NULL,NULL,NULL,0.00,0.00),(823057,2076,2562,176000.00,1,NULL,'cartitem','5',NULL,NULL,NULL,NULL,0.00,0.00),(823058,2076,2562,176000.00,1,NULL,'cartitem','5',NULL,NULL,NULL,NULL,0.00,0.00),(823059,2090,2562,187000.00,1,NULL,'cartitem','5',NULL,NULL,NULL,NULL,0.00,0.00),(823060,2076,2562,176000.00,1,NULL,'cartitem','5',NULL,NULL,NULL,NULL,0.00,0.00),(823061,2076,2562,176000.00,1,NULL,'cartitem','5',NULL,NULL,NULL,NULL,0.00,0.00),(823062,2090,2562,187000.00,1,NULL,'cartitem','5',NULL,NULL,NULL,NULL,0.00,0.00),(823063,2076,2562,176000.00,1,NULL,'cartitem','5',NULL,NULL,NULL,NULL,0.00,0.00),(823064,2090,2562,187000.00,1,NULL,'cartitem','5',NULL,NULL,NULL,NULL,0.00,0.00),(823065,2076,2562,176000.00,1,NULL,'cartitem','5',NULL,NULL,NULL,NULL,0.00,0.00),(823066,1574,2562,190300.00,1,NULL,'cartitem','5',NULL,NULL,NULL,NULL,0.00,0.00),(823067,2076,2562,176000.00,1,NULL,'cartitem','5',NULL,NULL,NULL,NULL,0.00,0.00),(823068,2090,2562,187000.00,1,NULL,'cartitem','5',NULL,NULL,NULL,NULL,0.00,0.00),(823069,1574,2562,190300.00,1,NULL,'cartitem','5',NULL,NULL,NULL,NULL,0.00,0.00),(823070,2076,2562,176000.00,1,NULL,'cartitem','5',NULL,NULL,NULL,NULL,0.00,0.00),(823071,2090,2562,187000.00,1,NULL,'cartitem','5',NULL,NULL,NULL,NULL,0.00,0.00),(823072,1574,2562,190300.00,1,NULL,'cartitem','5',NULL,NULL,NULL,NULL,0.00,0.00),(823073,2076,2562,176000.00,1,NULL,'cartitem','5',NULL,NULL,NULL,NULL,0.00,0.00),(823074,2090,2562,187000.00,1,NULL,'cartitem','5',NULL,NULL,NULL,NULL,0.00,0.00),(823075,2090,2562,187000.00,1,NULL,'cartitem','5',NULL,NULL,NULL,NULL,0.00,0.00),(823076,2090,2562,187000.00,1,NULL,'cartitem','5',NULL,NULL,NULL,NULL,0.00,0.00),(823077,2090,2562,187000.00,1,NULL,'cartitem','5',NULL,NULL,NULL,NULL,0.00,0.00),(823078,1574,2562,190300.00,1,NULL,'cartitem','5',NULL,NULL,NULL,NULL,0.00,0.00),(823079,2076,2562,176000.00,1,NULL,'cartitem','5',NULL,NULL,NULL,NULL,0.00,0.00),(823080,2076,2562,176000.00,1,NULL,'cartitem','5',NULL,NULL,NULL,NULL,0.00,0.00),(823081,2076,2562,176000.00,1,NULL,'cartitem','5',NULL,NULL,NULL,NULL,0.00,0.00),(823082,2076,2562,176000.00,1,NULL,'cartitem','5',NULL,NULL,NULL,NULL,0.00,0.00),(823083,2090,2562,187000.00,1,NULL,'cartitem','5',NULL,NULL,NULL,NULL,0.00,0.00),(823084,1574,2562,190300.00,1,NULL,'cartitem','5',NULL,NULL,NULL,NULL,0.00,0.00),(823085,2076,2562,176000.00,1,NULL,'cartitem','5',NULL,NULL,NULL,NULL,0.00,0.00),(823086,2090,2562,187000.00,1,NULL,'cartitem','5',NULL,NULL,NULL,NULL,0.00,0.00),(823087,1574,2562,190300.00,1,NULL,'cartitem','5',NULL,NULL,NULL,NULL,0.00,0.00),(823088,2076,2562,176000.00,1,NULL,'cartitem','5',NULL,NULL,NULL,NULL,0.00,0.00),(823089,2090,2562,187000.00,1,NULL,'cartitem','5',NULL,NULL,NULL,NULL,0.00,0.00),(823090,1574,2562,190300.00,1,NULL,'cartitem','5',NULL,NULL,NULL,NULL,0.00,0.00),(823091,2076,2562,176000.00,1,NULL,'cartitem','5',NULL,NULL,NULL,NULL,0.00,0.00),(823092,2090,2562,187000.00,1,NULL,'cartitem','5',NULL,NULL,NULL,NULL,0.00,0.00),(823093,2090,2562,187000.00,1,NULL,'cartitem','5',NULL,NULL,NULL,NULL,0.00,0.00),(823094,1574,2562,190300.00,1,NULL,'cartitem','5',NULL,NULL,NULL,NULL,0.00,0.00),(823095,2090,2562,187000.00,1,NULL,'cartitem','5',NULL,NULL,NULL,NULL,0.00,0.00),(823096,2090,2562,187000.00,1,NULL,'cartitem','5',NULL,NULL,NULL,NULL,0.00,0.00),(823097,2090,2562,187000.00,1,NULL,'cartitem','5',NULL,NULL,NULL,NULL,0.00,0.00),(823098,2090,2562,187000.00,1,NULL,'cartitem','5',NULL,NULL,NULL,NULL,0.00,0.00),(823099,2090,2562,187000.00,1,NULL,'cartitem','5',NULL,NULL,NULL,NULL,0.00,0.00),(823100,2090,2562,187000.00,1,NULL,'cartitem','5',NULL,NULL,NULL,NULL,0.00,0.00),(823101,2090,2562,187000.00,1,NULL,'cartitem','5',NULL,NULL,NULL,NULL,0.00,0.00),(823102,2076,2562,176000.00,1,NULL,'cartitem','5',NULL,NULL,NULL,NULL,0.00,0.00),(823103,2076,2562,176000.00,1,NULL,'cartitem','5',NULL,NULL,NULL,NULL,0.00,0.00),(823104,1574,2562,190300.00,1,NULL,'cartitem','5',NULL,NULL,NULL,NULL,0.00,0.00),(823105,2076,2562,176000.00,1,NULL,'cartitem','5',NULL,NULL,NULL,NULL,0.00,0.00),(823106,2076,2562,176000.00,1,NULL,'cartitem','5',NULL,NULL,NULL,NULL,0.00,0.00),(823107,2076,2562,176000.00,1,NULL,'cartitem','5',NULL,NULL,NULL,NULL,0.00,0.00),(823108,2076,2562,176000.00,1,NULL,'cartitem','5',NULL,NULL,NULL,NULL,0.00,0.00),(823109,2076,2562,176000.00,1,NULL,'cartitem','5',NULL,NULL,NULL,NULL,0.00,0.00),(823110,2076,2562,176000.00,1,NULL,'cartitem','5',NULL,NULL,NULL,NULL,0.00,0.00),(823111,2076,2562,176000.00,1,NULL,'cartitem','5',NULL,NULL,NULL,NULL,0.00,0.00),(823112,2090,2562,187000.00,1,NULL,'cartitem','5',NULL,NULL,NULL,NULL,0.00,0.00),(823113,1462,2562,170500.00,1,NULL,'cartitem','5',NULL,NULL,NULL,NULL,0.00,0.00),(823114,1574,2562,190300.00,1,NULL,'cartitem','5',NULL,NULL,NULL,NULL,0.00,0.00),(823115,2076,2562,176000.00,1,NULL,'cartitem','5',NULL,NULL,NULL,NULL,0.00,0.00),(823116,2090,2562,187000.00,1,NULL,'cartitem','5',NULL,NULL,NULL,NULL,0.00,0.00),(823117,1462,2562,170500.00,1,NULL,'cartitem','5',NULL,NULL,NULL,NULL,0.00,0.00),(823118,1574,2562,190300.00,1,NULL,'cartitem','5',NULL,NULL,NULL,NULL,0.00,0.00),(823119,2076,2562,176000.00,1,NULL,'cartitem','5',NULL,NULL,NULL,NULL,0.00,0.00),(823120,2090,2562,187000.00,1,NULL,'cartitem','5',NULL,NULL,NULL,NULL,0.00,0.00),(823121,2091,2562,187000.00,1,NULL,'cartitem','5',NULL,NULL,NULL,NULL,0.00,0.00),(823122,1574,2562,190300.00,1,NULL,'cartitem','5',NULL,NULL,NULL,NULL,0.00,0.00),(823123,2076,2562,176000.00,1,NULL,'cartitem','5',NULL,NULL,NULL,NULL,0.00,0.00),(823124,2090,2562,187000.00,1,NULL,'cartitem','5',NULL,NULL,NULL,NULL,0.00,0.00),(823125,2090,2562,187000.00,1,NULL,'cartitem','5',NULL,NULL,NULL,NULL,0.00,0.00),(823126,1462,2562,170500.00,1,NULL,'cartitem','5',NULL,NULL,NULL,NULL,0.00,0.00),(823127,2090,2562,187000.00,1,NULL,'cartitem','5',NULL,NULL,NULL,NULL,0.00,0.00),(823128,1462,2562,170500.00,1,NULL,'cartitem','5',NULL,NULL,NULL,NULL,0.00,0.00),(823129,2090,2562,187000.00,1,NULL,'cartitem','5',NULL,NULL,NULL,NULL,0.00,0.00),(823130,1462,2562,170500.00,1,NULL,'cartitem','5',NULL,NULL,NULL,NULL,0.00,0.00),(823131,2090,2562,187000.00,1,NULL,'cartitem','5',NULL,NULL,NULL,NULL,0.00,0.00),(823132,1462,2562,170500.00,1,NULL,'cartitem','5',NULL,NULL,NULL,NULL,0.00,0.00),(823133,2091,2562,187000.00,1,NULL,'cartitem','5',NULL,NULL,NULL,NULL,0.00,0.00),(823134,2090,2562,187000.00,1,NULL,'cartitem','5',NULL,NULL,NULL,NULL,0.00,0.00),(823135,1462,2562,170500.00,1,NULL,'cartitem','5',NULL,NULL,NULL,NULL,0.00,0.00),(823136,1574,2562,190300.00,1,NULL,'cartitem','5',NULL,NULL,NULL,NULL,0.00,0.00),(823137,2090,2562,187000.00,1,NULL,'cartitem','5',NULL,NULL,NULL,NULL,0.00,0.00),(823138,1462,2562,170500.00,1,NULL,'cartitem','5',NULL,NULL,NULL,NULL,0.00,0.00),(823139,2090,2562,187000.00,1,NULL,'cartitem','5',NULL,NULL,NULL,NULL,0.00,0.00),(823140,1462,2562,170500.00,1,NULL,'cartitem','5',NULL,NULL,NULL,NULL,0.00,0.00),(823141,2090,2562,187000.00,1,NULL,'cartitem','5',NULL,NULL,NULL,NULL,0.00,0.00),(823142,1462,2562,170500.00,1,NULL,'cartitem','5',NULL,NULL,NULL,NULL,0.00,0.00),(823143,2090,2562,187000.00,1,NULL,'cartitem','5',NULL,NULL,NULL,NULL,0.00,0.00),(823144,1462,2562,170500.00,1,NULL,'cartitem','5',NULL,NULL,NULL,NULL,0.00,0.00),(823145,2090,2562,187000.00,1,NULL,'cartitem','5',NULL,NULL,NULL,NULL,0.00,0.00),(823146,1462,2562,170500.00,1,NULL,'cartitem','5',NULL,NULL,NULL,NULL,0.00,0.00),(823147,1462,2562,170500.00,1,NULL,'cartitem','5',NULL,NULL,NULL,NULL,0.00,0.00),(823148,2076,2562,176000.00,1,NULL,'cartitem','5',NULL,NULL,NULL,NULL,0.00,0.00),(823149,2076,2562,176000.00,1,NULL,'cartitem','5',NULL,NULL,NULL,NULL,0.00,0.00),(823150,2076,2562,176000.00,1,NULL,'cartitem','5',NULL,NULL,NULL,NULL,0.00,0.00),(823151,2076,2562,176000.00,1,NULL,'cartitem','5',NULL,NULL,NULL,NULL,0.00,0.00),(823152,2076,2562,176000.00,1,NULL,'cartitem','5',NULL,NULL,NULL,NULL,0.00,0.00),(823153,1574,2562,190300.00,1,NULL,'cartitem','5',NULL,NULL,NULL,NULL,0.00,0.00),(823154,2076,2562,176000.00,1,NULL,'cartitem','5',NULL,NULL,NULL,NULL,0.00,0.00),(823155,2076,2562,176000.00,1,NULL,'cartitem','5',NULL,NULL,NULL,NULL,0.00,0.00),(823156,2076,2562,176000.00,1,NULL,'cartitem','5',NULL,NULL,NULL,NULL,0.00,0.00),(823157,2076,2562,176000.00,1,NULL,'cartitem','5',NULL,NULL,NULL,NULL,0.00,0.00),(823158,2090,2562,187000.00,1,NULL,'cartitem','5',NULL,NULL,NULL,NULL,0.00,0.00),(823159,1455,2562,170500.00,1,NULL,'cartitem','5',NULL,NULL,NULL,NULL,0.00,0.00),(823160,1462,2562,170500.00,1,NULL,'cartitem','5',NULL,NULL,NULL,NULL,0.00,0.00),(823161,2091,2562,187000.00,1,NULL,'cartitem','5',NULL,NULL,NULL,NULL,0.00,0.00),(823162,1462,2562,170500.00,1,NULL,'cartitem','5',NULL,NULL,NULL,NULL,0.00,0.00),(823163,1574,2562,190300.00,1,NULL,'cartitem','5',NULL,NULL,NULL,NULL,0.00,0.00),(823164,2091,2562,187000.00,1,NULL,'cartitem','5',NULL,NULL,NULL,NULL,0.00,0.00),(823165,1574,2562,190300.00,1,NULL,'cartitem','5',NULL,NULL,NULL,NULL,0.00,0.00),(823166,2091,2562,187000.00,1,NULL,'cartitem','5',NULL,NULL,NULL,NULL,0.00,0.00),(823167,1574,2562,190300.00,1,NULL,'cartitem','5',NULL,NULL,NULL,NULL,0.00,0.00),(823168,2091,2562,187000.00,1,NULL,'cartitem','5',NULL,NULL,NULL,NULL,0.00,0.00),(823169,2076,2562,176000.00,1,NULL,'cartitem','5',NULL,NULL,NULL,NULL,0.00,0.00),(823170,1574,2562,190300.00,1,NULL,'cartitem','5',NULL,NULL,NULL,NULL,0.00,0.00),(823171,2091,2562,187000.00,1,NULL,'cartitem','5',NULL,NULL,NULL,NULL,0.00,0.00),(823172,1574,2562,190300.00,1,NULL,'cartitem','5',NULL,NULL,NULL,NULL,0.00,0.00),(823173,2076,2562,176000.00,1,NULL,'cartitem','5',NULL,NULL,NULL,NULL,0.00,0.00),(823174,2091,2562,187000.00,1,NULL,'cartitem','5',NULL,NULL,NULL,NULL,0.00,0.00),(823175,1574,2562,190300.00,1,NULL,'cartitem','5',NULL,NULL,NULL,NULL,0.00,0.00),(823176,2076,2562,176000.00,1,NULL,'cartitem','5',NULL,NULL,NULL,NULL,0.00,0.00),(823177,2091,2562,187000.00,1,NULL,'cartitem','5',NULL,NULL,NULL,NULL,0.00,0.00),(823178,1574,2562,190300.00,1,NULL,'cartitem','5',NULL,NULL,NULL,NULL,0.00,0.00),(823179,2091,2562,187000.00,1,NULL,'cartitem','5',NULL,NULL,NULL,NULL,0.00,0.00),(823180,2091,2562,187000.00,1,NULL,'cartitem','5',NULL,NULL,NULL,NULL,0.00,0.00),(823181,2090,2562,187000.00,1,NULL,'cartitem','5',NULL,NULL,NULL,NULL,0.00,0.00),(823182,2091,2562,187000.00,1,NULL,'cartitem','5',NULL,NULL,NULL,NULL,0.00,0.00),(823183,2090,2562,187000.00,1,NULL,'cartitem','5',NULL,NULL,NULL,NULL,0.00,0.00),(823184,2091,2562,187000.00,1,NULL,'cartitem','5',NULL,NULL,NULL,NULL,0.00,0.00),(823185,2090,2562,187000.00,1,NULL,'cartitem','5',NULL,NULL,NULL,NULL,0.00,0.00),(823186,2091,2562,187000.00,1,NULL,'cartitem','5',NULL,NULL,NULL,NULL,0.00,0.00),(823187,2090,2562,187000.00,1,NULL,'cartitem','5',NULL,NULL,NULL,NULL,0.00,0.00),(823188,2091,2562,187000.00,1,NULL,'cartitem','5',NULL,NULL,NULL,NULL,0.00,0.00),(823189,2090,2562,187000.00,1,NULL,'cartitem','5',NULL,NULL,NULL,NULL,0.00,0.00),(823190,2090,2562,187000.00,1,NULL,'cartitem','5',NULL,NULL,NULL,NULL,0.00,0.00),(823191,2090,2562,187000.00,1,NULL,'cartitem','5',NULL,NULL,NULL,NULL,0.00,0.00),(823192,2090,2562,187000.00,1,NULL,'cartitem','5',NULL,NULL,NULL,NULL,0.00,0.00),(823193,2090,2562,187000.00,1,NULL,'cartitem','5',NULL,NULL,NULL,NULL,0.00,0.00),(823194,1462,2562,170500.00,1,NULL,'cartitem','5',NULL,NULL,NULL,NULL,0.00,0.00),(823195,2090,2562,187000.00,1,NULL,'cartitem','5',NULL,NULL,NULL,NULL,0.00,0.00),(823196,2076,2562,176000.00,1,NULL,'cartitem','5',NULL,NULL,NULL,NULL,0.00,0.00),(823197,1574,2562,190300.00,1,NULL,'cartitem','5',NULL,NULL,NULL,NULL,0.00,0.00),(823198,2084,2562,192500.00,1,NULL,'cartitem','5',NULL,NULL,NULL,NULL,0.00,0.00),(823199,2091,2562,187000.00,1,NULL,'cartitem','5',NULL,NULL,NULL,NULL,0.00,0.00),(823200,2091,2562,187000.00,1,NULL,'cartitem','5',NULL,NULL,NULL,NULL,0.00,0.00),(823201,1462,2562,170500.00,1,NULL,'cartitem','5',NULL,NULL,NULL,NULL,0.00,0.00),(823202,2090,2562,187000.00,1,NULL,'cartitem','5',NULL,NULL,NULL,NULL,0.00,0.00),(823203,2076,2562,176000.00,1,NULL,'cartitem','5',NULL,NULL,NULL,NULL,0.00,0.00),(823204,1574,2562,190300.00,1,NULL,'cartitem','5',NULL,NULL,NULL,NULL,0.00,0.00),(823205,2091,2562,187000.00,1,NULL,'cartitem','5',NULL,NULL,NULL,NULL,0.00,0.00),(823206,1462,2562,170500.00,1,NULL,'cartitem','5',NULL,NULL,NULL,NULL,0.00,0.00),(823207,2090,2562,187000.00,1,NULL,'cartitem','5',NULL,NULL,NULL,NULL,0.00,0.00),(823208,2076,2562,176000.00,1,NULL,'cartitem','5',NULL,NULL,NULL,NULL,0.00,0.00),(823209,1574,2562,190300.00,1,NULL,'cartitem','5',NULL,NULL,NULL,NULL,0.00,0.00),(823210,2091,2562,187000.00,1,NULL,'cartitem','5',NULL,NULL,NULL,NULL,0.00,0.00),(823211,1462,2562,170500.00,1,NULL,'cartitem','5',NULL,NULL,NULL,NULL,0.00,0.00),(823212,2090,2562,187000.00,1,NULL,'cartitem','5',NULL,NULL,NULL,NULL,0.00,0.00),(823213,2076,2562,176000.00,1,NULL,'cartitem','5',NULL,NULL,NULL,NULL,0.00,0.00),(823214,2076,2562,176000.00,1,NULL,'cartitem','5',NULL,NULL,NULL,NULL,0.00,0.00),(823215,2076,2562,176000.00,1,NULL,'cartitem','5',NULL,NULL,NULL,NULL,0.00,0.00),(823216,2076,2562,176000.00,1,NULL,'cartitem','5',NULL,NULL,NULL,NULL,0.00,0.00),(823217,2076,2562,176000.00,1,NULL,'cartitem','5',NULL,NULL,NULL,NULL,0.00,0.00),(823218,1462,2562,170500.00,1,NULL,'cartitem','5',NULL,NULL,NULL,NULL,0.00,0.00),(823219,2076,2562,176000.00,1,NULL,'cartitem','5',NULL,NULL,NULL,NULL,0.00,0.00),(823220,2076,2562,176000.00,1,NULL,'cartitem','5',NULL,NULL,NULL,NULL,0.00,0.00),(823221,1462,2562,170500.00,1,NULL,'cartitem','5',NULL,NULL,NULL,NULL,0.00,0.00),(823222,2076,2562,176000.00,1,NULL,'cartitem','5',NULL,NULL,NULL,NULL,0.00,0.00),(823223,2076,2562,176000.00,1,NULL,'cartitem','5',NULL,NULL,NULL,NULL,0.00,0.00),(823224,1462,2562,170500.00,1,NULL,'cartitem','5',NULL,NULL,NULL,NULL,0.00,0.00),(823225,2076,2562,176000.00,1,NULL,'cartitem','5',NULL,NULL,NULL,NULL,0.00,0.00),(823226,2076,2562,176000.00,1,NULL,'cartitem','5',NULL,NULL,NULL,NULL,0.00,0.00),(823227,1462,2562,170500.00,1,NULL,'cartitem','5',NULL,NULL,NULL,NULL,0.00,0.00),(823228,1574,2562,190300.00,1,NULL,'cartitem','5',NULL,NULL,NULL,NULL,0.00,0.00),(823229,2076,2562,176000.00,1,NULL,'cartitem','5',NULL,NULL,NULL,NULL,0.00,0.00),(823230,1574,2562,190300.00,1,NULL,'cartitem','5',NULL,NULL,NULL,NULL,0.00,0.00),(823231,2076,2562,176000.00,1,NULL,'cartitem','5',NULL,NULL,NULL,NULL,0.00,0.00),(823232,1574,2562,190300.00,1,NULL,'cartitem','5',NULL,NULL,NULL,NULL,0.00,0.00),(823233,2076,2562,176000.00,1,NULL,'cartitem','5',NULL,NULL,NULL,NULL,0.00,0.00),(823234,2076,2562,176000.00,1,NULL,'cartitem','5',NULL,NULL,NULL,NULL,0.00,0.00),(823235,2076,2562,176000.00,1,NULL,'cartitem','5',NULL,NULL,NULL,NULL,0.00,0.00),(823236,2076,2562,176000.00,1,NULL,'cartitem','5',NULL,NULL,NULL,NULL,0.00,0.00),(823237,2076,2562,176000.00,1,NULL,'cartitem','5',NULL,NULL,NULL,NULL,0.00,0.00),(823238,2090,2562,187000.00,1,NULL,'cartitem','5',NULL,NULL,NULL,NULL,0.00,0.00),(823239,2076,2562,176000.00,1,NULL,'cartitem','5',NULL,NULL,NULL,NULL,0.00,0.00),(823240,1574,2562,190300.00,1,NULL,'cartitem','5',NULL,NULL,NULL,NULL,0.00,0.00),(823241,1574,2562,190300.00,1,NULL,'cartitem','5',NULL,NULL,NULL,NULL,0.00,0.00),(823242,1462,2562,170500.00,1,NULL,'cartitem','5',NULL,NULL,NULL,NULL,0.00,0.00),(823243,2091,2562,187000.00,1,NULL,'cartitem','5',NULL,NULL,NULL,NULL,0.00,0.00),(823244,2076,2562,176000.00,1,NULL,'cartitem','5',NULL,NULL,NULL,NULL,0.00,0.00),(823245,2091,2562,187000.00,1,NULL,'cartitem','5',NULL,NULL,NULL,NULL,0.00,0.00),(823246,2091,2562,187000.00,1,NULL,'cartitem','5',NULL,NULL,NULL,NULL,0.00,0.00),(823247,2090,2562,187000.00,1,NULL,'cartitem','5',NULL,NULL,NULL,NULL,0.00,0.00),(823248,2091,2562,187000.00,1,NULL,'cartitem','5',NULL,NULL,NULL,NULL,0.00,0.00),(823249,2091,2562,187000.00,1,NULL,'cartitem','5',NULL,NULL,NULL,NULL,0.00,0.00),(823250,2091,2562,187000.00,1,NULL,'cartitem','5',NULL,NULL,NULL,NULL,0.00,0.00),(823251,2091,2562,187000.00,1,NULL,'cartitem','5',NULL,NULL,NULL,NULL,0.00,0.00),(823252,2076,2562,176000.00,1,NULL,'cartitem','5',NULL,NULL,NULL,NULL,0.00,0.00),(823253,2091,2562,187000.00,1,NULL,'cartitem','5',NULL,NULL,NULL,NULL,0.00,0.00),(823254,1462,2562,170500.00,1,NULL,'cartitem','5',NULL,NULL,NULL,NULL,0.00,0.00),(823255,2091,2562,187000.00,1,NULL,'cartitem','5',NULL,NULL,NULL,NULL,0.00,0.00),(823256,1574,2562,190300.00,1,NULL,'cartitem','5',NULL,NULL,NULL,NULL,0.00,0.00),(823257,2076,2562,176000.00,1,NULL,'cartitem','5',NULL,NULL,NULL,NULL,0.00,0.00),(823258,2090,2562,187000.00,1,NULL,'cartitem','5',NULL,NULL,NULL,NULL,0.00,0.00),(823259,2076,2562,176000.00,1,NULL,'cartitem','5',NULL,NULL,NULL,NULL,0.00,0.00),(823260,1574,2562,190300.00,1,NULL,'cartitem','5',NULL,NULL,NULL,NULL,0.00,0.00),(823261,2091,2562,187000.00,1,NULL,'cartitem','5',NULL,NULL,NULL,NULL,0.00,0.00),(823262,2091,2562,187000.00,1,NULL,'cartitem','5',NULL,NULL,NULL,NULL,0.00,0.00),(823263,2076,2562,176000.00,1,NULL,'cartitem','5',NULL,NULL,NULL,NULL,0.00,0.00),(823264,2090,2562,187000.00,1,NULL,'cartitem','5',NULL,NULL,NULL,NULL,0.00,0.00),(823265,2076,2562,176000.00,1,NULL,'cartitem','5',NULL,NULL,NULL,NULL,0.00,0.00),(823266,1462,2562,170500.00,1,NULL,'cartitem','5',NULL,NULL,NULL,NULL,0.00,0.00),(823267,1574,2562,190300.00,1,NULL,'cartitem','5',NULL,NULL,NULL,NULL,0.00,0.00),(823268,2091,2562,187000.00,1,NULL,'cartitem','5',NULL,NULL,NULL,NULL,0.00,0.00),(823269,2076,2562,176000.00,1,NULL,'cartitem','5',NULL,NULL,NULL,NULL,0.00,0.00),(823270,2076,2562,176000.00,1,NULL,'cartitem','5',NULL,NULL,NULL,NULL,0.00,0.00),(823271,2076,2562,176000.00,1,NULL,'cartitem','5',NULL,NULL,NULL,NULL,0.00,0.00),(823272,2076,2562,176000.00,1,NULL,'cartitem','5',NULL,NULL,NULL,NULL,0.00,0.00),(823273,2076,2562,176000.00,1,NULL,'cartitem','5',NULL,NULL,NULL,NULL,0.00,0.00),(823274,2090,2562,187000.00,1,NULL,'cartitem','5',NULL,NULL,NULL,NULL,0.00,0.00),(823275,2076,2562,176000.00,1,NULL,'cartitem','5',NULL,NULL,NULL,NULL,0.00,0.00),(823276,2076,2562,176000.00,1,NULL,'cartitem','5',NULL,NULL,NULL,NULL,0.00,0.00),(823277,2076,2562,176000.00,1,NULL,'cartitem','5',NULL,NULL,NULL,NULL,0.00,0.00),(823278,1574,2562,190300.00,1,NULL,'cartitem','5',NULL,NULL,NULL,NULL,0.00,0.00),(823279,2076,2562,176000.00,1,NULL,'cartitem','5',NULL,NULL,NULL,NULL,0.00,0.00),(823280,1574,2562,190300.00,1,NULL,'cartitem','5',NULL,NULL,NULL,NULL,0.00,0.00),(823281,2076,2562,176000.00,1,NULL,'cartitem','5',NULL,NULL,NULL,NULL,0.00,0.00),(823282,1574,2562,190300.00,1,NULL,'cartitem','5',NULL,NULL,NULL,NULL,0.00,0.00),(823283,2076,2562,176000.00,1,NULL,'cartitem','5',NULL,NULL,NULL,NULL,0.00,0.00),(823284,1574,2562,190300.00,1,NULL,'cartitem','5',NULL,NULL,NULL,NULL,0.00,0.00),(823285,2076,2562,176000.00,1,NULL,'cartitem','5',NULL,NULL,NULL,NULL,0.00,0.00),(823286,1574,2562,190300.00,1,NULL,'cartitem','5',NULL,NULL,NULL,NULL,0.00,0.00),(823287,2076,2562,176000.00,1,NULL,'cartitem','5',NULL,NULL,NULL,NULL,0.00,0.00),(823288,1574,2562,190300.00,1,NULL,'cartitem','5',NULL,NULL,NULL,NULL,0.00,0.00),(823289,2076,2562,176000.00,1,NULL,'cartitem','5',NULL,NULL,NULL,NULL,0.00,0.00),(823290,2091,2562,187000.00,1,NULL,'cartitem','5',NULL,NULL,NULL,NULL,0.00,0.00),(823291,1574,2562,190300.00,1,NULL,'cartitem','5',NULL,NULL,NULL,NULL,0.00,0.00),(823292,2076,2562,176000.00,1,NULL,'cartitem','5',NULL,NULL,NULL,NULL,0.00,0.00),(823293,2091,2562,187000.00,1,NULL,'cartitem','5',NULL,NULL,NULL,NULL,0.00,0.00),(823294,1574,2562,190300.00,1,NULL,'cartitem','5',NULL,NULL,NULL,NULL,0.00,0.00),(823295,2076,2562,176000.00,1,NULL,'cartitem','5',NULL,NULL,NULL,NULL,0.00,0.00),(823296,2091,2562,187000.00,1,NULL,'cartitem','5',NULL,NULL,NULL,NULL,0.00,0.00),(823297,1574,2562,190300.00,1,NULL,'cartitem','5',NULL,NULL,NULL,NULL,0.00,0.00),(823298,2076,2562,176000.00,1,NULL,'cartitem','5',NULL,NULL,NULL,NULL,0.00,0.00),(823299,1574,2562,190300.00,1,NULL,'cartitem','5',NULL,NULL,NULL,NULL,0.00,0.00),(823300,1574,2562,190300.00,1,NULL,'cartitem','5',NULL,NULL,NULL,NULL,0.00,0.00),(823301,1574,2562,190300.00,1,NULL,'cartitem','5',NULL,NULL,NULL,NULL,0.00,0.00),(823302,1574,2562,190300.00,1,NULL,'cartitem','5',NULL,NULL,NULL,NULL,0.00,0.00),(823303,2076,2562,176000.00,1,NULL,'cartitem','5',NULL,NULL,NULL,NULL,0.00,0.00),(823304,1574,2562,190300.00,1,NULL,'cartitem','5',NULL,NULL,NULL,NULL,0.00,0.00),(823305,2076,2562,176000.00,1,NULL,'cartitem','5',NULL,NULL,NULL,NULL,0.00,0.00),(823306,1574,2562,190300.00,1,NULL,'cartitem','5',NULL,NULL,NULL,NULL,0.00,0.00),(823307,2076,2562,176000.00,1,NULL,'cartitem','5',NULL,NULL,NULL,NULL,0.00,0.00),(823308,1574,2562,190300.00,1,NULL,'cartitem','5',NULL,NULL,NULL,NULL,0.00,0.00),(823309,1462,2562,170500.00,1,NULL,'cartitem','5',NULL,NULL,NULL,NULL,0.00,0.00),(823310,1574,2562,190300.00,1,NULL,'cartitem','5',NULL,NULL,NULL,NULL,0.00,0.00),(823311,1462,2562,170500.00,1,NULL,'cartitem','5',NULL,NULL,NULL,NULL,0.00,0.00),(823312,1574,2562,190300.00,1,NULL,'cartitem','5',NULL,NULL,NULL,NULL,0.00,0.00),(823313,1462,2562,170500.00,1,NULL,'cartitem','5',NULL,NULL,NULL,NULL,0.00,0.00),(823314,1574,2562,190300.00,1,NULL,'cartitem','5',NULL,NULL,NULL,NULL,0.00,0.00),(823315,1574,2562,190300.00,1,NULL,'cartitem','5',NULL,NULL,NULL,NULL,0.00,0.00),(823316,2090,2562,187000.00,1,NULL,'cartitem','5',NULL,NULL,NULL,NULL,0.00,0.00),(823317,1574,2562,190300.00,1,NULL,'cartitem','5',NULL,NULL,NULL,NULL,0.00,0.00),(823318,1574,2562,190300.00,1,NULL,'cartitem','5',NULL,NULL,NULL,NULL,0.00,0.00),(823319,1574,2562,190300.00,1,NULL,'cartitem','5',NULL,NULL,NULL,NULL,0.00,0.00),(823320,1574,2562,190300.00,1,NULL,'cartitem','5',NULL,NULL,NULL,NULL,0.00,0.00),(823321,2076,2562,176000.00,1,NULL,'cartitem','5',NULL,NULL,NULL,NULL,0.00,0.00),(823322,1574,2562,190300.00,1,NULL,'cartitem','5',NULL,NULL,NULL,NULL,0.00,0.00),(823323,2076,2562,176000.00,1,NULL,'cartitem','5',NULL,NULL,NULL,NULL,0.00,0.00),(823324,1574,2562,190300.00,1,NULL,'cartitem','5',NULL,NULL,NULL,NULL,0.00,0.00),(823325,2076,2562,176000.00,1,NULL,'cartitem','5',NULL,NULL,NULL,NULL,0.00,0.00),(823326,1574,2562,190300.00,1,NULL,'cartitem','5',NULL,NULL,NULL,NULL,0.00,0.00),(823327,1574,2562,190300.00,1,NULL,'cartitem','5',NULL,NULL,NULL,NULL,0.00,0.00),(823328,1574,2562,190300.00,1,NULL,'cartitem','5',NULL,NULL,NULL,NULL,0.00,0.00),(823329,2076,2562,176000.00,1,NULL,'cartitem','5',NULL,NULL,NULL,NULL,0.00,0.00),(823330,1574,2562,190300.00,1,NULL,'cartitem','5',NULL,NULL,NULL,NULL,0.00,0.00),(823331,2076,2562,176000.00,1,NULL,'cartitem','5',NULL,NULL,NULL,NULL,0.00,0.00),(823332,1574,2562,190300.00,1,NULL,'cartitem','5',NULL,NULL,NULL,NULL,0.00,0.00),(823333,2076,2562,176000.00,1,NULL,'cartitem','5',NULL,NULL,NULL,NULL,0.00,0.00),(823334,1574,2562,190300.00,1,NULL,'cartitem','5',NULL,NULL,NULL,NULL,0.00,0.00),(823335,1462,2562,170500.00,1,NULL,'cartitem','5',NULL,NULL,NULL,NULL,0.00,0.00),(823336,1574,2562,190300.00,1,NULL,'cartitem','5',NULL,NULL,NULL,NULL,0.00,0.00),(823337,1462,2562,170500.00,1,NULL,'cartitem','5',NULL,NULL,NULL,NULL,0.00,0.00),(823338,1574,2562,190300.00,1,NULL,'cartitem','5',NULL,NULL,NULL,NULL,0.00,0.00),(823339,1462,2562,170500.00,1,NULL,'cartitem','5',NULL,NULL,NULL,NULL,0.00,0.00),(823340,1574,2562,190300.00,1,NULL,'cartitem','5',NULL,NULL,NULL,NULL,0.00,0.00),(823341,1574,2562,190300.00,1,NULL,'cartitem','5',NULL,NULL,NULL,NULL,0.00,0.00),(823342,2090,2562,187000.00,1,NULL,'cartitem','5',NULL,NULL,NULL,NULL,0.00,0.00),(823343,1574,2562,190300.00,1,NULL,'cartitem','5',NULL,NULL,NULL,NULL,0.00,0.00),(823344,1574,2562,190300.00,1,NULL,'cartitem','5',NULL,NULL,NULL,NULL,0.00,0.00),(823345,1574,2562,190300.00,1,NULL,'cartitem','5',NULL,NULL,NULL,NULL,0.00,0.00),(823346,1574,2562,190300.00,1,NULL,'cartitem','5',NULL,NULL,NULL,NULL,0.00,0.00),(823347,2076,2562,176000.00,1,NULL,'cartitem','5',NULL,NULL,NULL,NULL,0.00,0.00),(823348,1574,2562,190300.00,1,NULL,'cartitem','5',NULL,NULL,NULL,NULL,0.00,0.00),(823349,2076,2562,176000.00,1,NULL,'cartitem','5',NULL,NULL,NULL,NULL,0.00,0.00),(823350,1574,2562,190300.00,1,NULL,'cartitem','5',NULL,NULL,NULL,NULL,0.00,0.00),(823351,2076,2562,176000.00,1,NULL,'cartitem','5',NULL,NULL,NULL,NULL,0.00,0.00),(823352,1574,2562,190300.00,1,NULL,'cartitem','5',NULL,NULL,NULL,NULL,0.00,0.00),(823353,1574,2562,190300.00,1,NULL,'cartitem','5',NULL,NULL,NULL,NULL,0.00,0.00),(823354,2076,2562,176000.00,1,NULL,'cartitem','5',NULL,NULL,NULL,NULL,0.00,0.00),(823355,1574,2562,190300.00,1,NULL,'cartitem','5',NULL,NULL,NULL,NULL,0.00,0.00),(823356,2076,2562,176000.00,1,NULL,'cartitem','5',NULL,NULL,NULL,NULL,0.00,0.00),(823357,1574,2562,190300.00,1,NULL,'cartitem','5',NULL,NULL,NULL,NULL,0.00,0.00),(823358,2076,2562,176000.00,1,NULL,'cartitem','5',NULL,NULL,NULL,NULL,0.00,0.00),(823359,1462,2562,170500.00,1,NULL,'cartitem','5',NULL,NULL,NULL,NULL,0.00,0.00),(823360,1462,2562,170500.00,1,NULL,'cartitem','5',NULL,NULL,NULL,NULL,0.00,0.00),(823361,1462,2562,170500.00,1,NULL,'cartitem','5',NULL,NULL,NULL,NULL,0.00,0.00),(823362,2090,2562,187000.00,1,NULL,'cartitem','5',NULL,NULL,NULL,NULL,0.00,0.00),(823363,2076,2562,176000.00,1,NULL,'cartitem','5',NULL,NULL,NULL,NULL,0.00,0.00),(823364,1574,2562,190300.00,1,NULL,'cartitem','5',NULL,NULL,NULL,NULL,0.00,0.00),(823365,2076,2562,176000.00,1,NULL,'cartitem','5',NULL,NULL,NULL,NULL,0.00,0.00),(823366,1462,2562,170500.00,1,NULL,'cartitem','5',NULL,NULL,NULL,NULL,0.00,0.00),(823367,2090,2562,187000.00,1,NULL,'cartitem','5',NULL,NULL,NULL,NULL,0.00,0.00),(823368,2076,2562,176000.00,1,NULL,'cartitem','5',NULL,NULL,NULL,NULL,0.00,0.00),(823369,1574,2562,190300.00,1,NULL,'cartitem','5',NULL,NULL,NULL,NULL,0.00,0.00),(823370,2076,2562,176000.00,1,NULL,'cartitem','5',NULL,NULL,NULL,NULL,0.00,0.00),(823371,1462,2562,170500.00,1,NULL,'cartitem','5',NULL,NULL,NULL,NULL,0.00,0.00),(823372,2090,2562,187000.00,1,NULL,'cartitem','5',NULL,NULL,NULL,NULL,0.00,0.00),(823373,2076,2562,176000.00,1,NULL,'cartitem','5',NULL,NULL,NULL,NULL,0.00,0.00),(823374,2076,2562,176000.00,1,NULL,'cartitem','5',NULL,NULL,NULL,NULL,0.00,0.00),(823375,1462,2562,170500.00,1,NULL,'cartitem','5',NULL,NULL,NULL,NULL,0.00,0.00),(823376,2090,2562,187000.00,1,NULL,'cartitem','5',NULL,NULL,NULL,NULL,0.00,0.00),(823377,2076,2562,176000.00,1,NULL,'cartitem','5',NULL,NULL,NULL,NULL,0.00,0.00),(823378,1574,2562,190300.00,1,NULL,'cartitem','5',NULL,NULL,NULL,NULL,0.00,0.00),(823379,2076,2562,176000.00,1,NULL,'cartitem','5',NULL,NULL,NULL,NULL,0.00,0.00),(823380,2076,2562,176000.00,1,NULL,'cartitem','5',NULL,NULL,NULL,NULL,0.00,0.00),(823381,1462,2562,170500.00,1,NULL,'cartitem','5',NULL,NULL,NULL,NULL,0.00,0.00),(823382,2076,2562,176000.00,1,NULL,'cartitem','5',NULL,NULL,NULL,NULL,0.00,0.00),(823383,1462,2562,170500.00,1,NULL,'cartitem','5',NULL,NULL,NULL,NULL,0.00,0.00),(823384,2076,2562,176000.00,1,NULL,'cartitem','5',NULL,NULL,NULL,NULL,0.00,0.00),(823385,1462,2562,170500.00,1,NULL,'cartitem','5',NULL,NULL,NULL,NULL,0.00,0.00),(823386,2076,2562,176000.00,1,NULL,'cartitem','5',NULL,NULL,NULL,NULL,0.00,0.00),(823387,1462,2562,170500.00,1,NULL,'cartitem','5',NULL,NULL,NULL,NULL,0.00,0.00),(823388,2076,2562,176000.00,1,NULL,'cartitem','5',NULL,NULL,NULL,NULL,0.00,0.00),(823389,1462,2562,170500.00,1,NULL,'cartitem','5',NULL,NULL,NULL,NULL,0.00,0.00),(823390,2076,2562,176000.00,1,NULL,'cartitem','5',NULL,NULL,NULL,NULL,0.00,0.00),(823391,1462,2562,170500.00,1,NULL,'cartitem','5',NULL,NULL,NULL,NULL,0.00,0.00),(823392,2076,2562,176000.00,1,NULL,'cartitem','5',NULL,NULL,NULL,NULL,0.00,0.00),(823393,1462,2562,170500.00,1,NULL,'cartitem','5',NULL,NULL,NULL,NULL,0.00,0.00),(823394,2090,2562,187000.00,1,NULL,'cartitem','5',NULL,NULL,NULL,NULL,0.00,0.00),(823395,2076,2562,176000.00,1,NULL,'cartitem','5',NULL,NULL,NULL,NULL,0.00,0.00),(823396,1462,2562,170500.00,1,NULL,'cartitem','5',NULL,NULL,NULL,NULL,0.00,0.00),(823397,2076,2562,176000.00,1,NULL,'cartitem','5',NULL,NULL,NULL,NULL,0.00,0.00),(823398,1462,2562,170500.00,1,NULL,'cartitem','5',NULL,NULL,NULL,NULL,0.00,0.00),(823399,2076,2562,176000.00,1,NULL,'cartitem','5',NULL,NULL,NULL,NULL,0.00,0.00),(823400,1462,2562,170500.00,1,NULL,'cartitem','5',NULL,NULL,NULL,NULL,0.00,0.00),(823401,2076,2562,176000.00,1,NULL,'cartitem','5',NULL,NULL,NULL,NULL,0.00,0.00),(823402,1462,2562,170500.00,1,NULL,'cartitem','5',NULL,NULL,NULL,NULL,0.00,0.00),(823403,2076,2562,176000.00,1,NULL,'cartitem','5',NULL,NULL,NULL,NULL,0.00,0.00),(823404,1462,2562,170500.00,1,NULL,'cartitem','5',NULL,NULL,NULL,NULL,0.00,0.00),(823405,2076,2562,176000.00,1,NULL,'cartitem','5',NULL,NULL,NULL,NULL,0.00,0.00),(823406,1462,2562,170500.00,1,NULL,'cartitem','5',NULL,NULL,NULL,NULL,0.00,0.00),(823407,2076,2562,176000.00,1,NULL,'cartitem','5',NULL,NULL,NULL,NULL,0.00,0.00),(823408,1462,2562,170500.00,1,NULL,'cartitem','5',NULL,NULL,NULL,NULL,0.00,0.00),(823409,2076,2562,176000.00,1,NULL,'cartitem','5',NULL,NULL,NULL,NULL,0.00,0.00),(823410,1462,2562,170500.00,1,NULL,'cartitem','5',NULL,NULL,NULL,NULL,0.00,0.00),(823411,2076,2562,176000.00,1,NULL,'cartitem','5',NULL,NULL,NULL,NULL,0.00,0.00),(823412,1462,2562,170500.00,1,NULL,'cartitem','5',NULL,NULL,NULL,NULL,0.00,0.00),(823413,2076,2562,176000.00,1,NULL,'cartitem','5',NULL,NULL,NULL,NULL,0.00,0.00),(823414,1462,2562,170500.00,1,NULL,'cartitem','5',NULL,NULL,NULL,NULL,0.00,0.00),(823415,2076,2562,176000.00,1,NULL,'cartitem','5',NULL,NULL,NULL,NULL,0.00,0.00),(823416,1462,2562,170500.00,1,NULL,'cartitem','5',NULL,NULL,NULL,NULL,0.00,0.00),(823417,2076,2562,176000.00,1,NULL,'cartitem','5',NULL,NULL,NULL,NULL,0.00,0.00),(823418,1462,2562,170500.00,1,NULL,'cartitem','5',NULL,NULL,NULL,NULL,0.00,0.00),(823419,2090,2562,187000.00,1,NULL,'cartitem','5',NULL,NULL,NULL,NULL,0.00,0.00),(823420,2076,2562,176000.00,1,NULL,'cartitem','5',NULL,NULL,NULL,NULL,0.00,0.00),(823421,1462,2562,170500.00,1,NULL,'cartitem','5',NULL,NULL,NULL,NULL,0.00,0.00),(823422,2076,2562,176000.00,1,NULL,'cartitem','5',NULL,NULL,NULL,NULL,0.00,0.00),(823423,1462,2562,170500.00,1,NULL,'cartitem','5',NULL,NULL,NULL,NULL,0.00,0.00),(823424,2076,2562,176000.00,1,NULL,'cartitem','5',NULL,NULL,NULL,NULL,0.00,0.00),(823425,1462,2562,170500.00,1,NULL,'cartitem','5',NULL,NULL,NULL,NULL,0.00,0.00),(823426,2076,2562,176000.00,1,NULL,'cartitem','5',NULL,NULL,NULL,NULL,0.00,0.00),(823427,2076,2562,176000.00,1,NULL,'cartitem','5',NULL,NULL,NULL,NULL,0.00,0.00),(823428,1462,2562,170500.00,1,NULL,'cartitem','5',NULL,NULL,NULL,NULL,0.00,0.00),(823429,2076,2562,176000.00,1,NULL,'cartitem','5',NULL,NULL,NULL,NULL,0.00,0.00),(823430,2076,2562,176000.00,1,NULL,'cartitem','5',NULL,NULL,NULL,NULL,0.00,0.00),(823431,1462,2562,170500.00,1,NULL,'cartitem','5',NULL,NULL,NULL,NULL,0.00,0.00),(823432,2076,2562,176000.00,1,NULL,'cartitem','5',NULL,NULL,NULL,NULL,0.00,0.00),(823433,2076,2562,176000.00,1,NULL,'cartitem','5',NULL,NULL,NULL,NULL,0.00,0.00),(823434,1462,2562,170500.00,1,NULL,'cartitem','5',NULL,NULL,NULL,NULL,0.00,0.00),(823435,2076,2562,176000.00,1,NULL,'cartitem','5',NULL,NULL,NULL,NULL,0.00,0.00),(823436,2076,2562,176000.00,1,NULL,'cartitem','5',NULL,NULL,NULL,NULL,0.00,0.00),(823443,2294,2567,209000.00,1,NULL,'cartitem','',NULL,NULL,NULL,NULL,0.00,0.00),(823447,196,2570,308000.00,1,NULL,'cartitem','14',NULL,NULL,NULL,NULL,0.00,0.00),(823448,686,2571,335500.00,1,NULL,'cartitem','14','あり','基本書体','2025.11.1','なし',0.00,0.00),(823458,686,2577,335500.00,1,NULL,'cartitem','14',NULL,NULL,NULL,NULL,0.00,0.00),(823459,1478,2578,170500.00,1,NULL,'cartitem','13','あり','基本書体','あかさたな','エメラルド',5500.00,11000.00),(823460,1485,2578,165000.00,1,NULL,'cartitem','13','あり','基本書体','あかさたな','ペリドット',5500.00,11000.00),(823462,824,2580,434500.00,1,NULL,'cartitem','13.5',NULL,NULL,NULL,NULL,0.00,0.00),(823463,2296,2581,264000.00,1,NULL,'cartitem','','なし',NULL,'','なし',0.00,0.00),(823464,1982,2582,154000.00,1,NULL,'cartitem','13',NULL,NULL,NULL,NULL,0.00,11000.00),(823465,1989,2582,181500.00,1,NULL,'cartitem','11',NULL,NULL,NULL,NULL,0.00,0.00),(823470,1996,2586,137500.00,1,NULL,'cartitem','19',NULL,NULL,NULL,NULL,0.00,22000.00),(823471,1457,2586,148500.00,1,NULL,'cartitem','10',NULL,NULL,NULL,NULL,0.00,0.00);

--
-- Table structure for table `dtb_category`
--

CREATE TABLE `dtb_category` (
  `id` int(10) unsigned NOT NULL AUTO_INCREMENT,
  `parent_category_id` int(10) unsigned DEFAULT NULL,
  `creator_id` int(10) unsigned DEFAULT NULL,
  `category_name` varchar(255) COLLATE utf8mb4_bin NOT NULL,
  `hierarchy` int(10) unsigned NOT NULL,
  `sort_no` int(11) NOT NULL,
  `create_date` datetime NOT NULL COMMENT '(DC2Type:datetimetz)',
  `update_date` datetime NOT NULL COMMENT '(DC2Type:datetimetz)',
  `discriminator_type` varchar(255) COLLATE utf8mb4_bin NOT NULL,
  `category_contents_area1` varchar(4000) COLLATE utf8mb4_bin DEFAULT NULL,
  `category_contents_area2` varchar(4000) COLLATE utf8mb4_bin DEFAULT NULL,
  PRIMARY KEY (`id`),
  KEY `IDX_5ED2C2B796A8F92` (`parent_category_id`),
  KEY `IDX_5ED2C2B61220EA6` (`creator_id`),
  CONSTRAINT `FK_5ED2C2B61220EA6` FOREIGN KEY (`creator_id`) REFERENCES `dtb_member` (`id`),
  CONSTRAINT `FK_5ED2C2B796A8F92` FOREIGN KEY (`parent_category_id`) REFERENCES `dtb_category` (`id`)
) ENGINE=InnoDB AUTO_INCREMENT=4 DEFAULT CHARSET=utf8mb4 COLLATE=utf8mb4_bin;

--
-- Dumping data for table `dtb_category`
--

INSERT INTO `dtb_category` VALUES (1,NULL,1,'Marriage ring 結婚指輪',1,3,'2023-12-04 05:31:39','2024-12-10 10:08:37','category','<h2 class=\"text-center pt-4\">日本製鍛造の匠の技で、後悔しない結婚指輪選びを</h2>','<div class=\"row py-4 text-center\">\r\n<p class=\"col-12 fs-4 <!--d-flex align-items-end justify-content-end-->\">”鍛造（たんぞう）フルオーダーメイド”で最高峰の結婚指輪を。</p>\r\n<p class=\"col-12 lh-lg <!--d-flex align-items-center-->\">私達、鍛造指輪株式会社®は、20年以上かけてお客様のお声を聞き<br class=\"d-none d-lg-inline\">\r\n【最高満足のビスポーク結婚指輪】を追い求め、創り続けてきました。<br>\r\n貴方が想い続けて探している結婚指輪、私達ならきっと創れます。</p>\r\n</div>'),(2,NULL,1,'Engagement ring 婚約指輪',1,2,'2023-12-04 05:31:39','2024-12-10 10:08:37','category','<h2 class=\"text-center pt-4\">流行に左右されない一生物の\r\n婚約指輪</h2>','<div class=\"row py-4 text-center\">\r\n<p class=\"col-12 fs-4 <!--d-flex align-items-end justify-content-end--> pb-5\">すべてはあなたの“想いを創る”ため<br>\r\n流行に左右されない一生物の婚約指輪</p>\r\n<p class=\"col-12 lh-lg <!--d-flex align-items-center-->\">婚約指輪は言うもでもなくダイヤモンドと枠でつくられています。<br>\r\nそのダイヤモンドと枠はそれぞれ最高のものでなくてはならないとTANZOは考えます。<br><br>\r\n婚約指輪の枠を軽視していませんか？<br>\r\n実は枠は簡単に変形したり、ダイヤモンドが落ちることもあります。<br>\r\nTANZOは婚約指輪の枠を３つのこだわりで製造しています。</p>\r\n</div>'),(3,NULL,1,'Anniversary Jewelry  アニバーサリージュエリー',1,1,'2024-12-10 10:08:32','2024-12-10 10:08:37','category','<h2 class=\"text-center pt-4\">大切な人に贈る記念品</h2>',NULL);

--
-- Table structure for table `dtb_class_category`
--

CREATE TABLE `dtb_class_category` (
  `id` int(10) unsigned NOT NULL AUTO_INCREMENT,
  `class_name_id` int(10) unsigned DEFAULT NULL,
  `creator_id` int(10) unsigned DEFAULT NULL,
  `backend_name` varchar(255) COLLATE utf8mb4_bin DEFAULT NULL,
  `name` varchar(255) COLLATE utf8mb4_bin NOT NULL,
  `sort_no` int(10) unsigned NOT NULL,
  `visible` tinyint(1) NOT NULL DEFAULT '1',
  `create_date` datetime NOT NULL COMMENT '(DC2Type:datetimetz)',
  `update_date` datetime NOT NULL COMMENT '(DC2Type:datetimetz)',
  `discriminator_type` varchar(255) COLLATE utf8mb4_bin NOT NULL,
  PRIMARY KEY (`id`),
  KEY `IDX_9B0D1DBAB462FB2A` (`class_name_id`),
  KEY `IDX_9B0D1DBA61220EA6` (`creator_id`),
  CONSTRAINT `FK_9B0D1DBA61220EA6` FOREIGN KEY (`creator_id`) REFERENCES `dtb_member` (`id`),
  CONSTRAINT `FK_9B0D1DBAB462FB2A` FOREIGN KEY (`class_name_id`) REFERENCES `dtb_class_name` (`id`)
) ENGINE=InnoDB AUTO_INCREMENT=28 DEFAULT CHARSET=utf8mb4 COLLATE=utf8mb4_bin;

--
-- Dumping data for table `dtb_class_category`
--

INSERT INTO `dtb_class_category` VALUES (1,1,1,'左のリング','左のリング',2,1,'2023-12-04 05:31:39','2024-02-06 07:28:12','classcategory'),(2,1,1,'右のリング','右のリング',1,1,'2023-12-04 05:31:39','2024-02-06 07:28:27','classcategory'),(3,2,1,'プラチナ','プラチナ(Pt900)',13,1,'2023-12-04 05:31:39','2024-08-09 07:17:50','classcategory'),(4,2,1,'ホワイトゴールド','ホワイトゴールド(K18)',12,1,'2023-12-04 05:31:39','2024-08-09 07:18:27','classcategory'),(5,2,1,'シャンパンゴールド','シャンパンゴールド(K18)',11,1,'2023-12-04 05:31:39','2024-08-09 07:18:33','classcategory'),(6,2,1,'コーラルゴールド','コーラルゴールド(K18)',10,1,'2023-12-04 05:31:39','2024-08-09 07:18:40','classcategory'),(7,2,1,'ピンクゴールド','ピンクゴールド(K18)',8,1,'2024-01-23 03:14:43','2024-08-09 07:18:50','classcategory'),(8,2,1,'イエローゴールド','イエローゴールド(K18)',9,1,'2024-01-23 03:14:57','2024-08-09 07:18:45','classcategory'),(9,2,1,'グリーンゴールド','グリーンゴールド(K18)',7,1,'2024-01-23 03:15:11','2024-08-09 07:18:56','classcategory'),(10,3,1,'0.50ct,D,VVS1,3E','0.50ct,D,VVS1,3E',1,1,'2024-03-26 08:51:44','2024-07-11 02:34:48','classcategory'),(11,3,1,'0.50ct,F,VS1,3E','0.50ct,F,VS1,3E',2,1,'2024-03-26 08:51:53','2024-07-11 02:34:48','classcategory'),(12,3,1,'0.40ct,D,VVS1,3E','0.40ct,D,VVS1,3E',3,1,'2024-03-26 08:52:05','2024-07-11 02:34:48','classcategory'),(13,3,1,'0.40ct,F,VS1,3E','0.40ct,F,VS1,3E',4,1,'2024-03-26 08:52:19','2024-07-11 02:34:48','classcategory'),(14,3,1,'0.30ct,D,VVS1,3E','0.30ct,D,VVS1,3E',5,1,'2024-03-26 08:52:36','2024-07-11 02:34:48','classcategory'),(15,3,1,'0.30ct,F,VS1,3E','0.30ct,F,VS1,3E',6,1,'2024-03-26 08:52:43','2024-07-31 06:52:27','classcategory'),(16,3,1,'0.25ct,D,VVS1,3E','0.25ct,D,VVS1,3E',7,1,'2024-05-16 02:32:47','2024-07-11 02:34:48','classcategory'),(17,3,1,'0.25ct,F,VS1,3E','0.25ct,F,VS1,3E',8,1,'2024-05-16 02:32:58','2024-07-11 02:34:48','classcategory'),(18,3,1,'0.20ct,D,VVS1,3E','0.20ct,D,VVS1,3E',9,1,'2024-05-16 02:33:06','2024-07-11 02:34:48','classcategory'),(19,3,1,'0.20ct,F,VS1,3E','0.20ct,F,VS1,3E',10,1,'2024-05-16 02:33:14','2024-07-11 02:34:48','classcategory'),(20,2,1,'プラチナ×ホワイトゴールド','プラチナ(Pt900)×ホワイトゴールド(K18)',6,1,'2024-07-16 02:56:03','2024-08-09 07:21:19','classcategory'),(21,2,1,'プラチナ×シャンパンゴールド','プラチナ(Pt900)×シャンパンゴールド(K18)',5,1,'2024-07-16 02:56:17','2024-08-09 07:21:26','classcategory'),(22,2,1,'プラチナ×コーラルゴールド','プラチナ(Pt900)×コーラルゴールド(K18)',4,1,'2024-07-16 02:56:35','2024-08-09 07:21:32','classcategory'),(23,2,1,'プラチナ×イエローゴールド','プラチナ(Pt900)×イエローゴールド(K18)',3,1,'2024-07-16 02:56:47','2024-08-09 07:21:42','classcategory'),(24,2,1,'プラチナ×ピンクゴールド','プラチナ(Pt900)×ピンクゴールド(K18)',3,1,'2024-07-16 02:56:58','2024-08-09 07:21:47','classcategory'),(25,2,1,'プラチナ×グリーンゴールド','プラチナ(Pt900)×グリーンゴールド(K18)',2,1,'2024-07-16 02:57:14','2024-08-09 07:21:52','classcategory'),(26,2,1,'ゴールド×ゴールド（備考欄にご記入ください）','ゴールド(K18)×ゴールド(K18)（希望のゴールドを備考欄にご記入ください）',1,1,'2024-07-16 02:57:34','2024-08-09 07:20:54','classcategory'),(27,2,1,'シルバー(SV925)','シルバー(SV925)',14,1,'2024-09-27 09:23:19','2024-09-27 09:23:19','classcategory');

--
-- Table structure for table `dtb_class_name`
--

CREATE TABLE `dtb_class_name` (
  `id` int(10) unsigned NOT NULL AUTO_INCREMENT,
  `creator_id` int(10) unsigned DEFAULT NULL,
  `backend_name` varchar(255) COLLATE utf8mb4_bin DEFAULT NULL,
  `name` varchar(255) COLLATE utf8mb4_bin NOT NULL,
  `sort_no` int(10) unsigned NOT NULL,
  `create_date` datetime NOT NULL COMMENT '(DC2Type:datetimetz)',
  `update_date` datetime NOT NULL COMMENT '(DC2Type:datetimetz)',
  `discriminator_type` varchar(255) COLLATE utf8mb4_bin NOT NULL,
  PRIMARY KEY (`id`),
  KEY `IDX_187C95AD61220EA6` (`creator_id`),
  CONSTRAINT `FK_187C95AD61220EA6` FOREIGN KEY (`creator_id`) REFERENCES `dtb_member` (`id`)
) ENGINE=InnoDB AUTO_INCREMENT=4 DEFAULT CHARSET=utf8mb4 COLLATE=utf8mb4_bin;

--
-- Dumping data for table `dtb_class_name`
--

INSERT INTO `dtb_class_name` VALUES (1,1,'タイプ','タイプ',1,'2023-12-04 05:31:39','2024-01-23 02:48:00','classname'),(2,1,'素材','素材',2,'2023-12-04 05:31:39','2024-01-23 03:07:43','classname'),(3,1,'ダイヤモンド','ダイヤモンド',3,'2024-03-26 08:49:14','2024-04-05 05:38:09','classname');

--
-- Table structure for table `dtb_csv`
--

CREATE TABLE `dtb_csv` (
  `id` int(10) unsigned NOT NULL AUTO_INCREMENT,
  `csv_type_id` smallint(5) unsigned DEFAULT NULL,
  `creator_id` int(10) unsigned DEFAULT NULL,
  `entity_name` varchar(255) COLLATE utf8mb4_bin NOT NULL,
  `field_name` varchar(255) COLLATE utf8mb4_bin NOT NULL,
  `reference_field_name` varchar(255) COLLATE utf8mb4_bin DEFAULT NULL,
  `disp_name` varchar(255) COLLATE utf8mb4_bin NOT NULL,
  `sort_no` smallint(5) unsigned NOT NULL,
  `enabled` tinyint(1) NOT NULL DEFAULT '1',
  `create_date` datetime NOT NULL COMMENT '(DC2Type:datetimetz)',
  `update_date` datetime NOT NULL COMMENT '(DC2Type:datetimetz)',
  `discriminator_type` varchar(255) COLLATE utf8mb4_bin NOT NULL,
  PRIMARY KEY (`id`),
  KEY `IDX_F55F48C3E8507796` (`csv_type_id`),
  KEY `IDX_F55F48C361220EA6` (`creator_id`),
  CONSTRAINT `FK_F55F48C361220EA6` FOREIGN KEY (`creator_id`) REFERENCES `dtb_member` (`id`),
  CONSTRAINT `FK_F55F48C3E8507796` FOREIGN KEY (`csv_type_id`) REFERENCES `mtb_csv_type` (`id`)
) ENGINE=InnoDB AUTO_INCREMENT=331 DEFAULT CHARSET=utf8mb4 COLLATE=utf8mb4_bin;

--
