--
-- Host: mysql653.db.sakura.ne.jp    Database: tanzo2_ecc
-- ------------------------------------------------------


--
-- Table structure for table `doctrine_migration_versions`
--

CREATE TABLE `doctrine_migration_versions` (
  `version` varchar(191) COLLATE utf8_unicode_ci NOT NULL,
  `executed_at` datetime DEFAULT NULL COMMENT '(DC2Type:datetime)',
  `execution_time` int(11) DEFAULT NULL,
  PRIMARY KEY (`version`)
) ENGINE=InnoDB DEFAULT CHARSET=utf8 COLLATE=utf8_unicode_ci;

--
-- Dumping data for table `doctrine_migration_versions`
--

INSERT INTO `doctrine_migration_versions` VALUES ('DoctrineMigrations\\Version20181017090225','2023-12-19 10:30:27',14),('DoctrineMigrations\\Version20181109101907','2023-12-19 10:30:27',1),('DoctrineMigrations\\Version20190821081036','2023-12-19 10:30:27',74),('DoctrineMigrations\\Version20200303053716','2023-12-19 10:30:27',0),('DoctrineMigrations\\Version20201127000000','2023-12-19 10:30:27',0),('DoctrineMigrations\\Version20201218044542','2023-12-19 10:30:27',0),('DoctrineMigrations\\Version20210316120000','2023-12-19 10:30:27',0),('DoctrineMigrations\\Version20210319122142','2023-12-19 10:30:27',1),('DoctrineMigrations\\Version20210401120000','2023-12-19 10:30:27',0),('DoctrineMigrations\\Version20210412073123','2023-12-19 10:30:27',69),('DoctrineMigrations\\Version20210831190000','2023-12-19 10:30:27',0),('DoctrineMigrations\\Version20211111050712','2023-12-19 10:30:27',1),('DoctrineMigrations\\Version20230116061053','2023-12-19 10:30:27',67),('DoctrineMigrations\\Version20230515023836','2023-12-19 10:30:27',0),('DoctrineMigrations\\Version20230928014611','2023-12-19 10:30:27',0);

--
-- Table structure for table `dtb_authority_role`
--

CREATE TABLE `dtb_authority_role` (
  `id` int(10) unsigned NOT NULL AUTO_INCREMENT,
  `authority_id` smallint(5) unsigned DEFAULT NULL,
  `creator_id` int(10) unsigned DEFAULT NULL,
  `deny_url` varchar(4000) COLLATE utf8mb4_bin NOT NULL,
  `create_date` datetime NOT NULL COMMENT '(DC2Type:datetimetz)',
  `update_date` datetime NOT NULL COMMENT '(DC2Type:datetimetz)',
  `discriminator_type` varchar(255) COLLATE utf8mb4_bin NOT NULL,
  PRIMARY KEY (`id`),
  KEY `IDX_4A1F70B181EC865B` (`authority_id`),
  KEY `IDX_4A1F70B161220EA6` (`creator_id`),
  CONSTRAINT `FK_4A1F70B161220EA6` FOREIGN KEY (`creator_id`) REFERENCES `dtb_member` (`id`),
  CONSTRAINT `FK_4A1F70B181EC865B` FOREIGN KEY (`authority_id`) REFERENCES `mtb_authority` (`id`)
) ENGINE=InnoDB DEFAULT CHARSET=utf8mb4 COLLATE=utf8mb4_bin;

--
-- Dumping data for table `dtb_authority_role`
--


--
-- Table structure for table `dtb_base_info`
--

CREATE TABLE `dtb_base_info` (
  `id` int(10) unsigned NOT NULL AUTO_INCREMENT,
  `country_id` smallint(5) unsigned DEFAULT NULL,
  `pref_id` smallint(5) unsigned DEFAULT NULL,
  `company_name` varchar(255) COLLATE utf8mb4_bin DEFAULT NULL,
  `company_kana` varchar(255) COLLATE utf8mb4_bin DEFAULT NULL,
  `postal_code` varchar(8) COLLATE utf8mb4_bin DEFAULT NULL,
  `addr01` varchar(255) COLLATE utf8mb4_bin DEFAULT NULL,
  `addr02` varchar(255) COLLATE utf8mb4_bin DEFAULT NULL,
  `phone_number` varchar(14) COLLATE utf8mb4_bin DEFAULT NULL,
  `business_hour` varchar(255) COLLATE utf8mb4_bin DEFAULT NULL,
  `email01` varchar(255) COLLATE utf8mb4_bin DEFAULT NULL,
  `email02` varchar(255) COLLATE utf8mb4_bin DEFAULT NULL,
  `email03` varchar(255) COLLATE utf8mb4_bin DEFAULT NULL,
  `email04` varchar(255) COLLATE utf8mb4_bin DEFAULT NULL,
  `shop_name` varchar(255) COLLATE utf8mb4_bin DEFAULT NULL,
  `shop_kana` varchar(255) COLLATE utf8mb4_bin DEFAULT NULL,
  `shop_name_eng` varchar(255) COLLATE utf8mb4_bin DEFAULT NULL,
  `update_date` datetime NOT NULL COMMENT '(DC2Type:datetimetz)',
  `good_traded` varchar(4000) COLLATE utf8mb4_bin DEFAULT NULL,
  `message` varchar(4000) COLLATE utf8mb4_bin DEFAULT NULL,
  `delivery_free_amount` decimal(12,2) unsigned DEFAULT NULL,
  `delivery_free_quantity` int(10) unsigned DEFAULT NULL,
  `option_mypage_order_status_display` tinyint(1) NOT NULL DEFAULT '1',
  `option_nostock_hidden` tinyint(1) NOT NULL DEFAULT '0',
  `option_favorite_product` tinyint(1) NOT NULL DEFAULT '1',
  `option_product_delivery_fee` tinyint(1) NOT NULL DEFAULT '0',
  `invoice_registration_number` varchar(255) COLLATE utf8mb4_bin DEFAULT NULL,
  `option_product_tax_rule` tinyint(1) NOT NULL DEFAULT '0',
  `option_customer_activate` tinyint(1) NOT NULL DEFAULT '1',
  `option_remember_me` tinyint(1) NOT NULL DEFAULT '1',
  `option_mail_notifier` tinyint(1) NOT NULL DEFAULT '0',
  `authentication_key` varchar(255) COLLATE utf8mb4_bin DEFAULT NULL,
  `php_path` varchar(255) COLLATE utf8mb4_bin DEFAULT NULL,
  `option_point` tinyint(1) NOT NULL DEFAULT '1',
  `basic_point_rate` decimal(10,0) unsigned DEFAULT '1',
  `point_conversion_rate` decimal(10,0) unsigned DEFAULT '1',
  `discriminator_type` varchar(255) COLLATE utf8mb4_bin NOT NULL,
  `site_kit_site_id` varchar(255) COLLATE utf8mb4_bin DEFAULT NULL,
  `site_kit_site_secret` varchar(255) COLLATE utf8mb4_bin DEFAULT NULL,
  PRIMARY KEY (`id`),
  KEY `IDX_1D3655F4F92F3E70` (`country_id`),
  KEY `IDX_1D3655F4E171EF5F` (`pref_id`),
  CONSTRAINT `FK_1D3655F4E171EF5F` FOREIGN KEY (`pref_id`) REFERENCES `mtb_pref` (`id`),
  CONSTRAINT `FK_1D3655F4F92F3E70` FOREIGN KEY (`country_id`) REFERENCES `mtb_country` (`id`)
) ENGINE=InnoDB AUTO_INCREMENT=2 DEFAULT CHARSET=utf8mb4 COLLATE=utf8mb4_bin;

--
-- Dumping data for table `dtb_base_info`
--

INSERT INTO `dtb_base_info` VALUES (1,NULL,13,'鍛造指輪株式会社®',NULL,'1030004','中央区東日本橋','3-6-17',NULL,NULL,'shopinfo@onlineshop.tanzo.jp','shopinfo@onlineshop.tanzo.jp','shopinfo@onlineshop.tanzo.jp','shopinfo@onlineshop.tanzo.jp','TANZO.(鍛造指輪)公式オンラインショップ',NULL,NULL,'2024-08-07 03:54:02','結婚指輪、婚約指輪、エタニティリング、アニバーサリージュエリー','“１０年後も、２０年後も、後悔しない指輪をつくりたい”\r\n\r\nそんな想いから、私達は “鍛造製法” にこだわった一生モノの指輪を企画・販売しております。',30000.00,NULL,0,0,0,0,NULL,0,1,0,1,'f24ff9f0effccc1dcdab39b38ead331b5a673178',NULL,0,1,1,'baseinfo',NULL,NULL);

--
-- Table structure for table `dtb_block`
--

CREATE TABLE `dtb_block` (
  `id` int(10) unsigned NOT NULL AUTO_INCREMENT,
  `device_type_id` smallint(5) unsigned DEFAULT NULL,
  `block_name` varchar(255) COLLATE utf8mb4_bin DEFAULT NULL,
  `file_name` varchar(255) COLLATE utf8mb4_bin NOT NULL,
  `use_controller` tinyint(1) NOT NULL DEFAULT '0',
  `deletable` tinyint(1) NOT NULL DEFAULT '1',
  `create_date` datetime NOT NULL COMMENT '(DC2Type:datetimetz)',
  `update_date` datetime NOT NULL COMMENT '(DC2Type:datetimetz)',
  `discriminator_type` varchar(255) COLLATE utf8mb4_bin NOT NULL,
  PRIMARY KEY (`id`),
  UNIQUE KEY `device_type_id` (`device_type_id`,`file_name`),
  KEY `IDX_6B54DCBD4FFA550E` (`device_type_id`),
  CONSTRAINT `FK_6B54DCBD4FFA550E` FOREIGN KEY (`device_type_id`) REFERENCES `mtb_device_type` (`id`)
) ENGINE=InnoDB AUTO_INCREMENT=24 DEFAULT CHARSET=utf8mb4 COLLATE=utf8mb4_bin;

--
-- Dumping data for table `dtb_block`
--

INSERT INTO `dtb_block` VALUES (1,10,'カート','cart',0,0,'2023-12-04 05:31:39','2023-12-04 05:31:39','block'),(2,10,'カテゴリ','category',0,0,'2023-12-04 05:31:39','2023-12-04 05:31:39','block'),(3,10,'カテゴリナビ(PC)','category_nav_pc',0,0,'2023-12-04 05:31:39','2023-12-04 05:31:39','block'),(4,10,'カテゴリナビ(SP)','category_nav_sp',0,0,'2023-12-04 05:31:39','2023-12-04 05:31:39','block'),(5,10,'新入荷商品特集','eyecatch',0,0,'2023-12-04 05:31:39','2023-12-04 05:31:39','block'),(6,10,'フッター','footer',0,0,'2023-12-04 05:31:39','2023-12-04 05:31:39','block'),(7,10,'ヘッダーメニュー','header',0,0,'2023-12-04 05:31:39','2024-04-04 01:48:08','block'),(8,10,'ログインナビ(共通)','login',0,0,'2023-12-04 05:31:39','2023-12-04 05:31:39','block'),(9,10,'ログインナビ(SP)','login_sp',0,0,'2023-12-04 05:31:39','2023-12-04 05:31:39','block'),(10,10,'ロゴ','logo',0,0,'2023-12-04 05:31:39','2023-12-04 05:31:39','block'),(11,10,'新着商品','new_item',0,0,'2023-12-04 05:31:39','2023-12-04 05:31:39','block'),(12,10,'新着情報','news',0,0,'2023-12-04 05:31:39','2023-12-04 05:31:39','block'),(13,10,'商品検索','search_product',1,0,'2023-12-04 05:31:39','2023-12-04 05:31:39','block'),(14,10,'トピック','topic',0,0,'2023-12-04 05:31:39','2023-12-04 05:31:39','block'),(17,10,'カレンダー','calendar',1,0,'2023-12-04 05:31:39','2023-12-04 05:31:39','block'),(19,10,'Tanzo HPへのリンク','to_hp',0,1,'2024-02-04 07:51:22','2024-02-04 07:51:22','block'),(22,10,'おすすめ商品','recommend_product_block',0,0,'2024-06-17 08:17:43','2024-06-17 08:17:43','block'),(23,10,'Cookie同意管理','cookie',1,0,'2024-07-04 04:01:43','2024-07-04 04:01:43','block');

--
-- Table structure for table `dtb_block_position`
--

CREATE TABLE `dtb_block_position` (
  `section` int(10) unsigned NOT NULL,
  `block_id` int(10) unsigned NOT NULL,
  `layout_id` int(10) unsigned NOT NULL,
  `block_row` int(10) unsigned DEFAULT NULL,
  `discriminator_type` varchar(255) COLLATE utf8mb4_bin NOT NULL,
  PRIMARY KEY (`section`,`block_id`,`layout_id`),
  KEY `IDX_35DCD731E9ED820C` (`block_id`),
  KEY `IDX_35DCD7318C22AA1A` (`layout_id`),
  CONSTRAINT `FK_35DCD7318C22AA1A` FOREIGN KEY (`layout_id`) REFERENCES `dtb_layout` (`id`),
  CONSTRAINT `FK_35DCD731E9ED820C` FOREIGN KEY (`block_id`) REFERENCES `dtb_block` (`id`)
) ENGINE=InnoDB DEFAULT CHARSET=utf8mb4 COLLATE=utf8mb4_bin;

--
-- Dumping data for table `dtb_block_position`
--

INSERT INTO `dtb_block_position` VALUES (2,23,1,0,'blockposition'),(2,23,5,0,'blockposition'),(3,7,1,0,'blockposition'),(3,7,2,0,'blockposition'),(3,7,5,0,'blockposition'),(7,2,1,0,'blockposition'),(7,12,1,2,'blockposition'),(7,19,1,3,'blockposition'),(7,22,1,1,'blockposition'),(10,6,1,0,'blockposition'),(10,6,2,0,'blockposition'),(10,6,5,0,'blockposition'),(11,4,1,1,'blockposition'),(11,4,2,1,'blockposition'),(11,4,5,1,'blockposition'),(11,9,1,2,'blockposition'),(11,9,2,2,'blockposition'),(11,9,5,2,'blockposition'),(11,13,1,0,'blockposition'),(11,13,2,0,'blockposition'),(11,13,5,0,'blockposition');

--
-- Table structure for table `dtb_calendar`
--

CREATE TABLE `dtb_calendar` (
  `id` int(10) unsigned NOT NULL AUTO_INCREMENT,
  `title` varchar(255) COLLATE utf8mb4_bin DEFAULT NULL,
  `holiday` datetime NOT NULL COMMENT '(DC2Type:datetimetz)',
  `create_date` datetime NOT NULL COMMENT '(DC2Type:datetimetz)',
  `update_date` datetime NOT NULL COMMENT '(DC2Type:datetimetz)',
  `discriminator_type` varchar(255) COLLATE utf8mb4_bin NOT NULL,
  PRIMARY KEY (`id`)
) ENGINE=InnoDB DEFAULT CHARSET=utf8mb4 COLLATE=utf8mb4_bin;

--
-- Dumping data for table `dtb_calendar`
--


--
-- Table structure for table `dtb_cart`
--

CREATE TABLE `dtb_cart` (
  `id` int(10) unsigned NOT NULL AUTO_INCREMENT,
  `customer_id` int(10) unsigned DEFAULT NULL,
  `cart_key` varchar(255) COLLATE utf8mb4_bin DEFAULT NULL,
  `pre_order_id` varchar(255) COLLATE utf8mb4_bin DEFAULT NULL,
  `total_price` decimal(12,2) unsigned NOT NULL DEFAULT '0.00',
  `delivery_fee_total` decimal(12,2) unsigned NOT NULL DEFAULT '0.00',
  `sort_no` smallint(5) unsigned DEFAULT NULL,
  `create_date` datetime NOT NULL COMMENT '(DC2Type:datetimetz)',
  `update_date` datetime NOT NULL COMMENT '(DC2Type:datetimetz)',
  `add_point` decimal(12,0) unsigned NOT NULL DEFAULT '0',
  `use_point` decimal(12,0) unsigned NOT NULL DEFAULT '0',
  `discriminator_type` varchar(255) COLLATE utf8mb4_bin NOT NULL,
  PRIMARY KEY (`id`),
  UNIQUE KEY `dtb_cart_pre_order_id_idx` (`pre_order_id`),
  KEY `IDX_FC3C24F09395C3F3` (`customer_id`),
  KEY `dtb_cart_update_date_idx` (`update_date`),
  CONSTRAINT `FK_FC3C24F09395C3F3` FOREIGN KEY (`customer_id`) REFERENCES `dtb_customer` (`id`)
) ENGINE=InnoDB AUTO_INCREMENT=1165 DEFAULT CHARSET=utf8mb4 COLLATE=utf8mb4_bin;

--
-- Dumping data for table `dtb_cart`
--

INSERT INTO `dtb_cart` VALUES (1,NULL,'HwXKmDFOFMnTrAIZBKVb0VDYTiyOCwRt_1','44fee9b826ef0283984a232d93bc9d5a0a712b3a',176000.00,0.00,NULL,'2024-07-09 08:43:19','2024-07-09 08:44:34',0,0,'cart'),(9,NULL,'IsgQeGe79cO8K7k0RK1bf4ZZFXi7cR9J_1',NULL,1892000.00,0.00,NULL,'2024-07-11 09:07:26','2024-07-11 09:45:10',0,0,'cart'),(19,NULL,'wVp5q3rbbKjQwQMBxUOLFKRyKqqG0NCM_1','890042b5a59fb4a9d4bf8df95bac56c14ba7f462',451000.00,0.00,NULL,'2024-07-12 03:17:45','2024-07-12 03:18:39',0,0,'cart'),(58,NULL,'T01W7PcIdlMtFfooDP2aiIMRecaYFzGG_1',NULL,293700.00,0.00,NULL,'2024-07-12 09:56:17','2024-07-12 09:56:19',0,0,'cart'),(59,NULL,'BlhGlnOuDO1sl1vwIDs2LKnqsfDHBk2J_1','45b0788c070bf1154d97108b00680f39450df959',352000.00,0.00,NULL,'2024-07-16 09:43:29','2024-07-16 09:45:07',0,0,'cart'),(62,NULL,'JdDxVCD7kRYpoSWnaj4I5bW8ELoib7XU_1','92bcb1a3935623bc4f69a69cd2d4e7c7303ce25b',167200.00,0.00,NULL,'2024-07-19 07:16:09','2024-07-19 10:31:18',0,0,'cart'),(67,NULL,'1bhN3Vwdhf7MunrFJotwFlNNC8Oz3lqI_1','8a9050f46e76b35077da7c1985d199ee29de16a7',139700.00,0.00,NULL,'2024-07-22 07:57:32','2024-07-22 07:57:58',0,0,'cart'),(68,NULL,'dTCVBawHwZ3agNKO1uw9ifK9ldyMTlb3_1','c0ceeb52a86ba1524bfec96aaa734b00406aed1a',139700.00,0.00,NULL,'2024-07-22 07:59:23','2024-07-22 08:40:21',0,0,'cart'),(69,NULL,'e0W0ANkqC5e18NVT0Rh6WNCEeJ8OH6aY_1','6d532b857065fdafb9d71393323d4f651cd5c0ab',139700.00,0.00,NULL,'2024-07-22 08:46:19','2024-07-22 09:06:23',0,0,'cart'),(70,NULL,'TKSSY0iMZpK8lxoTXrE9edSxrHsbWJ8F_1','5f2ce0cd21c387b7b380043fd4854d0c6920bf26',139700.00,0.00,NULL,'2024-07-22 09:30:31','2024-07-22 09:30:47',0,0,'cart'),(72,NULL,'5SmJSmaDrSJ9xex5qcgmFR4vRVeSTwfO_1','668727b9317fe628f9bec6e675caab5cbf858181',139700.00,0.00,NULL,'2024-07-23 04:38:26','2024-07-23 04:55:14',0,0,'cart'),(76,NULL,'4zJ8Z3XKmB1KAfklZHna3mdWCvq6X76D_1','2ed8aebd26bec316a99371c70bfc53f0490b6163',462000.00,0.00,NULL,'2024-07-23 06:58:05','2024-07-23 10:18:10',0,0,'cart'),(77,NULL,'vLDaxNieEU9Utylb903khbpVp9DCY8tm_1','46c5855f555c5c06c4932c02eaf0d7923aed0f53',407000.00,0.00,NULL,'2024-07-29 09:05:15','2024-07-29 09:24:28',0,0,'cart'),(81,NULL,'QjDgWHtKd6iARfQU67t8SOITwqFMSXbK_1','1193951137d9651043f2d6c06f029210dc33bbd0',293700.00,0.00,NULL,'2024-07-30 05:31:45','2024-07-30 05:32:28',0,0,'cart'),(82,NULL,'0p9Alrhp6cmDXuA4TI2oubqCRXj3gko7_1','6bd41fac02c7830416c897fcc84f1e7219992b58',293700.00,0.00,NULL,'2024-07-31 06:27:21','2024-07-31 07:03:35',0,0,'cart'),(84,NULL,'imcdxLhasnhaSnwTZI0w0tjDiBwc3pZi_1','f14f1696bc6e522c826f68b683a89253230fbeaa',346500.00,0.00,NULL,'2024-07-31 06:46:23','2024-07-31 06:50:33',0,0,'cart'),(85,NULL,'O2KBCOfyNVXH5Jsuu2aThjs7t1N7G4eS_1',NULL,178200.00,0.00,NULL,'2024-08-01 08:20:39','2024-08-01 08:20:41',0,0,'cart'),(86,NULL,'Xd5QTe8D6EM4BfWaGczi16yGJ5TudIko_1',NULL,154000.00,0.00,NULL,'2024-08-01 08:42:29','2024-08-01 08:42:31',0,0,'cart'),(88,NULL,'9ZL95EyYlyaocdCPyItvKgj7QdlLrEfO_1',NULL,550000.00,0.00,NULL,'2024-08-05 09:19:25','2024-08-05 09:19:26',0,0,'cart'),(91,NULL,'oPMbLZhYEuXhjXMpWKzxb30gAC0juJQr_1','d2f422a34f1d5041b0da0ba1c599d444792dce42',440000.00,0.00,NULL,'2024-08-08 03:15:15','2024-08-08 03:21:30',0,0,'cart'),(92,NULL,'6InNSi6VlKSHMj931g9BB4ZRWusJHqTi_1',NULL,115500.00,0.00,NULL,'2024-08-15 01:20:17','2024-08-15 01:31:02',0,0,'cart'),(93,NULL,'P9hbDlYcut243l7gxaiP7zIbPT3YFfqY_1',NULL,143000.00,0.00,NULL,'2024-08-16 02:30:47','2024-08-16 02:32:13',0,0,'cart'),(95,NULL,'rKzTOp7AQAc7pUnNrpZmzEpKHHN0552N_1',NULL,346500.00,0.00,NULL,'2024-08-16 02:32:31','2024-08-16 02:32:32',0,0,'cart'),(97,NULL,'UmVrA9bjsj48ty4i3SzuSwkSDuYc4kzK_1',NULL,550000.00,0.00,NULL,'2024-08-20 08:52:50','2024-08-20 08:52:51',0,0,'cart'),(98,NULL,'susD6UnCtGByjqKUuIqLxdDxdBxQTKTY_1',NULL,291500.00,0.00,NULL,'2024-08-20 08:54:02','2024-08-20 08:54:03',0,0,'cart'),(101,NULL,'UqL8LsTDEU73lGxVH0rhul4I7W8KLoae_1',NULL,280500.00,0.00,NULL,'2024-08-22 08:25:35','2024-08-22 08:25:45',0,0,'cart'),(106,NULL,'uSSQyu7abbu6F66C81wtyGK64Q1bmqtK_1',NULL,143000.00,0.00,NULL,'2024-08-23 02:42:19','2024-08-23 02:42:19',0,0,'cart'),(107,NULL,'LuXzKdYKw0ZyCAH8hXQ2lwp3vIDYL8X0_1',NULL,324500.00,0.00,NULL,'2024-08-23 03:36:35','2024-08-23 03:36:37',0,0,'cart'),(108,NULL,'2bzpRjCE988nywI4qbeetREBmB01NAi1_1',NULL,143000.00,0.00,NULL,'2024-08-23 03:36:47','2024-08-23 03:36:49',0,0,'cart'),(109,NULL,'PyuoAAiw9t2AYPVoYebPRpncHERiLhRb_1',NULL,282700.00,0.00,NULL,'2024-08-23 06:24:23','2024-08-23 06:24:25',0,0,'cart'),(110,NULL,'DJ4CNhaSB1mBydcizazWnVn4CzpOprWH_1',NULL,302500.00,0.00,NULL,'2024-08-25 04:45:04','2024-08-25 04:45:05',0,0,'cart'),(111,NULL,'912Kt5iMPLISBiQhcdCxgbqhf5Dv1pUM_1',NULL,324500.00,0.00,NULL,'2024-08-25 19:32:00','2024-08-25 19:32:02',0,0,'cart'),(114,NULL,'mW4ypR5Ez9KhkTcfn4FBM7yGPDv4iGMm_1',NULL,462000.00,0.00,NULL,'2024-08-31 03:50:53','2024-08-31 03:50:55',0,0,'cart'),(116,NULL,'74eSm5rxU6v2CnTcy43EsTtLl1IvbwGV_1',NULL,572000.00,0.00,NULL,'2024-08-31 10:12:26','2024-08-31 10:12:46',0,0,'cart'),(117,NULL,'SRN0U5NLhqxpu9uFrH6Guzuq22XdTYpj_1',NULL,170500.00,0.00,NULL,'2024-09-01 12:01:25','2024-09-01 12:01:27',0,0,'cart'),(118,NULL,'5J94PNOOwp9J41n7Ebld8BECDrIN5nBd_1',NULL,0.00,0.00,NULL,'2024-09-05 07:05:39','2024-09-05 07:05:39',0,0,'cart'),(119,NULL,'tz6n0YJL01O80b17PaGUwEbfL4LIrV5h_1',NULL,264000.00,0.00,NULL,'2024-09-05 21:09:48','2024-09-05 21:09:51',0,0,'cart'),(123,NULL,'LIsjrKoxi18x92J2z2BNaU65JOHRTI7i_1',NULL,907500.00,0.00,NULL,'2024-09-08 03:26:44','2024-09-08 03:26:49',0,0,'cart'),(124,NULL,'Q3kWpzGPe0a9Oo9fKBKXpxnQgHHMHAfO_1',NULL,282700.00,0.00,NULL,'2024-09-09 05:59:05','2024-09-09 05:59:07',0,0,'cart'),(125,NULL,'jfcvL61aaSlH7OvqKiVHZxhoHRgEAZ5o_1',NULL,159500.00,0.00,NULL,'2024-09-09 15:31:01','2024-09-09 15:31:03',0,0,'cart'),(137,NULL,'bwlpgCN6KO4f1gLw6iU8BskGpDeHOjMi_1',NULL,478500.00,0.00,NULL,'2024-09-10 01:12:08','2024-09-10 01:12:11',0,0,'cart'),(138,NULL,'C6zETRSsRU7UUJ1OlWtJ2IFieKyDWLJR_1',NULL,621500.00,0.00,NULL,'2024-09-10 01:27:19','2024-09-10 01:27:20',0,0,'cart'),(139,NULL,'kQ68S2o5ARhaUqACTS9h6fUATKiYavlP_1',NULL,368500.00,0.00,NULL,'2024-09-13 06:54:38','2024-09-13 06:54:48',0,0,'cart'),(140,NULL,'B6vZGfusjCOrjkZUqTMdax6gUdGtmnjX_1',NULL,275000.00,0.00,NULL,'2024-09-15 16:01:16','2024-09-15 16:01:18',0,0,'cart'),(141,NULL,'Ha7YMchap6agqAIWsnLU4t9TWTJ3d1ZZ_1',NULL,302500.00,0.00,NULL,'2024-09-16 07:55:38','2024-09-16 07:55:40',0,0,'cart'),(142,NULL,'hoXGCDqKXdiHd9bbUoDQDfsb0tBOEgHh_1',NULL,357500.00,0.00,NULL,'2024-09-18 04:50:07','2024-09-18 04:50:09',0,0,'cart'),(143,NULL,'RVCvIiDSqDsYVFsOyUMmT19567AJc7bi_1',NULL,192500.00,0.00,NULL,'2024-09-18 15:57:05','2024-09-18 15:57:05',0,0,'cart'),(145,NULL,'eg7jnLMdGdEu5fp2rPWlNWKRkURgpbfV_1',NULL,539000.00,0.00,NULL,'2024-09-19 11:25:16','2024-09-19 11:25:16',0,0,'cart'),(150,NULL,'6VJHpcfN3cAIratbm4zURJlwE88ZKMVl_1',NULL,308000.00,0.00,NULL,'2024-09-24 01:33:37','2024-09-24 01:33:38',0,0,'cart'),(152,NULL,'ZzNf5OscWg2EFVkruFho6DDvgubDoMIp_1',NULL,653400.00,0.00,NULL,'2024-09-28 23:30:04','2024-09-28 23:30:05',0,0,'cart'),(153,NULL,'lc9OnH8FBBWYcUlJzeBly1LzEF67qKbS_1',NULL,178200.00,0.00,NULL,'2024-09-29 14:43:58','2024-09-29 14:44:01',0,0,'cart'),(155,NULL,'n1HH69XVM98rNkUAtAH8R9z11OD8Ycqs_1','d759a9b3a57b6a8f1108deaeefcd1f9196cf484b',792000.00,0.00,NULL,'2024-09-30 06:38:11','2024-09-30 06:38:30',0,0,'cart'),(157,NULL,'XYf7lwK4uAZjXYPnYEG0AYKidio3bS2O_1',NULL,742500.00,0.00,NULL,'2024-10-01 10:09:12','2024-10-01 10:09:13',0,0,'cart'),(160,NULL,'lLkyH0kOE1vqsqNIL4W6tPFrG1itz39V_1',NULL,473000.00,0.00,NULL,'2024-10-16 00:46:40','2024-10-16 00:46:44',0,0,'cart'),(162,NULL,'ML36M9BusYKFidbw4BPR1UEXup9BStms_1',NULL,313500.00,0.00,NULL,'2024-10-20 05:19:51','2024-10-20 05:19:53',0,0,'cart'),(163,NULL,'0pK6IoMlLDJK6Cu7YYKwW4zVPjkToCY4_1',NULL,302500.00,0.00,NULL,'2024-10-20 08:34:01','2024-10-20 08:34:04',0,0,'cart'),(164,NULL,'WoG5drhphIRkqr8VkiiS26rCXPHYDwMo_1',NULL,390500.00,0.00,NULL,'2024-10-21 00:52:54','2024-10-21 00:52:55',0,0,'cart'),(165,NULL,'W10VN5N36ujgTOfwPziqRB6y0eiiyQ48_1','81106f29a0a68649ddad91f321ec6373fe4e7694',324500.00,0.00,NULL,'2024-10-24 06:53:43','2024-10-24 06:55:42',0,0,'cart'),(166,NULL,'6WRdRut17HD04U2rKnJjMplxk9SIP9NG_1',NULL,556600.00,0.00,NULL,'2024-10-24 07:00:41','2024-10-24 07:00:42',0,0,'cart'),(167,NULL,'BcAuoHIHUD7rqmPylYHeQXV0FOZHq9lB_1',NULL,346500.00,0.00,NULL,'2024-11-01 11:46:57','2024-11-01 11:46:59',0,0,'cart'),(168,NULL,'gH8lL7lwxsBgdEs1Fefx00HekrBUsv7f_1',NULL,313500.00,0.00,NULL,'2024-11-02 01:40:10','2024-11-02 01:40:12',0,0,'cart'),(169,NULL,'uGTzFkBzweyHcBLp95Ws8uIlTzwPikz3_1',NULL,350900.00,0.00,NULL,'2024-11-03 09:15:38','2024-11-03 09:15:42',0,0,'cart'),(173,NULL,'wWw9sk2PbTJ5ewgxMDWJ5DP7wsVeGnit_1',NULL,598400.00,0.00,NULL,'2024-11-04 05:25:16','2024-11-04 05:25:35',0,0,'cart'),(174,NULL,'Vzt1FGbMw9WcKCjpIamtTR0lEq8nSWRB_1',NULL,335500.00,0.00,NULL,'2024-11-04 10:12:18','2024-11-04 10:12:20',0,0,'cart'),(175,NULL,'GOzXKusmGGVvdU6LWQPgW7OsoLtwExlm_1','6d04e46e4402980217001f8ab7d19f591c54f6e4',429000.00,0.00,NULL,'2024-11-05 08:40:52','2024-11-05 08:41:39',0,0,'cart'),(176,NULL,'yaFFrbBhDKxMQY2A57gadInOxRVbM7pA_1',NULL,192500.00,0.00,NULL,'2024-11-10 11:24:29','2024-11-10 11:24:32',0,0,'cart'),(177,NULL,'shVtYy9UPjlzVLP72rdYLOkurIh3l1Oa_1',NULL,431200.00,0.00,NULL,'2024-11-13 11:58:53','2024-11-13 11:58:53',0,0,'cart'),(179,NULL,'M7Tkrld8gIum3yc7nORZvoKEYzj7wCI9_1',NULL,324500.00,0.00,NULL,'2024-11-20 01:33:39','2024-11-20 01:33:39',0,0,'cart'),(181,NULL,'sohftwxxaWSmQK2DEtrLg5RLi5lMPGXO_1',NULL,335500.00,0.00,NULL,'2024-11-22 11:59:03','2024-11-22 11:59:04',0,0,'cart'),(182,NULL,'NubpagBxerav8udNvviIiSMuUPdKGDzj_1',NULL,324500.00,0.00,NULL,'2024-11-27 08:02:59','2024-11-27 08:28:16',0,0,'cart'),(183,NULL,'TQBhZ52fXGSrDniqLtq91ipyeuZiHx7a_1',NULL,154000.00,0.00,NULL,'2024-11-27 08:12:28','2024-11-27 08:12:30',0,0,'cart'),(184,NULL,'XHb2AATjmQ8JDXBHKqD3csidjTHswonq_1',NULL,748000.00,0.00,NULL,'2024-11-27 14:20:04','2024-11-27 14:20:04',0,0,'cart'),(185,NULL,'KMknNYzXdjL28OM4C5SwAMWynXA6xxQG_1',NULL,282700.00,0.00,NULL,'2024-11-30 06:10:53','2024-11-30 06:10:56',0,0,'cart'),(186,NULL,'qmgOa5LKqjCkYrHuMMHb7FGrkZyNyZu7_1',NULL,572000.00,0.00,NULL,'2024-12-01 08:06:23','2024-12-01 08:06:25',0,0,'cart'),(187,NULL,'qXkhK0rXVNLIzQrJp1AcMN5BipMvp4nG_1',NULL,170500.00,0.00,NULL,'2024-12-01 13:07:00','2024-12-01 13:07:01',0,0,'cart'),(188,NULL,'ujoDdFb6l9V28fXPeJYEo7lH6JoY6Ady_1','a771bbe7cfc31f07a122927346002c10a9a12438',148500.00,0.00,NULL,'2024-12-01 14:08:58','2024-12-01 14:19:34',0,0,'cart'),(189,NULL,'wXzBt5KKCPUgDLEMeBxH5wVADQwlRpjn_1',NULL,346500.00,0.00,NULL,'2024-12-01 17:19:40','2024-12-01 17:19:42',0,0,'cart'),(194,NULL,'GKPlZduVmteU4cKxtzFgz0foGREwGzkC_1','1b598a295a92d58aa09d4bb379c2bc0e650b80b2',324500.00,0.00,NULL,'2024-12-02 06:41:53','2024-12-02 06:43:15',0,0,'cart'),(200,NULL,'kduVey01sdW6tJGJdERKsOMuhxvzNuAI_1',NULL,352000.00,0.00,NULL,'2024-12-05 14:34:33','2024-12-05 14:34:34',0,0,'cart'),(213,NULL,'RLQIWLl7Z2AZvZD5kzAoGMgWfTFL2BY1_1',NULL,165000.00,0.00,NULL,'2024-12-10 10:21:00','2024-12-10 10:21:01',0,0,'cart'),(214,NULL,'ONkb1t6XaXav5Iwjb8K5Ou0gSqVmje1n_1',NULL,293700.00,0.00,NULL,'2024-12-12 10:29:47','2024-12-12 10:29:51',0,0,'cart'),(218,NULL,'k9Smo26tZRwgdkukdsV8l8apDt8NPaSw_1',NULL,374000.00,0.00,NULL,'2024-12-18 11:37:47','2024-12-18 11:37:47',0,0,'cart'),(219,NULL,'sifcfVBZumWsd9XGJHXFvR0TuShL73CP_1',NULL,154000.00,0.00,NULL,'2024-12-20 03:35:53','2024-12-20 03:35:53',0,0,'cart'),(220,NULL,'gulobwOsLvsr32G4S5Rx4eymjhxJ7c9a_1',NULL,357500.00,0.00,NULL,'2024-12-20 11:27:09','2024-12-20 11:27:12',0,0,'cart'),(222,NULL,'0Ormm9LU5yjCJ34oa6xl2qXuuabUSS8g_1',NULL,407000.00,0.00,NULL,'2024-12-21 09:56:18','2024-12-21 09:56:19',0,0,'cart'),(223,NULL,'LehEASdC0fxqP4tqwm8DkBC88GTa9LUs_1',NULL,313500.00,0.00,NULL,'2024-12-21 13:27:28','2024-12-21 13:27:29',0,0,'cart'),(224,NULL,'fjnecvC0MMQ7jrLhayjlXCJxy90jmZQl_1',NULL,148500.00,0.00,NULL,'2024-12-22 11:51:40','2024-12-22 11:51:40',0,0,'cart'),(225,NULL,'Wak7734PhYcqsSBMBhQOpXMM1gcKvSOq_1',NULL,286000.00,0.00,NULL,'2024-12-24 02:56:42','2024-12-24 02:56:45',0,0,'cart'),(226,NULL,'wS4CdzE5alLZsE4jGP8DAw1vciJK3yNw_1',NULL,159500.00,0.00,NULL,'2024-12-25 12:57:29','2024-12-25 12:57:31',0,0,'cart'),(230,NULL,'LgbQ0OZfTMU4dQ86NxsleWXflsLxMPCR_1',NULL,324500.00,0.00,NULL,'2025-01-02 05:57:32','2025-01-02 05:57:32',0,0,'cart'),(232,NULL,'0OdbefV987wzSYZbCDBEcSxS2uBFCTlx_1',NULL,282700.00,0.00,NULL,'2025-01-03 03:29:00','2025-01-03 03:33:28',0,0,'cart'),(233,NULL,'ArlL9BN4PBe23h8Wlj5AdhA7bhlTTaPw_1',NULL,541200.00,0.00,NULL,'2025-01-03 03:33:26','2025-01-03 03:33:28',0,0,'cart'),(237,NULL,'qHN2xBBntzMjKZexddmgpKQSekKPPhNN_1',NULL,331100.00,0.00,NULL,'2025-01-03 05:42:38','2025-01-03 05:42:38',0,0,'cart'),(238,NULL,'fsqBi420naMclLMOr30dLXd7O7V5kgrO_1',NULL,126500.00,0.00,NULL,'2025-01-03 05:56:30','2025-01-03 05:56:32',0,0,'cart'),(240,NULL,'g1Pox6vdRKdIzy3hLHKJUBbVBD8F4MKe_1',NULL,874500.00,0.00,NULL,'2025-01-04 09:44:44','2025-01-04 09:44:44',0,0,'cart'),(241,NULL,'wJUO4LRAAXQ060JgFNnLAGMnsTTMHcXz_1',NULL,167200.00,0.00,NULL,'2025-01-06 11:01:11','2025-01-06 11:01:14',0,0,'cart'),(243,NULL,'HbKFmbyMqaAOP3CLurTireXo3Oyq5zsi_1',NULL,203500.00,0.00,NULL,'2025-01-09 14:28:11','2025-01-09 14:28:13',0,0,'cart'),(244,NULL,'dtx25hfOEhZmpiiUCv3LsYXUPpWleYFD_1',NULL,418000.00,0.00,NULL,'2025-01-12 21:04:25','2025-01-12 21:04:27',0,0,'cart'),(245,NULL,'8AedqUY4LSWrOI0CrxsYq2NqtLPItTDm_1',NULL,572000.00,0.00,NULL,'2025-01-14 15:29:46','2025-01-14 15:29:49',0,0,'cart'),(247,NULL,'3srdbMKdeNIf1EEn6Lm5NpqzJ5EAoWYO_1','36874b7b09c907506dae974b40dc17867403aba9',115500.00,0.00,NULL,'2025-01-15 08:50:50','2025-01-15 08:53:34',0,0,'cart'),(248,NULL,'uE4RMH2Uj9O6q79ANp1hP9BTAKQ73aZ2_1',NULL,115500.00,0.00,NULL,'2025-01-19 10:40:42','2025-01-19 10:40:47',0,0,'cart'),(250,NULL,'NAMg4RuAwFokeFxEc2STVclTQ5dnwLbz_1',NULL,139700.00,0.00,NULL,'2025-01-21 00:43:27','2025-01-21 00:45:45',0,0,'cart'),(251,NULL,'KxBhU39bV7DkwWxfbfoimqZmQKJHbzLE_1',NULL,115500.00,0.00,NULL,'2025-01-21 03:02:08','2025-01-21 03:02:10',0,0,'cart'),(252,NULL,'yFV22KtTHCqIA0PzlWQYs0iDejvqlBzT_1',NULL,159500.00,0.00,NULL,'2025-01-23 01:18:28','2025-01-23 01:18:56',0,0,'cart'),(257,NULL,'oAVq9yKhTDQ4tgoXCAgPCYoCnrwvSFtZ_1',NULL,341000.00,0.00,NULL,'2025-01-26 23:30:42','2025-01-26 23:30:44',0,0,'cart'),(258,NULL,'kOCT3XOTl7TUY7FV2s7QYVtJvnvDNtUO_1',NULL,324500.00,0.00,NULL,'2025-01-29 11:11:47','2025-01-29 11:11:48',0,0,'cart'),(259,NULL,'drRgwRgeogjnTlori9BPdAxMYw08IoLJ_1',NULL,280500.00,0.00,NULL,'2025-01-30 13:39:13','2025-01-30 13:40:09',0,0,'cart'),(260,NULL,'DA4lUW46n5MoJWDzTmHlrZlfCnd6afcg_1',NULL,280500.00,0.00,NULL,'2025-01-30 13:47:17','2025-01-30 13:47:17',0,0,'cart'),(261,NULL,'O5cmndgDLVDsySjqNEpd2L8viaJtb32x_1',NULL,324500.00,0.00,NULL,'2025-02-01 08:10:16','2025-02-01 08:10:19',0,0,'cart'),(262,NULL,'GCOED6nCAaBw8LDLbwndXjKqUzpges8x_1',NULL,220000.00,0.00,NULL,'2025-02-02 16:01:34','2025-02-02 16:01:39',0,0,'cart'),(263,NULL,'fw0Leod8JVtRNN2CNAfUtgHsJ5ZDckFM_1',NULL,313500.00,0.00,NULL,'2025-02-07 15:06:40','2025-02-07 15:06:42',0,0,'cart'),(264,NULL,'LSY1Gk0zjebtgj3mKDi1Z1O2VARkWcLV_1',NULL,337700.00,0.00,NULL,'2025-02-09 10:28:39','2025-02-09 12:44:27',0,0,'cart'),(265,NULL,'BRxSUhhnuNcUWeDBCZXikrOYtGqsWcV4_1',NULL,181500.00,0.00,NULL,'2025-02-09 14:11:51','2025-02-09 14:11:54',0,0,'cart'),(266,NULL,'Jr1yijDeyLf8tqWc999MZsmwOMVuK1gQ_1',NULL,357500.00,0.00,NULL,'2025-02-11 08:42:10','2025-02-11 08:42:12',0,0,'cart'),(267,NULL,'pcmDWcW6x6DHMp6hGSOfxRuaD7CYTvOP_1',NULL,346500.00,0.00,NULL,'2025-02-11 09:37:11','2025-02-11 09:37:12',0,0,'cart'),(268,NULL,'zuNNozaRLsMyugyow5Rpg5tJXy7TUafY_1',NULL,398200.00,0.00,NULL,'2025-02-13 03:41:07','2025-02-13 03:42:03',0,0,'cart'),(269,NULL,'iSoRquh51DYKS2OjlDQJRTPVrE1sduIm_1',NULL,390500.00,0.00,NULL,'2025-02-21 08:09:49','2025-02-21 08:09:51',0,0,'cart'),(270,NULL,'5mg0ui4DZTE2iYmfprU7D1vDYaZWXRsL_1',NULL,242000.00,0.00,NULL,'2025-02-22 15:38:24','2025-02-22 15:38:26',0,0,'cart'),(271,NULL,'YpK7JyK8VVZIN7xljWB9vP7KEqALTf0T_1',NULL,304700.00,0.00,NULL,'2025-02-24 13:37:11','2025-02-24 13:37:16',0,0,'cart'),(272,NULL,'3D6Sx4BQ7KFuUmea4NCNwamQsQpiHgRQ_1',NULL,341000.00,0.00,NULL,'2025-02-24 14:13:53','2025-02-24 14:13:55',0,0,'cart'),(273,NULL,'n4ORTkKIv9wGvHgkbaQbsq61v6TgIY1K_1',NULL,176000.00,0.00,NULL,'2025-02-24 15:51:42','2025-02-24 15:51:42',0,0,'cart'),(274,NULL,'dk7mvkYTVkL8RE6BR2nW6dYdJOGvu3bd_1',NULL,282700.00,0.00,NULL,'2025-03-01 07:32:00','2025-03-01 07:32:56',0,0,'cart'),(280,NULL,'UGZL6lBVSmt0mRjRB3gw2LAc0z1G9TJb_1',NULL,385000.00,0.00,NULL,'2025-03-03 10:05:46','2025-03-03 10:05:48',0,0,'cart'),(282,NULL,'tzlxq043GXSEXCxPO2ol3dDL5jrIBdYl_1',NULL,159500.00,0.00,NULL,'2025-03-05 07:55:33','2025-03-05 07:55:34',0,0,'cart'),(284,NULL,'0rhpuQ9JDW1LyyGfHiWPoJolchhgrjsV_1',NULL,1551000.00,0.00,NULL,'2025-03-08 00:25:44','2025-03-08 00:25:45',0,0,'cart'),(285,NULL,'fiE32nc4I4eCjol2WPi7qU4QxzKg5Qz6_1',NULL,346500.00,0.00,NULL,'2025-03-08 12:45:03','2025-03-08 12:45:05',0,0,'cart'),(286,NULL,'28sW0yEcxYu1xHk6Hh7gLN9rPTZlHDhK_1',NULL,209000.00,0.00,NULL,'2025-03-10 03:58:02','2025-03-10 03:58:03',0,0,'cart'),(289,NULL,'R5DJeFSnWOyrM6CVanELOEMC7R2ynKaZ_1',NULL,484000.00,0.00,NULL,'2025-03-15 23:16:31','2025-03-15 23:16:33',0,0,'cart'),(290,NULL,'W8DhANXmequ8BSxq6ZSmvNxGOe0dUojY_1',NULL,319000.00,0.00,NULL,'2025-03-16 02:36:17','2025-03-16 02:36:19',0,0,'cart'),(291,NULL,'MCmpruUhal8hQrYqP5xXvR4MATOMdqzr_1',NULL,319000.00,0.00,NULL,'2025-03-16 05:58:38','2025-03-16 05:58:45',0,0,'cart'),(296,NULL,'I85vBtATuhwFgm7n2sMBdK38BybYg9HF_1','7d0a1d452b8f9a60ca74ade68f08221a163665d8',445500.00,0.00,NULL,'2025-03-18 03:31:55','2025-03-18 03:35:01',0,0,'cart'),(299,NULL,'tnis41nrAmVdl7880kttEQcQClyEbRRv_1','f9d33cdad985c8ed5199c894d7e6dc153d8f4c16',445500.00,0.00,NULL,'2025-03-18 08:22:21','2025-03-18 08:48:21',0,0,'cart'),(303,NULL,'H3fvtrq2T4pXPCUbEZOiQ8L2PSG1Ntcr_1',NULL,282700.00,0.00,NULL,'2025-03-19 17:38:37','2025-03-19 17:38:38',0,0,'cart'),(304,NULL,'F8E0OGCpoEEej67eyT13MUemyPNjaaqf_1',NULL,148500.00,0.00,NULL,'2025-03-22 17:13:32','2025-03-22 17:13:33',0,0,'cart'),(305,NULL,'PMlu0hNPwI7HKxfnZbqVIg3BS21v71Fy_1',NULL,467500.00,0.00,NULL,'2025-03-23 12:27:12','2025-03-23 12:27:12',0,0,'cart'),(307,NULL,'YG9noQrnpxoaYDz7BX7pbtB3xwGw6bG3_1',NULL,143000.00,0.00,NULL,'2025-03-25 14:32:39','2025-03-25 14:32:41',0,0,'cart'),(309,NULL,'ecp4kQe4Ae2dZKMMVHM4cYDkkVfA5hya_1',NULL,412500.00,0.00,NULL,'2025-04-01 10:00:19','2025-04-01 10:00:21',0,0,'cart'),(310,NULL,'q2vR6xsEJ7D6JCAC8JUDi2unC9kDPo9Z_1',NULL,834900.00,0.00,NULL,'2025-04-02 07:20:00','2025-04-02 07:20:02',0,0,'cart'),(314,NULL,'I74r0bSMFmEImHDFTd1UvY79WSPOz3xy_1',NULL,346500.00,0.00,NULL,'2025-04-03 14:32:40','2025-04-03 14:37:06',0,0,'cart'),(317,NULL,'OMqmJmng2EVxS0pR8Amemq4QmJUJqXv7_1',NULL,291500.00,0.00,NULL,'2025-04-04 12:26:19','2025-04-04 12:26:19',0,0,'cart'),(318,NULL,'bX0SggEWvJQfX5zQpwkxmnQ0DsNVpFGd_1',NULL,247500.00,0.00,NULL,'2025-04-05 03:41:07','2025-04-05 03:41:08',0,0,'cart'),(319,NULL,'VPQ3b33MeRYyVK4ul9TzE3UJKTTt5kkq_1',NULL,247500.00,0.00,NULL,'2025-04-05 03:49:31','2025-04-05 03:49:32',0,0,'cart'),(322,NULL,'WUdXVPcx4B67jUqniaWZvE0IeXjyiSrI_1',NULL,332200.00,0.00,NULL,'2025-04-12 17:36:14','2025-04-12 17:36:14',0,0,'cart'),(324,NULL,'sxrfTC1PiTqLeTQgf2KwDNKKV8NYIQPj_1',NULL,693000.00,0.00,NULL,'2025-04-14 14:44:08','2025-04-14 14:44:12',0,0,'cart'),(325,NULL,'Cs7E1z9AAZnZFcx1MvznNpRzcySxM8ex_1',NULL,315700.00,0.00,NULL,'2025-04-17 11:36:02','2025-04-17 11:36:05',0,0,'cart'),(326,NULL,'pMpg8TaXwdrTzU3H7cjZbhokK1Y3LNXe_1',NULL,357500.00,0.00,NULL,'2025-04-17 13:51:59','2025-04-17 13:52:01',0,0,'cart'),(327,NULL,'YA6KDKww0lIM5mrCAKDtgKfTD9LTvKe0_1',NULL,418000.00,0.00,NULL,'2025-04-17 15:00:01','2025-04-17 15:00:03',0,0,'cart'),(328,NULL,'GEufoRFN3zC70osmiX2iRXVuql37OcyR_1',NULL,198000.00,0.00,NULL,'2025-04-21 10:56:57','2025-04-21 10:56:57',0,0,'cart'),(329,NULL,'SIDHuf92S1YVtAi0X04J5r80VGpxLNYS_1',NULL,165000.00,0.00,NULL,'2025-04-23 14:16:11','2025-04-23 14:16:13',0,0,'cart'),(333,NULL,'OEghrhdLRzVFYPpJEh24ZlxITUnDyYcL_1',NULL,159500.00,0.00,NULL,'2025-05-02 11:59:14','2025-05-02 11:59:14',0,0,'cart'),(334,NULL,'Sj8XwGeU2FMntOvsHVunTyMqiCyJJdsO_1','92b9921b95b8214b0c6bfbdd51e7e712fc8630ba',181500.00,0.00,NULL,'2025-05-07 04:24:21','2025-05-07 04:27:11',0,0,'cart'),(337,NULL,'KDxutvLjd2B33nQm5RiD9U5WQxoYwdt1_1',NULL,350900.00,0.00,NULL,'2025-05-07 15:26:52','2025-05-07 15:27:39',0,0,'cart'),(338,NULL,'8qI6r1W7GMSmsa8XwEBJh1yUGads360B_1',NULL,148500.00,0.00,NULL,'2025-05-07 15:50:06','2025-05-07 15:50:08',0,0,'cart'),(341,NULL,'Yg4bQlmdDY9ULxxFUcNX6I1G7GvbAK9y_1',NULL,170500.00,0.00,NULL,'2025-05-12 06:59:26','2025-05-12 06:59:26',0,0,'cart'),(343,NULL,'kMTzwqLTP1MAed5UoMw0WawzeLHNf6pQ_1',NULL,154000.00,0.00,NULL,'2025-05-18 08:57:57','2025-05-18 08:57:57',0,0,'cart'),(344,NULL,'vbM2LxMLIXlLscag0gSavD7qbMnOsetI_1',NULL,143000.00,0.00,NULL,'2025-05-18 08:58:53','2025-05-18 08:58:53',0,0,'cart'),(346,NULL,'fkkARgbUfCm9ugj0Z1plHsgvactZ3Ydi_1',NULL,297000.00,0.00,NULL,'2025-05-18 08:59:56','2025-05-18 08:59:58',0,0,'cart'),(347,NULL,'mVkm0lfpLjz41Nx17G5S9ndoPRkXzoq6_1',NULL,313500.00,0.00,NULL,'2025-05-18 14:28:13','2025-05-18 14:28:14',0,0,'cart'),(348,NULL,'19wy6NMEGD2LF3wKcuxr3fBpUzPppNwp_1',NULL,154000.00,0.00,NULL,'2025-05-21 13:02:27','2025-05-21 13:02:30',0,0,'cart'),(349,NULL,'En9Z3NMqxZY6svpKeymvLh401w2mx8K6_1',NULL,192500.00,0.00,NULL,'2025-05-22 05:20:48','2025-05-22 05:20:50',0,0,'cart'),(350,NULL,'B3UTZYg6xohcthNjL6aJc5GDNOTmGjiZ_1',NULL,165000.00,0.00,NULL,'2025-05-22 12:56:46','2025-05-22 12:56:47',0,0,'cart'),(351,NULL,'v7zKSa8LuxhHdm6kYtRYd62dmE4b1fFY_1','8c9118032bfc41ee040d483f33aedfc1a0f6daec',280500.00,0.00,NULL,'2025-05-22 14:07:38','2025-05-22 14:13:48',0,0,'cart'),(356,NULL,'3nywSM1uUc5BEHidvo5jtiOkZ8SKrpEe_1',NULL,654500.00,0.00,NULL,'2025-05-24 10:11:23','2025-05-24 10:11:24',0,0,'cart'),(359,NULL,'T2Fe2i8FGnlPZpQpNXa0lMlVOntag0zO_1','9b1efa999cf077d2a5958cf8668d31ce85b289fc',335500.00,0.00,NULL,'2025-05-25 06:11:27','2025-05-25 06:14:54',0,0,'cart'),(362,NULL,'UPcO379q1SFCrc9SseF0Fqd4u528IzpJ_1',NULL,161700.00,0.00,NULL,'2025-05-25 06:15:02','2025-05-25 06:17:25',0,0,'cart'),(364,NULL,'WR9ihPJCTiKANSqmRVgj0ojvW4aUgHbf_1',NULL,139700.00,0.00,NULL,'2025-05-25 14:42:33','2025-05-25 14:42:35',0,0,'cart'),(365,NULL,'cPb5JMeVlinsV9VFIaTf9D00KlS8rgrG_1',NULL,115500.00,0.00,NULL,'2025-05-25 23:38:50','2025-05-25 23:38:53',0,0,'cart'),(366,NULL,'DgXCKf4ovBlL8K4XffX6v4wuTkdpqSuH_1',NULL,335500.00,0.00,NULL,'2025-05-26 02:44:22','2025-05-26 02:44:26',0,0,'cart'),(367,NULL,'IWNvxq4fzVtp4XhE7Auk5H6JjSBhyJpC_1',NULL,304700.00,0.00,NULL,'2025-05-27 10:45:43','2025-05-27 10:45:44',0,0,'cart'),(369,NULL,'4tuoyIx5YKXrRSWLkxr5tVmngity3qPG_1',NULL,341000.00,0.00,NULL,'2025-05-27 12:52:40','2025-05-27 12:52:41',0,0,'cart'),(370,NULL,'q0ZU6nD6hcJQAhThKoJoLc7jvbE6Hv87_1',NULL,154000.00,0.00,NULL,'2025-05-27 21:48:39','2025-05-27 21:48:41',0,0,'cart'),(373,NULL,'esAPAuXepR8bx8O6bL554qRJ9YsuAurU_1',NULL,341000.00,0.00,NULL,'2025-05-28 02:03:16','2025-05-28 02:03:18',0,0,'cart'),(374,NULL,'U5nwjuULKAJugCeaEcac2y4oS7ttl5Jf_1','401b29e70191d968ad573aa50aefa90377e63bec',143000.00,0.00,NULL,'2025-05-28 02:14:21','2025-05-28 02:30:17',0,0,'cart'),(375,NULL,'BwkEe9a1iCsryhajs7M2pDCd6CVhm7YW_1',NULL,170500.00,0.00,NULL,'2025-05-28 02:14:26','2025-05-28 02:14:27',0,0,'cart'),(376,NULL,'ktLi9MMswO241weo8z5DzWFtK2otZnHh_1','9182320f9680601334378c67ce91503421822875',154000.00,0.00,NULL,'2025-05-29 06:23:37','2025-05-29 06:24:56',0,0,'cart'),(377,NULL,'9nJZo7MNIFGMScGYQ9B44WgGJCklAXNL_1',NULL,319000.00,0.00,NULL,'2025-05-30 18:22:41','2025-05-30 18:22:43',0,0,'cart'),(378,NULL,'6qcYWK8Wv4UMtANrTRyKZKW9MDjhRgkU_1','c3c4aae8cef688dd241e14e3f5ce90b27c769e9e',308000.00,0.00,NULL,'2025-05-30 22:23:43','2025-05-30 22:32:48',0,0,'cart'),(387,NULL,'8I6M5mAJTBnQAI59Rep1yGWDjb7WYafV_1',NULL,247500.00,0.00,NULL,'2025-05-31 10:06:25','2025-05-31 10:06:25',0,0,'cart'),(391,NULL,'laoOcKhLE15tcS9W0ZtzFkDBqVwKSc8i_1','4531dd6506ab3425f56a1beb457cb3dc774dd06e',247500.00,0.00,NULL,'2025-05-31 10:16:17','2025-05-31 10:18:19',0,0,'cart'),(392,NULL,'AH1Rm8RO69j7AYL2xBdrfODA82O9Guha_1',NULL,247500.00,0.00,NULL,'2025-05-31 10:16:19','2025-05-31 10:16:23',0,0,'cart'),(393,NULL,'u3i0C8wWIH42Zw4kQbkrY5SbbsBGOzm6_1',NULL,247500.00,0.00,NULL,'2025-05-31 10:30:16','2025-05-31 10:30:18',0,0,'cart'),(397,NULL,'3IUfUoYDbXrno5CvOEbUDf0dx6018K2I_1',NULL,308000.00,0.00,NULL,'2025-06-02 05:03:24','2025-06-02 05:03:28',0,0,'cart'),(398,NULL,'HCaBruq9EaCQdSmehkRfSD8nHgdWOOeF_1',NULL,304700.00,0.00,NULL,'2025-06-02 10:54:56','2025-06-02 10:54:58',0,0,'cart'),(400,NULL,'BmhYvxAuxnim8o3Oj0tVMpEWGp6LFTaJ_1',NULL,308000.00,0.00,NULL,'2025-06-03 03:10:31','2025-06-03 03:10:34',0,0,'cart'),(404,NULL,'nem8dRnU1wxjf9Zgew8LRuHNbmqqu7lk_1',NULL,775500.00,0.00,NULL,'2025-06-07 05:22:18','2025-06-07 05:23:08',0,0,'cart'),(406,NULL,'GpBu7VYIqNmspGLtIzddSt0QbduwWOIH_1',NULL,517000.00,0.00,NULL,'2025-06-08 02:43:19','2025-06-08 02:43:21',0,0,'cart'),(407,NULL,'SEcajlXkZI6z1CKAxVb6WGF870qBjc8Q_1',NULL,258500.00,0.00,NULL,'2025-06-08 03:24:40','2025-06-08 03:24:55',0,0,'cart'),(408,NULL,'5dpMR3UzmJx09QIwZFxIXShrsatv6De9_1','4e98c1e17abf0ff03572b244eacef564e99f4130',258500.00,0.00,NULL,'2025-06-08 03:24:59','2025-06-08 03:28:57',0,0,'cart'),(410,NULL,'vKMJeD4TOp7bXN6TCUzeKlcF6U52Oq2K_1',NULL,393800.00,0.00,NULL,'2025-06-10 14:56:43','2025-06-10 14:56:46',0,0,'cart'),(411,NULL,'w3RcAm8kb8vkbMTYTdYeSRmgq4DhZJLO_1',NULL,363000.00,0.00,NULL,'2025-06-14 09:43:40','2025-06-14 09:43:42',0,0,'cart'),(412,NULL,'ueVXaN9SaerdWiOUXrKQmMSDJG5htXCb_1',NULL,198000.00,0.00,NULL,'2025-06-15 02:40:14','2025-06-15 02:40:18',0,0,'cart'),(413,NULL,'2QdDeF1k4KrQAiqZ4QORLSycIOVuVKOy_1','bf39eaf24ae238ec7fbad3f3f6bf5fa38e2d29e6',363000.00,0.00,NULL,'2025-06-15 12:14:54','2025-06-15 12:16:14',0,0,'cart'),(414,NULL,'CNra4Icyy6aJs11VWuJUQVjflQdhFch0_1',NULL,352000.00,0.00,NULL,'2025-06-16 13:42:17','2025-06-16 13:42:19',0,0,'cart'),(432,NULL,'xodXGKY8GAsj7WZ296CvAFwSsHPaAtJp_1',NULL,4471500.00,0.00,NULL,'2025-06-17 08:49:23','2025-06-17 08:49:23',0,0,'cart'),(1163,NULL,'4M54WaBE6Cpb4eRFI3TaBUU04Dido04C_1',NULL,127281000.00,0.00,NULL,'2025-06-17 10:51:35','2025-06-17 10:51:35',0,0,'cart'),(1164,NULL,'vNFBLtxsCjMaOBOwLfXU7qo4VO1dymqV_1',NULL,363000.00,0.00,NULL,'2025-06-17 22:58:34','2025-06-17 22:58:36',0,0,'cart');

--
-- Table structure for table `dtb_cart_item`
--

CREATE TABLE `dtb_cart_item` (
  `id` int(10) unsigned NOT NULL AUTO_INCREMENT,
  `product_class_id` int(10) unsigned DEFAULT NULL,
  `cart_id` int(10) unsigned DEFAULT NULL,
  `price` decimal(12,2) NOT NULL DEFAULT '0.00',
  `quantity` decimal(10,0) NOT NULL DEFAULT '0',
  `point_rate` decimal(10,0) unsigned DEFAULT NULL,
  `discriminator_type` varchar(255) COLLATE utf8mb4_bin NOT NULL,
  `size` longtext COLLATE utf8mb4_bin NOT NULL,
  `engraving` varchar(255) COLLATE utf8mb4_bin DEFAULT NULL,
  `engraving_font` varchar(255) COLLATE utf8mb4_bin DEFAULT NULL,
  `engraving_text` varchar(255) COLLATE utf8mb4_bin DEFAULT NULL,
  `stone` varchar(255) COLLATE utf8mb4_bin DEFAULT NULL,
  `option_total_price` decimal(12,2) NOT NULL DEFAULT '0.00',
  `size_price` decimal(12,2) NOT NULL DEFAULT '0.00',
  PRIMARY KEY (`id`),
  KEY `IDX_B0228F7421B06187` (`product_class_id`),
  KEY `IDX_B0228F741AD5CDBF` (`cart_id`),
  CONSTRAINT `FK_B0228F741AD5CDBF` FOREIGN KEY (`cart_id`) REFERENCES `dtb_cart` (`id`) ON DELETE CASCADE,
  CONSTRAINT `FK_B0228F7421B06187` FOREIGN KEY (`product_class_id`) REFERENCES `dtb_product_class` (`id`)
) ENGINE=InnoDB AUTO_INCREMENT=277018 DEFAULT CHARSET=utf8mb4 COLLATE=utf8mb4_bin;

--
-- Dumping data for table `dtb_cart_item`
--

INSERT INTO `dtb_cart_item` VALUES (1,30,1,176000.00,1,NULL,'cartitem','12','あり','有料書体1','test','サファイア',11000.00,0.00),(12,902,9,577500.00,1,NULL,'cartitem','16',NULL,NULL,NULL,NULL,0.00,10000.00),(13,890,9,737000.00,1,NULL,'cartitem','11',NULL,NULL,NULL,NULL,0.00,0.00),(14,902,9,577500.00,1,NULL,'cartitem','15.5',NULL,NULL,NULL,NULL,0.00,10000.00),(34,766,19,451000.00,1,NULL,'cartitem','16','あり','有料書体1','test','ガーネット',11000.00,15000.00),(87,1450,58,143000.00,1,NULL,'cartitem','16.5',NULL,NULL,NULL,NULL,0.00,22000.00),(88,1458,58,150700.00,1,NULL,'cartitem','16.5',NULL,NULL,NULL,NULL,0.00,22000.00),(89,2072,59,187000.00,1,NULL,'cartitem','16.5','あり','有料書体1','test','アクアマリン',11000.00,22000.00),(90,2073,59,165000.00,1,NULL,'cartitem','16.5','なし',NULL,'','なし',0.00,22000.00),(94,1471,62,167200.00,1,NULL,'cartitem','8','あり','有料書体4','testtesttesttestあああ','タンザナイト',11000.00,0.00),(103,1457,67,139700.00,1,NULL,'cartitem','9','なし','有料書体1','test test','なし',0.00,0.00),(104,1457,68,139700.00,1,NULL,'cartitem','9','なし',NULL,'','なし',0.00,0.00),(105,1457,69,139700.00,1,NULL,'cartitem','9','なし',NULL,'','なし',0.00,0.00),(106,1457,70,139700.00,1,NULL,'cartitem','9','なし',NULL,'','なし',0.00,0.00),(108,1457,72,139700.00,1,NULL,'cartitem','12.5','あり','基本書体','test test','ガーネット',5500.00,11000.00),(114,2123,76,280500.00,1,NULL,'cartitem','16.5','なし',NULL,'','なし',0.00,22000.00),(115,2133,76,181500.00,1,NULL,'cartitem','10','なし',NULL,'','なし',0.00,0.00),(116,768,77,407000.00,1,NULL,'cartitem','16','あり','有料書体1','test','なし',5500.00,16500.00),(126,1450,81,143000.00,1,NULL,'cartitem','16','なし',NULL,'','なし',0.00,11000.00),(127,1462,81,150700.00,1,NULL,'cartitem','9','なし',NULL,'','なし',0.00,0.00),(128,1450,82,143000.00,1,NULL,'cartitem','16.5','あり','有料書体4','2024.7.31 AtoB','エメラルド',11000.00,22000.00),(129,1459,82,150700.00,1,NULL,'cartitem','10','なし',NULL,'','なし',0.00,0.00),(131,1456,84,154000.00,1,NULL,'cartitem','18','あり','基本書体','forever  TtoA','エメラルド',5500.00,22000.00),(132,1499,84,192500.00,1,NULL,'cartitem','9.5','あり','基本書体','forever AtoT','ダイヤモンド',5500.00,0.00),(133,1472,85,178200.00,1,NULL,'cartitem','9.5',NULL,NULL,NULL,NULL,0.00,0.00),(134,1452,86,154000.00,1,NULL,'cartitem','9',NULL,NULL,NULL,NULL,0.00,0.00),(136,331,88,550000.00,1,NULL,'cartitem','18.5',NULL,NULL,NULL,NULL,0.00,0.00),(140,766,91,440000.00,1,NULL,'cartitem','16','あり','有料書体1','テスト','シトリン',11000.00,16500.00),(141,2003,92,115500.00,1,NULL,'cartitem','20','あり','有料書体10','2024.7.31 AtoB','ピンクトルマリン',11000.00,22000.00),(142,1450,93,143000.00,1,NULL,'cartitem','16.5','あり','有料書体4','2024.7.21','ガーネット',11000.00,22000.00),(144,1455,95,154000.00,1,NULL,'cartitem','18.5','あり','有料書体9','2024.7.31 AtoB','エメラルド',11000.00,22000.00),(145,1535,95,192500.00,1,NULL,'cartitem','3.5',NULL,NULL,NULL,NULL,0.00,0.00),(147,191,97,550000.00,1,NULL,'cartitem','10.5',NULL,NULL,NULL,NULL,0.00,0.00),(148,1318,98,291500.00,1,NULL,'cartitem','8',NULL,NULL,NULL,NULL,0.00,0.00),(152,2108,101,280500.00,1,NULL,'cartitem','7.5','なし',NULL,'','なし',0.00,0.00),(161,1450,106,143000.00,1,NULL,'cartitem','8.5','なし',NULL,'','なし',0.00,0.00),(162,1522,107,170500.00,1,NULL,'cartitem','20','あり','有料書体10','浜野','タンザナイト',11000.00,22000.00),(163,1527,107,154000.00,1,NULL,'cartitem','18','あり','有料書体9','髙屋','ムーンストーン',11000.00,22000.00),(164,1450,108,143000.00,1,NULL,'cartitem','11','あり','有料書体1','koko','アクアマリン',11000.00,0.00),(165,1450,109,143000.00,1,NULL,'cartitem','8.5',NULL,NULL,NULL,NULL,0.00,0.00),(166,1457,109,139700.00,1,NULL,'cartitem','9.5',NULL,NULL,NULL,NULL,0.00,0.00),(167,197,110,302500.00,1,NULL,'cartitem','8.5',NULL,NULL,NULL,NULL,0.00,0.00),(168,1478,111,165000.00,1,NULL,'cartitem','7',NULL,NULL,NULL,NULL,0.00,0.00),(169,1485,111,159500.00,1,NULL,'cartitem','14',NULL,NULL,NULL,NULL,0.00,11000.00),(172,2122,114,280500.00,1,NULL,'cartitem','20',NULL,NULL,NULL,NULL,0.00,22000.00),(173,2133,114,181500.00,1,NULL,'cartitem','9',NULL,NULL,NULL,NULL,0.00,0.00),(175,198,116,264000.00,1,NULL,'cartitem','9',NULL,NULL,NULL,NULL,0.00,0.00),(176,196,116,308000.00,1,NULL,'cartitem','7',NULL,NULL,NULL,NULL,0.00,0.00),(177,1488,117,170500.00,1,NULL,'cartitem','9',NULL,NULL,NULL,NULL,0.00,0.00),(178,338,119,264000.00,1,NULL,'cartitem','9',NULL,NULL,NULL,NULL,0.00,0.00),(183,799,123,907500.00,1,NULL,'cartitem','6',NULL,NULL,NULL,NULL,0.00,0.00),(184,1450,124,143000.00,1,NULL,'cartitem','10.5','あり','有料書体4','2024.11.23','エメラルド',11000.00,0.00),(185,1457,124,139700.00,1,NULL,'cartitem','5.5','あり','有料書体4','2024.11.23','ガーネット',11000.00,0.00),(186,1548,125,159500.00,1,NULL,'cartitem','13.5',NULL,NULL,NULL,NULL,0.00,11000.00),(214,132,137,478500.00,1,NULL,'cartitem','5',NULL,NULL,NULL,NULL,0.00,0.00),(215,2041,138,176000.00,1,NULL,'cartitem','7.5',NULL,NULL,NULL,NULL,0.00,0.00),(216,2041,138,176000.00,1,NULL,'cartitem','14',NULL,NULL,NULL,NULL,0.00,11000.00),(217,1999,138,143000.00,1,NULL,'cartitem','6.5',NULL,NULL,NULL,NULL,0.00,0.00),(218,2006,138,126500.00,1,NULL,'cartitem','14',NULL,NULL,NULL,NULL,0.00,11000.00),(219,1828,139,170500.00,1,NULL,'cartitem','14','あり','基本書体','A&J','なし',0.00,11000.00),(220,1835,139,198000.00,1,NULL,'cartitem','7.5','あり','基本書体','J&A','なし',0.00,0.00),(221,128,140,275000.00,1,NULL,'cartitem','3','なし',NULL,'','なし',0.00,0.00),(222,1674,141,159500.00,1,NULL,'cartitem','10',NULL,NULL,NULL,NULL,0.00,0.00),(223,1681,141,143000.00,1,NULL,'cartitem','10',NULL,NULL,NULL,NULL,0.00,0.00),(224,1492,142,165000.00,1,NULL,'cartitem','15.5',NULL,NULL,NULL,NULL,0.00,11000.00),(225,1499,142,192500.00,1,NULL,'cartitem','8',NULL,NULL,NULL,NULL,0.00,0.00),(226,2057,143,192500.00,1,NULL,'cartitem','6.5',NULL,NULL,NULL,NULL,0.00,0.00),(228,2080,145,181500.00,1,NULL,'cartitem','3',NULL,NULL,NULL,NULL,0.00,0.00),(229,2080,145,181500.00,1,NULL,'cartitem','3',NULL,NULL,NULL,NULL,0.00,0.00),(230,2089,145,176000.00,1,NULL,'cartitem','3',NULL,NULL,NULL,NULL,0.00,0.00),(236,1954,150,143000.00,1,NULL,'cartitem','7',NULL,NULL,NULL,NULL,0.00,0.00),(237,1961,150,165000.00,1,NULL,'cartitem','12',NULL,NULL,NULL,NULL,0.00,0.00),(240,1464,152,148500.00,1,NULL,'cartitem','14',NULL,NULL,NULL,NULL,0.00,11000.00),(241,1476,152,178200.00,1,NULL,'cartitem','11.5',NULL,NULL,NULL,NULL,0.00,0.00),(242,1464,152,148500.00,1,NULL,'cartitem','13',NULL,NULL,NULL,NULL,0.00,11000.00),(243,1476,152,178200.00,1,NULL,'cartitem','11.5',NULL,NULL,NULL,NULL,0.00,0.00),(244,1473,153,178200.00,1,NULL,'cartitem','9',NULL,NULL,NULL,NULL,0.00,0.00),(245,2293,155,792000.00,1,NULL,'cartitem','11','なし',NULL,'','なし',0.00,0.00),(248,1830,157,181500.00,1,NULL,'cartitem','14.5',NULL,NULL,NULL,NULL,0.00,11000.00),(249,1837,157,209000.00,1,NULL,'cartitem','9.5',NULL,NULL,NULL,NULL,0.00,0.00),(250,1886,157,181500.00,1,NULL,'cartitem','14.5',NULL,NULL,NULL,NULL,0.00,11000.00),(251,1893,157,170500.00,1,NULL,'cartitem','9.5',NULL,NULL,NULL,NULL,0.00,0.00),(254,1707,160,269500.00,1,NULL,'cartitem','20',NULL,NULL,NULL,NULL,0.00,22000.00),(255,1504,160,203500.00,1,NULL,'cartitem','6.5',NULL,NULL,NULL,NULL,0.00,0.00),(257,1527,162,154000.00,1,NULL,'cartitem','9',NULL,NULL,NULL,NULL,0.00,0.00),(258,1485,162,159500.00,1,NULL,'cartitem','9',NULL,NULL,NULL,NULL,0.00,0.00),(259,197,163,302500.00,1,NULL,'cartitem','9',NULL,NULL,NULL,NULL,0.00,0.00),(260,1833,164,181500.00,1,NULL,'cartitem','14',NULL,NULL,NULL,NULL,0.00,11000.00),(261,1840,164,209000.00,1,NULL,'cartitem','9',NULL,NULL,NULL,NULL,0.00,0.00),(262,2286,165,324500.00,1,NULL,'cartitem','11','なし',NULL,'','なし',0.00,0.00),(263,2111,166,280500.00,1,NULL,'cartitem','10.5',NULL,NULL,NULL,NULL,0.00,0.00),(264,2119,166,276100.00,1,NULL,'cartitem','6.5',NULL,NULL,NULL,NULL,0.00,0.00),(265,195,167,346500.00,1,NULL,'cartitem','9.5',NULL,NULL,NULL,NULL,0.00,0.00),(266,1520,168,159500.00,1,NULL,'cartitem','18',NULL,NULL,NULL,NULL,0.00,22000.00),(267,1527,168,154000.00,1,NULL,'cartitem','7',NULL,NULL,NULL,NULL,0.00,0.00),(268,1660,169,165000.00,1,NULL,'cartitem','5.5','なし',NULL,'','なし',0.00,0.00),(269,1669,169,185900.00,1,NULL,'cartitem','7.5','なし',NULL,'','なし',0.00,0.00),(275,1450,173,143000.00,1,NULL,'cartitem','13',NULL,NULL,NULL,NULL,0.00,11000.00),(276,1460,173,150700.00,1,NULL,'cartitem','4',NULL,NULL,NULL,NULL,0.00,0.00),(277,1451,173,154000.00,1,NULL,'cartitem','13',NULL,NULL,NULL,NULL,0.00,11000.00),(278,1462,173,150700.00,1,NULL,'cartitem','4',NULL,NULL,NULL,NULL,0.00,0.00),(279,1478,174,165000.00,1,NULL,'cartitem','16',NULL,NULL,NULL,NULL,0.00,11000.00),(280,1488,174,170500.00,1,NULL,'cartitem','8',NULL,NULL,NULL,NULL,0.00,0.00),(281,1506,175,209000.00,1,NULL,'cartitem','8','なし',NULL,'','なし',0.00,0.00),(282,1516,175,220000.00,1,NULL,'cartitem','11','なし',NULL,'','なし',0.00,0.00),(283,1499,176,192500.00,1,NULL,'cartitem','6',NULL,NULL,NULL,NULL,0.00,0.00),(284,1707,177,269500.00,1,NULL,'cartitem','20',NULL,NULL,NULL,NULL,0.00,22000.00),(285,1714,177,161700.00,1,NULL,'cartitem','6',NULL,NULL,NULL,NULL,0.00,0.00),(287,2286,179,324500.00,1,NULL,'cartitem','11',NULL,NULL,NULL,NULL,0.00,0.00),(289,1478,181,165000.00,1,NULL,'cartitem','5','あり','有料書体1','aaa','ピンクトルマリン',11000.00,0.00),(290,1488,181,170500.00,1,NULL,'cartitem','6.5','なし',NULL,'','ピンクトルマリン',5500.00,0.00),(291,1478,182,165000.00,1,NULL,'cartitem','3',NULL,NULL,NULL,NULL,0.00,0.00),(292,1485,182,159500.00,1,NULL,'cartitem','11',NULL,NULL,NULL,NULL,0.00,0.00),(293,1527,183,154000.00,1,NULL,'cartitem','7.5',NULL,NULL,NULL,NULL,0.00,0.00),(294,750,184,748000.00,1,NULL,'cartitem','6',NULL,NULL,NULL,NULL,0.00,0.00),(295,1450,185,143000.00,1,NULL,'cartitem','16','なし',NULL,'','なし',0.00,11000.00),(296,1457,185,139700.00,1,NULL,'cartitem','7','なし',NULL,'','なし',0.00,0.00),(297,2243,186,297000.00,1,NULL,'cartitem','12',NULL,NULL,NULL,NULL,0.00,0.00),(298,2250,186,275000.00,1,NULL,'cartitem','8',NULL,NULL,NULL,NULL,0.00,0.00),(299,1487,187,170500.00,1,NULL,'cartitem','8.5',NULL,NULL,NULL,NULL,0.00,0.00),(300,1464,188,148500.00,1,NULL,'cartitem','17','あり','基本書体','MtoR','なし',0.00,22000.00),(301,1480,189,176000.00,1,NULL,'cartitem','7','あり','有料書体1','456','ダイヤモンド',11000.00,0.00),(302,1487,189,170500.00,1,NULL,'cartitem','10','あり','有料書体10','22','なし',5500.00,0.00),(311,2286,194,324500.00,1,NULL,'cartitem','11','なし',NULL,'','なし',0.00,0.00),(326,2066,200,176000.00,1,NULL,'cartitem','13',NULL,NULL,NULL,NULL,0.00,11000.00),(327,2079,200,176000.00,1,NULL,'cartitem','4',NULL,NULL,NULL,NULL,0.00,0.00),(353,2038,213,165000.00,1,NULL,'cartitem','13','なし',NULL,'','なし',0.00,11000.00),(354,1453,214,154000.00,1,NULL,'cartitem','7','なし',NULL,'','なし',0.00,0.00),(355,1457,214,139700.00,1,NULL,'cartitem','18','なし',NULL,'','なし',0.00,22000.00),(365,1499,218,192500.00,1,NULL,'cartitem','9',NULL,NULL,NULL,NULL,0.00,0.00),(366,2045,218,181500.00,1,NULL,'cartitem','9',NULL,NULL,NULL,NULL,0.00,0.00),(367,1452,219,154000.00,1,NULL,'cartitem','13',NULL,NULL,NULL,NULL,0.00,11000.00),(368,1492,220,165000.00,1,NULL,'cartitem','17',NULL,NULL,NULL,NULL,0.00,22000.00),(369,1499,220,192500.00,1,NULL,'cartitem','9',NULL,NULL,NULL,NULL,0.00,0.00),(371,1611,222,198000.00,1,NULL,'cartitem','3',NULL,NULL,NULL,NULL,0.00,0.00),(372,1506,222,209000.00,1,NULL,'cartitem','3',NULL,NULL,NULL,NULL,0.00,0.00),(373,1520,223,159500.00,1,NULL,'cartitem','6',NULL,NULL,NULL,NULL,0.00,0.00),(374,1527,223,154000.00,1,NULL,'cartitem','15',NULL,NULL,NULL,NULL,0.00,11000.00),(375,1464,224,148500.00,1,NULL,'cartitem','17',NULL,NULL,NULL,NULL,0.00,22000.00),(376,1108,225,286000.00,1,NULL,'cartitem','5',NULL,NULL,NULL,NULL,0.00,0.00),(377,1730,226,159500.00,1,NULL,'cartitem','17',NULL,NULL,NULL,NULL,0.00,22000.00),(382,2286,230,324500.00,1,NULL,'cartitem','11',NULL,NULL,NULL,NULL,0.00,0.00),(385,1450,232,143000.00,1,NULL,'cartitem','12','なし',NULL,'','なし',0.00,0.00),(386,1457,232,139700.00,1,NULL,'cartitem','9','なし',NULL,'','なし',0.00,0.00),(387,1450,233,143000.00,1,NULL,'cartitem','20','なし',NULL,'','なし',0.00,22000.00),(388,1457,233,139700.00,1,NULL,'cartitem','18','なし',NULL,'','なし',0.00,22000.00),(389,1997,233,143000.00,1,NULL,'cartitem','20','なし',NULL,'','なし',0.00,22000.00),(390,2003,233,115500.00,1,NULL,'cartitem','8.5','なし',NULL,'','なし',0.00,0.00),(397,1737,237,171600.00,1,NULL,'cartitem','17',NULL,NULL,NULL,NULL,0.00,22000.00),(398,1730,237,159500.00,1,NULL,'cartitem','17',NULL,NULL,NULL,NULL,0.00,22000.00),(399,2006,238,126500.00,1,NULL,'cartitem','8','なし',NULL,'','なし',0.00,0.00),(401,1259,240,874500.00,1,NULL,'cartitem','8',NULL,NULL,NULL,NULL,0.00,0.00),(402,1471,241,167200.00,1,NULL,'cartitem','15.5',NULL,NULL,NULL,NULL,0.00,11000.00),(404,1504,243,203500.00,1,NULL,'cartitem','11',NULL,NULL,NULL,NULL,0.00,0.00),(405,1634,244,209000.00,1,NULL,'cartitem','12',NULL,NULL,NULL,NULL,0.00,0.00),(406,1641,244,209000.00,1,NULL,'cartitem','8',NULL,NULL,NULL,NULL,0.00,0.00),(407,1101,245,572000.00,1,NULL,'cartitem','10.5',NULL,NULL,NULL,NULL,0.00,0.00),(409,2003,247,115500.00,1,NULL,'cartitem','8.5','なし',NULL,'','なし',0.00,0.00),(410,2003,248,115500.00,1,NULL,'cartitem','8.5',NULL,NULL,NULL,NULL,0.00,0.00),(412,1457,250,139700.00,1,NULL,'cartitem','8.5','あり','基本書体','12345','なし',0.00,0.00),(413,2003,251,115500.00,1,NULL,'cartitem','8.5',NULL,NULL,NULL,NULL,0.00,0.00),(414,1730,252,159500.00,1,NULL,'cartitem','17','あり','有料書体4','testtest','なし',5500.00,22000.00),(423,1994,257,181500.00,1,NULL,'cartitem','6',NULL,NULL,NULL,NULL,0.00,0.00),(424,1983,257,159500.00,1,NULL,'cartitem','17.5',NULL,NULL,NULL,NULL,0.00,22000.00),(425,1478,258,165000.00,1,NULL,'cartitem','17',NULL,NULL,NULL,NULL,0.00,22000.00),(426,1485,258,159500.00,1,NULL,'cartitem','9',NULL,NULL,NULL,NULL,0.00,0.00),(427,2284,259,280500.00,1,NULL,'cartitem','11','なし',NULL,'','なし',0.00,0.00),(428,2284,260,280500.00,1,NULL,'cartitem','11',NULL,NULL,NULL,NULL,0.00,0.00),(429,1590,261,176000.00,1,NULL,'cartitem','19','あり','有料書体10','てすと','アクアマリン',11000.00,22000.00),(430,1597,261,148500.00,1,NULL,'cartitem','10','あり','有料書体10','てすと','アクアマリン',11000.00,0.00),(431,1515,262,220000.00,1,NULL,'cartitem','6.5',NULL,NULL,NULL,NULL,0.00,0.00),(432,1520,263,159500.00,1,NULL,'cartitem','7.5','なし',NULL,'','なし',0.00,0.00),(433,1527,263,154000.00,1,NULL,'cartitem','4.5','なし',NULL,'','なし',0.00,0.00),(434,1466,264,159500.00,1,NULL,'cartitem','18',NULL,NULL,NULL,NULL,0.00,22000.00),(435,1473,264,178200.00,1,NULL,'cartitem','10',NULL,NULL,NULL,NULL,0.00,0.00),(436,2083,265,181500.00,1,NULL,'cartitem','13',NULL,NULL,NULL,NULL,0.00,11000.00),(437,2082,266,181500.00,1,NULL,'cartitem','10',NULL,NULL,NULL,NULL,0.00,0.00),(438,2089,266,176000.00,1,NULL,'cartitem','12.5',NULL,NULL,NULL,NULL,0.00,11000.00),(439,2038,267,165000.00,1,NULL,'cartitem','5','なし',NULL,'','シトリン',5500.00,0.00),(440,2045,267,181500.00,1,NULL,'cartitem','3.5','なし',NULL,'','アメシスト',5500.00,0.00),(441,1562,268,225500.00,1,NULL,'cartitem','7',NULL,NULL,NULL,NULL,0.00,0.00),(442,1574,268,172700.00,1,NULL,'cartitem','9.5',NULL,NULL,NULL,NULL,0.00,0.00),(443,1247,269,390500.00,1,NULL,'cartitem','3.5',NULL,NULL,NULL,NULL,0.00,0.00),(444,2218,270,242000.00,1,NULL,'cartitem','14',NULL,NULL,NULL,NULL,0.00,11000.00),(445,1455,271,154000.00,1,NULL,'cartitem','5.5',NULL,NULL,NULL,NULL,0.00,0.00),(446,1462,271,150700.00,1,NULL,'cartitem','18',NULL,NULL,NULL,NULL,0.00,22000.00),(447,2069,272,176000.00,1,NULL,'cartitem','18.5',NULL,NULL,NULL,NULL,0.00,22000.00),(448,2076,272,165000.00,1,NULL,'cartitem','5.5',NULL,NULL,NULL,NULL,0.00,0.00),(449,1898,273,176000.00,1,NULL,'cartitem','19',NULL,NULL,NULL,NULL,0.00,22000.00),(450,1450,274,143000.00,1,NULL,'cartitem','7.5',NULL,NULL,NULL,NULL,0.00,0.00),(451,1457,274,139700.00,1,NULL,'cartitem','10',NULL,NULL,NULL,NULL,0.00,0.00),(458,1646,280,176000.00,1,NULL,'cartitem','8',NULL,NULL,NULL,NULL,0.00,0.00),(459,1653,280,209000.00,1,NULL,'cartitem','11',NULL,NULL,NULL,NULL,0.00,0.00),(462,1469,282,159500.00,1,NULL,'cartitem','3.5','なし',NULL,'','なし',0.00,0.00),(464,469,284,803000.00,1,NULL,'cartitem','17.5',NULL,NULL,NULL,NULL,0.00,0.00),(465,750,284,748000.00,1,NULL,'cartitem','17.5',NULL,NULL,NULL,NULL,0.00,16500.00),(466,2038,285,165000.00,1,NULL,'cartitem','15',NULL,NULL,NULL,NULL,0.00,11000.00),(467,2045,285,181500.00,1,NULL,'cartitem','8',NULL,NULL,NULL,NULL,0.00,0.00),(468,1699,286,209000.00,1,NULL,'cartitem','8.5','なし',NULL,'','なし',0.00,0.00),(472,472,289,484000.00,1,NULL,'cartitem','9.5',NULL,NULL,NULL,NULL,0.00,0.00),(473,1619,290,165000.00,1,NULL,'cartitem','10','なし',NULL,'','ムーンストーン',5500.00,0.00),(474,1629,290,154000.00,1,NULL,'cartitem','8','なし',NULL,'','アメシスト',5500.00,0.00),(475,1982,291,148500.00,1,NULL,'cartitem','11.5',NULL,NULL,NULL,NULL,0.00,0.00),(476,1989,291,170500.00,1,NULL,'cartitem','6.5',NULL,NULL,NULL,NULL,0.00,0.00),(482,1285,296,445500.00,1,NULL,'cartitem','7.5','あり','有料書体4','R&S615','ムーンストーン',11000.00,0.00),(486,1285,299,445500.00,1,NULL,'cartitem','7.5','あり','有料書体4','R&S615','ムーンストーン',11000.00,0.00),(491,1450,303,143000.00,1,NULL,'cartitem','19',NULL,NULL,NULL,NULL,0.00,22000.00),(492,1457,303,139700.00,1,NULL,'cartitem','11',NULL,NULL,NULL,NULL,0.00,0.00),(493,1464,304,148500.00,1,NULL,'cartitem','8.5',NULL,NULL,NULL,NULL,0.00,0.00),(494,2156,305,225500.00,1,NULL,'cartitem','11.5',NULL,NULL,NULL,NULL,0.00,0.00),(495,2161,305,242000.00,1,NULL,'cartitem','12',NULL,NULL,NULL,NULL,0.00,0.00),(497,2000,307,143000.00,1,NULL,'cartitem','15',NULL,NULL,NULL,NULL,0.00,11000.00),(499,1945,309,198000.00,1,NULL,'cartitem','9',NULL,NULL,NULL,NULL,0.00,0.00),(500,1952,309,214500.00,1,NULL,'cartitem','9',NULL,NULL,NULL,NULL,0.00,0.00),(501,819,310,834900.00,1,NULL,'cartitem','8',NULL,NULL,NULL,NULL,0.00,0.00),(511,1480,314,176000.00,1,NULL,'cartitem','13','あり','有料書体2','2025.04.03 StoR','タンザナイト',11000.00,11000.00),(512,1487,314,170500.00,1,NULL,'cartitem','9','あり','有料書体2','2025.04.03 RtoS','アメシスト',11000.00,0.00),(516,1318,317,291500.00,1,NULL,'cartitem','9',NULL,NULL,NULL,NULL,0.00,0.00),(517,1996,318,132000.00,1,NULL,'cartitem','9',NULL,NULL,NULL,NULL,0.00,0.00),(518,2003,318,115500.00,1,NULL,'cartitem','9',NULL,NULL,NULL,NULL,0.00,0.00),(519,1996,319,132000.00,1,NULL,'cartitem','11',NULL,NULL,NULL,NULL,0.00,0.00),(520,2003,319,115500.00,1,NULL,'cartitem','11',NULL,NULL,NULL,NULL,0.00,0.00),(524,1178,322,332200.00,1,NULL,'cartitem','6',NULL,NULL,NULL,NULL,0.00,0.00),(527,2038,324,165000.00,1,NULL,'cartitem','18',NULL,NULL,NULL,NULL,0.00,22000.00),(528,2045,324,181500.00,1,NULL,'cartitem','16',NULL,NULL,NULL,NULL,0.00,11000.00),(529,2038,324,165000.00,1,NULL,'cartitem','18',NULL,NULL,NULL,NULL,0.00,22000.00),(530,2045,324,181500.00,1,NULL,'cartitem','16',NULL,NULL,NULL,NULL,0.00,11000.00),(531,1464,325,148500.00,1,NULL,'cartitem','20',NULL,NULL,NULL,NULL,0.00,22000.00),(532,1471,325,167200.00,1,NULL,'cartitem','8',NULL,NULL,NULL,NULL,0.00,0.00),(533,1870,326,176000.00,1,NULL,'cartitem','7.5','なし',NULL,'','なし',0.00,0.00),(534,1877,326,181500.00,1,NULL,'cartitem','7.5','なし',NULL,'','なし',0.00,0.00),(535,1758,327,214500.00,1,NULL,'cartitem','13',NULL,NULL,NULL,NULL,0.00,11000.00),(536,1770,327,203500.00,1,NULL,'cartitem','7.5',NULL,NULL,NULL,NULL,0.00,0.00),(537,1611,328,198000.00,1,NULL,'cartitem','19',NULL,NULL,NULL,NULL,0.00,22000.00),(538,1492,329,165000.00,1,NULL,'cartitem','11',NULL,NULL,NULL,NULL,0.00,0.00),(544,1485,333,159500.00,1,NULL,'cartitem','18',NULL,NULL,NULL,NULL,0.00,22000.00),(545,2132,334,181500.00,1,NULL,'cartitem','3','あり','基本書体','C&Y','ルビー',5500.00,0.00),(550,1660,337,165000.00,1,NULL,'cartitem','12','あり','有料書体4','2025.11.24 Dear K','サファイア',11000.00,0.00),(551,1669,337,185900.00,1,NULL,'cartitem','10','あり','有料書体4','2025.11.24 Dear K','シトリン',11000.00,0.00),(552,1968,338,148500.00,1,NULL,'cartitem','9.5',NULL,NULL,NULL,NULL,0.00,0.00),(556,1828,341,170500.00,1,NULL,'cartitem','15',NULL,NULL,NULL,NULL,0.00,11000.00),(558,1453,343,154000.00,1,NULL,'cartitem','15.5',NULL,NULL,NULL,NULL,0.00,11000.00),(559,1999,344,143000.00,1,NULL,'cartitem','10.5',NULL,NULL,NULL,NULL,0.00,0.00),(561,1999,346,143000.00,1,NULL,'cartitem','10.5',NULL,NULL,NULL,NULL,0.00,0.00),(562,1453,346,154000.00,1,NULL,'cartitem','15.5',NULL,NULL,NULL,NULL,0.00,11000.00),(563,127,347,313500.00,1,NULL,'cartitem','14',NULL,NULL,NULL,NULL,0.00,0.00),(564,1630,348,154000.00,1,NULL,'cartitem','13',NULL,NULL,NULL,NULL,0.00,11000.00),(565,1499,349,192500.00,1,NULL,'cartitem','7.5',NULL,NULL,NULL,NULL,0.00,0.00),(566,2059,350,165000.00,1,NULL,'cartitem','13','あり','基本書体','V','エメラルド',5500.00,11000.00),(567,2284,351,280500.00,1,NULL,'cartitem','11','なし',NULL,'','なし',0.00,0.00),(573,196,356,308000.00,1,NULL,'cartitem','11',NULL,NULL,NULL,NULL,0.00,0.00),(574,195,356,346500.00,1,NULL,'cartitem','11',NULL,NULL,NULL,NULL,0.00,0.00),(578,1786,359,154000.00,1,NULL,'cartitem','16.5','なし',NULL,'','なし',0.00,22000.00),(579,1793,359,181500.00,1,NULL,'cartitem','7','なし',NULL,'','なし',0.00,0.00),(585,1569,362,161700.00,1,NULL,'cartitem','10','なし',NULL,'','なし',0.00,0.00),(588,1457,364,139700.00,1,NULL,'cartitem','8.5',NULL,NULL,NULL,NULL,0.00,0.00),(589,2003,365,115500.00,1,NULL,'cartitem','12',NULL,NULL,NULL,NULL,0.00,0.00),(590,1786,366,154000.00,1,NULL,'cartitem','16.5',NULL,NULL,NULL,NULL,0.00,22000.00),(591,1793,366,181500.00,1,NULL,'cartitem','7',NULL,NULL,NULL,NULL,0.00,0.00),(592,1451,367,154000.00,1,NULL,'cartitem','3.5','なし',NULL,'','なし',0.00,0.00),(593,1458,367,150700.00,1,NULL,'cartitem','6.5','なし',NULL,'','なし',0.00,0.00),(595,1546,369,170500.00,1,NULL,'cartitem','8',NULL,NULL,NULL,NULL,0.00,0.00),(596,1546,369,170500.00,1,NULL,'cartitem','20',NULL,NULL,NULL,NULL,0.00,22000.00),(597,1454,370,154000.00,1,NULL,'cartitem','8',NULL,NULL,NULL,NULL,0.00,0.00),(600,1546,373,170500.00,1,NULL,'cartitem','20',NULL,NULL,NULL,NULL,0.00,22000.00),(601,1546,373,170500.00,1,NULL,'cartitem','8',NULL,NULL,NULL,NULL,0.00,0.00),(602,1450,374,143000.00,1,NULL,'cartitem','11','なし',NULL,'','ガーネット',5500.00,0.00),(603,1546,375,170500.00,1,NULL,'cartitem','8',NULL,NULL,NULL,NULL,0.00,0.00),(604,1454,376,154000.00,1,NULL,'cartitem','12','なし',NULL,'','サファイア',5500.00,0.00),(605,1982,377,148500.00,1,NULL,'cartitem','11.5','あり','基本書体','m','タンザナイト',5500.00,0.00),(606,1989,377,170500.00,1,NULL,'cartitem','15.5','なし',NULL,'','サファイア',5500.00,11000.00),(607,196,378,308000.00,1,NULL,'cartitem','5','あり','基本書体','AYAKA','なし',0.00,0.00),(632,1996,387,132000.00,1,NULL,'cartitem','19','なし',NULL,'','なし',0.00,22000.00),(633,2003,387,115500.00,1,NULL,'cartitem','8','なし',NULL,'','なし',0.00,0.00),(640,1996,391,132000.00,1,NULL,'cartitem','19','なし',NULL,'','なし',0.00,22000.00),(641,2003,391,115500.00,1,NULL,'cartitem','9','なし',NULL,'','なし',0.00,0.00),(642,1996,392,132000.00,1,NULL,'cartitem','19','なし',NULL,'','なし',0.00,22000.00),(643,2003,392,115500.00,1,NULL,'cartitem','9','なし',NULL,'','なし',0.00,0.00),(644,1996,393,132000.00,1,NULL,'cartitem','19',NULL,NULL,NULL,NULL,0.00,22000.00),(645,2003,393,115500.00,1,NULL,'cartitem','8',NULL,NULL,NULL,NULL,0.00,0.00),(651,406,397,308000.00,1,NULL,'cartitem','3.5',NULL,NULL,NULL,NULL,0.00,0.00),(652,1454,398,154000.00,1,NULL,'cartitem','12',NULL,NULL,NULL,NULL,0.00,0.00),(653,1462,398,150700.00,1,NULL,'cartitem','12',NULL,NULL,NULL,NULL,0.00,0.00),(655,336,400,308000.00,1,NULL,'cartitem','4.5',NULL,NULL,NULL,NULL,0.00,0.00),(659,189,404,775500.00,1,NULL,'cartitem','10',NULL,NULL,NULL,NULL,0.00,0.00),(662,1996,406,137500.00,1,NULL,'cartitem','9','なし',NULL,'','なし',0.00,0.00),(663,2003,406,121000.00,1,NULL,'cartitem','6','なし',NULL,'','なし',0.00,0.00),(664,1996,406,137500.00,1,NULL,'cartitem','9','なし',NULL,'','なし',0.00,0.00),(665,2003,406,121000.00,1,NULL,'cartitem','6','なし',NULL,'','なし',0.00,0.00),(666,1996,407,137500.00,1,NULL,'cartitem','9','なし',NULL,'','なし',0.00,0.00),(667,2003,407,121000.00,1,NULL,'cartitem','6','なし',NULL,'','なし',0.00,0.00),(668,1996,408,137500.00,1,NULL,'cartitem','9','なし',NULL,'','なし',0.00,0.00),(669,2003,408,121000.00,1,NULL,'cartitem','6','なし',NULL,'','なし',0.00,0.00),(672,1814,410,179300.00,1,NULL,'cartitem','7.5',NULL,NULL,NULL,NULL,0.00,0.00),(673,1821,410,214500.00,1,NULL,'cartitem','6',NULL,NULL,NULL,NULL,0.00,0.00),(674,2038,411,170500.00,1,NULL,'cartitem','17',NULL,NULL,NULL,NULL,0.00,22000.00),(675,2045,411,192500.00,1,NULL,'cartitem','15',NULL,NULL,NULL,NULL,0.00,11000.00),(676,1476,412,198000.00,1,NULL,'cartitem','12.5',NULL,NULL,NULL,NULL,0.00,11000.00),(677,2038,413,170500.00,1,NULL,'cartitem','17','なし',NULL,'','なし',0.00,22000.00),(678,2045,413,192500.00,1,NULL,'cartitem','15','なし',NULL,'','なし',0.00,11000.00),(679,1786,414,159500.00,1,NULL,'cartitem','4',NULL,NULL,NULL,NULL,0.00,0.00),(680,1793,414,192500.00,1,NULL,'cartitem','7',NULL,NULL,NULL,NULL,0.00,0.00),(865,1462,432,170500.00,1,NULL,'cartitem','5',NULL,NULL,NULL,NULL,0.00,0.00),(866,1462,432,170500.00,1,NULL,'cartitem','5',NULL,NULL,NULL,NULL,0.00,0.00),(867,1462,432,170500.00,1,NULL,'cartitem','5',NULL,NULL,NULL,NULL,0.00,0.00),(868,1462,432,170500.00,1,NULL,'cartitem','5',NULL,NULL,NULL,NULL,0.00,0.00),(869,1462,432,170500.00,1,NULL,'cartitem','5',NULL,NULL,NULL,NULL,0.00,0.00),(870,1462,432,170500.00,1,NULL,'cartitem','5',NULL,NULL,NULL,NULL,0.00,0.00),(871,1462,432,170500.00,1,NULL,'cartitem','5',NULL,NULL,NULL,NULL,0.00,0.00),(872,1462,432,170500.00,1,NULL,'cartitem','5',NULL,NULL,NULL,NULL,0.00,0.00),(873,1462,432,170500.00,1,NULL,'cartitem','5',NULL,NULL,NULL,NULL,0.00,0.00),(874,1462,432,170500.00,1,NULL,'cartitem','5',NULL,NULL,NULL,NULL,0.00,0.00),(875,1560,432,225500.00,1,NULL,'cartitem','5',NULL,NULL,NULL,NULL,0.00,0.00),(876,1560,432,225500.00,1,NULL,'cartitem','5',NULL,NULL,NULL,NULL,0.00,0.00),(877,1560,432,225500.00,1,NULL,'cartitem','5',NULL,NULL,NULL,NULL,0.00,0.00),(878,1560,432,225500.00,1,NULL,'cartitem','5',NULL,NULL,NULL,NULL,0.00,0.00),(879,1560,432,225500.00,1,NULL,'cartitem','5',NULL,NULL,NULL,NULL,0.00,0.00),(880,1560,432,225500.00,1,NULL,'cartitem','5',NULL,NULL,NULL,NULL,0.00,0.00),(881,1560,432,225500.00,1,NULL,'cartitem','5',NULL,NULL,NULL,NULL,0.00,0.00),(882,1560,432,225500.00,1,NULL,'cartitem','5',NULL,NULL,NULL,NULL,0.00,0.00),(883,1560,432,225500.00,1,NULL,'cartitem','5',NULL,NULL,NULL,NULL,0.00,0.00),(884,1560,432,225500.00,1,NULL,'cartitem','5',NULL,NULL,NULL,NULL,0.00,0.00),(885,1462,432,170500.00,1,NULL,'cartitem','5',NULL,NULL,NULL,NULL,0.00,0.00),(886,1462,432,170500.00,1,NULL,'cartitem','5',NULL,NULL,NULL,NULL,0.00,0.00),(887,1462,432,170500.00,1,NULL,'cartitem','5',NULL,NULL,NULL,NULL,0.00,0.00),(276369,2090,1163,187000.00,1,NULL,'cartitem','5',NULL,NULL,NULL,NULL,0.00,0.00),(276370,2090,1163,187000.00,1,NULL,'cartitem','5',NULL,NULL,NULL,NULL,0.00,0.00),(276371,2091,1163,187000.00,1,NULL,'cartitem','5',NULL,NULL,NULL,NULL,0.00,0.00),(276372,2091,1163,187000.00,1,NULL,'cartitem','5',NULL,NULL,NULL,NULL,0.00,0.00),(276373,2090,1163,187000.00,1,NULL,'cartitem','5',NULL,NULL,NULL,NULL,0.00,0.00),(276374,2091,1163,187000.00,1,NULL,'cartitem','5',NULL,NULL,NULL,NULL,0.00,0.00),(276375,2090,1163,187000.00,1,NULL,'cartitem','5',NULL,NULL,NULL,NULL,0.00,0.00),(276376,2090,1163,187000.00,1,NULL,'cartitem','5',NULL,NULL,NULL,NULL,0.00,0.00),(276377,2091,1163,187000.00,1,NULL,'cartitem','5',NULL,NULL,NULL,NULL,0.00,0.00),(276378,2090,1163,187000.00,1,NULL,'cartitem','5',NULL,NULL,NULL,NULL,0.00,0.00),(276379,2090,1163,187000.00,1,NULL,'cartitem','5',NULL,NULL,NULL,NULL,0.00,0.00),(276380,2090,1163,187000.00,1,NULL,'cartitem','5',NULL,NULL,NULL,NULL,0.00,0.00),(276381,1882,1163,214500.00,1,NULL,'cartitem','5',NULL,NULL,NULL,NULL,0.00,0.00),(276382,1882,1163,214500.00,1,NULL,'cartitem','5',NULL,NULL,NULL,NULL,0.00,0.00),(276383,1882,1163,214500.00,1,NULL,'cartitem','5',NULL,NULL,NULL,NULL,0.00,0.00),(276384,1882,1163,214500.00,1,NULL,'cartitem','5',NULL,NULL,NULL,NULL,0.00,0.00),(276385,1882,1163,214500.00,1,NULL,'cartitem','5',NULL,NULL,NULL,NULL,0.00,0.00),(276386,1882,1163,214500.00,1,NULL,'cartitem','5',NULL,NULL,NULL,NULL,0.00,0.00),(276387,1882,1163,214500.00,1,NULL,'cartitem','5',NULL,NULL,NULL,NULL,0.00,0.00),(276388,1882,1163,214500.00,1,NULL,'cartitem','5',NULL,NULL,NULL,NULL,0.00,0.00),(276389,1882,1163,214500.00,1,NULL,'cartitem','5',NULL,NULL,NULL,NULL,0.00,0.00),(276390,1882,1163,214500.00,1,NULL,'cartitem','5',NULL,NULL,NULL,NULL,0.00,0.00),(276391,2008,1163,143000.00,1,NULL,'cartitem','5',NULL,NULL,NULL,NULL,0.00,0.00),(276392,2008,1163,143000.00,1,NULL,'cartitem','5',NULL,NULL,NULL,NULL,0.00,0.00),(276393,2008,1163,143000.00,1,NULL,'cartitem','5',NULL,NULL,NULL,NULL,0.00,0.00),(276394,2008,1163,143000.00,1,NULL,'cartitem','5',NULL,NULL,NULL,NULL,0.00,0.00),(276395,2008,1163,143000.00,1,NULL,'cartitem','5',NULL,NULL,NULL,NULL,0.00,0.00),(276396,2008,1163,143000.00,1,NULL,'cartitem','5',NULL,NULL,NULL,NULL,0.00,0.00),(276397,2008,1163,143000.00,1,NULL,'cartitem','5',NULL,NULL,NULL,NULL,0.00,0.00),(276398,2008,1163,143000.00,1,NULL,'cartitem','5',NULL,NULL,NULL,NULL,0.00,0.00),(276399,2008,1163,143000.00,1,NULL,'cartitem','5',NULL,NULL,NULL,NULL,0.00,0.00),(276400,2008,1163,143000.00,1,NULL,'cartitem','5',NULL,NULL,NULL,NULL,0.00,0.00),(276401,2008,1163,143000.00,1,NULL,'cartitem','5',NULL,NULL,NULL,NULL,0.00,0.00),(276402,2008,1163,143000.00,1,NULL,'cartitem','5',NULL,NULL,NULL,NULL,0.00,0.00),(276403,1574,1163,190300.00,1,NULL,'cartitem','5',NULL,NULL,NULL,NULL,0.00,0.00),(276404,1602,1163,176000.00,1,NULL,'cartitem','5',NULL,NULL,NULL,NULL,0.00,0.00),(276405,2076,1163,176000.00,1,NULL,'cartitem','5',NULL,NULL,NULL,NULL,0.00,0.00),(276406,1574,1163,190300.00,1,NULL,'cartitem','5',NULL,NULL,NULL,NULL,0.00,0.00),(276407,1574,1163,190300.00,1,NULL,'cartitem','5',NULL,NULL,NULL,NULL,0.00,0.00),(276408,2076,1163,176000.00,1,NULL,'cartitem','5',NULL,NULL,NULL,NULL,0.00,0.00),(276409,1602,1163,176000.00,1,NULL,'cartitem','5',NULL,NULL,NULL,NULL,0.00,0.00),(276410,2076,1163,176000.00,1,NULL,'cartitem','5',NULL,NULL,NULL,NULL,0.00,0.00),(276411,1602,1163,176000.00,1,NULL,'cartitem','5',NULL,NULL,NULL,NULL,0.00,0.00),(276412,2076,1163,176000.00,1,NULL,'cartitem','5',NULL,NULL,NULL,NULL,0.00,0.00),(276413,2076,1163,176000.00,1,NULL,'cartitem','5',NULL,NULL,NULL,NULL,0.00,0.00),(276414,2076,1163,176000.00,1,NULL,'cartitem','5',NULL,NULL,NULL,NULL,0.00,0.00),(276415,1574,1163,190300.00,1,NULL,'cartitem','5',NULL,NULL,NULL,NULL,0.00,0.00),(276416,1602,1163,176000.00,1,NULL,'cartitem','5',NULL,NULL,NULL,NULL,0.00,0.00),(276417,1574,1163,190300.00,1,NULL,'cartitem','5',NULL,NULL,NULL,NULL,0.00,0.00),(276418,1574,1163,190300.00,1,NULL,'cartitem','5',NULL,NULL,NULL,NULL,0.00,0.00),(276419,1602,1163,176000.00,1,NULL,'cartitem','5',NULL,NULL,NULL,NULL,0.00,0.00),(276420,1602,1163,176000.00,1,NULL,'cartitem','5',NULL,NULL,NULL,NULL,0.00,0.00),(276421,2076,1163,176000.00,1,NULL,'cartitem','5',NULL,NULL,NULL,NULL,0.00,0.00),(276422,2076,1163,176000.00,1,NULL,'cartitem','5',NULL,NULL,NULL,NULL,0.00,0.00),(276423,2076,1163,176000.00,1,NULL,'cartitem','5',NULL,NULL,NULL,NULL,0.00,0.00),(276424,1574,1163,190300.00,1,NULL,'cartitem','5',NULL,NULL,NULL,NULL,0.00,0.00),(276425,1574,1163,190300.00,1,NULL,'cartitem','5',NULL,NULL,NULL,NULL,0.00,0.00),(276426,1574,1163,190300.00,1,NULL,'cartitem','5',NULL,NULL,NULL,NULL,0.00,0.00),(276427,1602,1163,176000.00,1,NULL,'cartitem','5',NULL,NULL,NULL,NULL,0.00,0.00),(276428,1602,1163,176000.00,1,NULL,'cartitem','5',NULL,NULL,NULL,NULL,0.00,0.00),(276429,1602,1163,176000.00,1,NULL,'cartitem','5',NULL,NULL,NULL,NULL,0.00,0.00),(276430,1602,1163,176000.00,1,NULL,'cartitem','5',NULL,NULL,NULL,NULL,0.00,0.00),(276431,2076,1163,176000.00,1,NULL,'cartitem','5',NULL,NULL,NULL,NULL,0.00,0.00),(276432,1574,1163,190300.00,1,NULL,'cartitem','5',NULL,NULL,NULL,NULL,0.00,0.00),(276433,2104,1163,209000.00,1,NULL,'cartitem','5',NULL,NULL,NULL,NULL,0.00,0.00),(276434,1658,1163,247500.00,1,NULL,'cartitem','5',NULL,NULL,NULL,NULL,0.00,0.00),(276435,1588,1163,187000.00,1,NULL,'cartitem','5',NULL,NULL,NULL,NULL,0.00,0.00),(276436,1476,1163,198000.00,1,NULL,'cartitem','5',NULL,NULL,NULL,NULL,0.00,0.00),(276437,2104,1163,209000.00,1,NULL,'cartitem','5',NULL,NULL,NULL,NULL,0.00,0.00),(276438,2105,1163,209000.00,1,NULL,'cartitem','5',NULL,NULL,NULL,NULL,0.00,0.00),(276439,1588,1163,187000.00,1,NULL,'cartitem','5',NULL,NULL,NULL,NULL,0.00,0.00),(276440,1658,1163,247500.00,1,NULL,'cartitem','5',NULL,NULL,NULL,NULL,0.00,0.00),(276441,1658,1163,247500.00,1,NULL,'cartitem','5',NULL,NULL,NULL,NULL,0.00,0.00),(276442,1588,1163,187000.00,1,NULL,'cartitem','5',NULL,NULL,NULL,NULL,0.00,0.00),(276443,1476,1163,198000.00,1,NULL,'cartitem','5',NULL,NULL,NULL,NULL,0.00,0.00),(276444,2104,1163,209000.00,1,NULL,'cartitem','5',NULL,NULL,NULL,NULL,0.00,0.00),(276445,2105,1163,209000.00,1,NULL,'cartitem','5',NULL,NULL,NULL,NULL,0.00,0.00),(276446,1658,1163,247500.00,1,NULL,'cartitem','5',NULL,NULL,NULL,NULL,0.00,0.00),(276447,2105,1163,209000.00,1,NULL,'cartitem','5',NULL,NULL,NULL,NULL,0.00,0.00),(276448,1476,1163,198000.00,1,NULL,'cartitem','5',NULL,NULL,NULL,NULL,0.00,0.00),(276449,1476,1163,198000.00,1,NULL,'cartitem','5',NULL,NULL,NULL,NULL,0.00,0.00),(276450,1476,1163,198000.00,1,NULL,'cartitem','5',NULL,NULL,NULL,NULL,0.00,0.00),(276451,1588,1163,187000.00,1,NULL,'cartitem','5',NULL,NULL,NULL,NULL,0.00,0.00),(276452,1658,1163,247500.00,1,NULL,'cartitem','5',NULL,NULL,NULL,NULL,0.00,0.00),(276453,1658,1163,247500.00,1,NULL,'cartitem','5',NULL,NULL,NULL,NULL,0.00,0.00),(276454,2104,1163,209000.00,1,NULL,'cartitem','5',NULL,NULL,NULL,NULL,0.00,0.00),(276455,1588,1163,187000.00,1,NULL,'cartitem','5',NULL,NULL,NULL,NULL,0.00,0.00),(276456,1588,1163,187000.00,1,NULL,'cartitem','5',NULL,NULL,NULL,NULL,0.00,0.00),(276457,2104,1163,209000.00,1,NULL,'cartitem','5',NULL,NULL,NULL,NULL,0.00,0.00),(276458,2105,1163,209000.00,1,NULL,'cartitem','5',NULL,NULL,NULL,NULL,0.00,0.00),(276459,1476,1163,198000.00,1,NULL,'cartitem','5',NULL,NULL,NULL,NULL,0.00,0.00),(276460,1476,1163,198000.00,1,NULL,'cartitem','5',NULL,NULL,NULL,NULL,0.00,0.00),(276461,1476,1163,198000.00,1,NULL,'cartitem','5',NULL,NULL,NULL,NULL,0.00,0.00),(276462,1476,1163,198000.00,1,NULL,'cartitem','5',NULL,NULL,NULL,NULL,0.00,0.00),(276463,1658,1163,247500.00,1,NULL,'cartitem','5',NULL,NULL,NULL,NULL,0.00,0.00),(276464,1658,1163,247500.00,1,NULL,'cartitem','5',NULL,NULL,NULL,NULL,0.00,0.00),(276465,1658,1163,247500.00,1,NULL,'cartitem','5',NULL,NULL,NULL,NULL,0.00,0.00),(276466,2104,1163,209000.00,1,NULL,'cartitem','5',NULL,NULL,NULL,NULL,0.00,0.00),(276467,1476,1163,198000.00,1,NULL,'cartitem','5',NULL,NULL,NULL,NULL,0.00,0.00),(276468,1588,1163,187000.00,1,NULL,'cartitem','5',NULL,NULL,NULL,NULL,0.00,0.00),(276469,1588,1163,187000.00,1,NULL,'cartitem','5',NULL,NULL,NULL,NULL,0.00,0.00),(276470,1588,1163,187000.00,1,NULL,'cartitem','5',NULL,NULL,NULL,NULL,0.00,0.00),(276471,1658,1163,247500.00,1,NULL,'cartitem','5',NULL,NULL,NULL,NULL,0.00,0.00),(276472,1630,1163,170500.00,1,NULL,'cartitem','5',NULL,NULL,NULL,NULL,0.00,0.00),(276473,1588,1163,187000.00,1,NULL,'cartitem','5',NULL,NULL,NULL,NULL,0.00,0.00),(276474,1630,1163,170500.00,1,NULL,'cartitem','5',NULL,NULL,NULL,NULL,0.00,0.00),(276475,1630,1163,170500.00,1,NULL,'cartitem','5',NULL,NULL,NULL,NULL,0.00,0.00),(276476,1630,1163,170500.00,1,NULL,'cartitem','5',NULL,NULL,NULL,NULL,0.00,0.00),(276477,1630,1163,170500.00,1,NULL,'cartitem','5',NULL,NULL,NULL,NULL,0.00,0.00),(276478,1630,1163,170500.00,1,NULL,'cartitem','5',NULL,NULL,NULL,NULL,0.00,0.00),(276479,1588,1163,187000.00,1,NULL,'cartitem','5',NULL,NULL,NULL,NULL,0.00,0.00),(276480,1476,1163,198000.00,1,NULL,'cartitem','5',NULL,NULL,NULL,NULL,0.00,0.00),(276481,1658,1163,247500.00,1,NULL,'cartitem','5',NULL,NULL,NULL,NULL,0.00,0.00),(276482,1630,1163,170500.00,1,NULL,'cartitem','5',NULL,NULL,NULL,NULL,0.00,0.00),(276483,1630,1163,170500.00,1,NULL,'cartitem','5',NULL,NULL,NULL,NULL,0.00,0.00),(276484,1588,1163,187000.00,1,NULL,'cartitem','5',NULL,NULL,NULL,NULL,0.00,0.00),(276485,1658,1163,247500.00,1,NULL,'cartitem','5',NULL,NULL,NULL,NULL,0.00,0.00),(276486,1476,1163,198000.00,1,NULL,'cartitem','5',NULL,NULL,NULL,NULL,0.00,0.00),(276487,1616,1163,231000.00,1,NULL,'cartitem','5',NULL,NULL,NULL,NULL,0.00,0.00),(276488,1616,1163,231000.00,1,NULL,'cartitem','5',NULL,NULL,NULL,NULL,0.00,0.00),(276489,1616,1163,231000.00,1,NULL,'cartitem','5',NULL,NULL,NULL,NULL,0.00,0.00),(276490,1616,1163,231000.00,1,NULL,'cartitem','5',NULL,NULL,NULL,NULL,0.00,0.00),(276491,1616,1163,231000.00,1,NULL,'cartitem','5',NULL,NULL,NULL,NULL,0.00,0.00),(276492,1616,1163,231000.00,1,NULL,'cartitem','5',NULL,NULL,NULL,NULL,0.00,0.00),(276493,1462,1163,170500.00,1,NULL,'cartitem','5',NULL,NULL,NULL,NULL,0.00,0.00),(276494,1616,1163,231000.00,1,NULL,'cartitem','5',NULL,NULL,NULL,NULL,0.00,0.00),(276495,1616,1163,231000.00,1,NULL,'cartitem','5',NULL,NULL,NULL,NULL,0.00,0.00),(276496,1616,1163,231000.00,1,NULL,'cartitem','5',NULL,NULL,NULL,NULL,0.00,0.00),(276497,2118,1163,290400.00,1,NULL,'cartitem','5',NULL,NULL,NULL,NULL,0.00,0.00),(276498,1616,1163,231000.00,1,NULL,'cartitem','5',NULL,NULL,NULL,NULL,0.00,0.00),(276499,2118,1163,290400.00,1,NULL,'cartitem','5',NULL,NULL,NULL,NULL,0.00,0.00),(276500,2118,1163,290400.00,1,NULL,'cartitem','5',NULL,NULL,NULL,NULL,0.00,0.00),(276501,1644,1163,231000.00,1,NULL,'cartitem','5',NULL,NULL,NULL,NULL,0.00,0.00),(276502,2118,1163,290400.00,1,NULL,'cartitem','5',NULL,NULL,NULL,NULL,0.00,0.00),(276503,2118,1163,290400.00,1,NULL,'cartitem','5',NULL,NULL,NULL,NULL,0.00,0.00),(276504,2118,1163,290400.00,1,NULL,'cartitem','5',NULL,NULL,NULL,NULL,0.00,0.00),(276505,1686,1163,170500.00,1,NULL,'cartitem','5',NULL,NULL,NULL,NULL,0.00,0.00),(276506,1672,1163,205700.00,1,NULL,'cartitem','5',NULL,NULL,NULL,NULL,0.00,0.00),(276507,1644,1163,231000.00,1,NULL,'cartitem','5',NULL,NULL,NULL,NULL,0.00,0.00),(276508,1644,1163,231000.00,1,NULL,'cartitem','5',NULL,NULL,NULL,NULL,0.00,0.00),(276509,2118,1163,290400.00,1,NULL,'cartitem','5',NULL,NULL,NULL,NULL,0.00,0.00),(276510,2118,1163,290400.00,1,NULL,'cartitem','5',NULL,NULL,NULL,NULL,0.00,0.00),(276511,1686,1163,170500.00,1,NULL,'cartitem','5',NULL,NULL,NULL,NULL,0.00,0.00),(276512,1686,1163,170500.00,1,NULL,'cartitem','5',NULL,NULL,NULL,NULL,0.00,0.00),(276513,1672,1163,205700.00,1,NULL,'cartitem','5',NULL,NULL,NULL,NULL,0.00,0.00),(276514,1672,1163,205700.00,1,NULL,'cartitem','5',NULL,NULL,NULL,NULL,0.00,0.00),(276515,1644,1163,231000.00,1,NULL,'cartitem','5',NULL,NULL,NULL,NULL,0.00,0.00),(276516,1672,1163,205700.00,1,NULL,'cartitem','5',NULL,NULL,NULL,NULL,0.00,0.00),(276517,1672,1163,205700.00,1,NULL,'cartitem','5',NULL,NULL,NULL,NULL,0.00,0.00),(276518,1672,1163,205700.00,1,NULL,'cartitem','5',NULL,NULL,NULL,NULL,0.00,0.00),(276519,1686,1163,170500.00,1,NULL,'cartitem','5',NULL,NULL,NULL,NULL,0.00,0.00),(276520,1686,1163,170500.00,1,NULL,'cartitem','5',NULL,NULL,NULL,NULL,0.00,0.00),(276521,1686,1163,170500.00,1,NULL,'cartitem','5',NULL,NULL,NULL,NULL,0.00,0.00),(276522,1644,1163,231000.00,1,NULL,'cartitem','5',NULL,NULL,NULL,NULL,0.00,0.00),(276523,1644,1163,231000.00,1,NULL,'cartitem','5',NULL,NULL,NULL,NULL,0.00,0.00),(276524,1644,1163,231000.00,1,NULL,'cartitem','5',NULL,NULL,NULL,NULL,0.00,0.00),(276525,1644,1163,231000.00,1,NULL,'cartitem','5',NULL,NULL,NULL,NULL,0.00,0.00),(276526,1672,1163,205700.00,1,NULL,'cartitem','5',NULL,NULL,NULL,NULL,0.00,0.00),(276527,1672,1163,205700.00,1,NULL,'cartitem','5',NULL,NULL,NULL,NULL,0.00,0.00),(276528,1686,1163,170500.00,1,NULL,'cartitem','5',NULL,NULL,NULL,NULL,0.00,0.00),(276529,1686,1163,170500.00,1,NULL,'cartitem','5',NULL,NULL,NULL,NULL,0.00,0.00),(276530,1462,1163,170500.00,1,NULL,'cartitem','5',NULL,NULL,NULL,NULL,0.00,0.00),(276531,1686,1163,170500.00,1,NULL,'cartitem','5',NULL,NULL,NULL,NULL,0.00,0.00),(276532,1686,1163,170500.00,1,NULL,'cartitem','5',NULL,NULL,NULL,NULL,0.00,0.00),(276533,1462,1163,170500.00,1,NULL,'cartitem','5',NULL,NULL,NULL,NULL,0.00,0.00),(276534,1462,1163,170500.00,1,NULL,'cartitem','5',NULL,NULL,NULL,NULL,0.00,0.00),(276535,1462,1163,170500.00,1,NULL,'cartitem','5',NULL,NULL,NULL,NULL,0.00,0.00),(276536,1462,1163,170500.00,1,NULL,'cartitem','5',NULL,NULL,NULL,NULL,0.00,0.00),(276537,1462,1163,170500.00,1,NULL,'cartitem','5',NULL,NULL,NULL,NULL,0.00,0.00),(276538,1462,1163,170500.00,1,NULL,'cartitem','5',NULL,NULL,NULL,NULL,0.00,0.00),(276539,1462,1163,170500.00,1,NULL,'cartitem','5',NULL,NULL,NULL,NULL,0.00,0.00),(276540,1588,1163,187000.00,1,NULL,'cartitem','5',NULL,NULL,NULL,NULL,0.00,0.00),(276541,2076,1163,176000.00,1,NULL,'cartitem','5',NULL,NULL,NULL,NULL,0.00,0.00),(276542,1476,1163,198000.00,1,NULL,'cartitem','5',NULL,NULL,NULL,NULL,0.00,0.00),(276543,2090,1163,187000.00,1,NULL,'cartitem','5',NULL,NULL,NULL,NULL,0.00,0.00),(276544,1588,1163,187000.00,1,NULL,'cartitem','5',NULL,NULL,NULL,NULL,0.00,0.00),(276545,2076,1163,176000.00,1,NULL,'cartitem','5',NULL,NULL,NULL,NULL,0.00,0.00),(276546,1462,1163,170500.00,1,NULL,'cartitem','5',NULL,NULL,NULL,NULL,0.00,0.00),(276547,2076,1163,176000.00,1,NULL,'cartitem','5',NULL,NULL,NULL,NULL,0.00,0.00),(276548,1476,1163,198000.00,1,NULL,'cartitem','5',NULL,NULL,NULL,NULL,0.00,0.00),(276549,2090,1163,187000.00,1,NULL,'cartitem','5',NULL,NULL,NULL,NULL,0.00,0.00),(276550,2091,1163,187000.00,1,NULL,'cartitem','5',NULL,NULL,NULL,NULL,0.00,0.00),(276551,2104,1163,209000.00,1,NULL,'cartitem','5',NULL,NULL,NULL,NULL,0.00,0.00),(276552,1560,1163,225500.00,1,NULL,'cartitem','5',NULL,NULL,NULL,NULL,0.00,0.00),(276553,2090,1163,187000.00,1,NULL,'cartitem','5',NULL,NULL,NULL,NULL,0.00,0.00),(276554,1686,1163,170500.00,1,NULL,'cartitem','5',NULL,NULL,NULL,NULL,0.00,0.00),(276555,2076,1163,176000.00,1,NULL,'cartitem','5',NULL,NULL,NULL,NULL,0.00,0.00),(276556,1462,1163,170500.00,1,NULL,'cartitem','5',NULL,NULL,NULL,NULL,0.00,0.00),(276557,2090,1163,187000.00,1,NULL,'cartitem','5',NULL,NULL,NULL,NULL,0.00,0.00),(276558,2091,1163,187000.00,1,NULL,'cartitem','5',NULL,NULL,NULL,NULL,0.00,0.00),(276559,2104,1163,209000.00,1,NULL,'cartitem','5',NULL,NULL,NULL,NULL,0.00,0.00),(276560,1560,1163,225500.00,1,NULL,'cartitem','5',NULL,NULL,NULL,NULL,0.00,0.00),(276561,1686,1163,170500.00,1,NULL,'cartitem','5',NULL,NULL,NULL,NULL,0.00,0.00),(276562,1588,1163,187000.00,1,NULL,'cartitem','5',NULL,NULL,NULL,NULL,0.00,0.00),(276563,1462,1163,170500.00,1,NULL,'cartitem','5',NULL,NULL,NULL,NULL,0.00,0.00),(276564,2076,1163,176000.00,1,NULL,'cartitem','5',NULL,NULL,NULL,NULL,0.00,0.00),(276565,1476,1163,198000.00,1,NULL,'cartitem','5',NULL,NULL,NULL,NULL,0.00,0.00),(276566,2090,1163,187000.00,1,NULL,'cartitem','5',NULL,NULL,NULL,NULL,0.00,0.00),(276567,2076,1163,176000.00,1,NULL,'cartitem','5',NULL,NULL,NULL,NULL,0.00,0.00),(276568,1462,1163,170500.00,1,NULL,'cartitem','5',NULL,NULL,NULL,NULL,0.00,0.00),(276569,1462,1163,170500.00,1,NULL,'cartitem','5',NULL,NULL,NULL,NULL,0.00,0.00),(276570,1462,1163,170500.00,1,NULL,'cartitem','5',NULL,NULL,NULL,NULL,0.00,0.00),(276571,1462,1163,170500.00,1,NULL,'cartitem','5',NULL,NULL,NULL,NULL,0.00,0.00),(276572,1462,1163,170500.00,1,NULL,'cartitem','5',NULL,NULL,NULL,NULL,0.00,0.00),(276573,1462,1163,170500.00,1,NULL,'cartitem','5',NULL,NULL,NULL,NULL,0.00,0.00),(276574,2090,1163,187000.00,1,NULL,'cartitem','5',NULL,NULL,NULL,NULL,0.00,0.00),(276575,2091,1163,187000.00,1,NULL,'cartitem','5',NULL,NULL,NULL,NULL,0.00,0.00),(276576,2104,1163,209000.00,1,NULL,'cartitem','5',NULL,NULL,NULL,NULL,0.00,0.00),(276577,1560,1163,225500.00,1,NULL,'cartitem','5',NULL,NULL,NULL,NULL,0.00,0.00),(276578,1686,1163,170500.00,1,NULL,'cartitem','5',NULL,NULL,NULL,NULL,0.00,0.00),(276579,1462,1163,170500.00,1,NULL,'cartitem','5',NULL,NULL,NULL,NULL,0.00,0.00),(276580,1462,1163,170500.00,1,NULL,'cartitem','5',NULL,NULL,NULL,NULL,0.00,0.00),(276581,1462,1163,170500.00,1,NULL,'cartitem','5',NULL,NULL,NULL,NULL,0.00,0.00),(276582,1546,1163,187000.00,1,NULL,'cartitem','5',NULL,NULL,NULL,NULL,0.00,0.00),(276583,1462,1163,170500.00,1,NULL,'cartitem','5',NULL,NULL,NULL,NULL,0.00,0.00),(276584,1546,1163,187000.00,1,NULL,'cartitem','5',NULL,NULL,NULL,NULL,0.00,0.00),(276585,1546,1163,187000.00,1,NULL,'cartitem','5',NULL,NULL,NULL,NULL,0.00,0.00),(276586,1546,1163,187000.00,1,NULL,'cartitem','5',NULL,NULL,NULL,NULL,0.00,0.00),(276587,1546,1163,187000.00,1,NULL,'cartitem','5',NULL,NULL,NULL,NULL,0.00,0.00),(276588,1546,1163,187000.00,1,NULL,'cartitem','5',NULL,NULL,NULL,NULL,0.00,0.00),(276589,1546,1163,187000.00,1,NULL,'cartitem','5',NULL,NULL,NULL,NULL,0.00,0.00),(276590,1546,1163,187000.00,1,NULL,'cartitem','5',NULL,NULL,NULL,NULL,0.00,0.00),(276591,1546,1163,187000.00,1,NULL,'cartitem','5',NULL,NULL,NULL,NULL,0.00,0.00),(276592,1546,1163,187000.00,1,NULL,'cartitem','5',NULL,NULL,NULL,NULL,0.00,0.00),(276593,1546,1163,187000.00,1,NULL,'cartitem','5',NULL,NULL,NULL,NULL,0.00,0.00),(276594,1462,1163,170500.00,1,NULL,'cartitem','5',NULL,NULL,NULL,NULL,0.00,0.00),(276595,1462,1163,170500.00,1,NULL,'cartitem','5',NULL,NULL,NULL,NULL,0.00,0.00),(276596,1462,1163,170500.00,1,NULL,'cartitem','5',NULL,NULL,NULL,NULL,0.00,0.00),(276597,1462,1163,170500.00,1,NULL,'cartitem','5',NULL,NULL,NULL,NULL,0.00,0.00),(276598,1462,1163,170500.00,1,NULL,'cartitem','5',NULL,NULL,NULL,NULL,0.00,0.00),(276599,1462,1163,170500.00,1,NULL,'cartitem','5',NULL,NULL,NULL,NULL,0.00,0.00),(276600,1462,1163,170500.00,1,NULL,'cartitem','5',NULL,NULL,NULL,NULL,0.00,0.00),(276601,1462,1163,170500.00,1,NULL,'cartitem','5',NULL,NULL,NULL,NULL,0.00,0.00),(276602,1462,1163,170500.00,1,NULL,'cartitem','5',NULL,NULL,NULL,NULL,0.00,0.00),(276603,1462,1163,170500.00,1,NULL,'cartitem','5',NULL,NULL,NULL,NULL,0.00,0.00),(276604,1462,1163,170500.00,1,NULL,'cartitem','5',NULL,NULL,NULL,NULL,0.00,0.00),(276605,1462,1163,170500.00,1,NULL,'cartitem','5',NULL,NULL,NULL,NULL,0.00,0.00),(276606,1462,1163,170500.00,1,NULL,'cartitem','5',NULL,NULL,NULL,NULL,0.00,0.00),(276607,1462,1163,170500.00,1,NULL,'cartitem','5',NULL,NULL,NULL,NULL,0.00,0.00),(276608,1462,1163,170500.00,1,NULL,'cartitem','5',NULL,NULL,NULL,NULL,0.00,0.00),(276609,1462,1163,170500.00,1,NULL,'cartitem','5',NULL,NULL,NULL,NULL,0.00,0.00),(276610,1462,1163,170500.00,1,NULL,'cartitem','5',NULL,NULL,NULL,NULL,0.00,0.00),(276611,1462,1163,170500.00,1,NULL,'cartitem','5',NULL,NULL,NULL,NULL,0.00,0.00),(276612,1462,1163,170500.00,1,NULL,'cartitem','5',NULL,NULL,NULL,NULL,0.00,0.00),(276613,1462,1163,170500.00,1,NULL,'cartitem','5',NULL,NULL,NULL,NULL,0.00,0.00),(276614,1462,1163,170500.00,1,NULL,'cartitem','5',NULL,NULL,NULL,NULL,0.00,0.00),(276615,1462,1163,170500.00,1,NULL,'cartitem','5',NULL,NULL,NULL,NULL,0.00,0.00),(276616,1462,1163,170500.00,1,NULL,'cartitem','5',NULL,NULL,NULL,NULL,0.00,0.00),(276617,1462,1163,170500.00,1,NULL,'cartitem','5',NULL,NULL,NULL,NULL,0.00,0.00),(276618,1462,1163,170500.00,1,NULL,'cartitem','5',NULL,NULL,NULL,NULL,0.00,0.00),(276619,1462,1163,170500.00,1,NULL,'cartitem','5',NULL,NULL,NULL,NULL,0.00,0.00),(276620,1462,1163,170500.00,1,NULL,'cartitem','5',NULL,NULL,NULL,NULL,0.00,0.00),(276621,1462,1163,170500.00,1,NULL,'cartitem','5',NULL,NULL,NULL,NULL,0.00,0.00),(276622,1462,1163,170500.00,1,NULL,'cartitem','5',NULL,NULL,NULL,NULL,0.00,0.00),(276623,1462,1163,170500.00,1,NULL,'cartitem','5',NULL,NULL,NULL,NULL,0.00,0.00),(276624,1462,1163,170500.00,1,NULL,'cartitem','5',NULL,NULL,NULL,NULL,0.00,0.00),(276625,1462,1163,170500.00,1,NULL,'cartitem','5',NULL,NULL,NULL,NULL,0.00,0.00),(276626,1462,1163,170500.00,1,NULL,'cartitem','5',NULL,NULL,NULL,NULL,0.00,0.00),(276627,1462,1163,170500.00,1,NULL,'cartitem','5',NULL,NULL,NULL,NULL,0.00,0.00),(276628,1462,1163,170500.00,1,NULL,'cartitem','5',NULL,NULL,NULL,NULL,0.00,0.00),(276629,1462,1163,170500.00,1,NULL,'cartitem','5',NULL,NULL,NULL,NULL,0.00,0.00),(276630,1462,1163,170500.00,1,NULL,'cartitem','5',NULL,NULL,NULL,NULL,0.00,0.00),(276631,1462,1163,170500.00,1,NULL,'cartitem','5',NULL,NULL,NULL,NULL,0.00,0.00),(276632,1588,1163,187000.00,1,NULL,'cartitem','5',NULL,NULL,NULL,NULL,0.00,0.00),(276633,2076,1163,176000.00,1,NULL,'cartitem','5',NULL,NULL,NULL,NULL,0.00,0.00),(276634,1462,1163,170500.00,1,NULL,'cartitem','5',NULL,NULL,NULL,NULL,0.00,0.00),(276635,1476,1163,198000.00,1,NULL,'cartitem','5',NULL,NULL,NULL,NULL,0.00,0.00),(276636,1462,1163,170500.00,1,NULL,'cartitem','5',NULL,NULL,NULL,NULL,0.00,0.00),(276637,1462,1163,170500.00,1,NULL,'cartitem','5',NULL,NULL,NULL,NULL,0.00,0.00),(276638,2090,1163,187000.00,1,NULL,'cartitem','5',NULL,NULL,NULL,NULL,0.00,0.00),(276639,1588,1163,187000.00,1,NULL,'cartitem','5',NULL,NULL,NULL,NULL,0.00,0.00),(276640,2076,1163,176000.00,1,NULL,'cartitem','5',NULL,NULL,NULL,NULL,0.00,0.00),(276641,1462,1163,170500.00,1,NULL,'cartitem','5',NULL,NULL,NULL,NULL,0.00,0.00),(276642,2076,1163,176000.00,1,NULL,'cartitem','5',NULL,NULL,NULL,NULL,0.00,0.00),(276643,2118,1163,290400.00,1,NULL,'cartitem','5',NULL,NULL,NULL,NULL,0.00,0.00),(276644,1462,1163,170500.00,1,NULL,'cartitem','5',NULL,NULL,NULL,NULL,0.00,0.00),(276645,1462,1163,170500.00,1,NULL,'cartitem','5',NULL,NULL,NULL,NULL,0.00,0.00),(276646,1462,1163,170500.00,1,NULL,'cartitem','5',NULL,NULL,NULL,NULL,0.00,0.00),(276647,1462,1163,170500.00,1,NULL,'cartitem','5',NULL,NULL,NULL,NULL,0.00,0.00),(276648,1476,1163,198000.00,1,NULL,'cartitem','5',NULL,NULL,NULL,NULL,0.00,0.00),(276649,1462,1163,170500.00,1,NULL,'cartitem','5',NULL,NULL,NULL,NULL,0.00,0.00),(276650,1462,1163,170500.00,1,NULL,'cartitem','5',NULL,NULL,NULL,NULL,0.00,0.00),(276651,1462,1163,170500.00,1,NULL,'cartitem','5',NULL,NULL,NULL,NULL,0.00,0.00),(276652,1462,1163,170500.00,1,NULL,'cartitem','5',NULL,NULL,NULL,NULL,0.00,0.00),(276653,1462,1163,170500.00,1,NULL,'cartitem','5',NULL,NULL,NULL,NULL,0.00,0.00),(276654,1462,1163,170500.00,1,NULL,'cartitem','5',NULL,NULL,NULL,NULL,0.00,0.00),(276655,2090,1163,187000.00,1,NULL,'cartitem','5',NULL,NULL,NULL,NULL,0.00,0.00),(276656,2091,1163,187000.00,1,NULL,'cartitem','5',NULL,NULL,NULL,NULL,0.00,0.00),(276657,1462,1163,170500.00,1,NULL,'cartitem','5',NULL,NULL,NULL,NULL,0.00,0.00),(276658,1462,1163,170500.00,1,NULL,'cartitem','5',NULL,NULL,NULL,NULL,0.00,0.00),(276659,1560,1163,225500.00,1,NULL,'cartitem','5',NULL,NULL,NULL,NULL,0.00,0.00),(276660,2104,1163,209000.00,1,NULL,'cartitem','5',NULL,NULL,NULL,NULL,0.00,0.00),(276661,1560,1163,225500.00,1,NULL,'cartitem','5',NULL,NULL,NULL,NULL,0.00,0.00),(276662,1686,1163,170500.00,1,NULL,'cartitem','5',NULL,NULL,NULL,NULL,0.00,0.00),(276663,2090,1163,187000.00,1,NULL,'cartitem','5',NULL,NULL,NULL,NULL,0.00,0.00),(276664,1882,1163,214500.00,1,NULL,'cartitem','5',NULL,NULL,NULL,NULL,0.00,0.00),(276665,1588,1163,187000.00,1,NULL,'cartitem','5',NULL,NULL,NULL,NULL,0.00,0.00),(276666,1462,1163,170500.00,1,NULL,'cartitem','5',NULL,NULL,NULL,NULL,0.00,0.00),(276667,2076,1163,176000.00,1,NULL,'cartitem','5',NULL,NULL,NULL,NULL,0.00,0.00),(276668,2076,1163,176000.00,1,NULL,'cartitem','5',NULL,NULL,NULL,NULL,0.00,0.00),(276669,2118,1163,290400.00,1,NULL,'cartitem','5',NULL,NULL,NULL,NULL,0.00,0.00),(276670,1476,1163,198000.00,1,NULL,'cartitem','5',NULL,NULL,NULL,NULL,0.00,0.00),(276671,1462,1163,170500.00,1,NULL,'cartitem','5',NULL,NULL,NULL,NULL,0.00,0.00),(276672,1462,1163,170500.00,1,NULL,'cartitem','5',NULL,NULL,NULL,NULL,0.00,0.00),(276673,2090,1163,187000.00,1,NULL,'cartitem','5',NULL,NULL,NULL,NULL,0.00,0.00),(276674,2091,1163,187000.00,1,NULL,'cartitem','5',NULL,NULL,NULL,NULL,0.00,0.00),(276675,1560,1163,225500.00,1,NULL,'cartitem','5',NULL,NULL,NULL,NULL,0.00,0.00),(276676,2104,1163,209000.00,1,NULL,'cartitem','5',NULL,NULL,NULL,NULL,0.00,0.00),(276677,2090,1163,187000.00,1,NULL,'cartitem','5',NULL,NULL,NULL,NULL,0.00,0.00),(276678,1560,1163,225500.00,1,NULL,'cartitem','5',NULL,NULL,NULL,NULL,0.00,0.00),(276679,1882,1163,214500.00,1,NULL,'cartitem','5',NULL,NULL,NULL,NULL,0.00,0.00),(276680,1686,1163,170500.00,1,NULL,'cartitem','5',NULL,NULL,NULL,NULL,0.00,0.00),(276681,1588,1163,187000.00,1,NULL,'cartitem','5',NULL,NULL,NULL,NULL,0.00,0.00),(276682,1462,1163,170500.00,1,NULL,'cartitem','5',NULL,NULL,NULL,NULL,0.00,0.00),(276683,2076,1163,176000.00,1,NULL,'cartitem','5',NULL,NULL,NULL,NULL,0.00,0.00),(276684,2076,1163,176000.00,1,NULL,'cartitem','5',NULL,NULL,NULL,NULL,0.00,0.00),(276685,1476,1163,198000.00,1,NULL,'cartitem','5',NULL,NULL,NULL,NULL,0.00,0.00),(276686,1462,1163,170500.00,1,NULL,'cartitem','5',NULL,NULL,NULL,NULL,0.00,0.00),(276687,1462,1163,170500.00,1,NULL,'cartitem','5',NULL,NULL,NULL,NULL,0.00,0.00),(276688,2090,1163,187000.00,1,NULL,'cartitem','5',NULL,NULL,NULL,NULL,0.00,0.00),(276689,2091,1163,187000.00,1,NULL,'cartitem','5',NULL,NULL,NULL,NULL,0.00,0.00),(276690,2104,1163,209000.00,1,NULL,'cartitem','5',NULL,NULL,NULL,NULL,0.00,0.00),(276691,2090,1163,187000.00,1,NULL,'cartitem','5',NULL,NULL,NULL,NULL,0.00,0.00),(276692,1560,1163,225500.00,1,NULL,'cartitem','5',NULL,NULL,NULL,NULL,0.00,0.00),(276693,1686,1163,170500.00,1,NULL,'cartitem','5',NULL,NULL,NULL,NULL,0.00,0.00),(276694,1588,1163,187000.00,1,NULL,'cartitem','5',NULL,NULL,NULL,NULL,0.00,0.00),(276695,1588,1163,187000.00,1,NULL,'cartitem','5',NULL,NULL,NULL,NULL,0.00,0.00),(276696,1588,1163,187000.00,1,NULL,'cartitem','5',NULL,NULL,NULL,NULL,0.00,0.00),(276697,1462,1163,170500.00,1,NULL,'cartitem','5',NULL,NULL,NULL,NULL,0.00,0.00),(276698,1588,1163,187000.00,1,NULL,'cartitem','5',NULL,NULL,NULL,NULL,0.00,0.00),(276699,2076,1163,176000.00,1,NULL,'cartitem','5',NULL,NULL,NULL,NULL,0.00,0.00),(276700,1588,1163,187000.00,1,NULL,'cartitem','5',NULL,NULL,NULL,NULL,0.00,0.00),(276701,2076,1163,176000.00,1,NULL,'cartitem','5',NULL,NULL,NULL,NULL,0.00,0.00),(276702,1588,1163,187000.00,1,NULL,'cartitem','5',NULL,NULL,NULL,NULL,0.00,0.00),(276703,2076,1163,176000.00,1,NULL,'cartitem','5',NULL,NULL,NULL,NULL,0.00,0.00),(276704,2118,1163,290400.00,1,NULL,'cartitem','5',NULL,NULL,NULL,NULL,0.00,0.00),(276705,1588,1163,187000.00,1,NULL,'cartitem','5',NULL,NULL,NULL,NULL,0.00,0.00),(276706,2076,1163,176000.00,1,NULL,'cartitem','5',NULL,NULL,NULL,NULL,0.00,0.00),(276707,1476,1163,198000.00,1,NULL,'cartitem','5',NULL,NULL,NULL,NULL,0.00,0.00),(276708,2076,1163,176000.00,1,NULL,'cartitem','5',NULL,NULL,NULL,NULL,0.00,0.00),(276709,1476,1163,198000.00,1,NULL,'cartitem','5',NULL,NULL,NULL,NULL,0.00,0.00),(276710,2076,1163,176000.00,1,NULL,'cartitem','5',NULL,NULL,NULL,NULL,0.00,0.00),(276711,1476,1163,198000.00,1,NULL,'cartitem','5',NULL,NULL,NULL,NULL,0.00,0.00),(276712,2076,1163,176000.00,1,NULL,'cartitem','5',NULL,NULL,NULL,NULL,0.00,0.00),(276713,1476,1163,198000.00,1,NULL,'cartitem','5',NULL,NULL,NULL,NULL,0.00,0.00),(276714,2076,1163,176000.00,1,NULL,'cartitem','5',NULL,NULL,NULL,NULL,0.00,0.00),(276715,1476,1163,198000.00,1,NULL,'cartitem','5',NULL,NULL,NULL,NULL,0.00,0.00),(276716,1462,1163,170500.00,1,NULL,'cartitem','5',NULL,NULL,NULL,NULL,0.00,0.00),(276717,1462,1163,170500.00,1,NULL,'cartitem','5',NULL,NULL,NULL,NULL,0.00,0.00),(276718,1476,1163,198000.00,1,NULL,'cartitem','5',NULL,NULL,NULL,NULL,0.00,0.00),(276719,2118,1163,290400.00,1,NULL,'cartitem','5',NULL,NULL,NULL,NULL,0.00,0.00),(276720,1476,1163,198000.00,1,NULL,'cartitem','5',NULL,NULL,NULL,NULL,0.00,0.00),(276721,2090,1163,187000.00,1,NULL,'cartitem','5',NULL,NULL,NULL,NULL,0.00,0.00),(276722,2091,1163,187000.00,1,NULL,'cartitem','5',NULL,NULL,NULL,NULL,0.00,0.00),(276723,1476,1163,198000.00,1,NULL,'cartitem','5',NULL,NULL,NULL,NULL,0.00,0.00),(276724,1560,1163,225500.00,1,NULL,'cartitem','5',NULL,NULL,NULL,NULL,0.00,0.00),(276725,1476,1163,198000.00,1,NULL,'cartitem','5',NULL,NULL,NULL,NULL,0.00,0.00),(276726,1476,1163,198000.00,1,NULL,'cartitem','5',NULL,NULL,NULL,NULL,0.00,0.00),(276727,2104,1163,209000.00,1,NULL,'cartitem','5',NULL,NULL,NULL,NULL,0.00,0.00),(276728,2090,1163,187000.00,1,NULL,'cartitem','5',NULL,NULL,NULL,NULL,0.00,0.00),(276729,2090,1163,187000.00,1,NULL,'cartitem','5',NULL,NULL,NULL,NULL,0.00,0.00),(276730,1560,1163,225500.00,1,NULL,'cartitem','5',NULL,NULL,NULL,NULL,0.00,0.00),(276731,2090,1163,187000.00,1,NULL,'cartitem','5',NULL,NULL,NULL,NULL,0.00,0.00),(276732,1882,1163,214500.00,1,NULL,'cartitem','5',NULL,NULL,NULL,NULL,0.00,0.00),(276733,2090,1163,187000.00,1,NULL,'cartitem','5',NULL,NULL,NULL,NULL,0.00,0.00),(276734,2090,1163,187000.00,1,NULL,'cartitem','5',NULL,NULL,NULL,NULL,0.00,0.00),(276735,1686,1163,170500.00,1,NULL,'cartitem','5',NULL,NULL,NULL,NULL,0.00,0.00),(276736,2090,1163,187000.00,1,NULL,'cartitem','5',NULL,NULL,NULL,NULL,0.00,0.00),(276737,1462,1163,170500.00,1,NULL,'cartitem','5',NULL,NULL,NULL,NULL,0.00,0.00),(276738,2076,1163,176000.00,1,NULL,'cartitem','5',NULL,NULL,NULL,NULL,0.00,0.00),(276739,2076,1163,176000.00,1,NULL,'cartitem','5',NULL,NULL,NULL,NULL,0.00,0.00),(276740,1588,1163,187000.00,1,NULL,'cartitem','5',NULL,NULL,NULL,NULL,0.00,0.00),(276741,2076,1163,176000.00,1,NULL,'cartitem','5',NULL,NULL,NULL,NULL,0.00,0.00),(276742,2076,1163,176000.00,1,NULL,'cartitem','5',NULL,NULL,NULL,NULL,0.00,0.00),(276743,2076,1163,176000.00,1,NULL,'cartitem','5',NULL,NULL,NULL,NULL,0.00,0.00),(276744,2076,1163,176000.00,1,NULL,'cartitem','5',NULL,NULL,NULL,NULL,0.00,0.00),(276745,2076,1163,176000.00,1,NULL,'cartitem','5',NULL,NULL,NULL,NULL,0.00,0.00),(276746,1462,1163,170500.00,1,NULL,'cartitem','5',NULL,NULL,NULL,NULL,0.00,0.00),(276747,1462,1163,170500.00,1,NULL,'cartitem','5',NULL,NULL,NULL,NULL,0.00,0.00),(276748,2090,1163,187000.00,1,NULL,'cartitem','5',NULL,NULL,NULL,NULL,0.00,0.00),(276749,2091,1163,187000.00,1,NULL,'cartitem','5',NULL,NULL,NULL,NULL,0.00,0.00),(276750,2090,1163,187000.00,1,NULL,'cartitem','5',NULL,NULL,NULL,NULL,0.00,0.00),(276751,2091,1163,187000.00,1,NULL,'cartitem','5',NULL,NULL,NULL,NULL,0.00,0.00),(276752,2118,1163,290400.00,1,NULL,'cartitem','5',NULL,NULL,NULL,NULL,0.00,0.00),(276753,2090,1163,187000.00,1,NULL,'cartitem','5',NULL,NULL,NULL,NULL,0.00,0.00),(276754,2091,1163,187000.00,1,NULL,'cartitem','5',NULL,NULL,NULL,NULL,0.00,0.00),(276755,2090,1163,187000.00,1,NULL,'cartitem','5',NULL,NULL,NULL,NULL,0.00,0.00),(276756,2091,1163,187000.00,1,NULL,'cartitem','5',NULL,NULL,NULL,NULL,0.00,0.00),(276757,1476,1163,198000.00,1,NULL,'cartitem','5',NULL,NULL,NULL,NULL,0.00,0.00),(276758,2090,1163,187000.00,1,NULL,'cartitem','5',NULL,NULL,NULL,NULL,0.00,0.00),(276759,2091,1163,187000.00,1,NULL,'cartitem','5',NULL,NULL,NULL,NULL,0.00,0.00),(276760,2090,1163,187000.00,1,NULL,'cartitem','5',NULL,NULL,NULL,NULL,0.00,0.00),(276761,2091,1163,187000.00,1,NULL,'cartitem','5',NULL,NULL,NULL,NULL,0.00,0.00),(276762,2104,1163,209000.00,1,NULL,'cartitem','5',NULL,NULL,NULL,NULL,0.00,0.00),(276763,2090,1163,187000.00,1,NULL,'cartitem','5',NULL,NULL,NULL,NULL,0.00,0.00),(276764,2091,1163,187000.00,1,NULL,'cartitem','5',NULL,NULL,NULL,NULL,0.00,0.00),(276765,2104,1163,209000.00,1,NULL,'cartitem','5',NULL,NULL,NULL,NULL,0.00,0.00),(276766,2104,1163,209000.00,1,NULL,'cartitem','5',NULL,NULL,NULL,NULL,0.00,0.00),(276767,2104,1163,209000.00,1,NULL,'cartitem','5',NULL,NULL,NULL,NULL,0.00,0.00),(276768,2104,1163,209000.00,1,NULL,'cartitem','5',NULL,NULL,NULL,NULL,0.00,0.00),(276769,2104,1163,209000.00,1,NULL,'cartitem','5',NULL,NULL,NULL,NULL,0.00,0.00),(276770,1560,1163,225500.00,1,NULL,'cartitem','5',NULL,NULL,NULL,NULL,0.00,0.00),(276771,1560,1163,225500.00,1,NULL,'cartitem','5',NULL,NULL,NULL,NULL,0.00,0.00),(276772,1560,1163,225500.00,1,NULL,'cartitem','5',NULL,NULL,NULL,NULL,0.00,0.00),(276773,1686,1163,170500.00,1,NULL,'cartitem','5',NULL,NULL,NULL,NULL,0.00,0.00),(276774,1560,1163,225500.00,1,NULL,'cartitem','5',NULL,NULL,NULL,NULL,0.00,0.00),(276775,2090,1163,187000.00,1,NULL,'cartitem','5',NULL,NULL,NULL,NULL,0.00,0.00),(276776,1686,1163,170500.00,1,NULL,'cartitem','5',NULL,NULL,NULL,NULL,0.00,0.00),(276777,1560,1163,225500.00,1,NULL,'cartitem','5',NULL,NULL,NULL,NULL,0.00,0.00),(276778,1686,1163,170500.00,1,NULL,'cartitem','5',NULL,NULL,NULL,NULL,0.00,0.00),(276779,1560,1163,225500.00,1,NULL,'cartitem','5',NULL,NULL,NULL,NULL,0.00,0.00),(276780,1686,1163,170500.00,1,NULL,'cartitem','5',NULL,NULL,NULL,NULL,0.00,0.00),(276781,1462,1163,170500.00,1,NULL,'cartitem','5',NULL,NULL,NULL,NULL,0.00,0.00),(276782,1686,1163,170500.00,1,NULL,'cartitem','5',NULL,NULL,NULL,NULL,0.00,0.00),(276783,1588,1163,187000.00,1,NULL,'cartitem','5',NULL,NULL,NULL,NULL,0.00,0.00),(276784,1686,1163,170500.00,1,NULL,'cartitem','5',NULL,NULL,NULL,NULL,0.00,0.00),(276785,1686,1163,170500.00,1,NULL,'cartitem','5',NULL,NULL,NULL,NULL,0.00,0.00),(276786,1686,1163,170500.00,1,NULL,'cartitem','5',NULL,NULL,NULL,NULL,0.00,0.00),(276787,2076,1163,176000.00,1,NULL,'cartitem','5',NULL,NULL,NULL,NULL,0.00,0.00),(276788,1686,1163,170500.00,1,NULL,'cartitem','5',NULL,NULL,NULL,NULL,0.00,0.00),(276789,2076,1163,176000.00,1,NULL,'cartitem','5',NULL,NULL,NULL,NULL,0.00,0.00),(276790,1686,1163,170500.00,1,NULL,'cartitem','5',NULL,NULL,NULL,NULL,0.00,0.00),(276791,1462,1163,170500.00,1,NULL,'cartitem','5',NULL,NULL,NULL,NULL,0.00,0.00),(276792,1462,1163,170500.00,1,NULL,'cartitem','5',NULL,NULL,NULL,NULL,0.00,0.00),(276793,1686,1163,170500.00,1,NULL,'cartitem','5',NULL,NULL,NULL,NULL,0.00,0.00),(276794,2118,1163,290400.00,1,NULL,'cartitem','5',NULL,NULL,NULL,NULL,0.00,0.00),(276795,1476,1163,198000.00,1,NULL,'cartitem','5',NULL,NULL,NULL,NULL,0.00,0.00),(276796,2090,1163,187000.00,1,NULL,'cartitem','5',NULL,NULL,NULL,NULL,0.00,0.00),(276797,2091,1163,187000.00,1,NULL,'cartitem','5',NULL,NULL,NULL,NULL,0.00,0.00),(276798,2104,1163,209000.00,1,NULL,'cartitem','5',NULL,NULL,NULL,NULL,0.00,0.00),(276799,2090,1163,187000.00,1,NULL,'cartitem','5',NULL,NULL,NULL,NULL,0.00,0.00),(276800,1560,1163,225500.00,1,NULL,'cartitem','5',NULL,NULL,NULL,NULL,0.00,0.00),(276801,1462,1163,170500.00,1,NULL,'cartitem','5',NULL,NULL,NULL,NULL,0.00,0.00),(276802,1462,1163,170500.00,1,NULL,'cartitem','5',NULL,NULL,NULL,NULL,0.00,0.00),(276803,1588,1163,187000.00,1,NULL,'cartitem','5',NULL,NULL,NULL,NULL,0.00,0.00),(276804,1462,1163,170500.00,1,NULL,'cartitem','5',NULL,NULL,NULL,NULL,0.00,0.00),(276805,1462,1163,170500.00,1,NULL,'cartitem','5',NULL,NULL,NULL,NULL,0.00,0.00),(276806,1462,1163,170500.00,1,NULL,'cartitem','5',NULL,NULL,NULL,NULL,0.00,0.00),(276807,2076,1163,176000.00,1,NULL,'cartitem','5',NULL,NULL,NULL,NULL,0.00,0.00),(276808,2076,1163,176000.00,1,NULL,'cartitem','5',NULL,NULL,NULL,NULL,0.00,0.00),(276809,1462,1163,170500.00,1,NULL,'cartitem','5',NULL,NULL,NULL,NULL,0.00,0.00),(276810,1462,1163,170500.00,1,NULL,'cartitem','5',NULL,NULL,NULL,NULL,0.00,0.00),(276811,1686,1163,170500.00,1,NULL,'cartitem','5',NULL,NULL,NULL,NULL,0.00,0.00),(276812,2118,1163,290400.00,1,NULL,'cartitem','5',NULL,NULL,NULL,NULL,0.00,0.00),(276813,1476,1163,198000.00,1,NULL,'cartitem','5',NULL,NULL,NULL,NULL,0.00,0.00),(276814,2090,1163,187000.00,1,NULL,'cartitem','5',NULL,NULL,NULL,NULL,0.00,0.00),(276815,2091,1163,187000.00,1,NULL,'cartitem','5',NULL,NULL,NULL,NULL,0.00,0.00),(276816,2104,1163,209000.00,1,NULL,'cartitem','5',NULL,NULL,NULL,NULL,0.00,0.00),(276817,2090,1163,187000.00,1,NULL,'cartitem','5',NULL,NULL,NULL,NULL,0.00,0.00),(276818,1560,1163,225500.00,1,NULL,'cartitem','5',NULL,NULL,NULL,NULL,0.00,0.00),(276819,1588,1163,187000.00,1,NULL,'cartitem','5',NULL,NULL,NULL,NULL,0.00,0.00),(276820,1462,1163,170500.00,1,NULL,'cartitem','5',NULL,NULL,NULL,NULL,0.00,0.00),(276821,2076,1163,176000.00,1,NULL,'cartitem','5',NULL,NULL,NULL,NULL,0.00,0.00),(276822,2076,1163,176000.00,1,NULL,'cartitem','5',NULL,NULL,NULL,NULL,0.00,0.00),(276823,1462,1163,170500.00,1,NULL,'cartitem','5',NULL,NULL,NULL,NULL,0.00,0.00),(276824,1462,1163,170500.00,1,NULL,'cartitem','5',NULL,NULL,NULL,NULL,0.00,0.00),(276825,1686,1163,170500.00,1,NULL,'cartitem','5',NULL,NULL,NULL,NULL,0.00,0.00),(276826,2118,1163,290400.00,1,NULL,'cartitem','5',NULL,NULL,NULL,NULL,0.00,0.00),(276827,2118,1163,290400.00,1,NULL,'cartitem','5',NULL,NULL,NULL,NULL,0.00,0.00),(276828,1476,1163,198000.00,1,NULL,'cartitem','5',NULL,NULL,NULL,NULL,0.00,0.00),(276829,2118,1163,290400.00,1,NULL,'cartitem','5',NULL,NULL,NULL,NULL,0.00,0.00),(276830,2090,1163,187000.00,1,NULL,'cartitem','5',NULL,NULL,NULL,NULL,0.00,0.00),(276831,2091,1163,187000.00,1,NULL,'cartitem','5',NULL,NULL,NULL,NULL,0.00,0.00),(276832,1476,1163,198000.00,1,NULL,'cartitem','5',NULL,NULL,NULL,NULL,0.00,0.00),(276833,2118,1163,290400.00,1,NULL,'cartitem','5',NULL,NULL,NULL,NULL,0.00,0.00),(276834,1476,1163,198000.00,1,NULL,'cartitem','5',NULL,NULL,NULL,NULL,0.00,0.00),(276835,2118,1163,290400.00,1,NULL,'cartitem','5',NULL,NULL,NULL,NULL,0.00,0.00),(276836,1476,1163,198000.00,1,NULL,'cartitem','5',NULL,NULL,NULL,NULL,0.00,0.00),(276837,2118,1163,290400.00,1,NULL,'cartitem','5',NULL,NULL,NULL,NULL,0.00,0.00),(276838,1476,1163,198000.00,1,NULL,'cartitem','5',NULL,NULL,NULL,NULL,0.00,0.00),(276839,2118,1163,290400.00,1,NULL,'cartitem','5',NULL,NULL,NULL,NULL,0.00,0.00),(276840,1476,1163,198000.00,1,NULL,'cartitem','5',NULL,NULL,NULL,NULL,0.00,0.00),(276841,2118,1163,290400.00,1,NULL,'cartitem','5',NULL,NULL,NULL,NULL,0.00,0.00),(276842,2104,1163,209000.00,1,NULL,'cartitem','5',NULL,NULL,NULL,NULL,0.00,0.00),(276843,1476,1163,198000.00,1,NULL,'cartitem','5',NULL,NULL,NULL,NULL,0.00,0.00),(276844,2118,1163,290400.00,1,NULL,'cartitem','5',NULL,NULL,NULL,NULL,0.00,0.00),(276845,1476,1163,198000.00,1,NULL,'cartitem','5',NULL,NULL,NULL,NULL,0.00,0.00),(276846,2118,1163,290400.00,1,NULL,'cartitem','5',NULL,NULL,NULL,NULL,0.00,0.00),(276847,1476,1163,198000.00,1,NULL,'cartitem','5',NULL,NULL,NULL,NULL,0.00,0.00),(276848,1476,1163,198000.00,1,NULL,'cartitem','5',NULL,NULL,NULL,NULL,0.00,0.00),(276849,2090,1163,187000.00,1,NULL,'cartitem','5',NULL,NULL,NULL,NULL,0.00,0.00),(276850,1560,1163,225500.00,1,NULL,'cartitem','5',NULL,NULL,NULL,NULL,0.00,0.00),(276851,1588,1163,187000.00,1,NULL,'cartitem','5',NULL,NULL,NULL,NULL,0.00,0.00),(276852,1462,1163,170500.00,1,NULL,'cartitem','5',NULL,NULL,NULL,NULL,0.00,0.00),(276853,2076,1163,176000.00,1,NULL,'cartitem','5',NULL,NULL,NULL,NULL,0.00,0.00),(276854,2076,1163,176000.00,1,NULL,'cartitem','5',NULL,NULL,NULL,NULL,0.00,0.00),(276855,1462,1163,170500.00,1,NULL,'cartitem','5',NULL,NULL,NULL,NULL,0.00,0.00),(276856,1462,1163,170500.00,1,NULL,'cartitem','5',NULL,NULL,NULL,NULL,0.00,0.00),(276857,1686,1163,170500.00,1,NULL,'cartitem','5',NULL,NULL,NULL,NULL,0.00,0.00),(276858,2090,1163,187000.00,1,NULL,'cartitem','5',NULL,NULL,NULL,NULL,0.00,0.00),(276859,2091,1163,187000.00,1,NULL,'cartitem','5',NULL,NULL,NULL,NULL,0.00,0.00),(276860,2104,1163,209000.00,1,NULL,'cartitem','5',NULL,NULL,NULL,NULL,0.00,0.00),(276861,2118,1163,290400.00,1,NULL,'cartitem','5',NULL,NULL,NULL,NULL,0.00,0.00),(276862,1476,1163,198000.00,1,NULL,'cartitem','5',NULL,NULL,NULL,NULL,0.00,0.00),(276863,2090,1163,187000.00,1,NULL,'cartitem','5',NULL,NULL,NULL,NULL,0.00,0.00),(276864,1560,1163,225500.00,1,NULL,'cartitem','5',NULL,NULL,NULL,NULL,0.00,0.00),(276865,1588,1163,187000.00,1,NULL,'cartitem','5',NULL,NULL,NULL,NULL,0.00,0.00),(276866,1462,1163,170500.00,1,NULL,'cartitem','5',NULL,NULL,NULL,NULL,0.00,0.00),(276867,2076,1163,176000.00,1,NULL,'cartitem','5',NULL,NULL,NULL,NULL,0.00,0.00),(276868,2076,1163,176000.00,1,NULL,'cartitem','5',NULL,NULL,NULL,NULL,0.00,0.00),(276869,1462,1163,170500.00,1,NULL,'cartitem','5',NULL,NULL,NULL,NULL,0.00,0.00),(276870,1462,1163,170500.00,1,NULL,'cartitem','5',NULL,NULL,NULL,NULL,0.00,0.00),(276871,1686,1163,170500.00,1,NULL,'cartitem','5',NULL,NULL,NULL,NULL,0.00,0.00),(276872,1686,1163,170500.00,1,NULL,'cartitem','5',NULL,NULL,NULL,NULL,0.00,0.00),(276873,1686,1163,170500.00,1,NULL,'cartitem','5',NULL,NULL,NULL,NULL,0.00,0.00),(276874,1686,1163,170500.00,1,NULL,'cartitem','5',NULL,NULL,NULL,NULL,0.00,0.00),(276875,2090,1163,187000.00,1,NULL,'cartitem','5',NULL,NULL,NULL,NULL,0.00,0.00),(276876,2091,1163,187000.00,1,NULL,'cartitem','5',NULL,NULL,NULL,NULL,0.00,0.00),(276877,1686,1163,170500.00,1,NULL,'cartitem','5',NULL,NULL,NULL,NULL,0.00,0.00),(276878,1686,1163,170500.00,1,NULL,'cartitem','5',NULL,NULL,NULL,NULL,0.00,0.00),(276879,2104,1163,209000.00,1,NULL,'cartitem','5',NULL,NULL,NULL,NULL,0.00,0.00),(276880,2118,1163,290400.00,1,NULL,'cartitem','5',NULL,NULL,NULL,NULL,0.00,0.00),(276881,1476,1163,198000.00,1,NULL,'cartitem','5',NULL,NULL,NULL,NULL,0.00,0.00),(276882,2090,1163,187000.00,1,NULL,'cartitem','5',NULL,NULL,NULL,NULL,0.00,0.00),(276883,1560,1163,225500.00,1,NULL,'cartitem','5',NULL,NULL,NULL,NULL,0.00,0.00),(276884,1588,1163,187000.00,1,NULL,'cartitem','5',NULL,NULL,NULL,NULL,0.00,0.00),(276885,1462,1163,170500.00,1,NULL,'cartitem','5',NULL,NULL,NULL,NULL,0.00,0.00),(276886,1462,1163,170500.00,1,NULL,'cartitem','5',NULL,NULL,NULL,NULL,0.00,0.00),(276887,2076,1163,176000.00,1,NULL,'cartitem','5',NULL,NULL,NULL,NULL,0.00,0.00),(276888,1462,1163,170500.00,1,NULL,'cartitem','5',NULL,NULL,NULL,NULL,0.00,0.00),(276889,2076,1163,176000.00,1,NULL,'cartitem','5',NULL,NULL,NULL,NULL,0.00,0.00),(276890,1462,1163,170500.00,1,NULL,'cartitem','5',NULL,NULL,NULL,NULL,0.00,0.00),(276891,1462,1163,170500.00,1,NULL,'cartitem','5',NULL,NULL,NULL,NULL,0.00,0.00),(276892,1462,1163,170500.00,1,NULL,'cartitem','5',NULL,NULL,NULL,NULL,0.00,0.00),(276893,1462,1163,170500.00,1,NULL,'cartitem','5',NULL,NULL,NULL,NULL,0.00,0.00),(276894,1462,1163,170500.00,1,NULL,'cartitem','5',NULL,NULL,NULL,NULL,0.00,0.00),(276895,1462,1163,170500.00,1,NULL,'cartitem','5',NULL,NULL,NULL,NULL,0.00,0.00),(276896,1462,1163,170500.00,1,NULL,'cartitem','5',NULL,NULL,NULL,NULL,0.00,0.00),(276897,2090,1163,187000.00,1,NULL,'cartitem','5',NULL,NULL,NULL,NULL,0.00,0.00),(276898,2091,1163,187000.00,1,NULL,'cartitem','5',NULL,NULL,NULL,NULL,0.00,0.00),(276899,1462,1163,170500.00,1,NULL,'cartitem','5',NULL,NULL,NULL,NULL,0.00,0.00),(276900,1462,1163,170500.00,1,NULL,'cartitem','5',NULL,NULL,NULL,NULL,0.00,0.00),(276901,1686,1163,170500.00,1,NULL,'cartitem','5',NULL,NULL,NULL,NULL,0.00,0.00),(276902,2104,1163,209000.00,1,NULL,'cartitem','5',NULL,NULL,NULL,NULL,0.00,0.00),(276903,2118,1163,290400.00,1,NULL,'cartitem','5',NULL,NULL,NULL,NULL,0.00,0.00),(276904,1476,1163,198000.00,1,NULL,'cartitem','5',NULL,NULL,NULL,NULL,0.00,0.00),(276905,2090,1163,187000.00,1,NULL,'cartitem','5',NULL,NULL,NULL,NULL,0.00,0.00),(276906,1560,1163,225500.00,1,NULL,'cartitem','5',NULL,NULL,NULL,NULL,0.00,0.00),(276907,1588,1163,187000.00,1,NULL,'cartitem','5',NULL,NULL,NULL,NULL,0.00,0.00),(276908,2076,1163,176000.00,1,NULL,'cartitem','5',NULL,NULL,NULL,NULL,0.00,0.00),(276909,2076,1163,176000.00,1,NULL,'cartitem','5',NULL,NULL,NULL,NULL,0.00,0.00),(276910,1462,1163,170500.00,1,NULL,'cartitem','5',NULL,NULL,NULL,NULL,0.00,0.00),(276911,1462,1163,170500.00,1,NULL,'cartitem','5',NULL,NULL,NULL,NULL,0.00,0.00),(276912,2090,1163,187000.00,1,NULL,'cartitem','5',NULL,NULL,NULL,NULL,0.00,0.00),(276913,2091,1163,187000.00,1,NULL,'cartitem','5',NULL,NULL,NULL,NULL,0.00,0.00),(276914,1462,1163,170500.00,1,NULL,'cartitem','5',NULL,NULL,NULL,NULL,0.00,0.00),(276915,1686,1163,170500.00,1,NULL,'cartitem','5',NULL,NULL,NULL,NULL,0.00,0.00),(276916,2104,1163,209000.00,1,NULL,'cartitem','5',NULL,NULL,NULL,NULL,0.00,0.00),(276917,2118,1163,290400.00,1,NULL,'cartitem','5',NULL,NULL,NULL,NULL,0.00,0.00),(276918,2118,1163,290400.00,1,NULL,'cartitem','5',NULL,NULL,NULL,NULL,0.00,0.00),(276919,1476,1163,198000.00,1,NULL,'cartitem','5',NULL,NULL,NULL,NULL,0.00,0.00),(276920,2118,1163,290400.00,1,NULL,'cartitem','5',NULL,NULL,NULL,NULL,0.00,0.00),(276921,2090,1163,187000.00,1,NULL,'cartitem','5',NULL,NULL,NULL,NULL,0.00,0.00),(276922,1476,1163,198000.00,1,NULL,'cartitem','5',NULL,NULL,NULL,NULL,0.00,0.00),(276923,2118,1163,290400.00,1,NULL,'cartitem','5',NULL,NULL,NULL,NULL,0.00,0.00),(276924,1476,1163,198000.00,1,NULL,'cartitem','5',NULL,NULL,NULL,NULL,0.00,0.00),(276925,1560,1163,225500.00,1,NULL,'cartitem','5',NULL,NULL,NULL,NULL,0.00,0.00),(276926,2118,1163,290400.00,1,NULL,'cartitem','5',NULL,NULL,NULL,NULL,0.00,0.00),(276927,1476,1163,198000.00,1,NULL,'cartitem','5',NULL,NULL,NULL,NULL,0.00,0.00),(276928,2118,1163,290400.00,1,NULL,'cartitem','5',NULL,NULL,NULL,NULL,0.00,0.00),(276929,1476,1163,198000.00,1,NULL,'cartitem','5',NULL,NULL,NULL,NULL,0.00,0.00),(276930,2118,1163,290400.00,1,NULL,'cartitem','5',NULL,NULL,NULL,NULL,0.00,0.00),(276931,1476,1163,198000.00,1,NULL,'cartitem','5',NULL,NULL,NULL,NULL,0.00,0.00),(276932,2118,1163,290400.00,1,NULL,'cartitem','5',NULL,NULL,NULL,NULL,0.00,0.00),(276933,1476,1163,198000.00,1,NULL,'cartitem','5',NULL,NULL,NULL,NULL,0.00,0.00),(276934,2118,1163,290400.00,1,NULL,'cartitem','5',NULL,NULL,NULL,NULL,0.00,0.00),(276935,1476,1163,198000.00,1,NULL,'cartitem','5',NULL,NULL,NULL,NULL,0.00,0.00),(276936,2118,1163,290400.00,1,NULL,'cartitem','5',NULL,NULL,NULL,NULL,0.00,0.00),(276937,1476,1163,198000.00,1,NULL,'cartitem','5',NULL,NULL,NULL,NULL,0.00,0.00),(276938,2118,1163,290400.00,1,NULL,'cartitem','5',NULL,NULL,NULL,NULL,0.00,0.00),(276939,1476,1163,198000.00,1,NULL,'cartitem','5',NULL,NULL,NULL,NULL,0.00,0.00),(276940,2118,1163,290400.00,1,NULL,'cartitem','5',NULL,NULL,NULL,NULL,0.00,0.00),(276941,1476,1163,198000.00,1,NULL,'cartitem','5',NULL,NULL,NULL,NULL,0.00,0.00),(276942,2118,1163,290400.00,1,NULL,'cartitem','5',NULL,NULL,NULL,NULL,0.00,0.00),(276943,1588,1163,187000.00,1,NULL,'cartitem','5',NULL,NULL,NULL,NULL,0.00,0.00),(276944,1476,1163,198000.00,1,NULL,'cartitem','5',NULL,NULL,NULL,NULL,0.00,0.00),(276945,2118,1163,290400.00,1,NULL,'cartitem','5',NULL,NULL,NULL,NULL,0.00,0.00),(276946,1476,1163,198000.00,1,NULL,'cartitem','5',NULL,NULL,NULL,NULL,0.00,0.00),(276947,2118,1163,290400.00,1,NULL,'cartitem','5',NULL,NULL,NULL,NULL,0.00,0.00),(276948,1476,1163,198000.00,1,NULL,'cartitem','5',NULL,NULL,NULL,NULL,0.00,0.00),(276949,2118,1163,290400.00,1,NULL,'cartitem','5',NULL,NULL,NULL,NULL,0.00,0.00),(276950,1476,1163,198000.00,1,NULL,'cartitem','5',NULL,NULL,NULL,NULL,0.00,0.00),(276951,2076,1163,176000.00,1,NULL,'cartitem','5',NULL,NULL,NULL,NULL,0.00,0.00),(276952,2118,1163,290400.00,1,NULL,'cartitem','5',NULL,NULL,NULL,NULL,0.00,0.00),(276953,1476,1163,198000.00,1,NULL,'cartitem','5',NULL,NULL,NULL,NULL,0.00,0.00),(276954,2118,1163,290400.00,1,NULL,'cartitem','5',NULL,NULL,NULL,NULL,0.00,0.00),(276955,2076,1163,176000.00,1,NULL,'cartitem','5',NULL,NULL,NULL,NULL,0.00,0.00),(276956,1476,1163,198000.00,1,NULL,'cartitem','5',NULL,NULL,NULL,NULL,0.00,0.00),(276957,1462,1163,170500.00,1,NULL,'cartitem','5',NULL,NULL,NULL,NULL,0.00,0.00),(276958,1462,1163,170500.00,1,NULL,'cartitem','5',NULL,NULL,NULL,NULL,0.00,0.00),(276959,2118,1163,290400.00,1,NULL,'cartitem','5',NULL,NULL,NULL,NULL,0.00,0.00),(276960,1476,1163,198000.00,1,NULL,'cartitem','5',NULL,NULL,NULL,NULL,0.00,0.00),(276961,2118,1163,290400.00,1,NULL,'cartitem','5',NULL,NULL,NULL,NULL,0.00,0.00),(276962,1476,1163,198000.00,1,NULL,'cartitem','5',NULL,NULL,NULL,NULL,0.00,0.00),(276963,2118,1163,290400.00,1,NULL,'cartitem','5',NULL,NULL,NULL,NULL,0.00,0.00),(276964,1476,1163,198000.00,1,NULL,'cartitem','5',NULL,NULL,NULL,NULL,0.00,0.00),(276965,2090,1163,187000.00,1,NULL,'cartitem','5',NULL,NULL,NULL,NULL,0.00,0.00),(276966,2091,1163,187000.00,1,NULL,'cartitem','5',NULL,NULL,NULL,NULL,0.00,0.00),(276967,2118,1163,290400.00,1,NULL,'cartitem','5',NULL,NULL,NULL,NULL,0.00,0.00),(276968,1476,1163,198000.00,1,NULL,'cartitem','5',NULL,NULL,NULL,NULL,0.00,0.00),(276969,1462,1163,170500.00,1,NULL,'cartitem','5',NULL,NULL,NULL,NULL,0.00,0.00),(276970,1476,1163,198000.00,1,NULL,'cartitem','5',NULL,NULL,NULL,NULL,0.00,0.00),(276971,1462,1163,170500.00,1,NULL,'cartitem','5',NULL,NULL,NULL,NULL,0.00,0.00),(276972,1476,1163,198000.00,1,NULL,'cartitem','5',NULL,NULL,NULL,NULL,0.00,0.00),(276973,1462,1163,170500.00,1,NULL,'cartitem','5',NULL,NULL,NULL,NULL,0.00,0.00),(276974,1476,1163,198000.00,1,NULL,'cartitem','5',NULL,NULL,NULL,NULL,0.00,0.00),(276975,1686,1163,170500.00,1,NULL,'cartitem','5',NULL,NULL,NULL,NULL,0.00,0.00),(276976,1476,1163,198000.00,1,NULL,'cartitem','5',NULL,NULL,NULL,NULL,0.00,0.00),(276977,2104,1163,209000.00,1,NULL,'cartitem','5',NULL,NULL,NULL,NULL,0.00,0.00),(276978,1476,1163,198000.00,1,NULL,'cartitem','5',NULL,NULL,NULL,NULL,0.00,0.00),(276979,1476,1163,198000.00,1,NULL,'cartitem','5',NULL,NULL,NULL,NULL,0.00,0.00),(276980,1476,1163,198000.00,1,NULL,'cartitem','5',NULL,NULL,NULL,NULL,0.00,0.00),(276981,1476,1163,198000.00,1,NULL,'cartitem','5',NULL,NULL,NULL,NULL,0.00,0.00),(276982,1476,1163,198000.00,1,NULL,'cartitem','5',NULL,NULL,NULL,NULL,0.00,0.00),(276983,2090,1163,187000.00,1,NULL,'cartitem','5',NULL,NULL,NULL,NULL,0.00,0.00),(276984,1476,1163,198000.00,1,NULL,'cartitem','5',NULL,NULL,NULL,NULL,0.00,0.00),(276985,1560,1163,225500.00,1,NULL,'cartitem','5',NULL,NULL,NULL,NULL,0.00,0.00),(276986,1476,1163,198000.00,1,NULL,'cartitem','5',NULL,NULL,NULL,NULL,0.00,0.00),(276987,1476,1163,198000.00,1,NULL,'cartitem','5',NULL,NULL,NULL,NULL,0.00,0.00),(276988,1588,1163,187000.00,1,NULL,'cartitem','5',NULL,NULL,NULL,NULL,0.00,0.00),(276989,2076,1163,176000.00,1,NULL,'cartitem','5',NULL,NULL,NULL,NULL,0.00,0.00),(276990,2076,1163,176000.00,1,NULL,'cartitem','5',NULL,NULL,NULL,NULL,0.00,0.00),(276991,1462,1163,170500.00,1,NULL,'cartitem','5',NULL,NULL,NULL,NULL,0.00,0.00),(276992,1462,1163,170500.00,1,NULL,'cartitem','5',NULL,NULL,NULL,NULL,0.00,0.00),(276993,2090,1163,187000.00,1,NULL,'cartitem','5',NULL,NULL,NULL,NULL,0.00,0.00),(276994,2091,1163,187000.00,1,NULL,'cartitem','5',NULL,NULL,NULL,NULL,0.00,0.00),(276995,2118,1163,290400.00,1,NULL,'cartitem','5',NULL,NULL,NULL,NULL,0.00,0.00),(276996,2118,1163,290400.00,1,NULL,'cartitem','5',NULL,NULL,NULL,NULL,0.00,0.00),(276997,2118,1163,290400.00,1,NULL,'cartitem','5',NULL,NULL,NULL,NULL,0.00,0.00),(276998,1686,1163,170500.00,1,NULL,'cartitem','5',NULL,NULL,NULL,NULL,0.00,0.00),(276999,2118,1163,290400.00,1,NULL,'cartitem','5',NULL,NULL,NULL,NULL,0.00,0.00),(277000,2118,1163,290400.00,1,NULL,'cartitem','5',NULL,NULL,NULL,NULL,0.00,0.00),(277001,2104,1163,209000.00,1,NULL,'cartitem','5',NULL,NULL,NULL,NULL,0.00,0.00),(277002,2118,1163,290400.00,1,NULL,'cartitem','5',NULL,NULL,NULL,NULL,0.00,0.00),(277003,2090,1163,187000.00,1,NULL,'cartitem','5',NULL,NULL,NULL,NULL,0.00,0.00),(277004,1560,1163,225500.00,1,NULL,'cartitem','5',NULL,NULL,NULL,NULL,0.00,0.00),(277005,1476,1163,198000.00,1,NULL,'cartitem','5',NULL,NULL,NULL,NULL,0.00,0.00),(277006,1476,1163,198000.00,1,NULL,'cartitem','5',NULL,NULL,NULL,NULL,0.00,0.00),(277007,1476,1163,198000.00,1,NULL,'cartitem','5',NULL,NULL,NULL,NULL,0.00,0.00),(277008,1476,1163,198000.00,1,NULL,'cartitem','5',NULL,NULL,NULL,NULL,0.00,0.00),(277009,1476,1163,198000.00,1,NULL,'cartitem','5',NULL,NULL,NULL,NULL,0.00,0.00),(277010,1476,1163,198000.00,1,NULL,'cartitem','5',NULL,NULL,NULL,NULL,0.00,0.00),(277011,1476,1163,198000.00,1,NULL,'cartitem','5',NULL,NULL,NULL,NULL,0.00,0.00),(277012,1476,1163,198000.00,1,NULL,'cartitem','5',NULL,NULL,NULL,NULL,0.00,0.00),(277013,1476,1163,198000.00,1,NULL,'cartitem','5',NULL,NULL,NULL,NULL,0.00,0.00),(277014,1588,1163,187000.00,1,NULL,'cartitem','5',NULL,NULL,NULL,NULL,0.00,0.00),(277015,1476,1163,198000.00,1,NULL,'cartitem','5',NULL,NULL,NULL,NULL,0.00,0.00),(277016,2038,1164,170500.00,1,NULL,'cartitem','16',NULL,NULL,NULL,NULL,0.00,11000.00),(277017,2045,1164,192500.00,1,NULL,'cartitem','12.5',NULL,NULL,NULL,NULL,0.00,11000.00);

--
-- Table structure for table `dtb_category`
--

CREATE TABLE `dtb_category` (
  `id` int(10) unsigned NOT NULL AUTO_INCREMENT,
  `parent_category_id` int(10) unsigned DEFAULT NULL,
  `creator_id` int(10) unsigned DEFAULT NULL,
  `category_name` varchar(255) COLLATE utf8mb4_bin NOT NULL,
  `hierarchy` int(10) unsigned NOT NULL,
  `sort_no` int(11) NOT NULL,
  `create_date` datetime NOT NULL COMMENT '(DC2Type:datetimetz)',
  `update_date` datetime NOT NULL COMMENT '(DC2Type:datetimetz)',
  `discriminator_type` varchar(255) COLLATE utf8mb4_bin NOT NULL,
  `category_contents_area1` varchar(4000) COLLATE utf8mb4_bin DEFAULT NULL,
  `category_contents_area2` varchar(4000) COLLATE utf8mb4_bin DEFAULT NULL,
  PRIMARY KEY (`id`),
  KEY `IDX_5ED2C2B796A8F92` (`parent_category_id`),
  KEY `IDX_5ED2C2B61220EA6` (`creator_id`),
  CONSTRAINT `FK_5ED2C2B61220EA6` FOREIGN KEY (`creator_id`) REFERENCES `dtb_member` (`id`),
  CONSTRAINT `FK_5ED2C2B796A8F92` FOREIGN KEY (`parent_category_id`) REFERENCES `dtb_category` (`id`)
) ENGINE=InnoDB AUTO_INCREMENT=4 DEFAULT CHARSET=utf8mb4 COLLATE=utf8mb4_bin;

--
-- Dumping data for table `dtb_category`
--

INSERT INTO `dtb_category` VALUES (1,NULL,1,'Marriage ring 結婚指輪',1,3,'2023-12-04 05:31:39','2024-12-10 10:08:37','category','<h2 class=\"text-center pt-4\">日本製鍛造の匠の技で、後悔しない結婚指輪選びを</h2>','<div class=\"row py-4 text-center\">\r\n<p class=\"col-12 fs-4 <!--d-flex align-items-end justify-content-end-->\">”鍛造（たんぞう）フルオーダーメイド”で最高峰の結婚指輪を。</p>\r\n<p class=\"col-12 lh-lg <!--d-flex align-items-center-->\">私達、鍛造指輪株式会社®は、20年以上かけてお客様のお声を聞き<br class=\"d-none d-lg-inline\">\r\n【最高満足のビスポーク結婚指輪】を追い求め、創り続けてきました。<br>\r\n貴方が想い続けて探している結婚指輪、私達ならきっと創れます。</p>\r\n</div>'),(2,NULL,1,'Engagement ring 婚約指輪',1,2,'2023-12-04 05:31:39','2024-12-10 10:08:37','category','<h2 class=\"text-center pt-4\">流行に左右されない一生物の\r\n婚約指輪</h2>','<div class=\"row py-4 text-center\">\r\n<p class=\"col-12 fs-4 <!--d-flex align-items-end justify-content-end--> pb-5\">すべてはあなたの“想いを創る”ため<br>\r\n流行に左右されない一生物の婚約指輪</p>\r\n<p class=\"col-12 lh-lg <!--d-flex align-items-center-->\">婚約指輪は言うもでもなくダイヤモンドと枠でつくられています。<br>\r\nそのダイヤモンドと枠はそれぞれ最高のものでなくてはならないとTANZOは考えます。<br><br>\r\n婚約指輪の枠を軽視していませんか？<br>\r\n実は枠は簡単に変形したり、ダイヤモンドが落ちることもあります。<br>\r\nTANZOは婚約指輪の枠を３つのこだわりで製造しています。</p>\r\n</div>'),(3,NULL,1,'Anniversary Jewelry  アニバーサリージュエリー',1,1,'2024-12-10 10:08:32','2024-12-10 10:08:37','category','<h2 class=\"text-center pt-4\">大切な人に贈る記念品</h2>',NULL);

--
-- Table structure for table `dtb_class_category`
--

CREATE TABLE `dtb_class_category` (
  `id` int(10) unsigned NOT NULL AUTO_INCREMENT,
  `class_name_id` int(10) unsigned DEFAULT NULL,
  `creator_id` int(10) unsigned DEFAULT NULL,
  `backend_name` varchar(255) COLLATE utf8mb4_bin DEFAULT NULL,
  `name` varchar(255) COLLATE utf8mb4_bin NOT NULL,
  `sort_no` int(10) unsigned NOT NULL,
  `visible` tinyint(1) NOT NULL DEFAULT '1',
  `create_date` datetime NOT NULL COMMENT '(DC2Type:datetimetz)',
  `update_date` datetime NOT NULL COMMENT '(DC2Type:datetimetz)',
  `discriminator_type` varchar(255) COLLATE utf8mb4_bin NOT NULL,
  PRIMARY KEY (`id`),
  KEY `IDX_9B0D1DBAB462FB2A` (`class_name_id`),
  KEY `IDX_9B0D1DBA61220EA6` (`creator_id`),
  CONSTRAINT `FK_9B0D1DBA61220EA6` FOREIGN KEY (`creator_id`) REFERENCES `dtb_member` (`id`),
  CONSTRAINT `FK_9B0D1DBAB462FB2A` FOREIGN KEY (`class_name_id`) REFERENCES `dtb_class_name` (`id`)
) ENGINE=InnoDB AUTO_INCREMENT=28 DEFAULT CHARSET=utf8mb4 COLLATE=utf8mb4_bin;

--
-- Dumping data for table `dtb_class_category`
--

INSERT INTO `dtb_class_category` VALUES (1,1,1,'左のリング','左のリング',2,1,'2023-12-04 05:31:39','2024-02-06 07:28:12','classcategory'),(2,1,1,'右のリング','右のリング',1,1,'2023-12-04 05:31:39','2024-02-06 07:28:27','classcategory'),(3,2,1,'プラチナ','プラチナ(Pt900)',13,1,'2023-12-04 05:31:39','2024-08-09 07:17:50','classcategory'),(4,2,1,'ホワイトゴールド','ホワイトゴールド(K18)',12,1,'2023-12-04 05:31:39','2024-08-09 07:18:27','classcategory'),(5,2,1,'シャンパンゴールド','シャンパンゴールド(K18)',11,1,'2023-12-04 05:31:39','2024-08-09 07:18:33','classcategory'),(6,2,1,'コーラルゴールド','コーラルゴールド(K18)',10,1,'2023-12-04 05:31:39','2024-08-09 07:18:40','classcategory'),(7,2,1,'ピンクゴールド','ピンクゴールド(K18)',8,1,'2024-01-23 03:14:43','2024-08-09 07:18:50','classcategory'),(8,2,1,'イエローゴールド','イエローゴールド(K18)',9,1,'2024-01-23 03:14:57','2024-08-09 07:18:45','classcategory'),(9,2,1,'グリーンゴールド','グリーンゴールド(K18)',7,1,'2024-01-23 03:15:11','2024-08-09 07:18:56','classcategory'),(10,3,1,'0.50ct,D,VVS1,3E','0.50ct,D,VVS1,3E',1,1,'2024-03-26 08:51:44','2024-07-11 02:34:48','classcategory'),(11,3,1,'0.50ct,F,VS1,3E','0.50ct,F,VS1,3E',2,1,'2024-03-26 08:51:53','2024-07-11 02:34:48','classcategory'),(12,3,1,'0.40ct,D,VVS1,3E','0.40ct,D,VVS1,3E',3,1,'2024-03-26 08:52:05','2024-07-11 02:34:48','classcategory'),(13,3,1,'0.40ct,F,VS1,3E','0.40ct,F,VS1,3E',4,1,'2024-03-26 08:52:19','2024-07-11 02:34:48','classcategory'),(14,3,1,'0.30ct,D,VVS1,3E','0.30ct,D,VVS1,3E',5,1,'2024-03-26 08:52:36','2024-07-11 02:34:48','classcategory'),(15,3,1,'0.30ct,F,VS1,3E','0.30ct,F,VS1,3E',6,1,'2024-03-26 08:52:43','2024-07-31 06:52:27','classcategory'),(16,3,1,'0.25ct,D,VVS1,3E','0.25ct,D,VVS1,3E',7,1,'2024-05-16 02:32:47','2024-07-11 02:34:48','classcategory'),(17,3,1,'0.25ct,F,VS1,3E','0.25ct,F,VS1,3E',8,1,'2024-05-16 02:32:58','2024-07-11 02:34:48','classcategory'),(18,3,1,'0.20ct,D,VVS1,3E','0.20ct,D,VVS1,3E',9,1,'2024-05-16 02:33:06','2024-07-11 02:34:48','classcategory'),(19,3,1,'0.20ct,F,VS1,3E','0.20ct,F,VS1,3E',10,1,'2024-05-16 02:33:14','2024-07-11 02:34:48','classcategory'),(20,2,1,'プラチナ×ホワイトゴールド','プラチナ(Pt900)×ホワイトゴールド(K18)',6,1,'2024-07-16 02:56:03','2024-08-09 07:21:19','classcategory'),(21,2,1,'プラチナ×シャンパンゴールド','プラチナ(Pt900)×シャンパンゴールド(K18)',5,1,'2024-07-16 02:56:17','2024-08-09 07:21:26','classcategory'),(22,2,1,'プラチナ×コーラルゴールド','プラチナ(Pt900)×コーラルゴールド(K18)',4,1,'2024-07-16 02:56:35','2024-08-09 07:21:32','classcategory'),(23,2,1,'プラチナ×イエローゴールド','プラチナ(Pt900)×イエローゴールド(K18)',3,1,'2024-07-16 02:56:47','2024-08-09 07:21:42','classcategory'),(24,2,1,'プラチナ×ピンクゴールド','プラチナ(Pt900)×ピンクゴールド(K18)',3,1,'2024-07-16 02:56:58','2024-08-09 07:21:47','classcategory'),(25,2,1,'プラチナ×グリーンゴールド','プラチナ(Pt900)×グリーンゴールド(K18)',2,1,'2024-07-16 02:57:14','2024-08-09 07:21:52','classcategory'),(26,2,1,'ゴールド×ゴールド（備考欄にご記入ください）','ゴールド(K18)×ゴールド(K18)（希望のゴールドを備考欄にご記入ください）',1,1,'2024-07-16 02:57:34','2024-08-09 07:20:54','classcategory'),(27,2,1,'シルバー(SV925)','シルバー(SV925)',14,1,'2024-09-27 09:23:19','2024-09-27 09:23:19','classcategory');

--
-- Table structure for table `dtb_class_name`
--

CREATE TABLE `dtb_class_name` (
  `id` int(10) unsigned NOT NULL AUTO_INCREMENT,
  `creator_id` int(10) unsigned DEFAULT NULL,
  `backend_name` varchar(255) COLLATE utf8mb4_bin DEFAULT NULL,
  `name` varchar(255) COLLATE utf8mb4_bin NOT NULL,
  `sort_no` int(10) unsigned NOT NULL,
  `create_date` datetime NOT NULL COMMENT '(DC2Type:datetimetz)',
  `update_date` datetime NOT NULL COMMENT '(DC2Type:datetimetz)',
  `discriminator_type` varchar(255) COLLATE utf8mb4_bin NOT NULL,
  PRIMARY KEY (`id`),
  KEY `IDX_187C95AD61220EA6` (`creator_id`),
  CONSTRAINT `FK_187C95AD61220EA6` FOREIGN KEY (`creator_id`) REFERENCES `dtb_member` (`id`)
) ENGINE=InnoDB AUTO_INCREMENT=4 DEFAULT CHARSET=utf8mb4 COLLATE=utf8mb4_bin;

--
-- Dumping data for table `dtb_class_name`
--

INSERT INTO `dtb_class_name` VALUES (1,1,'タイプ','タイプ',1,'2023-12-04 05:31:39','2024-01-23 02:48:00','classname'),(2,1,'素材','素材',2,'2023-12-04 05:31:39','2024-01-23 03:07:43','classname'),(3,1,'ダイヤモンド','ダイヤモンド',3,'2024-03-26 08:49:14','2024-04-05 05:38:09','classname');

--
-- Table structure for table `dtb_csv`
--

CREATE TABLE `dtb_csv` (
  `id` int(10) unsigned NOT NULL AUTO_INCREMENT,
  `csv_type_id` smallint(5) unsigned DEFAULT NULL,
  `creator_id` int(10) unsigned DEFAULT NULL,
  `entity_name` varchar(255) COLLATE utf8mb4_bin NOT NULL,
  `field_name` varchar(255) COLLATE utf8mb4_bin NOT NULL,
  `reference_field_name` varchar(255) COLLATE utf8mb4_bin DEFAULT NULL,
  `disp_name` varchar(255) COLLATE utf8mb4_bin NOT NULL,
  `sort_no` smallint(5) unsigned NOT NULL,
  `enabled` tinyint(1) NOT NULL DEFAULT '1',
  `create_date` datetime NOT NULL COMMENT '(DC2Type:datetimetz)',
  `update_date` datetime NOT NULL COMMENT '(DC2Type:datetimetz)',
  `discriminator_type` varchar(255) COLLATE utf8mb4_bin NOT NULL,
  PRIMARY KEY (`id`),
  KEY `IDX_F55F48C3E8507796` (`csv_type_id`),
  KEY `IDX_F55F48C361220EA6` (`creator_id`),
  CONSTRAINT `FK_F55F48C361220EA6` FOREIGN KEY (`creator_id`) REFERENCES `dtb_member` (`id`),
  CONSTRAINT `FK_F55F48C3E8507796` FOREIGN KEY (`csv_type_id`) REFERENCES `mtb_csv_type` (`id`)
) ENGINE=InnoDB AUTO_INCREMENT=331 DEFAULT CHARSET=utf8mb4 COLLATE=utf8mb4_bin;

--
-- Dumping data for table `dtb_csv`
--

INSERT INTO `dtb_csv` VALUES (1,1,NULL,'Eccube\\\\Entity\\\\Product','id',NULL,'商品ID',1,1,'2023-12-04 05:31:39','2023-12-04 05:31:39','csv'),(2,1,NULL,'Eccube\\\\Entity\\\\Product','Status','id','公開ステータス(ID)',2,1,'2023-12-04 05:31:39','2023-12-04 05:31:39','csv'),(3,1,NULL,'Eccube\\\\Entity\\\\Product','Status','name','公開ステータス(名称)',3,1,'2023-12-04 05:31:39','2023-12-04 05:31:39','csv'),(4,1,NULL,'Eccube\\\\Entity\\\\Product','name',NULL,'商品名',4,1,'2023-12-04 05:31:39','2023-12-04 05:31:39','csv'),(5,1,NULL,'Eccube\\\\Entity\\\\Product','note',NULL,'ショップ用メモ欄',5,1,'2023-12-04 05:31:39','2023-12-04 05:31:39','csv'),(6,1,NULL,'Eccube\\\\Entity\\\\Product','description_list',NULL,'商品説明(一覧)',6,1,'2023-12-04 05:31:39','2023-12-04 05:31:39','csv'),(7,1,NULL,'Eccube\\\\Entity\\\\Product','description_detail',NULL,'商品説明(詳細)',7,1,'2023-12-04 05:31:39','2023-12-04 05:31:39','csv'),(8,1,NULL,'Eccube\\\\Entity\\\\Product','search_word',NULL,'検索ワード',8,1,'2023-12-04 05:31:39','2023-12-04 05:31:39','csv'),(9,1,NULL,'Eccube\\\\Entity\\\\Product','free_area',NULL,'フリーエリア',9,1,'2023-12-04 05:31:39','2023-12-04 05:31:39','csv'),(10,1,NULL,'Eccube\\\\Entity\\\\ProductClass','id',NULL,'商品規格ID',10,1,'2023-12-04 05:31:39','2023-12-04 05:31:39','csv'),(11,1,NULL,'Eccube\\\\Entity\\\\ProductClass','SaleType','id','販売種別(ID)',11,1,'2023-12-04 05:31:39','2023-12-04 05:31:39','csv'),(12,1,NULL,'Eccube\\\\Entity\\\\ProductClass','SaleType','name','販売種別(名称)',12,1,'2023-12-04 05:31:39','2023-12-04 05:31:39','csv'),(13,1,NULL,'Eccube\\\\Entity\\\\ProductClass','ClassCategory1','id','規格分類1(ID)',13,1,'2023-12-04 05:31:39','2023-12-04 05:31:39','csv'),(14,1,NULL,'Eccube\\\\Entity\\\\ProductClass','ClassCategory1','name','規格分類1(名称)',14,1,'2023-12-04 05:31:39','2023-12-04 05:31:39','csv'),(15,1,NULL,'Eccube\\\\Entity\\\\ProductClass','ClassCategory2','id','規格分類2(ID)',15,1,'2023-12-04 05:31:39','2023-12-04 05:31:39','csv'),(16,1,NULL,'Eccube\\\\Entity\\\\ProductClass','ClassCategory2','name','規格分類2(名称)',16,1,'2023-12-04 05:31:39','2023-12-04 05:31:39','csv'),(17,1,NULL,'Eccube\\\\Entity\\\\ProductClass','DeliveryDuration','id','発送日目安(ID)',17,1,'2023-12-04 05:31:39','2023-12-04 05:31:39','csv'),(18,1,NULL,'Eccube\\\\Entity\\\\ProductClass','DeliveryDuration','name','発送日目安(名称)',18,1,'2023-12-04 05:31:39','2023-12-04 05:31:39','csv'),(19,1,NULL,'Eccube\\\\Entity\\\\ProductClass','code',NULL,'商品コード',19,1,'2023-12-04 05:31:39','2023-12-04 05:31:39','csv'),(20,1,NULL,'Eccube\\\\Entity\\\\ProductClass','stock',NULL,'在庫数',20,1,'2023-12-04 05:31:39','2023-12-04 05:31:39','csv'),(21,1,NULL,'Eccube\\\\Entity\\\\ProductClass','stock_unlimited',NULL,'在庫数無制限フラグ',21,1,'2023-12-04 05:31:39','2023-12-04 05:31:39','csv'),(22,1,NULL,'Eccube\\\\Entity\\\\ProductClass','sale_limit',NULL,'販売制限数',22,1,'2023-12-04 05:31:39','2023-12-04 05:31:39','csv'),(23,1,NULL,'Eccube\\\\Entity\\\\ProductClass','price01',NULL,'通常価格',23,1,'2023-12-04 05:31:39','2023-12-04 05:31:39','csv'),(24,1,NULL,'Eccube\\\\Entity\\\\ProductClass','price02',NULL,'販売価格',24,1,'2023-12-04 05:31:39','2023-12-04 05:31:39','csv'),(25,1,NULL,'Eccube\\\\Entity\\\\ProductClass','delivery_fee',NULL,'送料',25,0,'2023-12-04 05:31:39','2023-12-04 05:31:39','csv'),(26,1,NULL,'Eccube\\\\Entity\\\\Product','ProductImage','file_name','商品画像',26,1,'2023-12-04 05:31:39','2023-12-04 05:31:39','csv'),(27,1,NULL,'Eccube\\\\Entity\\\\Product','ProductCategories','category_id','商品カテゴリ(ID)',27,1,'2023-12-04 05:31:39','2023-12-04 05:31:39','csv'),(28,1,NULL,'Eccube\\\\Entity\\\\Product','ProductCategories','Category','商品カテゴリ(名称)',28,1,'2023-12-04 05:31:39','2023-12-04 05:31:39','csv'),(29,1,NULL,'Eccube\\\\Entity\\\\Product','ProductTag','tag_id','タグ(ID)',29,1,'2023-12-04 05:31:39','2023-12-04 05:31:39','csv'),(30,1,NULL,'Eccube\\\\Entity\\\\Product','ProductTag','Tag','タグ(名称)',30,1,'2023-12-04 05:31:39','2023-12-04 05:31:39','csv'),(31,2,NULL,'Eccube\\\\Entity\\\\Customer','id',NULL,'会員ID',1,1,'2023-12-04 05:31:39','2023-12-04 05:31:39','csv'),(32,2,NULL,'Eccube\\\\Entity\\\\Customer','name01',NULL,'お名前(姓)',2,1,'2023-12-04 05:31:39','2023-12-04 05:31:39','csv'),(33,2,NULL,'Eccube\\\\Entity\\\\Customer','name02',NULL,'お名前(名)',3,1,'2023-12-04 05:31:39','2023-12-04 05:31:39','csv'),(34,2,NULL,'Eccube\\\\Entity\\\\Customer','kana01',NULL,'お名前(セイ)',4,1,'2023-12-04 05:31:39','2023-12-04 05:31:39','csv'),(35,2,NULL,'Eccube\\\\Entity\\\\Customer','kana02',NULL,'お名前(メイ)',5,1,'2023-12-04 05:31:39','2023-12-04 05:31:39','csv'),(36,2,NULL,'Eccube\\\\Entity\\\\Customer','company_name',NULL,'会社名',6,1,'2023-12-04 05:31:39','2023-12-04 05:31:39','csv'),(37,2,NULL,'Eccube\\\\Entity\\\\Customer','postal_code',NULL,'郵便番号',7,1,'2023-12-04 05:31:39','2023-12-04 05:31:39','csv'),(38,2,NULL,'Eccube\\\\Entity\\\\Customer','Pref','id','都道府県(ID)',9,1,'2023-12-04 05:31:39','2023-12-04 05:31:39','csv'),(39,2,NULL,'Eccube\\\\Entity\\\\Customer','Pref','name','都道府県(名称)',10,1,'2023-12-04 05:31:39','2023-12-04 05:31:39','csv'),(40,2,NULL,'Eccube\\\\Entity\\\\Customer','addr01',NULL,'住所1',11,1,'2023-12-04 05:31:39','2023-12-04 05:31:39','csv'),(41,2,NULL,'Eccube\\\\Entity\\\\Customer','addr02',NULL,'住所2',12,1,'2023-12-04 05:31:39','2023-12-04 05:31:39','csv'),(42,2,NULL,'Eccube\\\\Entity\\\\Customer','email',NULL,'メールアドレス',13,1,'2023-12-04 05:31:39','2023-12-04 05:31:39','csv'),(43,2,NULL,'Eccube\\\\Entity\\\\Customer','phone_number',NULL,'TEL',14,1,'2023-12-04 05:31:39','2023-12-04 05:31:39','csv'),(44,2,NULL,'Eccube\\\\Entity\\\\Customer','Sex','id','性別(ID)',20,1,'2023-12-04 05:31:39','2023-12-04 05:31:39','csv'),(45,2,NULL,'Eccube\\\\Entity\\\\Customer','Sex','name','性別(名称)',21,1,'2023-12-04 05:31:39','2023-12-04 05:31:39','csv'),(46,2,NULL,'Eccube\\\\Entity\\\\Customer','Job','id','職業(ID)',22,1,'2023-12-04 05:31:39','2023-12-04 05:31:39','csv'),(47,2,NULL,'Eccube\\\\Entity\\\\Customer','Job','name','職業(名称)',23,1,'2023-12-04 05:31:39','2023-12-04 05:31:39','csv'),(48,2,NULL,'Eccube\\\\Entity\\\\Customer','birth',NULL,'誕生日',24,1,'2023-12-04 05:31:39','2023-12-04 05:31:39','csv'),(49,2,NULL,'Eccube\\\\Entity\\\\Customer','first_buy_date',NULL,'初回購入日',25,1,'2023-12-04 05:31:39','2023-12-04 05:31:39','csv'),(50,2,NULL,'Eccube\\\\Entity\\\\Customer','last_buy_date',NULL,'最終購入日',26,1,'2023-12-04 05:31:39','2023-12-04 05:31:39','csv'),(51,2,NULL,'Eccube\\\\Entity\\\\Customer','buy_times',NULL,'購入回数',27,1,'2023-12-04 05:31:39','2023-12-04 05:31:39','csv'),(52,2,NULL,'Eccube\\\\Entity\\\\Customer','note',NULL,'ショップ用メモ欄',28,1,'2023-12-04 05:31:39','2023-12-04 05:31:39','csv'),(53,2,NULL,'Eccube\\\\Entity\\\\Customer','Status','id','会員ステータス(ID)',29,1,'2023-12-04 05:31:39','2023-12-04 05:31:39','csv'),(54,2,NULL,'Eccube\\\\Entity\\\\Customer','Status','name','会員ステータス(名称)',30,1,'2023-12-04 05:31:39','2023-12-04 05:31:39','csv'),(55,2,NULL,'Eccube\\\\Entity\\\\Customer','create_date',NULL,'登録日',31,1,'2023-12-04 05:31:39','2023-12-04 05:31:39','csv'),(56,2,NULL,'Eccube\\\\Entity\\\\Customer','update_date',NULL,'更新日',32,1,'2023-12-04 05:31:39','2023-12-04 05:31:39','csv'),(57,3,NULL,'Eccube\\\\Entity\\\\Order','id',NULL,'注文ID',1,1,'2023-12-04 05:31:39','2023-12-04 05:31:39','csv'),(58,3,NULL,'Eccube\\\\Entity\\\\Order','order_no',NULL,'注文番号',2,1,'2023-12-04 05:31:39','2023-12-04 05:31:39','csv'),(59,3,NULL,'Eccube\\\\Entity\\\\Order','Customer','id','会員ID',3,1,'2023-12-04 05:31:39','2023-12-04 05:31:39','csv'),(60,3,NULL,'Eccube\\\\Entity\\\\Order','name01',NULL,'お名前(姓)',4,1,'2023-12-04 05:31:39','2023-12-04 05:31:39','csv'),(61,3,NULL,'Eccube\\\\Entity\\\\Order','name02',NULL,'お名前(名)',5,1,'2023-12-04 05:31:39','2023-12-04 05:31:39','csv'),(62,3,NULL,'Eccube\\\\Entity\\\\Order','kana01',NULL,'お名前(セイ)',6,1,'2023-12-04 05:31:39','2023-12-04 05:31:39','csv'),(63,3,NULL,'Eccube\\\\Entity\\\\Order','kana02',NULL,'お名前(メイ)',7,1,'2023-12-04 05:31:39','2023-12-04 05:31:39','csv'),(64,3,NULL,'Eccube\\\\Entity\\\\Order','company_name',NULL,'会社名',8,1,'2023-12-04 05:31:39','2023-12-04 05:31:39','csv'),(65,3,NULL,'Eccube\\\\Entity\\\\Order','postal_code',NULL,'郵便番号',9,1,'2023-12-04 05:31:39','2023-12-04 05:31:39','csv'),(66,3,NULL,'Eccube\\\\Entity\\\\Order','Pref','id','都道府県(ID)',10,1,'2023-12-04 05:31:39','2023-12-04 05:31:39','csv'),(67,3,NULL,'Eccube\\\\Entity\\\\Order','Pref','name','都道府県(名称)',11,1,'2023-12-04 05:31:39','2023-12-04 05:31:39','csv'),(68,3,NULL,'Eccube\\\\Entity\\\\Order','addr01',NULL,'住所1',12,1,'2023-12-04 05:31:39','2023-12-04 05:31:39','csv'),(69,3,NULL,'Eccube\\\\Entity\\\\Order','addr02',NULL,'住所2',13,1,'2023-12-04 05:31:39','2023-12-04 05:31:39','csv'),(70,3,NULL,'Eccube\\\\Entity\\\\Order','email',NULL,'メールアドレス',14,1,'2023-12-04 05:31:39','2023-12-04 05:31:39','csv'),(71,3,NULL,'Eccube\\\\Entity\\\\Order','phone_number',NULL,'TEL',15,1,'2023-12-04 05:31:39','2023-12-04 05:31:39','csv'),(72,3,NULL,'Eccube\\\\Entity\\\\Order','Sex','id','性別(ID)',16,1,'2023-12-04 05:31:39','2023-12-04 05:31:39','csv'),(73,3,NULL,'Eccube\\\\Entity\\\\Order','Sex','name','性別(名称)',17,1,'2023-12-04 05:31:39','2023-12-04 05:31:39','csv'),(74,3,NULL,'Eccube\\\\Entity\\\\Order','Job','id','職業(ID)',18,1,'2023-12-04 05:31:39','2023-12-04 05:31:39','csv'),(75,3,NULL,'Eccube\\\\Entity\\\\Order','Job','name','職業(名称)',19,1,'2023-12-04 05:31:39','2023-12-04 05:31:39','csv'),(76,3,NULL,'Eccube\\\\Entity\\\\Order','birth',NULL,'誕生日',20,1,'2023-12-04 05:31:39','2023-12-04 05:31:39','csv'),(77,3,NULL,'Eccube\\\\Entity\\\\Order','note',NULL,'ショップ用メモ欄',21,1,'2023-12-04 05:31:39','2023-12-04 05:31:39','csv'),(78,3,NULL,'Eccube\\\\Entity\\\\Order','subtotal',NULL,'小計',22,1,'2023-12-04 05:31:39','2023-12-04 05:31:39','csv'),(79,3,NULL,'Eccube\\\\Entity\\\\Order','discount',NULL,'値引き',23,1,'2023-12-04 05:31:39','2023-12-04 05:31:39','csv'),(80,3,NULL,'Eccube\\\\Entity\\\\Order','delivery_fee_total',NULL,'送料',24,1,'2023-12-04 05:31:39','2023-12-04 05:31:39','csv'),(81,3,NULL,'Eccube\\\\Entity\\\\Order','tax',NULL,'税金',25,1,'2023-12-04 05:31:39','2023-12-04 05:31:39','csv'),(82,3,NULL,'Eccube\\\\Entity\\\\Order','total',NULL,'合計',26,1,'2023-12-04 05:31:39','2023-12-04 05:31:39','csv'),(83,3,NULL,'Eccube\\\\Entity\\\\Order','payment_total',NULL,'支払合計',27,1,'2023-12-04 05:31:39','2023-12-04 05:31:39','csv'),(84,3,NULL,'Eccube\\\\Entity\\\\Order','OrderStatus','id','対応状況(ID)',28,1,'2023-12-04 05:31:39','2023-12-04 05:31:39','csv'),(85,3,NULL,'Eccube\\\\Entity\\\\Order','OrderStatus','name','対応状況(名称)',29,1,'2023-12-04 05:31:39','2023-12-04 05:31:39','csv'),(86,3,NULL,'Eccube\\\\Entity\\\\Order','Payment','id','支払方法(ID)',30,1,'2023-12-04 05:31:39','2023-12-04 05:31:39','csv'),(87,3,NULL,'Eccube\\\\Entity\\\\Order','payment_method',NULL,'支払方法(名称)',31,1,'2023-12-04 05:31:39','2023-12-04 05:31:39','csv'),(88,3,NULL,'Eccube\\\\Entity\\\\Order','order_date',NULL,'受注日',32,1,'2023-12-04 05:31:39','2023-12-04 05:31:39','csv'),(89,3,NULL,'Eccube\\\\Entity\\\\Order','payment_date',NULL,'入金日',33,1,'2023-12-04 05:31:39','2023-12-04 05:31:39','csv'),(90,3,NULL,'Eccube\\\\Entity\\\\OrderItem','id',NULL,'注文詳細ID',34,1,'2023-12-04 05:31:39','2023-12-04 05:31:39','csv'),(91,3,NULL,'Eccube\\\\Entity\\\\OrderItem','Product','id','商品ID',35,1,'2023-12-04 05:31:39','2023-12-04 05:31:39','csv'),(92,3,NULL,'Eccube\\\\Entity\\\\OrderItem','ProductClass','id','商品規格ID',36,1,'2023-12-04 05:31:39','2023-12-04 05:31:39','csv'),(93,3,NULL,'Eccube\\\\Entity\\\\OrderItem','product_name',NULL,'商品名',37,1,'2023-12-04 05:31:39','2023-12-04 05:31:39','csv'),(94,3,NULL,'Eccube\\\\Entity\\\\OrderItem','product_code',NULL,'商品コード',38,1,'2023-12-04 05:31:39','2023-12-04 05:31:39','csv'),(95,3,NULL,'Eccube\\\\Entity\\\\OrderItem','class_name1',NULL,'規格名1',39,1,'2023-12-04 05:31:39','2023-12-04 05:31:39','csv'),(96,3,NULL,'Eccube\\\\Entity\\\\OrderItem','class_name2',NULL,'規格名2',40,1,'2023-12-04 05:31:39','2023-12-04 05:31:39','csv'),(97,3,NULL,'Eccube\\\\Entity\\\\OrderItem','class_category_name1',NULL,'規格分類名1',41,1,'2023-12-04 05:31:39','2023-12-04 05:31:39','csv'),(98,3,NULL,'Eccube\\\\Entity\\\\OrderItem','class_category_name2',NULL,'規格分類名2',42,1,'2023-12-04 05:31:39','2023-12-04 05:31:39','csv'),(99,3,1,'Eccube\\\\Entity\\\\OrderItem','price',NULL,'価格(税抜)',48,1,'2023-12-04 05:31:39','2024-03-30 09:19:58','csv'),(100,3,1,'Eccube\\\\Entity\\\\OrderItem','quantity',NULL,'個数',49,1,'2023-12-04 05:31:39','2024-03-30 09:19:58','csv'),(101,3,1,'Eccube\\\\Entity\\\\OrderItem','tax_rate',NULL,'税率',50,1,'2023-12-04 05:31:39','2024-03-30 09:19:58','csv'),(102,3,1,'Eccube\\\\Entity\\\\OrderItem','tax_rule',NULL,'税率ルール(ID)',51,1,'2023-12-04 05:31:39','2024-03-30 09:19:58','csv'),(103,3,1,'Eccube\\\\Entity\\\\OrderItem','OrderItemType','id','明細区分(ID)',52,1,'2023-12-04 05:31:39','2024-03-30 09:19:58','csv'),(104,3,1,'Eccube\\\\Entity\\\\OrderItem','OrderItemType','name','明細区分(名称)',53,1,'2023-12-04 05:31:39','2024-03-30 09:19:58','csv'),(105,3,1,'Eccube\\\\Entity\\\\Shipping','id',NULL,'出荷ID',54,1,'2023-12-04 05:31:39','2024-03-30 09:19:58','csv'),(106,3,1,'Eccube\\\\Entity\\\\Shipping','name01',NULL,'配送先_お名前(姓)',55,1,'2023-12-04 05:31:39','2024-03-30 09:19:58','csv'),(107,3,1,'Eccube\\\\Entity\\\\Shipping','name02',NULL,'配送先_お名前(名)',56,1,'2023-12-04 05:31:39','2024-03-30 09:19:58','csv'),(108,3,1,'Eccube\\\\Entity\\\\Shipping','kana01',NULL,'配送先_お名前(セイ)',57,1,'2023-12-04 05:31:39','2024-03-30 09:19:58','csv'),(109,3,1,'Eccube\\\\Entity\\\\Shipping','kana02',NULL,'配送先_お名前(メイ)',58,1,'2023-12-04 05:31:39','2024-03-30 09:19:58','csv'),(110,3,1,'Eccube\\\\Entity\\\\Shipping','company_name',NULL,'配送先_会社名',59,1,'2023-12-04 05:31:39','2024-03-30 09:19:58','csv'),(111,3,1,'Eccube\\\\Entity\\\\Shipping','postal_code',NULL,'配送先_郵便番号',60,1,'2023-12-04 05:31:39','2024-03-30 09:19:58','csv'),(112,3,1,'Eccube\\\\Entity\\\\Shipping','Pref','id','配送先_都道府県(ID)',61,1,'2023-12-04 05:31:39','2024-03-30 09:19:58','csv'),(113,3,1,'Eccube\\\\Entity\\\\Shipping','Pref','name','配送先_都道府県(名称)',62,1,'2023-12-04 05:31:39','2024-03-30 09:19:58','csv'),(114,3,1,'Eccube\\\\Entity\\\\Shipping','addr01',NULL,'配送先_住所1',63,1,'2023-12-04 05:31:39','2024-03-30 09:19:58','csv'),(115,3,1,'Eccube\\\\Entity\\\\Shipping','addr02',NULL,'配送先_住所2',64,1,'2023-12-04 05:31:39','2024-03-30 09:19:58','csv'),(116,3,1,'Eccube\\\\Entity\\\\Shipping','phone_number',NULL,'配送先_TEL',65,1,'2023-12-04 05:31:39','2024-03-30 09:19:58','csv'),(117,3,1,'Eccube\\\\Entity\\\\Shipping','Delivery','id','配送業者(ID)',66,1,'2023-12-04 05:31:39','2024-03-30 09:19:58','csv'),(118,3,1,'Eccube\\\\Entity\\\\Shipping','shipping_delivery_name',NULL,'配送業者(名称)',67,1,'2023-12-04 05:31:39','2024-03-30 09:19:58','csv'),(119,3,1,'Eccube\\\\Entity\\\\Shipping','time_id',NULL,'お届け時間ID',68,1,'2023-12-04 05:31:39','2024-03-30 09:19:58','csv'),(120,3,1,'Eccube\\\\Entity\\\\Shipping','shipping_delivery_time',NULL,'お届け時間(名称)',69,1,'2023-12-04 05:31:39','2024-03-30 09:19:58','csv'),(121,3,1,'Eccube\\\\Entity\\\\Shipping','shipping_delivery_date',NULL,'お届け希望日',70,1,'2023-12-04 05:31:39','2024-03-30 09:19:58','csv'),(123,3,1,'Eccube\\\\Entity\\\\Shipping','shipping_delivery_fee',NULL,'送料',71,1,'2023-12-04 05:31:39','2024-03-30 09:19:58','csv'),(124,3,1,'Eccube\\\\Entity\\\\Shipping','shipping_date',NULL,'発送日',72,1,'2023-12-04 05:31:39','2024-03-30 09:19:58','csv'),(125,3,1,'Eccube\\\\Entity\\\\Shipping','tracking_number',NULL,'出荷伝票番号',73,1,'2023-12-04 05:31:39','2024-03-30 09:19:58','csv'),(126,3,1,'Eccube\\\\Entity\\\\Shipping','note',NULL,'配達用メモ',74,1,'2023-12-04 05:31:39','2024-03-30 09:19:58','csv'),(127,3,1,'Eccube\\\\Entity\\\\Shipping','mail_send_date',NULL,'出荷メール送信日',75,1,'2023-12-04 05:31:39','2024-03-30 09:19:58','csv'),(128,4,NULL,'Eccube\\\\Entity\\\\Order','id',NULL,'注文ID',1,1,'2023-12-04 05:31:39','2023-12-04 05:31:39','csv'),(129,4,NULL,'Eccube\\\\Entity\\\\Order','order_no',NULL,'注文番号',2,1,'2023-12-04 05:31:39','2023-12-04 05:31:39','csv'),(130,4,NULL,'Eccube\\\\Entity\\\\Order','Customer','id','会員ID',3,1,'2023-12-04 05:31:39','2023-12-04 05:31:39','csv'),(131,4,NULL,'Eccube\\\\Entity\\\\Order','name01',NULL,'お名前(姓)',4,1,'2023-12-04 05:31:39','2023-12-04 05:31:39','csv'),(132,4,NULL,'Eccube\\\\Entity\\\\Order','name02',NULL,'お名前(名)',5,1,'2023-12-04 05:31:39','2023-12-04 05:31:39','csv'),(133,4,NULL,'Eccube\\\\Entity\\\\Order','kana01',NULL,'お名前(セイ)',6,1,'2023-12-04 05:31:39','2023-12-04 05:31:39','csv'),(134,4,NULL,'Eccube\\\\Entity\\\\Order','kana02',NULL,'お名前(メイ)',7,1,'2023-12-04 05:31:39','2023-12-04 05:31:39','csv'),(135,4,NULL,'Eccube\\\\Entity\\\\Order','company_name',NULL,'会社名',8,1,'2023-12-04 05:31:39','2023-12-04 05:31:39','csv'),(136,4,NULL,'Eccube\\\\Entity\\\\Order','postal_code',NULL,'郵便番号',9,1,'2023-12-04 05:31:39','2023-12-04 05:31:39','csv'),(137,4,NULL,'Eccube\\\\Entity\\\\Order','Pref','id','都道府県(ID)',10,1,'2023-12-04 05:31:39','2023-12-04 05:31:39','csv'),(138,4,NULL,'Eccube\\\\Entity\\\\Order','Pref','name','都道府県(名称)',11,1,'2023-12-04 05:31:39','2023-12-04 05:31:39','csv'),(139,4,NULL,'Eccube\\\\Entity\\\\Order','addr01',NULL,'住所1',12,1,'2023-12-04 05:31:39','2023-12-04 05:31:39','csv'),(140,4,NULL,'Eccube\\\\Entity\\\\Order','addr02',NULL,'住所2',13,1,'2023-12-04 05:31:39','2023-12-04 05:31:39','csv'),(141,4,NULL,'Eccube\\\\Entity\\\\Order','email',NULL,'メールアドレス',14,1,'2023-12-04 05:31:39','2023-12-04 05:31:39','csv'),(142,4,NULL,'Eccube\\\\Entity\\\\Order','phone_number',NULL,'TEL',15,1,'2023-12-04 05:31:39','2023-12-04 05:31:39','csv'),(143,4,NULL,'Eccube\\\\Entity\\\\Order','Sex','id','性別(ID)',16,1,'2023-12-04 05:31:39','2023-12-04 05:31:39','csv'),(144,4,NULL,'Eccube\\\\Entity\\\\Order','Sex','name','性別(名称)',17,1,'2023-12-04 05:31:39','2023-12-04 05:31:39','csv'),(145,4,NULL,'Eccube\\\\Entity\\\\Order','Job','id','職業(ID)',18,1,'2023-12-04 05:31:39','2023-12-04 05:31:39','csv'),(146,4,NULL,'Eccube\\\\Entity\\\\Order','Job','name','職業(名称)',19,1,'2023-12-04 05:31:39','2023-12-04 05:31:39','csv'),(147,4,NULL,'Eccube\\\\Entity\\\\Order','birth',NULL,'誕生日',20,1,'2023-12-04 05:31:39','2023-12-04 05:31:39','csv'),(148,4,NULL,'Eccube\\\\Entity\\\\Order','note',NULL,'ショップ用メモ欄',21,1,'2023-12-04 05:31:39','2023-12-04 05:31:39','csv'),(149,4,NULL,'Eccube\\\\Entity\\\\Order','subtotal',NULL,'小計',22,1,'2023-12-04 05:31:39','2023-12-04 05:31:39','csv'),(150,4,NULL,'Eccube\\\\Entity\\\\Order','discount',NULL,'値引き',23,1,'2023-12-04 05:31:39','2023-12-04 05:31:39','csv'),(151,4,NULL,'Eccube\\\\Entity\\\\Order','delivery_fee_total',NULL,'送料',24,1,'2023-12-04 05:31:39','2023-12-04 05:31:39','csv'),(152,4,NULL,'Eccube\\\\Entity\\\\Order','tax',NULL,'税金',25,1,'2023-12-04 05:31:39','2023-12-04 05:31:39','csv'),(153,4,NULL,'Eccube\\\\Entity\\\\Order','total',NULL,'合計',26,1,'2023-12-04 05:31:39','2023-12-04 05:31:39','csv'),(154,4,NULL,'Eccube\\\\Entity\\\\Order','payment_total',NULL,'支払合計',27,1,'2023-12-04 05:31:39','2023-12-04 05:31:39','csv'),(155,4,NULL,'Eccube\\\\Entity\\\\Order','OrderStatus','id','対応状況(ID)',28,1,'2023-12-04 05:31:39','2023-12-04 05:31:39','csv'),(156,4,NULL,'Eccube\\\\Entity\\\\Order','OrderStatus','name','対応状況(名称)',29,1,'2023-12-04 05:31:39','2023-12-04 05:31:39','csv'),(157,4,NULL,'Eccube\\\\Entity\\\\Order','Payment','id','支払方法(ID)',30,1,'2023-12-04 05:31:39','2023-12-04 05:31:39','csv'),(158,4,NULL,'Eccube\\\\Entity\\\\Order','payment_method',NULL,'支払方法(名称)',31,1,'2023-12-04 05:31:39','2023-12-04 05:31:39','csv'),(159,4,NULL,'Eccube\\\\Entity\\\\Order','order_date',NULL,'受注日',32,1,'2023-12-04 05:31:39','2023-12-04 05:31:39','csv'),(160,4,NULL,'Eccube\\\\Entity\\\\Order','payment_date',NULL,'入金日',33,1,'2023-12-04 05:31:39','2023-12-04 05:31:39','csv'),(161,4,NULL,'Eccube\\\\Entity\\\\OrderItem','id',NULL,'注文詳細ID',34,1,'2023-12-04 05:31:39','2023-12-04 05:31:39','csv'),(162,4,NULL,'Eccube\\\\Entity\\\\OrderItem','Product','id','商品ID',35,1,'2023-12-04 05:31:39','2023-12-04 05:31:39','csv'),(163,4,NULL,'Eccube\\\\Entity\\\\OrderItem','ProductClass','id','商品規格ID',36,1,'2023-12-04 05:31:39','2023-12-04 05:31:39','csv'),(164,4,NULL,'Eccube\\\\Entity\\\\OrderItem','product_name',NULL,'商品名',37,1,'2023-12-04 05:31:39','2023-12-04 05:31:39','csv'),(165,4,NULL,'Eccube\\\\Entity\\\\OrderItem','product_code',NULL,'商品コード',38,1,'2023-12-04 05:31:39','2023-12-04 05:31:39','csv'),(166,4,NULL,'Eccube\\\\Entity\\\\OrderItem','class_name1',NULL,'規格名1',39,1,'2023-12-04 05:31:39','2023-12-04 05:31:39','csv'),(167,4,NULL,'Eccube\\\\Entity\\\\OrderItem','class_name2',NULL,'規格名2',40,1,'2023-12-04 05:31:39','2023-12-04 05:31:39','csv'),(168,4,NULL,'Eccube\\\\Entity\\\\OrderItem','class_category_name1',NULL,'規格分類名1',41,1,'2023-12-04 05:31:39','2023-12-04 05:31:39','csv'),(169,4,NULL,'Eccube\\\\Entity\\\\OrderItem','class_category_name2',NULL,'規格分類名2',42,1,'2023-12-04 05:31:39','2023-12-04 05:31:39','csv'),(170,4,NULL,'Eccube\\\\Entity\\\\OrderItem','price',NULL,'価格(税抜)',43,1,'2023-12-04 05:31:39','2023-12-04 05:31:39','csv'),(171,4,1,'Eccube\\\\Entity\\\\OrderItem','quantity',NULL,'個数',49,1,'2023-12-04 05:31:39','2024-03-30 09:23:59','csv'),(172,4,1,'Eccube\\\\Entity\\\\OrderItem','tax_rate',NULL,'税率',50,1,'2023-12-04 05:31:39','2024-03-30 09:23:59','csv'),(173,4,1,'Eccube\\\\Entity\\\\OrderItem','tax_rule',NULL,'税率ルール(ID)',51,1,'2023-12-04 05:31:39','2024-03-30 09:23:59','csv'),(174,4,1,'Eccube\\\\Entity\\\\OrderItem','OrderItemType','id','明細区分(ID)',52,1,'2023-12-04 05:31:39','2024-03-30 09:23:59','csv'),(175,4,1,'Eccube\\\\Entity\\\\OrderItem','OrderItemType','name','明細区分(名称)',53,1,'2023-12-04 05:31:39','2024-03-30 09:23:59','csv'),(176,4,1,'Eccube\\\\Entity\\\\Shipping','id',NULL,'出荷ID',54,1,'2023-12-04 05:31:39','2024-03-30 09:23:59','csv'),(177,4,1,'Eccube\\\\Entity\\\\Shipping','name01',NULL,'配送先_お名前(姓)',55,1,'2023-12-04 05:31:39','2024-03-30 09:23:59','csv'),(178,4,1,'Eccube\\\\Entity\\\\Shipping','name02',NULL,'配送先_お名前(名)',56,1,'2023-12-04 05:31:39','2024-03-30 09:23:59','csv'),(179,4,1,'Eccube\\\\Entity\\\\Shipping','kana01',NULL,'配送先_お名前(セイ)',57,1,'2023-12-04 05:31:39','2024-03-30 09:23:59','csv'),(180,4,1,'Eccube\\\\Entity\\\\Shipping','kana02',NULL,'配送先_お名前(メイ)',58,1,'2023-12-04 05:31:39','2024-03-30 09:23:59','csv'),(181,4,1,'Eccube\\\\Entity\\\\Shipping','company_name',NULL,'配送先_会社名',59,1,'2023-12-04 05:31:39','2024-03-30 09:23:59','csv'),(182,4,1,'Eccube\\\\Entity\\\\Shipping','postal_code',NULL,'配送先_郵便番号',60,1,'2023-12-04 05:31:39','2024-03-30 09:23:59','csv'),(183,4,1,'Eccube\\\\Entity\\\\Shipping','Pref','id','配送先_都道府県(ID)',61,1,'2023-12-04 05:31:39','2024-03-30 09:23:59','csv'),(184,4,1,'Eccube\\\\Entity\\\\Shipping','Pref','name','配送先_都道府県(名称)',62,1,'2023-12-04 05:31:39','2024-03-30 09:23:59','csv'),(185,4,1,'Eccube\\\\Entity\\\\Shipping','addr01',NULL,'配送先_住所1',63,1,'2023-12-04 05:31:39','2024-03-30 09:23:59','csv'),(186,4,1,'Eccube\\\\Entity\\\\Shipping','addr02',NULL,'配送先_住所2',64,1,'2023-12-04 05:31:39','2024-03-30 09:23:59','csv'),(187,4,1,'Eccube\\\\Entity\\\\Shipping','phone_number',NULL,'配送先_TEL',65,1,'2023-12-04 05:31:39','2024-03-30 09:23:59','csv'),(188,4,1,'Eccube\\\\Entity\\\\Shipping','Delivery','id','配送業者(ID)',66,1,'2023-12-04 05:31:39','2024-03-30 09:23:59','csv'),(189,4,1,'Eccube\\\\Entity\\\\Shipping','shipping_delivery_name',NULL,'配送業者(名称)',67,1,'2023-12-04 05:31:39','2024-03-30 09:23:59','csv'),(190,4,1,'Eccube\\\\Entity\\\\Shipping','time_id',NULL,'お届け時間ID',68,1,'2023-12-04 05:31:39','2024-03-30 09:23:59','csv'),(191,4,1,'Eccube\\\\Entity\\\\Shipping','shipping_delivery_time',NULL,'お届け時間(名称)',69,1,'2023-12-04 05:31:39','2024-03-30 09:23:59','csv'),(192,4,1,'Eccube\\\\Entity\\\\Shipping','shipping_delivery_date',NULL,'お届け希望日',70,1,'2023-12-04 05:31:39','2024-03-30 09:23:59','csv'),(194,4,1,'Eccube\\\\Entity\\\\Shipping','shipping_delivery_fee',NULL,'送料',71,1,'2023-12-04 05:31:39','2024-03-30 09:23:59','csv'),(195,4,1,'Eccube\\\\Entity\\\\Shipping','shipping_date',NULL,'発送日',72,1,'2023-12-04 05:31:39','2024-03-30 09:23:59','csv'),(196,4,1,'Eccube\\\\Entity\\\\Shipping','tracking_number',NULL,'出荷伝票番号',73,1,'2023-12-04 05:31:39','2024-03-30 09:23:59','csv'),(197,4,1,'Eccube\\\\Entity\\\\Shipping','note',NULL,'配達用メモ',74,1,'2023-12-04 05:31:39','2024-03-30 09:23:59','csv'),(198,4,1,'Eccube\\\\Entity\\\\Shipping','mail_send_date',NULL,'出荷メール送信日',75,1,'2023-12-04 05:31:39','2024-03-30 09:23:59','csv'),(199,5,NULL,'Eccube\\\\Entity\\\\Category','id',NULL,'カテゴリID',1,1,'2023-12-04 05:31:39','2023-12-04 05:31:39','csv'),(200,5,NULL,'Eccube\\\\Entity\\\\Category','sort_no',NULL,'表示ランク',2,1,'2023-12-04 05:31:39','2023-12-04 05:31:39','csv'),(201,5,NULL,'Eccube\\\\Entity\\\\Category','name',NULL,'カテゴリ名',3,1,'2023-12-04 05:31:39','2023-12-04 05:31:39','csv'),(202,5,NULL,'Eccube\\\\Entity\\\\Category','Parent','id','親カテゴリID',4,1,'2023-12-04 05:31:39','2023-12-04 05:31:39','csv'),(203,5,NULL,'Eccube\\\\Entity\\\\Category','level',NULL,'階層',5,1,'2023-12-04 05:31:39','2023-12-04 05:31:39','csv'),(204,1,NULL,'Eccube\\\\Entity\\\\ProductClass','TaxRule','tax_rate','税率',31,0,'2023-12-04 05:31:39','2023-12-04 05:31:39','csv'),(205,2,NULL,'Eccube\\\\Entity\\\\Customer','point',NULL,'ポイント',33,1,'2023-12-04 05:31:39','2023-12-04 05:31:39','csv'),(206,1,NULL,'Eccube\\\\Entity\\\\ProductClass','visible',NULL,'商品規格表示フラグ',32,0,'2022-11-24 00:00:00','2022-11-24 00:00:00','csv'),(207,3,1,'Eccube\\\\Entity\\\\OrderItem','size',NULL,'サイズ',43,1,'2023-12-04 05:31:39','2024-03-30 09:15:59','csv'),(208,3,1,'Eccube\\\\Entity\\\\OrderItem','engraving',NULL,'刻印有無',44,1,'2023-12-04 05:31:39','2024-03-30 09:19:58','csv'),(209,3,1,'Eccube\\\\Entity\\\\OrderItem','engraving_font',NULL,'刻印字体',45,1,'2023-12-04 05:31:39','2024-03-30 09:19:58','csv'),(210,3,1,'Eccube\\\\Entity\\\\OrderItem','engraving_text',NULL,'刻印内容',46,1,'2023-12-04 05:31:39','2024-03-30 09:20:04','csv'),(211,3,1,'Eccube\\\\Entity\\\\OrderItem','stone',NULL,'インサイド石',47,1,'2023-12-04 05:31:39','2024-03-30 09:20:04','csv'),(212,4,1,'Eccube\\\\Entity\\\\OrderItem','size',NULL,'サイズ',44,1,'2023-12-04 05:31:39','2024-03-30 09:23:59','csv'),(213,4,1,'Eccube\\\\Entity\\\\OrderItem','engraving',NULL,'刻印有無',45,1,'2023-12-04 05:31:39','2024-03-30 09:23:59','csv'),(214,4,1,'Eccube\\\\Entity\\\\OrderItem','engraving_font',NULL,'刻印字体',46,1,'2023-12-04 05:31:39','2024-03-30 09:23:59','csv'),(215,4,1,'Eccube\\\\Entity\\\\OrderItem','engraving_text',NULL,'刻印内容',47,1,'2023-12-04 05:31:39','2024-03-30 09:23:59','csv'),(216,4,1,'Eccube\\\\Entity\\\\OrderItem','stone',NULL,'インサイド石',48,1,'2023-12-04 05:31:39','2024-03-30 09:23:59','csv'),(293,6,1,'Eccube\\Entity\\Customer','customer_id',NULL,'会員番号',1,1,'2024-07-23 04:31:29','2024-07-23 04:31:29','csv'),(294,6,1,'Eccube\\Entity\\Customer','name01',NULL,'お名前(姓)',2,1,'2024-07-23 04:31:30','2024-07-23 04:31:30','csv'),(295,6,1,'Eccube\\Entity\\Customer','name02',NULL,'お名前(名)',3,1,'2024-07-23 04:31:30','2024-07-23 04:31:30','csv'),(296,6,1,'Eccube\\\\Entity\\\\OrderItem','product_name',NULL,'商品名',4,1,'2024-07-23 04:31:30','2024-07-23 04:31:30','csv'),(297,6,1,'Eccube\\Entity\\Order','first_order_id',NULL,'初回注文番号',5,1,'2024-07-23 04:31:30','2024-07-23 04:31:30','csv'),(298,6,1,'Eccube\\Entity\\Order','latest_order_id',NULL,'最新注文番号',6,1,'2024-07-23 04:31:30','2024-07-23 04:31:30','csv'),(299,6,1,'Plugin\\RemisePayment42\\Entity\\RemiseACMember','total',NULL,'定期購買金額',7,1,'2024-07-23 04:31:30','2024-07-23 04:31:30','csv'),(300,6,1,'Plugin\\RemisePayment42\\Entity\\RemiseACMember','next_date',NULL,'次回課金日',8,1,'2024-07-23 04:31:30','2024-07-23 04:31:30','csv'),(301,6,1,'Plugin\\RemisePayment42\\Entity\\RemiseACMember','status',NULL,'状態',9,1,'2024-07-23 04:31:30','2024-07-23 04:31:30','csv'),(302,6,1,'Plugin\\RemisePayment42\\Entity\\RemiseACMember','member_id',NULL,'メンバーID',10,1,'2024-07-23 04:31:30','2024-07-23 04:31:30','csv'),(303,6,1,'Plugin\\RemisePayment42\\Entity\\RemiseACMember','note',NULL,'備考',11,1,'2024-07-23 04:31:30','2024-07-23 04:31:30','csv'),(304,6,1,'Eccube\\Entity\\Customer','kana01',NULL,'お名前(セイ)',1,0,'2024-07-23 04:31:31','2024-07-23 04:31:31','csv'),(305,6,1,'Eccube\\Entity\\Customer','kana02',NULL,'お名前(メイ)',2,0,'2024-07-23 04:31:31','2024-07-23 04:31:31','csv'),(306,6,1,'Eccube\\Entity\\Customer','company_name',NULL,'会社名',3,0,'2024-07-23 04:31:31','2024-07-23 04:31:31','csv'),(307,6,1,'Eccube\\Entity\\Customer','postal_code',NULL,'郵便番号',4,0,'2024-07-23 04:31:31','2024-07-23 04:31:31','csv'),(308,6,1,'Eccube\\Entity\\Customer','pref','name','都道府県',5,0,'2024-07-23 04:31:31','2024-07-23 04:31:31','csv'),(309,6,1,'Eccube\\Entity\\Customer','addr01',NULL,'住所1',6,0,'2024-07-23 04:31:31','2024-07-23 04:31:31','csv'),(310,6,1,'Eccube\\Entity\\Customer','addr02',NULL,'住所2',7,0,'2024-07-23 04:31:31','2024-07-23 04:31:31','csv'),(311,6,1,'Eccube\\Entity\\Customer','email',NULL,'メールアドレス',8,0,'2024-07-23 04:31:31','2024-07-23 04:31:31','csv'),(312,6,1,'Eccube\\Entity\\Customer','phone_number',NULL,'TEL',9,0,'2024-07-23 04:31:31','2024-07-23 04:31:31','csv'),(313,6,1,'Plugin\\RemisePayment42\\Entity\\RemiseACMember','count',NULL,'課金回数',10,0,'2024-07-23 04:31:32','2024-07-23 04:31:32','csv'),(314,6,1,'Plugin\\RemisePayment42\\Entity\\RemiseACMember','interval',NULL,'課金間隔',11,0,'2024-07-23 04:31:32','2024-07-23 04:31:32','csv'),(315,6,1,'Plugin\\RemisePayment42\\Entity\\RemiseACMember','day_of_month',NULL,'課金日',12,0,'2024-07-23 04:31:32','2024-07-23 04:31:32','csv'),(316,6,1,'Plugin\\RemisePayment42\\Entity\\RemiseACMember','after',NULL,'開始時期',13,0,'2024-07-23 04:31:32','2024-07-23 04:31:32','csv'),(317,6,1,'Plugin\\RemisePayment42\\Entity\\RemiseACMember','skip_flg',NULL,'スキップ',14,0,'2024-07-23 04:31:32','2024-07-23 04:31:32','csv'),(318,6,1,'Plugin\\RemisePayment42\\Entity\\RemiseACMember','stop_flg',NULL,'解約',15,0,'2024-07-23 04:31:32','2024-07-23 04:31:32','csv'),(319,6,1,'Plugin\\RemisePayment42\\Entity\\RemiseACMember','usage',NULL,'最低利用期間',16,0,'2024-07-23 04:31:32','2024-07-23 04:31:32','csv'),(320,6,1,'Plugin\\RemisePayment42\\Entity\\RemiseACMember','start_date',NULL,'課金開始日',17,0,'2024-07-23 04:31:32','2024-07-23 04:31:32','csv'),(321,6,1,'Plugin\\RemisePayment42\\Entity\\RemiseACMember','stop_date',NULL,'課金停止予定日',18,0,'2024-07-23 04:31:32','2024-07-23 04:31:32','csv'),(322,6,1,'Plugin\\RemisePayment42\\Entity\\RemiseACMember','create_date',NULL,'作成日時',19,0,'2024-07-23 04:31:32','2024-07-23 04:31:32','csv'),(323,6,1,'Plugin\\RemisePayment42\\Entity\\RemiseACMember','update_date',NULL,'更新日時',20,0,'2024-07-23 04:31:33','2024-07-23 04:31:33','csv'),(324,7,1,'Plugin\\RemisePayment42\\Entity\\RemiseACImportInfo','order_id',NULL,'注文番号',1,1,'2024-07-23 04:31:33','2024-07-23 04:31:33','csv'),(325,7,1,'Plugin\\RemisePayment42\\Entity\\RemiseACImportInfo','member_id',NULL,'メンバーID',2,1,'2024-07-23 04:31:33','2024-07-23 04:31:33','csv'),(326,7,1,'Plugin\\RemisePayment42\\Entity\\RemiseACImportInfo','s_kaiin_no',NULL,'会員番号',3,1,'2024-07-23 04:31:33','2024-07-23 04:31:33','csv'),(327,7,1,'Plugin\\RemisePayment42\\Entity\\RemiseACImportInfo','ac_amount',NULL,'定期購買金額',4,1,'2024-07-23 04:31:33','2024-07-23 04:31:33','csv'),(328,7,1,'Plugin\\RemisePayment42\\Entity\\RemiseACImportInfo','ac_result',NULL,'課金結果',5,1,'2024-07-23 04:31:33','2024-07-23 04:31:33','csv'),(329,7,1,'Plugin\\RemisePayment42\\Entity\\RemiseACImportInfo','status',NULL,'取込状況',6,1,'2024-07-23 04:31:33','2024-07-23 04:31:33','csv'),(330,7,1,'Plugin\\RemisePayment42\\Entity\\RemiseACImportInfo','note',NULL,'備考',7,1,'2024-07-23 04:31:33','2024-07-23 04:31:33','csv');

--
-- Table structure for table `dtb_customer`
--

CREATE TABLE `dtb_customer` (
  `id` int(10) unsigned NOT NULL AUTO_INCREMENT,
  `customer_status_id` smallint(5) unsigned DEFAULT NULL,
  `sex_id` smallint(5) unsigned DEFAULT NULL,
  `job_id` smallint(5) unsigned DEFAULT NULL,
  `country_id` smallint(5) unsigned DEFAULT NULL,
  `pref_id` smallint(5) unsigned DEFAULT NULL,
  `name01` varchar(255) COLLATE utf8mb4_bin NOT NULL,
  `name02` varchar(255) COLLATE utf8mb4_bin NOT NULL,
  `kana01` varchar(255) COLLATE utf8mb4_bin DEFAULT NULL,
  `kana02` varchar(255) COLLATE utf8mb4_bin DEFAULT NULL,
  `company_name` varchar(255) COLLATE utf8mb4_bin DEFAULT NULL,
  `postal_code` varchar(8) COLLATE utf8mb4_bin DEFAULT NULL,
  `addr01` varchar(255) COLLATE utf8mb4_bin DEFAULT NULL,
  `addr02` varchar(255) COLLATE utf8mb4_bin DEFAULT NULL,
  `email` varchar(255) COLLATE utf8mb4_bin NOT NULL,
  `phone_number` varchar(14) COLLATE utf8mb4_bin DEFAULT NULL,
  `birth` datetime DEFAULT NULL COMMENT '(DC2Type:datetimetz)',
  `password` varchar(255) COLLATE utf8mb4_bin NOT NULL,
  `salt` varchar(255) COLLATE utf8mb4_bin DEFAULT NULL,
  `secret_key` varchar(255) COLLATE utf8mb4_bin NOT NULL,
  `first_buy_date` datetime DEFAULT NULL COMMENT '(DC2Type:datetimetz)',
  `last_buy_date` datetime DEFAULT NULL COMMENT '(DC2Type:datetimetz)',
  `buy_times` decimal(10,0) unsigned DEFAULT '0',
  `buy_total` decimal(12,2) unsigned DEFAULT '0.00',
  `note` varchar(4000) COLLATE utf8mb4_bin DEFAULT NULL,
  `reset_key` varchar(255) COLLATE utf8mb4_bin DEFAULT NULL,
  `reset_expire` datetime DEFAULT NULL COMMENT '(DC2Type:datetimetz)',
  `point` decimal(12,0) NOT NULL DEFAULT '0',
  `create_date` datetime NOT NULL COMMENT '(DC2Type:datetimetz)',
  `update_date` datetime NOT NULL COMMENT '(DC2Type:datetimetz)',
  `discriminator_type` varchar(255) COLLATE utf8mb4_bin NOT NULL,
  `plg_mailmagazine_flg` smallint(5) unsigned DEFAULT '0',
  PRIMARY KEY (`id`),
  UNIQUE KEY `secret_key` (`secret_key`),
  KEY `IDX_8298BBE3C00AF8A7` (`customer_status_id`),
  KEY `IDX_8298BBE35A2DB2A0` (`sex_id`),
  KEY `IDX_8298BBE3BE04EA9` (`job_id`),
  KEY `IDX_8298BBE3F92F3E70` (`country_id`),
  KEY `IDX_8298BBE3E171EF5F` (`pref_id`),
  KEY `dtb_customer_buy_times_idx` (`buy_times`),
  KEY `dtb_customer_buy_total_idx` (`buy_total`),
  KEY `dtb_customer_create_date_idx` (`create_date`),
  KEY `dtb_customer_update_date_idx` (`update_date`),
  KEY `dtb_customer_last_buy_date_idx` (`last_buy_date`),
  KEY `dtb_customer_email_idx` (`email`),
  CONSTRAINT `FK_8298BBE35A2DB2A0` FOREIGN KEY (`sex_id`) REFERENCES `mtb_sex` (`id`),
  CONSTRAINT `FK_8298BBE3BE04EA9` FOREIGN KEY (`job_id`) REFERENCES `mtb_job` (`id`),
  CONSTRAINT `FK_8298BBE3C00AF8A7` FOREIGN KEY (`customer_status_id`) REFERENCES `mtb_customer_status` (`id`),
  CONSTRAINT `FK_8298BBE3E171EF5F` FOREIGN KEY (`pref_id`) REFERENCES `mtb_pref` (`id`),
  CONSTRAINT `FK_8298BBE3F92F3E70` FOREIGN KEY (`country_id`) REFERENCES `mtb_country` (`id`)
) ENGINE=InnoDB DEFAULT CHARSET=utf8mb4 COLLATE=utf8mb4_bin;

--
-- Dumping data for table `dtb_customer`
--


--
-- Table structure for table `dtb_customer_address`
--

CREATE TABLE `dtb_customer_address` (
  `id` int(10) unsigned NOT NULL AUTO_INCREMENT,
  `customer_id` int(10) unsigned DEFAULT NULL,
  `country_id` smallint(5) unsigned DEFAULT NULL,
  `pref_id` smallint(5) unsigned DEFAULT NULL,
  `name01` varchar(255) COLLATE utf8mb4_bin NOT NULL,
  `name02` varchar(255) COLLATE utf8mb4_bin NOT NULL,
  `kana01` varchar(255) COLLATE utf8mb4_bin DEFAULT NULL,
  `kana02` varchar(255) COLLATE utf8mb4_bin DEFAULT NULL,
  `company_name` varchar(255) COLLATE utf8mb4_bin DEFAULT NULL,
  `postal_code` varchar(8) COLLATE utf8mb4_bin DEFAULT NULL,
  `addr01` varchar(255) COLLATE utf8mb4_bin DEFAULT NULL,
  `addr02` varchar(255) COLLATE utf8mb4_bin DEFAULT NULL,
  `phone_number` varchar(14) COLLATE utf8mb4_bin DEFAULT NULL,
  `create_date` datetime NOT NULL COMMENT '(DC2Type:datetimetz)',
  `update_date` datetime NOT NULL COMMENT '(DC2Type:datetimetz)',
  `discriminator_type` varchar(255) COLLATE utf8mb4_bin NOT NULL,
  PRIMARY KEY (`id`),
  KEY `IDX_6C38C0F89395C3F3` (`customer_id`),
  KEY `IDX_6C38C0F8F92F3E70` (`country_id`),
  KEY `IDX_6C38C0F8E171EF5F` (`pref_id`),
  CONSTRAINT `FK_6C38C0F89395C3F3` FOREIGN KEY (`customer_id`) REFERENCES `dtb_customer` (`id`),
  CONSTRAINT `FK_6C38C0F8E171EF5F` FOREIGN KEY (`pref_id`) REFERENCES `mtb_pref` (`id`),
  CONSTRAINT `FK_6C38C0F8F92F3E70` FOREIGN KEY (`country_id`) REFERENCES `mtb_country` (`id`)
) ENGINE=InnoDB DEFAULT CHARSET=utf8mb4 COLLATE=utf8mb4_bin;

--
-- Dumping data for table `dtb_customer_address`
--


--
-- Table structure for table `dtb_customer_favorite_product`
--

CREATE TABLE `dtb_customer_favorite_product` (
  `id` int(10) unsigned NOT NULL AUTO_INCREMENT,
  `customer_id` int(10) unsigned DEFAULT NULL,
  `product_id` int(10) unsigned DEFAULT NULL,
  `create_date` datetime NOT NULL COMMENT '(DC2Type:datetimetz)',
  `update_date` datetime NOT NULL COMMENT '(DC2Type:datetimetz)',
  `discriminator_type` varchar(255) COLLATE utf8mb4_bin NOT NULL,
  PRIMARY KEY (`id`),
  KEY `IDX_ED6313839395C3F3` (`customer_id`),
  KEY `IDX_ED6313834584665A` (`product_id`),
  CONSTRAINT `FK_ED6313834584665A` FOREIGN KEY (`product_id`) REFERENCES `dtb_product` (`id`),
  CONSTRAINT `FK_ED6313839395C3F3` FOREIGN KEY (`customer_id`) REFERENCES `dtb_customer` (`id`)
) ENGINE=InnoDB DEFAULT CHARSET=utf8mb4 COLLATE=utf8mb4_bin;

--
-- Dumping data for table `dtb_customer_favorite_product`
--


--
-- Table structure for table `dtb_delivery`
--

CREATE TABLE `dtb_delivery` (
  `id` int(10) unsigned NOT NULL AUTO_INCREMENT,
  `creator_id` int(10) unsigned DEFAULT NULL,
  `sale_type_id` smallint(5) unsigned DEFAULT NULL,
  `name` varchar(255) COLLATE utf8mb4_bin DEFAULT NULL,
  `service_name` varchar(255) COLLATE utf8mb4_bin DEFAULT NULL,
  `description` varchar(4000) COLLATE utf8mb4_bin DEFAULT NULL,
  `confirm_url` varchar(4000) COLLATE utf8mb4_bin DEFAULT NULL,
  `sort_no` int(10) unsigned DEFAULT NULL,
  `visible` tinyint(1) NOT NULL DEFAULT '1',
  `create_date` datetime NOT NULL COMMENT '(DC2Type:datetimetz)',
  `update_date` datetime NOT NULL COMMENT '(DC2Type:datetimetz)',
  `discriminator_type` varchar(255) COLLATE utf8mb4_bin NOT NULL,
  PRIMARY KEY (`id`),
  KEY `IDX_3420D9FA61220EA6` (`creator_id`),
  KEY `IDX_3420D9FAB0524E01` (`sale_type_id`),
  CONSTRAINT `FK_3420D9FA61220EA6` FOREIGN KEY (`creator_id`) REFERENCES `dtb_member` (`id`),
  CONSTRAINT `FK_3420D9FAB0524E01` FOREIGN KEY (`sale_type_id`) REFERENCES `mtb_sale_type` (`id`)
) ENGINE=InnoDB AUTO_INCREMENT=4 DEFAULT CHARSET=utf8mb4 COLLATE=utf8mb4_bin;

--
-- Dumping data for table `dtb_delivery`
--

INSERT INTO `dtb_delivery` VALUES (1,1,1,'宅配便','宅配便',NULL,NULL,2,1,'2023-12-04 05:31:39','2024-04-08 08:37:54','delivery'),(3,1,1,'店舗受け取り','店舗受け取り',NULL,NULL,1,1,'2024-04-05 04:44:02','2024-04-08 08:37:54','delivery');

--
-- Table structure for table `dtb_delivery_duration`
--

CREATE TABLE `dtb_delivery_duration` (
  `id` int(10) unsigned NOT NULL AUTO_INCREMENT,
  `name` varchar(255) COLLATE utf8mb4_bin DEFAULT NULL,
  `duration` smallint(6) NOT NULL DEFAULT '0',
  `sort_no` int(10) unsigned NOT NULL,
  `discriminator_type` varchar(255) COLLATE utf8mb4_bin NOT NULL,
  PRIMARY KEY (`id`)
) ENGINE=InnoDB AUTO_INCREMENT=12 DEFAULT CHARSET=utf8mb4 COLLATE=utf8mb4_bin;

--
-- Dumping data for table `dtb_delivery_duration`
--

INSERT INTO `dtb_delivery_duration` VALUES (1,'即日',0,9,'deliveryduration'),(2,'1～2日後',1,8,'deliveryduration'),(3,'3～4日後',3,7,'deliveryduration'),(4,'1週間以降',7,6,'deliveryduration'),(5,'2週間以降',14,5,'deliveryduration'),(6,'3週間以降',21,4,'deliveryduration'),(7,'1ヶ月以降',30,3,'deliveryduration'),(8,'2ヶ月以降',60,2,'deliveryduration'),(9,'お取り寄せ(商品入荷後)',-1,10,'deliveryduration'),(10,'3ヶ月以降',90,1,'deliveryduration'),(11,'3ヶ月半以降',105,0,'deliveryduration');

--
-- Table structure for table `dtb_delivery_fee`
--

CREATE TABLE `dtb_delivery_fee` (
  `id` int(10) unsigned NOT NULL AUTO_INCREMENT,
  `delivery_id` int(10) unsigned DEFAULT NULL,
  `pref_id` smallint(5) unsigned DEFAULT NULL,
  `fee` decimal(12,2) unsigned NOT NULL,
  `discriminator_type` varchar(255) COLLATE utf8mb4_bin NOT NULL,
  PRIMARY KEY (`id`),
  KEY `IDX_491552412136921` (`delivery_id`),
  KEY `IDX_4915524E171EF5F` (`pref_id`),
  CONSTRAINT `FK_491552412136921` FOREIGN KEY (`delivery_id`) REFERENCES `dtb_delivery` (`id`),
  CONSTRAINT `FK_4915524E171EF5F` FOREIGN KEY (`pref_id`) REFERENCES `mtb_pref` (`id`)
) ENGINE=InnoDB AUTO_INCREMENT=142 DEFAULT CHARSET=utf8mb4 COLLATE=utf8mb4_bin;

--
-- Dumping data for table `dtb_delivery_fee`
--

INSERT INTO `dtb_delivery_fee` VALUES (1,1,1,0.00,'deliveryfee'),(2,1,2,0.00,'deliveryfee'),(3,1,3,0.00,'deliveryfee'),(4,1,4,0.00,'deliveryfee'),(5,1,5,0.00,'deliveryfee'),(6,1,6,0.00,'deliveryfee'),(7,1,7,0.00,'deliveryfee'),(8,1,8,0.00,'deliveryfee'),(9,1,9,0.00,'deliveryfee'),(10,1,10,0.00,'deliveryfee'),(11,1,11,0.00,'deliveryfee'),(12,1,12,0.00,'deliveryfee'),(13,1,13,0.00,'deliveryfee'),(14,1,14,0.00,'deliveryfee'),(15,1,15,0.00,'deliveryfee'),(16,1,16,0.00,'deliveryfee'),(17,1,17,0.00,'deliveryfee'),(18,1,18,0.00,'deliveryfee'),(19,1,19,0.00,'deliveryfee'),(20,1,20,0.00,'deliveryfee'),(21,1,21,0.00,'deliveryfee'),(22,1,22,0.00,'deliveryfee'),(23,1,23,0.00,'deliveryfee'),(24,1,24,0.00,'deliveryfee'),(25,1,25,0.00,'deliveryfee'),(26,1,26,0.00,'deliveryfee'),(27,1,27,0.00,'deliveryfee'),(28,1,28,0.00,'deliveryfee'),(29,1,29,0.00,'deliveryfee'),(30,1,30,0.00,'deliveryfee'),(31,1,31,0.00,'deliveryfee'),(32,1,32,0.00,'deliveryfee'),(33,1,33,0.00,'deliveryfee'),(34,1,34,0.00,'deliveryfee'),(35,1,35,0.00,'deliveryfee'),(36,1,36,0.00,'deliveryfee'),(37,1,37,0.00,'deliveryfee'),(38,1,38,0.00,'deliveryfee'),(39,1,39,0.00,'deliveryfee'),(40,1,40,0.00,'deliveryfee'),(41,1,41,0.00,'deliveryfee'),(42,1,42,0.00,'deliveryfee'),(43,1,43,0.00,'deliveryfee'),(44,1,44,0.00,'deliveryfee'),(45,1,45,0.00,'deliveryfee'),(46,1,46,0.00,'deliveryfee'),(47,1,47,0.00,'deliveryfee'),(95,3,1,0.00,'deliveryfee'),(96,3,2,0.00,'deliveryfee'),(97,3,3,0.00,'deliveryfee'),(98,3,4,0.00,'deliveryfee'),(99,3,5,0.00,'deliveryfee'),(100,3,6,0.00,'deliveryfee'),(101,3,7,0.00,'deliveryfee'),(102,3,8,0.00,'deliveryfee'),(103,3,9,0.00,'deliveryfee'),(104,3,10,0.00,'deliveryfee'),(105,3,11,0.00,'deliveryfee'),(106,3,12,0.00,'deliveryfee'),(107,3,13,0.00,'deliveryfee'),(108,3,14,0.00,'deliveryfee'),(109,3,15,0.00,'deliveryfee'),(110,3,16,0.00,'deliveryfee'),(111,3,17,0.00,'deliveryfee'),(112,3,18,0.00,'deliveryfee'),(113,3,19,0.00,'deliveryfee'),(114,3,20,0.00,'deliveryfee'),(115,3,21,0.00,'deliveryfee'),(116,3,22,0.00,'deliveryfee'),(117,3,23,0.00,'deliveryfee'),(118,3,24,0.00,'deliveryfee'),(119,3,25,0.00,'deliveryfee'),(120,3,26,0.00,'deliveryfee'),(121,3,27,0.00,'deliveryfee'),(122,3,28,0.00,'deliveryfee'),(123,3,29,0.00,'deliveryfee'),(124,3,30,0.00,'deliveryfee'),(125,3,31,0.00,'deliveryfee'),(126,3,32,0.00,'deliveryfee'),(127,3,33,0.00,'deliveryfee'),(128,3,34,0.00,'deliveryfee'),(129,3,35,0.00,'deliveryfee'),(130,3,36,0.00,'deliveryfee'),(131,3,37,0.00,'deliveryfee'),(132,3,38,0.00,'deliveryfee'),(133,3,39,0.00,'deliveryfee'),(134,3,40,0.00,'deliveryfee'),(135,3,41,0.00,'deliveryfee'),(136,3,42,0.00,'deliveryfee'),(137,3,43,0.00,'deliveryfee'),(138,3,44,0.00,'deliveryfee'),(139,3,45,0.00,'deliveryfee'),(140,3,46,0.00,'deliveryfee'),(141,3,47,0.00,'deliveryfee');

--
-- Table structure for table `dtb_delivery_time`
--

CREATE TABLE `dtb_delivery_time` (
  `id` int(10) unsigned NOT NULL AUTO_INCREMENT,
  `delivery_id` int(10) unsigned DEFAULT NULL,
  `delivery_time` varchar(255) COLLATE utf8mb4_bin NOT NULL,
  `sort_no` smallint(5) unsigned NOT NULL,
  `visible` tinyint(1) NOT NULL DEFAULT '1',
  `create_date` datetime NOT NULL COMMENT '(DC2Type:datetimetz)',
  `update_date` datetime NOT NULL COMMENT '(DC2Type:datetimetz)',
  `discriminator_type` varchar(255) COLLATE utf8mb4_bin NOT NULL,
  PRIMARY KEY (`id`),
  KEY `IDX_E80EE3A612136921` (`delivery_id`),
  CONSTRAINT `FK_E80EE3A612136921` FOREIGN KEY (`delivery_id`) REFERENCES `dtb_delivery` (`id`)
) ENGINE=InnoDB AUTO_INCREMENT=7 DEFAULT CHARSET=utf8mb4 COLLATE=utf8mb4_bin;

--
-- Dumping data for table `dtb_delivery_time`
--

INSERT INTO `dtb_delivery_time` VALUES (1,1,'午前中',1,1,'2023-12-04 05:31:39','2024-07-23 04:39:43','deliverytime'),(2,1,'12時~14時',2,1,'2023-12-04 05:31:39','2024-07-23 04:39:43','deliverytime'),(3,1,'14時~16時',3,1,'2024-05-16 07:20:47','2024-07-23 04:39:43','deliverytime'),(4,1,'16時~18時',4,1,'2024-05-16 07:20:47','2024-07-23 04:39:43','deliverytime'),(5,1,'18時~20時',5,1,'2024-05-16 07:20:47','2024-07-23 04:39:43','deliverytime'),(6,1,'19時~21時',6,1,'2024-05-16 07:20:47','2024-07-23 04:39:43','deliverytime');

--
-- Table structure for table `dtb_layout`
--

CREATE TABLE `dtb_layout` (
  `id` int(10) unsigned NOT NULL AUTO_INCREMENT,
  `device_type_id` smallint(5) unsigned DEFAULT NULL,
  `layout_name` varchar(255) COLLATE utf8mb4_bin DEFAULT NULL,
  `create_date` datetime NOT NULL COMMENT '(DC2Type:datetimetz)',
  `update_date` datetime NOT NULL COMMENT '(DC2Type:datetimetz)',
  `discriminator_type` varchar(255) COLLATE utf8mb4_bin NOT NULL,
  PRIMARY KEY (`id`),
  KEY `IDX_5A62AA7C4FFA550E` (`device_type_id`),
  CONSTRAINT `FK_5A62AA7C4FFA550E` FOREIGN KEY (`device_type_id`) REFERENCES `mtb_device_type` (`id`)
) ENGINE=InnoDB AUTO_INCREMENT=6 DEFAULT CHARSET=utf8mb4 COLLATE=utf8mb4_bin;

--
-- Dumping data for table `dtb_layout`
--

INSERT INTO `dtb_layout` VALUES (0,10,'プレビュー用レイアウト','2023-12-04 05:31:39','2023-12-04 05:31:39','layout'),(1,10,'トップページ用レイアウト','2023-12-04 05:31:39','2023-12-04 05:31:39','layout'),(2,10,'下層ページ用レイアウト','2023-12-04 05:31:39','2023-12-04 05:31:39','layout'),(5,10,'下層ページ用レイアウト（クッキーアラートあり）','2024-07-04 04:12:45','2024-07-04 04:15:28','layout');

--
-- Table structure for table `dtb_login_history`
--

CREATE TABLE `dtb_login_history` (
  `id` int(10) unsigned NOT NULL AUTO_INCREMENT,
  `login_history_status_id` smallint(5) unsigned NOT NULL,
  `member_id` int(10) unsigned DEFAULT NULL,
  `user_name` longtext COLLATE utf8mb4_bin,
  `client_ip` longtext COLLATE utf8mb4_bin,
  `create_date` datetime NOT NULL COMMENT '(DC2Type:datetimetz)',
  `update_date` datetime NOT NULL COMMENT '(DC2Type:datetimetz)',
  `discriminator_type` varchar(255) COLLATE utf8mb4_bin NOT NULL,
  PRIMARY KEY (`id`),
  KEY `IDX_6191DD4F9FA62FDD` (`login_history_status_id`),
  KEY `IDX_6191DD4F7597D3FE` (`member_id`),
  CONSTRAINT `FK_6191DD4F7597D3FE` FOREIGN KEY (`member_id`) REFERENCES `dtb_member` (`id`) ON DELETE SET NULL,
  CONSTRAINT `FK_6191DD4F9FA62FDD` FOREIGN KEY (`login_history_status_id`) REFERENCES `mtb_login_history_status` (`id`)
) ENGINE=InnoDB AUTO_INCREMENT=208 DEFAULT CHARSET=utf8mb4 COLLATE=utf8mb4_bin;

--
-- Dumping data for table `dtb_login_history`
--

INSERT INTO `dtb_login_history` VALUES (1,0,1,'shopTadmin','14.3.18.112','2023-12-04 05:32:41','2023-12-04 05:32:41','loginhistory'),(2,0,1,'shopTadmin','14.3.18.112','2023-12-04 05:36:14','2023-12-04 05:36:14','loginhistory'),(3,1,1,'shopTadmin','14.3.18.112','2023-12-04 05:38:47','2023-12-04 05:38:47','loginhistory'),(4,1,1,'shopTadmin','14.3.18.112','2023-12-04 05:40:27','2023-12-04 05:40:27','loginhistory'),(5,1,1,'shopTadmin','14.3.18.112','2023-12-04 05:43:37','2023-12-04 05:43:37','loginhistory'),(6,1,1,'shopTadmin','14.3.18.112','2023-12-04 05:45:19','2023-12-04 05:45:19','loginhistory'),(7,1,1,'shopTadmin','14.3.18.112','2023-12-04 05:57:19','2023-12-04 05:57:19','loginhistory'),(8,1,1,'shopTadmin','14.3.18.112','2023-12-04 07:35:56','2023-12-04 07:35:56','loginhistory'),(9,0,1,'shopTadmin','106.180.200.129','2023-12-05 09:10:15','2023-12-05 09:10:15','loginhistory'),(10,1,1,'shopTadmin','106.180.200.129','2023-12-05 09:10:32','2023-12-05 09:10:32','loginhistory'),(11,1,1,'shopTadmin','14.3.18.112','2023-12-07 02:20:45','2023-12-07 02:20:45','loginhistory'),(12,1,1,'shopTadmin','106.180.200.129','2023-12-08 07:03:25','2023-12-08 07:03:25','loginhistory'),(13,1,1,'shopTadmin','14.3.18.112','2023-12-11 02:57:55','2023-12-11 02:57:55','loginhistory'),(14,1,1,'shopTadmin','106.180.200.129','2023-12-12 02:55:09','2023-12-12 02:55:09','loginhistory'),(15,0,NULL,'shopTanzoAdmin','106.180.200.129','2023-12-18 07:18:43','2023-12-18 07:18:43','loginhistory'),(16,1,1,'shopTadmin','106.180.200.129','2023-12-18 07:19:05','2023-12-18 07:19:05','loginhistory'),(17,1,1,'shopTadmin','106.180.200.129','2023-12-19 01:20:05','2023-12-19 01:20:05','loginhistory'),(18,1,1,'shopTadmin','106.180.200.129','2023-12-19 02:36:16','2023-12-19 02:36:16','loginhistory'),(19,1,1,'shopTadmin','106.180.200.129','2023-12-20 01:16:31','2023-12-20 01:16:31','loginhistory'),(20,1,1,'shopTadmin','106.180.200.129','2023-12-21 01:49:23','2023-12-21 01:49:23','loginhistory'),(21,1,1,'shopTadmin','106.180.200.129','2023-12-22 00:46:36','2023-12-22 00:46:36','loginhistory'),(22,1,1,'shopTadmin','106.180.200.129','2023-12-23 07:03:40','2023-12-23 07:03:40','loginhistory'),(23,1,1,'shopTadmin','14.3.18.112','2023-12-25 07:48:21','2023-12-25 07:48:21','loginhistory'),(24,1,1,'shopTadmin','106.180.200.129','2023-12-26 06:22:45','2023-12-26 06:22:45','loginhistory'),(25,1,1,'shopTadmin','106.180.200.129','2023-12-28 07:24:08','2023-12-28 07:24:08','loginhistory'),(26,1,1,'shopTadmin','106.180.200.129','2024-01-05 06:02:17','2024-01-05 06:02:17','loginhistory'),(27,1,1,'shopTadmin','14.3.18.112','2024-01-15 03:27:24','2024-01-15 03:27:24','loginhistory'),(28,1,1,'shopTadmin','14.3.18.112','2024-01-15 05:17:00','2024-01-15 05:17:00','loginhistory'),(29,1,1,'shopTadmin','106.180.200.129','2024-01-16 01:49:45','2024-01-16 01:49:45','loginhistory'),(30,1,1,'shopTadmin','106.180.200.129','2024-01-17 00:50:32','2024-01-17 00:50:32','loginhistory'),(31,1,1,'shopTadmin','14.3.18.112','2024-01-18 01:08:03','2024-01-18 01:08:03','loginhistory'),(32,1,1,'shopTadmin','106.180.200.129','2024-01-19 06:24:40','2024-01-19 06:24:40','loginhistory'),(33,1,1,'shopTadmin','106.180.200.129','2024-01-21 05:20:35','2024-01-21 05:20:35','loginhistory'),(34,1,1,'shopTadmin','106.180.200.129','2024-01-23 01:44:29','2024-01-23 01:44:29','loginhistory'),(35,1,1,'shopTadmin','106.180.200.129','2024-01-24 01:20:37','2024-01-24 01:20:37','loginhistory'),(36,1,1,'shopTadmin','14.3.18.112','2024-01-25 07:02:14','2024-01-25 07:02:14','loginhistory'),(37,1,1,'shopTadmin','106.180.200.129','2024-01-27 02:39:41','2024-01-27 02:39:41','loginhistory'),(38,1,1,'shopTadmin','106.180.200.129','2024-01-28 05:02:33','2024-01-28 05:02:33','loginhistory'),(39,1,1,'shopTadmin','106.180.200.129','2024-01-28 10:08:06','2024-01-28 10:08:06','loginhistory'),(40,1,1,'shopTadmin','14.3.18.112','2024-01-29 09:10:26','2024-01-29 09:10:26','loginhistory'),(41,1,1,'shopTadmin','106.180.200.129','2024-01-30 01:23:33','2024-01-30 01:23:33','loginhistory'),(42,1,1,'shopTadmin','106.180.200.129','2024-01-31 02:21:55','2024-01-31 02:21:55','loginhistory'),(43,1,1,'shopTadmin','106.180.200.129','2024-02-01 06:28:51','2024-02-01 06:28:51','loginhistory'),(44,1,1,'shopTadmin','106.180.200.129','2024-02-02 02:26:06','2024-02-02 02:26:06','loginhistory'),(45,1,1,'shopTadmin','106.180.200.129','2024-02-03 00:41:55','2024-02-03 00:41:55','loginhistory'),(46,1,1,'shopTadmin','106.180.200.129','2024-02-04 07:49:56','2024-02-04 07:49:56','loginhistory'),(47,1,1,'shopTadmin','14.3.18.112','2024-02-05 01:34:21','2024-02-05 01:34:21','loginhistory'),(48,1,1,'shopTadmin','106.180.200.129','2024-02-05 04:55:27','2024-02-05 04:55:27','loginhistory'),(49,1,1,'shopTadmin','106.180.200.129','2024-02-06 02:37:21','2024-02-06 02:37:21','loginhistory'),(50,1,1,'shopTadmin','106.180.200.129','2024-02-07 01:28:33','2024-02-07 01:28:33','loginhistory'),(51,1,1,'shopTadmin','14.3.18.112','2024-02-08 06:58:24','2024-02-08 06:58:24','loginhistory'),(52,1,1,'shopTadmin','106.180.200.129','2024-02-09 06:06:58','2024-02-09 06:06:58','loginhistory'),(53,1,1,'shopTadmin','106.180.200.129','2024-02-10 01:53:28','2024-02-10 01:53:28','loginhistory'),(54,1,1,'shopTadmin','106.180.200.129','2024-02-11 02:54:02','2024-02-11 02:54:02','loginhistory'),(55,1,1,'shopTadmin','106.180.200.129','2024-02-12 01:15:31','2024-02-12 01:15:31','loginhistory'),(56,1,1,'shopTadmin','106.180.200.129','2024-02-12 13:29:14','2024-02-12 13:29:14','loginhistory'),(57,1,1,'shopTadmin','106.180.200.129','2024-02-13 00:56:25','2024-02-13 00:56:25','loginhistory'),(58,1,1,'shopTadmin','106.180.200.129','2024-02-14 03:23:17','2024-02-14 03:23:17','loginhistory'),(59,1,1,'shopTadmin','106.180.200.129','2024-02-14 07:07:43','2024-02-14 07:07:43','loginhistory'),(60,1,1,'shopTadmin','14.3.18.112','2024-02-15 02:34:42','2024-02-15 02:34:42','loginhistory'),(61,1,1,'shopTadmin','14.3.18.112','2024-02-15 06:52:43','2024-02-15 06:52:43','loginhistory'),(62,1,1,'shopTadmin','106.180.200.129','2024-02-16 01:28:03','2024-02-16 01:28:03','loginhistory'),(63,1,1,'shopTadmin','106.180.200.129','2024-02-17 06:27:00','2024-02-17 06:27:00','loginhistory'),(64,1,1,'shopTadmin','14.3.18.112','2024-02-19 02:26:10','2024-02-19 02:26:10','loginhistory'),(65,1,1,'shopTadmin','106.180.200.129','2024-02-20 01:55:31','2024-02-20 01:55:31','loginhistory'),(66,1,1,'shopTadmin','106.180.200.129','2024-02-21 04:52:13','2024-02-21 04:52:13','loginhistory'),(67,1,1,'shopTadmin','14.3.18.112','2024-02-22 05:08:40','2024-02-22 05:08:40','loginhistory'),(68,1,1,'shopTadmin','106.180.200.129','2024-03-08 04:30:25','2024-03-08 04:30:25','loginhistory'),(69,1,1,'shopTadmin','14.3.18.112','2024-03-14 01:57:28','2024-03-14 01:57:28','loginhistory'),(70,1,1,'shopTadmin','14.3.18.112','2024-03-21 08:01:37','2024-03-21 08:01:37','loginhistory'),(71,1,1,'shopTadmin','106.180.200.129','2024-03-24 07:31:18','2024-03-24 07:31:18','loginhistory'),(72,1,1,'shopTadmin','106.180.200.129','2024-03-24 10:29:13','2024-03-24 10:29:13','loginhistory'),(73,1,1,'shopTadmin','106.180.200.129','2024-03-26 06:59:01','2024-03-26 06:59:01','loginhistory'),(74,1,1,'shopTadmin','106.180.200.129','2024-03-30 02:59:02','2024-03-30 02:59:02','loginhistory'),(75,1,1,'shopTadmin','106.180.200.129','2024-04-02 03:03:03','2024-04-02 03:03:03','loginhistory'),(76,1,1,'shopTadmin','106.180.200.129','2024-04-03 05:39:20','2024-04-03 05:39:20','loginhistory'),(77,1,1,'shopTadmin','14.3.18.112','2024-04-04 01:43:11','2024-04-04 01:43:11','loginhistory'),(78,1,1,'shopTadmin','106.180.200.129','2024-04-05 01:25:44','2024-04-05 01:25:44','loginhistory'),(79,1,1,'shopTadmin','14.3.18.112','2024-04-08 03:05:37','2024-04-08 03:05:37','loginhistory'),(80,1,1,'shopTadmin','14.3.18.112','2024-04-08 08:50:34','2024-04-08 08:50:34','loginhistory'),(81,1,1,'shopTadmin','106.180.200.129','2024-04-09 03:57:31','2024-04-09 03:57:31','loginhistory'),(82,1,1,'shopTadmin','106.180.200.129','2024-04-09 05:45:48','2024-04-09 05:45:48','loginhistory'),(83,1,1,'shopTadmin','106.180.200.129','2024-04-09 08:34:14','2024-04-09 08:34:14','loginhistory'),(84,1,1,'shopTadmin','14.3.18.112','2024-04-11 06:44:21','2024-04-11 06:44:21','loginhistory'),(85,1,1,'shopTadmin','106.180.200.129','2024-04-14 05:35:56','2024-04-14 05:35:56','loginhistory'),(86,1,1,'shopTadmin','106.180.200.129','2024-04-14 07:10:28','2024-04-14 07:10:28','loginhistory'),(87,1,1,'shopTadmin','106.180.200.129','2024-04-14 07:33:52','2024-04-14 07:33:52','loginhistory'),(88,1,1,'shopTadmin','106.180.200.129','2024-04-26 06:34:48','2024-04-26 06:34:48','loginhistory'),(89,1,1,'shopTadmin','14.3.18.112','2024-05-10 08:45:42','2024-05-10 08:45:42','loginhistory'),(90,1,1,'shopTadmin','14.3.64.72','2024-05-16 02:27:00','2024-05-16 02:27:00','loginhistory'),(91,1,1,'shopTadmin','106.180.200.129','2024-05-17 02:41:08','2024-05-17 02:41:08','loginhistory'),(92,1,1,'shopTadmin','14.3.64.72','2024-05-20 06:00:55','2024-05-20 06:00:55','loginhistory'),(93,1,1,'shopTadmin','106.180.200.129','2024-05-21 02:06:54','2024-05-21 02:06:54','loginhistory'),(94,1,1,'shopTadmin','106.180.200.129','2024-05-21 06:23:12','2024-05-21 06:23:12','loginhistory'),(95,1,1,'shopTadmin','106.180.200.129','2024-05-24 08:07:44','2024-05-24 08:07:44','loginhistory'),(96,1,1,'shopTadmin','14.3.64.72','2024-06-17 05:04:11','2024-06-17 05:04:11','loginhistory'),(97,1,1,'shopTadmin','14.3.64.72','2024-06-17 08:08:58','2024-06-17 08:08:58','loginhistory'),(98,1,1,'shopTadmin','106.180.200.129','2024-06-18 02:51:51','2024-06-18 02:51:51','loginhistory'),(99,1,1,'shopTadmin','106.180.200.129','2024-06-20 08:52:07','2024-06-20 08:52:07','loginhistory'),(100,1,1,'shopTadmin','14.3.64.72','2024-06-21 03:07:43','2024-06-21 03:07:43','loginhistory'),(101,1,1,'shopTadmin','106.180.200.129','2024-06-28 02:36:09','2024-06-28 02:36:09','loginhistory'),(102,1,1,'shopTadmin','106.180.200.129','2024-06-28 08:48:28','2024-06-28 08:48:28','loginhistory'),(103,1,1,'shopTadmin','106.180.200.129','2024-06-28 08:49:34','2024-06-28 08:49:34','loginhistory'),(104,1,1,'shopTadmin','106.180.200.129','2024-06-30 08:54:50','2024-06-30 08:54:50','loginhistory'),(105,1,1,'shopTadmin','106.180.200.129','2024-07-02 07:47:00','2024-07-02 07:47:00','loginhistory'),(106,1,1,'shopTadmin','14.3.64.72','2024-07-04 02:06:59','2024-07-04 02:06:59','loginhistory'),(107,1,1,'shopTadmin','14.3.64.72','2024-07-04 03:19:31','2024-07-04 03:19:31','loginhistory'),(108,1,1,'shopTadmin','14.3.64.72','2024-07-04 03:55:36','2024-07-04 03:55:36','loginhistory'),(109,1,1,'shopTadmin','106.180.200.129','2024-07-05 09:14:09','2024-07-05 09:14:09','loginhistory'),(110,1,1,'shopTadmin','14.3.64.72','2024-07-08 03:33:49','2024-07-08 03:33:49','loginhistory'),(111,1,1,'shopTadmin','14.3.64.72','2024-07-11 01:45:21','2024-07-11 01:45:21','loginhistory'),(112,1,1,'shopTadmin','106.180.200.129','2024-07-12 08:44:25','2024-07-12 08:44:25','loginhistory'),(113,1,1,'shopTadmin','106.180.200.129','2024-07-16 02:55:30','2024-07-16 02:55:30','loginhistory'),(114,0,1,'shopTadmin','106.180.200.129','2024-07-16 09:46:19','2024-07-16 09:46:19','loginhistory'),(115,0,1,'shopTadmin','106.180.200.129','2024-07-16 09:46:41','2024-07-16 09:46:41','loginhistory'),(116,0,1,'shopTadmin','106.180.200.129','2024-07-16 09:46:52','2024-07-16 09:46:52','loginhistory'),(117,1,1,'shopTadmin','106.180.200.129','2024-07-16 09:48:55','2024-07-16 09:48:55','loginhistory'),(118,0,NULL,'shopTAdmin','106.180.200.129','2024-07-19 02:37:37','2024-07-19 02:37:37','loginhistory'),(119,0,NULL,'shopTAdmin','106.180.200.129','2024-07-19 02:38:09','2024-07-19 02:38:09','loginhistory'),(120,0,1,'shopTadmin','106.180.200.129','2024-07-19 02:38:46','2024-07-19 02:38:46','loginhistory'),(121,0,1,'shopTadmin','106.180.200.129','2024-07-19 02:42:21','2024-07-19 02:42:21','loginhistory'),(122,0,1,'shopTadmin','106.180.200.129','2024-07-19 02:43:20','2024-07-19 02:43:20','loginhistory'),(123,1,1,'shopTadmin','106.180.200.129','2024-07-19 02:46:19','2024-07-19 02:46:19','loginhistory'),(124,1,1,'shopTadmin','106.180.200.129','2024-07-19 03:03:19','2024-07-19 03:03:19','loginhistory'),(125,1,1,'shopTadmin','14.3.64.72','2024-07-22 03:58:28','2024-07-22 03:58:28','loginhistory'),(126,1,1,'shopTadmin','106.180.200.129','2024-07-23 00:29:16','2024-07-23 00:29:16','loginhistory'),(127,1,1,'shopTadmin','106.180.200.129','2024-07-23 05:06:10','2024-07-23 05:06:10','loginhistory'),(128,1,1,'shopTadmin','106.180.200.129','2024-07-23 05:49:54','2024-07-23 05:49:54','loginhistory'),(129,1,1,'shopTadmin','106.180.200.129','2024-07-23 06:08:48','2024-07-23 06:08:48','loginhistory'),(130,1,1,'shopTadmin','14.3.64.72','2024-07-29 09:21:28','2024-07-29 09:21:28','loginhistory'),(131,1,1,'shopTadmin','106.180.200.129','2024-07-30 03:01:39','2024-07-30 03:01:39','loginhistory'),(132,1,1,'shopTadmin','106.180.200.129','2024-07-31 02:05:49','2024-07-31 02:05:49','loginhistory'),(133,1,1,'shopTadmin','106.180.200.129','2024-07-31 03:53:29','2024-07-31 03:53:29','loginhistory'),(134,1,1,'shopTadmin','106.180.200.129','2024-07-31 09:18:23','2024-07-31 09:18:23','loginhistory'),(135,1,1,'shopTadmin','106.180.200.129','2024-07-31 09:24:51','2024-07-31 09:24:51','loginhistory'),(136,1,1,'shopTadmin','14.3.64.72','2024-08-01 08:18:26','2024-08-01 08:18:26','loginhistory'),(137,1,1,'shopTadmin','106.180.200.129','2024-08-02 01:50:11','2024-08-02 01:50:11','loginhistory'),(138,1,1,'shopTadmin','106.180.200.129','2024-08-06 02:58:06','2024-08-06 02:58:06','loginhistory'),(139,1,1,'shopTadmin','220.210.132.198','2024-08-07 03:20:21','2024-08-07 03:20:21','loginhistory'),(140,1,1,'shopTadmin','14.3.64.72','2024-08-08 03:04:13','2024-08-08 03:04:13','loginhistory'),(141,1,1,'shopTadmin','14.3.64.72','2024-08-08 07:46:16','2024-08-08 07:46:16','loginhistory'),(142,1,1,'shopTadmin','220.210.132.198','2024-08-09 07:17:03','2024-08-09 07:17:03','loginhistory'),(143,1,1,'shopTadmin','106.180.200.129','2024-08-13 06:21:28','2024-08-13 06:21:28','loginhistory'),(144,1,1,'shopTadmin','220.210.132.198','2024-08-15 00:55:19','2024-08-15 00:55:19','loginhistory'),(145,1,1,'shopTadmin','14.3.64.72','2024-08-15 01:30:42','2024-08-15 01:30:42','loginhistory'),(146,1,1,'shopTadmin','220.210.132.198','2024-08-16 01:48:01','2024-08-16 01:48:01','loginhistory'),(147,1,1,'shopTadmin','220.210.132.198','2024-08-16 03:48:47','2024-08-16 03:48:47','loginhistory'),(148,1,1,'shopTadmin','106.180.200.129','2024-08-16 07:59:48','2024-08-16 07:59:48','loginhistory'),(149,1,1,'shopTadmin','14.3.64.72','2024-08-19 02:29:49','2024-08-19 02:29:49','loginhistory'),(150,1,1,'shopTadmin','14.3.64.72','2024-08-19 05:22:12','2024-08-19 05:22:12','loginhistory'),(151,1,1,'shopTadmin','220.210.132.198','2024-08-19 07:14:37','2024-08-19 07:14:37','loginhistory'),(152,1,1,'shopTadmin','220.210.132.198','2024-08-19 08:25:53','2024-08-19 08:25:53','loginhistory'),(153,0,1,'shopTadmin','220.210.132.198','2024-08-19 08:27:19','2024-08-19 08:27:19','loginhistory'),(154,1,1,'shopTadmin','106.180.200.129','2024-08-20 02:20:09','2024-08-20 02:20:09','loginhistory'),(155,1,1,'shopTadmin','106.180.200.129','2024-08-23 00:30:28','2024-08-23 00:30:28','loginhistory'),(156,1,1,'shopTadmin','106.180.200.129','2024-08-23 04:06:03','2024-08-23 04:06:03','loginhistory'),(157,1,1,'shopTadmin','14.3.59.94','2024-08-26 08:12:08','2024-08-26 08:12:08','loginhistory'),(158,1,1,'shopTadmin','220.210.132.198','2024-08-28 01:39:48','2024-08-28 01:39:48','loginhistory'),(159,1,1,'shopTadmin','14.3.52.117','2024-08-29 05:13:16','2024-08-29 05:13:16','loginhistory'),(160,1,1,'shopTadmin','14.3.52.117','2024-09-02 01:28:50','2024-09-02 01:28:50','loginhistory'),(161,1,1,'shopTadmin','220.210.132.198','2024-09-05 06:16:56','2024-09-05 06:16:56','loginhistory'),(162,1,1,'shopTadmin','14.3.52.117','2024-09-05 06:21:01','2024-09-05 06:21:01','loginhistory'),(163,1,1,'shopTadmin','106.180.200.129','2024-09-06 10:02:10','2024-09-06 10:02:10','loginhistory'),(164,1,1,'shopTadmin','106.180.200.129','2024-09-10 04:28:36','2024-09-10 04:28:36','loginhistory'),(165,1,1,'shopTadmin','106.180.200.129','2024-09-24 07:39:28','2024-09-24 07:39:28','loginhistory'),(166,1,1,'shopTadmin','220.210.132.198','2024-09-25 07:53:34','2024-09-25 07:53:34','loginhistory'),(167,1,1,'shopTadmin','106.180.200.129','2024-09-27 09:22:20','2024-09-27 09:22:20','loginhistory'),(168,1,1,'shopTadmin','14.3.52.117','2024-09-30 03:58:47','2024-09-30 03:58:47','loginhistory'),(169,1,1,'shopTadmin','220.210.132.198','2024-09-30 06:25:25','2024-09-30 06:25:25','loginhistory'),(170,1,1,'shopTadmin','220.210.132.198','2024-10-08 04:04:07','2024-10-08 04:04:07','loginhistory'),(171,1,1,'shopTadmin','14.3.52.117','2024-10-28 01:49:30','2024-10-28 01:49:30','loginhistory'),(172,1,1,'shopTadmin','14.3.52.117','2024-10-28 02:03:07','2024-10-28 02:03:07','loginhistory'),(173,1,1,'shopTadmin','220.210.132.198','2024-10-28 09:30:01','2024-10-28 09:30:01','loginhistory'),(174,1,1,'shopTadmin','106.180.200.129','2024-10-29 01:46:00','2024-10-29 01:46:00','loginhistory'),(175,1,1,'shopTadmin','106.180.200.129','2024-10-29 03:47:44','2024-10-29 03:47:44','loginhistory'),(176,1,1,'shopTadmin','220.210.132.198','2024-10-30 01:53:30','2024-10-30 01:53:30','loginhistory'),(177,1,1,'shopTadmin','14.3.52.117','2024-10-31 01:56:11','2024-10-31 01:56:11','loginhistory'),(178,1,1,'shopTadmin','113.197.145.11','2024-11-05 01:10:24','2024-11-05 01:10:24','loginhistory'),(179,1,1,'shopTadmin','106.180.200.129','2024-11-12 05:04:47','2024-11-12 05:04:47','loginhistory'),(180,1,1,'shopTadmin','106.180.200.129','2024-11-12 05:06:06','2024-11-12 05:06:06','loginhistory'),(181,1,1,'shopTadmin','106.180.200.129','2024-11-29 06:09:16','2024-11-29 06:09:16','loginhistory'),(182,1,1,'shopTadmin','113.197.145.11','2024-12-02 01:29:51','2024-12-02 01:29:51','loginhistory'),(183,1,1,'shopTadmin','113.197.145.11','2024-12-05 07:12:24','2024-12-05 07:12:24','loginhistory'),(184,1,1,'shopTadmin','14.3.28.67','2024-12-05 08:44:11','2024-12-05 08:44:11','loginhistory'),(185,1,1,'shopTadmin','113.197.145.11','2024-12-10 07:44:06','2024-12-10 07:44:06','loginhistory'),(186,1,1,'shopTadmin','106.180.200.129','2024-12-10 09:02:50','2024-12-10 09:02:50','loginhistory'),(187,1,1,'shopTadmin','106.180.200.129','2024-12-10 10:02:15','2024-12-10 10:02:15','loginhistory'),(188,1,1,'shopTadmin','60.144.93.179','2025-01-02 15:43:32','2025-01-02 15:43:32','loginhistory'),(189,1,1,'shopTadmin','113.197.145.11','2025-01-03 02:38:00','2025-01-03 02:38:00','loginhistory'),(190,1,1,'shopTadmin','14.3.28.67','2025-01-06 07:23:49','2025-01-06 07:23:49','loginhistory'),(191,1,1,'shopTadmin','113.197.145.11','2025-01-21 00:41:45','2025-01-21 00:41:45','loginhistory'),(192,1,1,'shopTadmin','14.3.28.67','2025-01-23 01:14:50','2025-01-23 01:14:50','loginhistory'),(193,1,1,'shopTadmin','113.197.145.11','2025-02-04 02:27:10','2025-02-04 02:27:10','loginhistory'),(194,1,1,'shopTadmin','106.180.200.129','2025-02-14 09:03:33','2025-02-14 09:03:33','loginhistory'),(195,1,1,'shopTadmin','14.3.28.67','2025-02-27 02:26:45','2025-02-27 02:26:45','loginhistory'),(196,1,1,'shopTadmin','113.197.145.11','2025-02-28 01:18:38','2025-02-28 01:18:38','loginhistory'),(197,0,NULL,'\' or 1=1 or \'\'=\'','194.34.233.190','2025-02-28 11:56:04','2025-02-28 11:56:04','loginhistory'),(198,1,1,'shopTadmin','223.28.242.132','2025-03-21 03:01:49','2025-03-21 03:01:49','loginhistory'),(199,1,1,'shopTadmin','14.3.70.165','2025-04-03 01:26:09','2025-04-03 01:26:09','loginhistory'),(200,1,1,'shopTadmin','113.197.145.11','2025-05-02 01:38:16','2025-05-02 01:38:16','loginhistory'),(201,1,1,'shopTadmin','106.180.200.129','2025-05-27 03:36:37','2025-05-27 03:36:37','loginhistory'),(202,1,1,'shopTadmin','14.3.70.165','2025-05-29 02:10:06','2025-05-29 02:10:06','loginhistory'),(203,1,1,'shopTadmin','106.180.200.129','2025-05-30 04:26:50','2025-05-30 04:26:50','loginhistory'),(204,1,1,'shopTadmin','106.180.200.129','2025-05-30 05:10:17','2025-05-30 05:10:17','loginhistory'),(205,1,1,'shopTadmin','60.144.93.179','2025-05-31 12:18:33','2025-05-31 12:18:33','loginhistory'),(206,1,1,'shopTadmin','106.180.200.129','2025-06-03 00:49:55','2025-06-03 00:49:55','loginhistory'),(207,1,1,'shopTadmin','220.210.182.242','2025-06-10 01:15:46','2025-06-10 01:15:46','loginhistory');

--
-- Table structure for table `dtb_mail_history`
--

CREATE TABLE `dtb_mail_history` (
  `id` int(10) unsigned NOT NULL AUTO_INCREMENT,
  `order_id` int(10) unsigned DEFAULT NULL,
  `creator_id` int(10) unsigned DEFAULT NULL,
  `send_date` datetime DEFAULT NULL COMMENT '(DC2Type:datetimetz)',
  `mail_subject` varchar(255) COLLATE utf8mb4_bin DEFAULT NULL,
  `mail_body` longtext COLLATE utf8mb4_bin,
  `mail_html_body` longtext COLLATE utf8mb4_bin,
  `discriminator_type` varchar(255) COLLATE utf8mb4_bin NOT NULL,
  PRIMARY KEY (`id`),
  KEY `IDX_4870AB118D9F6D38` (`order_id`),
  KEY `IDX_4870AB1161220EA6` (`creator_id`),
  CONSTRAINT `FK_4870AB1161220EA6` FOREIGN KEY (`creator_id`) REFERENCES `dtb_member` (`id`),
  CONSTRAINT `FK_4870AB118D9F6D38` FOREIGN KEY (`order_id`) REFERENCES `dtb_order` (`id`)
) ENGINE=InnoDB AUTO_INCREMENT=31 DEFAULT CHARSET=utf8mb4 COLLATE=utf8mb4_bin;

--
-- Dumping data for table `dtb_mail_history`
--

INSERT INTO `dtb_mail_history` VALUES (22,122,NULL,'2024-07-23 05:28:05','[TANZO.(鍛造指輪)オンラインショップ] ご注文ありがとうございます','あぷてっく てすと 様\n\nこの度はご注文いただき誠にありがとうございます。下記ご注文内容にお間違えがないかご確認下さい。\n\n************************************************\n　ご請求金額\n************************************************\n\nご注文日時：2024/07/23 14:28:04\nご注文番号：122\nお支払い合計：￥145,200\nお支払い方法：クレジットカード決済\nお問い合わせ：カード決済テスト\n\n\n************************************************\n　ご注文商品明細\n************************************************\n\n商品コード：C001\n商品名：【光なりける】  右のリング  プラチナ サイズ：9\nオプション：刻印あり刻印字体(基本書体) 刻印内容(test * あA) インサイド石(ガーネット)\n単価：￥145,200\n数量：1\n\n-------------------------------------------------\n小　計：￥145,200\n手数料：￥0\n送　料：￥0\n-------------------------------------------------\n合　計：￥145,200\n============================================\nお支払い合計：￥145,200\n    (10 %対象：￥145,200 内消費税：￥13,200)\n  \n************************************************\n　ご注文者情報\n************************************************\nお名前：あぷてっく てすと 様\nお名前(カナ)：アプテック テスト 様\n郵便番号：〒2220033\n住所：神奈川県横浜市港北区新横浜2-15-10 YS新横浜ビル５F\n電話番号：0454751511\nメールアドレス：ito@apteq.jp\n\n************************************************\n　配送情報\n************************************************\n\n◎お届け先\nお名前：お届け先 別 様\nお名前(カナ)：オオドケサキ ベツ 様\n郵便番号：〒1040055\n住所：東京都中央区豊海町11111\n電話番号：111111111\n\n配送方法：宅配便\nお届け日：指定なし\nお届け時間：指定なし\n\n商品コード：C001\n商品名：【光なりける】  右のリング  プラチナ\nサイズ：9\nオプション：刻印あり・刻印字体(基本書体)・刻印内容(test * あA)・インサイド石(ガーネット)\n数量：1\n\n\n\n============================================\n\nこのメッセージはお客様へのお知らせ専用ですので、\nこのメッセージへの返信としてご質問をお送りいただいても回答できません。\nご了承ください。\n','<!DOCTYPE html PUBLIC \"-//W3C//DTD HTML 4.01 Transitional//EN\" \"http://www.w3.org/TR/html4/loose.dtd\">\n<html xmlns=\"http://www.w3.org/1999/xhtml\">\n\n<body bgcolor=\"#F0F0F0\" leftmargin=\"0\" topmargin=\"0\" marginwidth=\"0\" marginheight=\"0\" style=\"margin-top:0;margin-bottom:0;margin-right:0;margin-left:0;padding-top:0;padding-bottom:0;padding-right:0;padding-left:0;-ms-text-size-adjust:100%;-webkit-text-size-adjust:100%;\">\n<br>\n<br>\n<div align=\"center\"><a href=\"https://onlineshop.tanzo.jp/\" style=\"font-family:Helvetica, Arial, sans-serif;font-size:30px;color:#333333;text-decoration:none;\">TANZO.(鍛造指輪)オンラインショップ</a></div>\n<!-- 100% background wrapper (grey background) -->\n<table border=\"0\" width=\"100%\" height=\"100%\" cellpadding=\"0\" cellspacing=\"0\" bgcolor=\"#F0F0F0\" style=\"border-spacing:0;mso-table-lspace:0pt;mso-table-rspace:0pt;\">\n    <tr>\n        <td align=\"center\" valign=\"top\" bgcolor=\"#F0F0F0\" style=\"background-color:#F0F0F0;border-collapse:collapse;\">\n            <br>\n            <!-- 600px container (white background) -->\n            <table id=\"html-mail-table1\" border=\"0\" width=\"600px\" cellpadding=\"10\" cellspacing=\"0\" class=\"container\" style=\"border-spacing:0;mso-table-lspace:0pt;mso-table-rspace:0pt;\">\n                <tr>\n                    <td class=\"container-padding content\" align=\"left\" style=\"border-collapse:collapse;padding-left:24px;padding-right:24px;padding-top:12px;padding-bottom:12px;background-color:#ffffff;\">\n                        <br>\n                        <div class=\"title\" style=\"font-family:Helvetica, Arial, sans-serif;font-size:18px;font-weight:600;color:#374550;\">この度はご注文いただき誠にありがとうございます。</div>\n                        <br>\n                        <div class=\"body-text\" style=\"font-family:Helvetica, Arial, sans-serif;font-size:14px;line-height:20px;text-align:left;color:#333333;\">\n                            あぷてっく てすと 様<br/>\n                            <br/>\n                            下記ご注文内容にお間違えがないかご確認下さい。<br/>\n                            <br/>\n                            <hr style=\"border-top: 3px double #8c8b8b;\">\n                            　ご請求金額<br/>\n                            <hr style=\"border-top: 3px double #8c8b8b;\">\n                            ご注文日時：2024/07/23 14:28:04<br/>\n                            ご注文番号：122<br/>\n                            お支払い合計：￥145,200<br/>\n                            お支払い方法：クレジットカード決済<br/>\n                                                        お問い合わせ：カード決済テスト<br/>\n                            <br/>\n                            <hr style=\"border-top: 3px double #8c8b8b;\">\n                            　ご注文商品明細<br/>\n                            <hr style=\"border-top: 3px double #8c8b8b;\">\n                                                                                                                                                                                                                    商品コード：C001<br/>\n                                    商品名：【光なりける】  右のリング  プラチナ<br/>\n                                    サイズ：9<br/>\n                                    オプション：刻印あり・刻印字体(基本書体)・刻印内容(test * あA)・インサイド石(ガーネット)<br/>\n                                    <br/>\n                                    単価：￥145,200<br/>\n                                    数量：1<br/>\n                                    <br/>\n                                                                                                                                                                                <hr style=\"border-top: 2px dashed #8c8b8b;\">\n                            小　計：￥145,200<br/>\n                            手数料：￥0<br/>\n                            送　料：￥0<br/>\n                                                        <hr style=\"border-top: 1px dotted #8c8b8b;\">\n                            合　計：￥145,200<br/>\n                                                        <hr style=\"border-top: 1px dotted #8c8b8b;\">\n                            お支払い合計：￥145,200\n                                                            (10 %対象：￥145,200 内消費税： ￥13,200)<br/>\n                                                        <br/>\n                            <hr style=\"border-top: 3px double #8c8b8b;\">\n                            ご注文者情報<br/>\n                            <hr style=\"border-top: 3px double #8c8b8b;\">\n                            お名前：あぷてっく てすと 様<br/>\n                            お名前(カナ)：アプテック テスト 様<br/>\n                                                        郵便番号：〒2220033<br/>\n                            住所：神奈川県横浜市港北区新横浜2-15-10 YS新横浜ビル５F<br/>\n                            電話番号：0454751511<br/>\n                            メールアドレス：ito@apteq.jp<br/>\n                            <br/>\n                            <hr style=\"border-top: 3px double #8c8b8b;\">\n                            　配送情報<br/>\n                            <hr style=\"border-top: 3px double #8c8b8b;\">\n\n                                                            ◎お届け先<br/>\n                                <br/>\n                                お名前：お届け先 別 様<br/>\n                                お名前(カナ)：オオドケサキ ベツ 様<br/>\n                                                                                                郵便番号：〒1040055<br/>\n                                住所：東京都中央区豊海町11111<br/>\n                                電話番号：111111111<br/>\n                                                                <br/>\n                                配送方法：宅配便<br/>\n                                                                お届け日：指定なし<br/>\n                                お届け時間：指定なし<br/>\n                                <br/>\n                                                                                                    商品コード：C001<br/>\n                                    商品名：【光なりける】  右のリング  プラチナ<br/>\n                                    サイズ：9<br/>\n                                    オプション：刻印あり・刻印字体(基本書体)・刻印内容(test * あA)・インサイド石(ガーネット)<br/>\n\n                                    数量：1<br/>\n                                    <br/>\n                                                                                                                    <hr style=\"border-top: 2px dotted #8c8b8b;\">\n                            このメッセージはお客様へのお知らせ専用ですので、<br/>\n                            このメッセージへの返信としてご質問をお送りいただいても回答できません。<br/>\n                            ご了承ください。<br/>\n                        </div>\n                    </td>\n                </tr>\n            </table>\n            <!--/600px container -->\n            <br>\n            <br>\n            <table id=\"html-mail-table2\" border=\"0\" width=\"600px\" cellpadding=\"10\" cellspacing=\"0\" class=\"container\" style=\"border-spacing:0;mso-table-lspace:0pt;mso-table-rspace:0pt;\">\n                <tr>\n                    <td class=\"container-padding content footer-text\" align=\"left\" style=\"border-collapse:collapse;font-family:Helvetica, Arial, sans-serif;font-size:12px;line-height:16px;color:#aaaaaa;padding-left:24px;padding-right:24px;padding-top:12px;padding-bottom:12px;background-color:#ffffff;\">\n                        本メールは、TANZO.(鍛造指輪)オンラインショップより送信しております。<br/>\n                        もしお心当たりが無い場合は、その旨 <a href=\"mailto:ito@apteq.jp\" style=\"text-decoration:none;\">ito@apteq.jp</a> までご連絡いただければ幸いです。<br/>\n                        <br/>\n                        <div class=\"title\" style=\"font-size:14px;font-family:Helvetica, Arial, sans-serif;font-weight:600;color:#374550;\"><a href=\"https://onlineshop.tanzo.jp/\" style=\"color:#aaaaaa;text-decoration:none;\">TANZO.(鍛造指輪)オンラインショップ</a></div>\n                        <div>copyright &copy; TANZO.(鍛造指輪)オンラインショップ all rights reserved.</div>\n                    </td>\n                </tr>\n            </table>\n        </td>\n    </tr>\n</table>\n<!--/100% background wrapper-->\n<br>\n<br>\n</body>\n\n</html>','mailhistory'),(23,135,NULL,'2024-10-08 03:58:52','[TANZO.(鍛造指輪)公式オンラインショップ] ご注文ありがとうございます','高橋 桂太 様\n\nこの度はご注文いただき誠にありがとうございます。下記ご注文内容にお間違えがないかご確認下さい。\n\n************************************************\n　ご請求金額\n************************************************\n\nご注文日時：2024/10/08 12:58:50\nご注文番号：135\nお支払い合計：￥354,200\nお支払い方法：クレジットカード決済\nお問い合わせ：クリスマスに合わせて納品は可能でしょうか？(2024.12.24〜2024.12.25)\nなるべくこの日に近い日で納品して頂けたら幸いです。\n宜しくお願い致します。\n\n\n************************************************\n　ご注文商品明細\n************************************************\n\n商品コード：C113\n商品名：【有明の月】  グリーンゴールド(K18)  0.20ct,D,VVS1,3E サイズ：20\nオプション：刻印なし インサイド石(サファイア)単価：￥354,200\n数量：1\n\n-------------------------------------------------\n小　計：￥354,200\n手数料：￥0\n送　料：￥0\n-------------------------------------------------\n合　計：￥354,200\n============================================\nお支払い合計：￥354,200\n    (10 %対象：￥354,200 内消費税：￥32,200)\n  \n************************************************\n　ご注文者情報\n************************************************\nお名前：高橋 桂太 様\nお名前(カナ)：タカハシ ケイタ 様\n郵便番号：〒3780033\n住所：群馬県沼田市白岩町57-11\n電話番号：09043924344\nメールアドレス：chami1438@ymail.ne.jp\n\n************************************************\n　配送情報\n************************************************\n\n◎お届け先\nお名前：高橋 桂太 様\nお名前(カナ)：タカハシ ケイタ 様\n郵便番号：〒3780033\n住所：群馬県沼田市白岩町57-11\n電話番号：09043924344\n\n配送方法：宅配便\nお届け日：指定なし\nお届け時間：指定なし\n\n商品コード：C113\n商品名：【有明の月】  グリーンゴールド(K18)  0.20ct,D,VVS1,3E\nサイズ：20\nオプション：刻印なし・インサイド石(サファイア)数量：1\n\n\n\n============================================\n\nこのメッセージはお客様へのお知らせ専用ですので、\nこのメッセージへの返信としてご質問をお送りいただいても回答できません。\nご了承ください。\n','<!DOCTYPE html PUBLIC \"-//W3C//DTD HTML 4.01 Transitional//EN\" \"http://www.w3.org/TR/html4/loose.dtd\">\n<html xmlns=\"http://www.w3.org/1999/xhtml\">\n\n<body bgcolor=\"#F0F0F0\" leftmargin=\"0\" topmargin=\"0\" marginwidth=\"0\" marginheight=\"0\" style=\"margin-top:0;margin-bottom:0;margin-right:0;margin-left:0;padding-top:0;padding-bottom:0;padding-right:0;padding-left:0;-ms-text-size-adjust:100%;-webkit-text-size-adjust:100%;\">\n<br>\n<br>\n<div align=\"center\"><a href=\"https://onlineshop.tanzo.jp/\" style=\"font-family:Helvetica, Arial, sans-serif;font-size:30px;color:#333333;text-decoration:none;\">TANZO.(鍛造指輪)公式オンラインショップ</a></div>\n<!-- 100% background wrapper (grey background) -->\n<table border=\"0\" width=\"100%\" height=\"100%\" cellpadding=\"0\" cellspacing=\"0\" bgcolor=\"#F0F0F0\" style=\"border-spacing:0;mso-table-lspace:0pt;mso-table-rspace:0pt;\">\n    <tr>\n        <td align=\"center\" valign=\"top\" bgcolor=\"#F0F0F0\" style=\"background-color:#F0F0F0;border-collapse:collapse;\">\n            <br>\n            <!-- 600px container (white background) -->\n            <table id=\"html-mail-table1\" border=\"0\" width=\"600px\" cellpadding=\"10\" cellspacing=\"0\" class=\"container\" style=\"border-spacing:0;mso-table-lspace:0pt;mso-table-rspace:0pt;\">\n                <tr>\n                    <td class=\"container-padding content\" align=\"left\" style=\"border-collapse:collapse;padding-left:24px;padding-right:24px;padding-top:12px;padding-bottom:12px;background-color:#ffffff;\">\n                        <br>\n                        <div class=\"title\" style=\"font-family:Helvetica, Arial, sans-serif;font-size:18px;font-weight:600;color:#374550;\">この度はご注文いただき誠にありがとうございます。</div>\n                        <br>\n                        <div class=\"body-text\" style=\"font-family:Helvetica, Arial, sans-serif;font-size:14px;line-height:20px;text-align:left;color:#333333;\">\n                            高橋 桂太 様<br/>\n                            <br/>\n                            下記ご注文内容にお間違えがないかご確認下さい。<br/>\n                            <br/>\n                            <hr style=\"border-top: 3px double #8c8b8b;\">\n                            　ご請求金額<br/>\n                            <hr style=\"border-top: 3px double #8c8b8b;\">\n                            ご注文日時：2024/10/08 12:58:50<br/>\n                            ご注文番号：135<br/>\n                            お支払い合計：￥354,200<br/>\n                            お支払い方法：クレジットカード決済<br/>\n                                                        お問い合わせ：クリスマスに合わせて納品は可能でしょうか？(2024.12.24〜2024.12.25)\nなるべくこの日に近い日で納品して頂けたら幸いです。\n宜しくお願い致します。<br/>\n                            <br/>\n                            <hr style=\"border-top: 3px double #8c8b8b;\">\n                            　ご注文商品明細<br/>\n                            <hr style=\"border-top: 3px double #8c8b8b;\">\n                                                                                                                                                        商品コード：C113<br/>\n                                    商品名：【有明の月】  グリーンゴールド(K18)  0.20ct,D,VVS1,3E<br/>\n                                    サイズ：20<br/>\n                                    オプション：刻印なし・インサイド石(サファイア)<br/>                                    <br/>\n                                    単価：￥354,200<br/>\n                                    数量：1<br/>\n                                    <br/>\n                                                                                                                                                                                                                                            <hr style=\"border-top: 2px dashed #8c8b8b;\">\n                            小　計：￥354,200<br/>\n                            手数料：￥0<br/>\n                            送　料：￥0<br/>\n                                                        <hr style=\"border-top: 1px dotted #8c8b8b;\">\n                            合　計：￥354,200<br/>\n                                                        <hr style=\"border-top: 1px dotted #8c8b8b;\">\n                            お支払い合計：￥354,200\n                                                            (10 %対象：￥354,200 内消費税： ￥32,200)<br/>\n                                                        <br/>\n                            <hr style=\"border-top: 3px double #8c8b8b;\">\n                            ご注文者情報<br/>\n                            <hr style=\"border-top: 3px double #8c8b8b;\">\n                            お名前：高橋 桂太 様<br/>\n                            お名前(カナ)：タカハシ ケイタ 様<br/>\n                                                        郵便番号：〒3780033<br/>\n                            住所：群馬県沼田市白岩町57-11<br/>\n                            電話番号：09043924344<br/>\n                            メールアドレス：chami1438@ymail.ne.jp<br/>\n                            <br/>\n                            <hr style=\"border-top: 3px double #8c8b8b;\">\n                            　配送情報<br/>\n                            <hr style=\"border-top: 3px double #8c8b8b;\">\n\n                                                            ◎お届け先<br/>\n                                <br/>\n                                お名前：高橋 桂太 様<br/>\n                                お名前(カナ)：タカハシ ケイタ 様<br/>\n                                                                                                郵便番号：〒3780033<br/>\n                                住所：群馬県沼田市白岩町57-11<br/>\n                                電話番号：09043924344<br/>\n                                                                <br/>\n                                配送方法：宅配便<br/>\n                                                                お届け日：指定なし<br/>\n                                お届け時間：指定なし<br/>\n                                <br/>\n                                                                                                    商品コード：C113<br/>\n                                    商品名：【有明の月】  グリーンゴールド(K18)  0.20ct,D,VVS1,3E<br/>\n                                    サイズ：20<br/>\n                                    オプション：刻印なし・インサイド石(サファイア)<br/>\n                                    数量：1<br/>\n                                    <br/>\n                                                                                                                    <hr style=\"border-top: 2px dotted #8c8b8b;\">\n                            このメッセージはお客様へのお知らせ専用ですので、<br/>\n                            このメッセージへの返信としてご質問をお送りいただいても回答できません。<br/>\n                            ご了承ください。<br/>\n                        </div>\n                    </td>\n                </tr>\n            </table>\n            <!--/600px container -->\n            <br>\n            <br>\n            <table id=\"html-mail-table2\" border=\"0\" width=\"600px\" cellpadding=\"10\" cellspacing=\"0\" class=\"container\" style=\"border-spacing:0;mso-table-lspace:0pt;mso-table-rspace:0pt;\">\n                <tr>\n                    <td class=\"container-padding content footer-text\" align=\"left\" style=\"border-collapse:collapse;font-family:Helvetica, Arial, sans-serif;font-size:12px;line-height:16px;color:#aaaaaa;padding-left:24px;padding-right:24px;padding-top:12px;padding-bottom:12px;background-color:#ffffff;\">\n                        本メールは、TANZO.(鍛造指輪)公式オンラインショップより送信しております。<br/>\n                        もしお心当たりが無い場合は、その旨 <a href=\"mailto:shopinfo@onlineshop.tanzo.jp\" style=\"text-decoration:none;\">shopinfo@onlineshop.tanzo.jp</a> までご連絡いただければ幸いです。<br/>\n                        <br/>\n                        <div class=\"title\" style=\"font-size:14px;font-family:Helvetica, Arial, sans-serif;font-weight:600;color:#374550;\"><a href=\"https://onlineshop.tanzo.jp/\" style=\"color:#aaaaaa;text-decoration:none;\">TANZO.(鍛造指輪)公式オンラインショップ</a></div>\n                        <div>copyright &copy; TANZO.(鍛造指輪)公式オンラインショップ all rights reserved.</div>\n                    </td>\n                </tr>\n            </table>\n        </td>\n    </tr>\n</table>\n<!--/100% background wrapper-->\n<br>\n<br>\n</body>\n\n</html>','mailhistory'),(24,142,NULL,'2024-12-31 10:27:49','[TANZO.(鍛造指輪)公式オンラインショップ] ご注文ありがとうございます','田村 真利子 様\n\nこの度はご注文いただき誠にありがとうございます。下記ご注文内容にお間違えがないかご確認下さい。\n\n************************************************\n　ご請求金額\n************************************************\n\nご注文日時：2024/12/31 19:27:46\nご注文番号：142\nお支払い合計：￥187,000\nお支払い方法：クレジットカード決済\nお問い合わせ：2月ごろに引っ越しで住所が変わる予定でふ。その場合、届け先の変更は可能でしょうか？\n\n\n************************************************\n　ご注文商品明細\n************************************************\n\n商品コード：C027\n商品名：【いにしへに】ダイヤ３石ver  左のリング  プラチナ(Pt900) サイズ：17\nオプション：刻印あり刻印字体(有料書体4) 刻印内容(2024.12.24 MtoR) インサイド石(なし)単価：￥187,000\n数量：1\n\n-------------------------------------------------\n小　計：￥187,000\n手数料：￥0\n送　料：￥0\n-------------------------------------------------\n合　計：￥187,000\n============================================\nお支払い合計：￥187,000\n    (10 %対象：￥187,000 内消費税：￥17,000)\n  \n************************************************\n　ご注文者情報\n************************************************\nお名前：田村 真利子 様\nお名前(カナ)：タムラ マリコ 様\n郵便番号：〒9970813\n住所：山形県鶴岡市千石町14-7-1\n電話番号：08055095404\nメールアドレス：tsr05867a@gmail.com\n\n************************************************\n　配送情報\n************************************************\n\n◎お届け先\nお名前：田村 真利子 様\nお名前(カナ)：タムラ マリコ 様\n郵便番号：〒9970813\n住所：山形県鶴岡市千石町14-7-1\n電話番号：08055095404\n\n配送方法：宅配便\nお届け日：指定なし\nお届け時間：18時~20時\n\n商品コード：C027\n商品名：【いにしへに】ダイヤ３石ver  左のリング  プラチナ(Pt900)\nサイズ：17\nオプション：刻印あり・刻印字体(有料書体4)・刻印内容(2024.12.24 MtoR)・インサイド石(なし)数量：1\n\n\n\n============================================\n\nこのメッセージはお客様へのお知らせ専用ですので、\nこのメッセージへの返信としてご質問をお送りいただいても回答できません。\nご了承ください。\n','<!DOCTYPE html PUBLIC \"-//W3C//DTD HTML 4.01 Transitional//EN\" \"http://www.w3.org/TR/html4/loose.dtd\">\n<html xmlns=\"http://www.w3.org/1999/xhtml\">\n\n<body bgcolor=\"#F0F0F0\" leftmargin=\"0\" topmargin=\"0\" marginwidth=\"0\" marginheight=\"0\" style=\"margin-top:0;margin-bottom:0;margin-right:0;margin-left:0;padding-top:0;padding-bottom:0;padding-right:0;padding-left:0;-ms-text-size-adjust:100%;-webkit-text-size-adjust:100%;\">\n<br>\n<br>\n<div align=\"center\"><a href=\"https://onlineshop.tanzo.jp/\" style=\"font-family:Helvetica, Arial, sans-serif;font-size:30px;color:#333333;text-decoration:none;\">TANZO.(鍛造指輪)公式オンラインショップ</a></div>\n<!-- 100% background wrapper (grey background) -->\n<table border=\"0\" width=\"100%\" height=\"100%\" cellpadding=\"0\" cellspacing=\"0\" bgcolor=\"#F0F0F0\" style=\"border-spacing:0;mso-table-lspace:0pt;mso-table-rspace:0pt;\">\n    <tr>\n        <td align=\"center\" valign=\"top\" bgcolor=\"#F0F0F0\" style=\"background-color:#F0F0F0;border-collapse:collapse;\">\n            <br>\n            <!-- 600px container (white background) -->\n            <table id=\"html-mail-table1\" border=\"0\" width=\"600px\" cellpadding=\"10\" cellspacing=\"0\" class=\"container\" style=\"border-spacing:0;mso-table-lspace:0pt;mso-table-rspace:0pt;\">\n                <tr>\n                    <td class=\"container-padding content\" align=\"left\" style=\"border-collapse:collapse;padding-left:24px;padding-right:24px;padding-top:12px;padding-bottom:12px;background-color:#ffffff;\">\n                        <br>\n                        <div class=\"title\" style=\"font-family:Helvetica, Arial, sans-serif;font-size:18px;font-weight:600;color:#374550;\">この度はご注文いただき誠にありがとうございます。</div>\n                        <br>\n                        <div class=\"body-text\" style=\"font-family:Helvetica, Arial, sans-serif;font-size:14px;line-height:20px;text-align:left;color:#333333;\">\n                            田村 真利子 様<br/>\n                            <br/>\n                            下記ご注文内容にお間違えがないかご確認下さい。<br/>\n                            <br/>\n                            <hr style=\"border-top: 3px double #8c8b8b;\">\n                            　ご請求金額<br/>\n                            <hr style=\"border-top: 3px double #8c8b8b;\">\n                            ご注文日時：2024/12/31 19:27:46<br/>\n                            ご注文番号：142<br/>\n                            お支払い合計：￥187,000<br/>\n                            お支払い方法：クレジットカード決済<br/>\n                                                        お問い合わせ：2月ごろに引っ越しで住所が変わる予定でふ。その場合、届け先の変更は可能でしょうか？<br/>\n                            <br/>\n                            <hr style=\"border-top: 3px double #8c8b8b;\">\n                            　ご注文商品明細<br/>\n                            <hr style=\"border-top: 3px double #8c8b8b;\">\n                                                                                                                    									                                                                                                                                                                                                                                                                            商品コード：C027<br/>\n                                    商品名：【いにしへに】ダイヤ３石ver  左のリング  プラチナ(Pt900)<br/>\n                                    サイズ：17<br/>\n                                    オプション：刻印あり・刻印字体(有料書体4)・刻印内容(2024.12.24 MtoR)・インサイド石(なし)<br/>                                    <!--<br/>-->\n                                    単価：￥187,000<br/>\n                                    数量：1<br/>\n                                    <br/>\n                                                                                                                                                                                                                                            <hr style=\"border-top: 2px dashed #8c8b8b;\">\n                            小　計：￥187,000<br/>\n                            手数料：￥0<br/>\n                            送　料：￥0<br/>\n                                                        <hr style=\"border-top: 1px dotted #8c8b8b;\">\n                            合　計：￥187,000<br/>\n                                                        <hr style=\"border-top: 1px dotted #8c8b8b;\">\n                            お支払い合計：￥187,000\n                                                            (10 %対象：￥187,000 内消費税： ￥17,000)<br/>\n                                                        <br/>\n                            <hr style=\"border-top: 3px double #8c8b8b;\">\n                            ご注文者情報<br/>\n                            <hr style=\"border-top: 3px double #8c8b8b;\">\n                            お名前：田村 真利子 様<br/>\n                            お名前(カナ)：タムラ マリコ 様<br/>\n                                                        郵便番号：〒9970813<br/>\n                            住所：山形県鶴岡市千石町14-7-1<br/>\n                            電話番号：08055095404<br/>\n                            メールアドレス：tsr05867a@gmail.com<br/>\n                            <br/>\n                            <hr style=\"border-top: 3px double #8c8b8b;\">\n                            　配送情報<br/>\n                            <hr style=\"border-top: 3px double #8c8b8b;\">\n\n                                                            ◎お届け先<br/>\n                                <br/>\n                                お名前：田村 真利子 様<br/>\n                                お名前(カナ)：タムラ マリコ 様<br/>\n                                                                                                郵便番号：〒9970813<br/>\n                                住所：山形県鶴岡市千石町14-7-1<br/>\n                                電話番号：08055095404<br/>\n                                                                <br/>\n                                配送方法：宅配便<br/>\n                                                                お届け日：指定なし<br/>\n                                お届け時間：18時~20時<br/>\n                                <br/>\n                                                                									                                                                                                                                                                                                                                                                            商品コード：C027<br/>\n                                    商品名：【いにしへに】ダイヤ３石ver  左のリング  プラチナ(Pt900)<br/>\n                                    サイズ：17<br/>\n                                    オプション：刻印あり・刻印字体(有料書体4)・刻印内容(2024.12.24 MtoR)・インサイド石(なし)<br/>\n                                    数量：1<br/>\n                                    <br/>\n                                                                                                                    <hr style=\"border-top: 2px dotted #8c8b8b;\">\n                            このメッセージはお客様へのお知らせ専用ですので、<br/>\n                            このメッセージへの返信としてご質問をお送りいただいても回答できません。<br/>\n                            ご了承ください。<br/>\n                        </div>\n                    </td>\n                </tr>\n            </table>\n            <!--/600px container -->\n            <br>\n            <br>\n            <table id=\"html-mail-table2\" border=\"0\" width=\"600px\" cellpadding=\"10\" cellspacing=\"0\" class=\"container\" style=\"border-spacing:0;mso-table-lspace:0pt;mso-table-rspace:0pt;\">\n                <tr>\n                    <td class=\"container-padding content footer-text\" align=\"left\" style=\"border-collapse:collapse;font-family:Helvetica, Arial, sans-serif;font-size:12px;line-height:16px;color:#aaaaaa;padding-left:24px;padding-right:24px;padding-top:12px;padding-bottom:12px;background-color:#ffffff;\">\n                        本メールは、TANZO.(鍛造指輪)公式オンラインショップより送信しております。<br/>\n                        もしお心当たりが無い場合は、その旨 <a href=\"mailto:shopinfo@onlineshop.tanzo.jp\" style=\"text-decoration:none;\">shopinfo@onlineshop.tanzo.jp</a> までご連絡いただければ幸いです。<br/>\n                        <br/>\n                        <div class=\"title\" style=\"font-size:14px;font-family:Helvetica, Arial, sans-serif;font-weight:600;color:#374550;\"><a href=\"https://onlineshop.tanzo.jp/\" style=\"color:#aaaaaa;text-decoration:none;\">TANZO.(鍛造指輪)公式オンラインショップ</a></div>\n                        <div>copyright &copy; TANZO.(鍛造指輪)公式オンラインショップ all rights reserved.</div>\n                    </td>\n                </tr>\n            </table>\n        </td>\n    </tr>\n</table>\n<!--/100% background wrapper-->\n<br>\n<br>\n</body>\n\n</html>','mailhistory'),(25,145,NULL,'2025-01-20 11:26:56','[TANZO.(鍛造指輪)公式オンラインショップ] ご注文ありがとうございます','井下 美香 様\n\nこの度はご注文いただき誠にありがとうございます。下記ご注文内容にお間違えがないかご確認下さい。\n\n************************************************\n　ご請求金額\n************************************************\n\nご注文日時：2025/01/20 20:26:53\nご注文番号：145\nお支払い合計：￥115,500\nお支払い方法：クレジットカード決済\nお問い合わせ：\n\n\n************************************************\n　ご注文商品明細\n************************************************\n\n商品コード：C055\n商品名：【光なりける】ダイヤなしver  右のリング  プラチナ(Pt900) サイズ：8.5\nオプション：刻印あり刻印字体(基本書体) 刻印内容(MIKA & MOSHE) インサイド石(なし)単価：￥115,500\n数量：1\n\n-------------------------------------------------\n小　計：￥115,500\n手数料：￥0\n送　料：￥0\n-------------------------------------------------\n合　計：￥115,500\n============================================\nお支払い合計：￥115,500\n    (10 %対象：￥115,500 内消費税：￥10,500)\n  \n************************************************\n　ご注文者情報\n************************************************\nお名前：井下 美香 様\nお名前(カナ)：イノシタ ミカ 様\n郵便番号：〒7611703\n住所：香川県高松市香川町浅野801-1\n電話番号：0878897384\nメールアドレス：mika.beauty66@gmail.com\n\n************************************************\n　配送情報\n************************************************\n\n◎お届け先\nお名前：井下 美香 様\nお名前(カナ)：イノシタ ミカ 様\n郵便番号：〒7611703\n住所：香川県高松市香川町浅野801-1\n電話番号：0878897384\n\n配送方法：宅配便\nお届け日：指定なし\nお届け時間：指定なし\n\n商品コード：C055\n商品名：【光なりける】ダイヤなしver  右のリング  プラチナ(Pt900)\nサイズ：8.5\nオプション：刻印あり・刻印字体(基本書体)・刻印内容(MIKA & MOSHE)・インサイド石(なし)数量：1\n\n\n\n============================================\n\nこのメッセージはお客様へのお知らせ専用ですので、\nこのメッセージへの返信としてご質問をお送りいただいても回答できません。\nご了承ください。\n','<!DOCTYPE html PUBLIC \"-//W3C//DTD HTML 4.01 Transitional//EN\" \"http://www.w3.org/TR/html4/loose.dtd\">\n<html xmlns=\"http://www.w3.org/1999/xhtml\">\n\n<body bgcolor=\"#F0F0F0\" leftmargin=\"0\" topmargin=\"0\" marginwidth=\"0\" marginheight=\"0\" style=\"margin-top:0;margin-bottom:0;margin-right:0;margin-left:0;padding-top:0;padding-bottom:0;padding-right:0;padding-left:0;-ms-text-size-adjust:100%;-webkit-text-size-adjust:100%;\">\n<br>\n<br>\n<div align=\"center\"><a href=\"https://onlineshop.tanzo.jp/\" style=\"font-family:Helvetica, Arial, sans-serif;font-size:30px;color:#333333;text-decoration:none;\">TANZO.(鍛造指輪)公式オンラインショップ</a></div>\n<!-- 100% background wrapper (grey background) -->\n<table border=\"0\" width=\"100%\" height=\"100%\" cellpadding=\"0\" cellspacing=\"0\" bgcolor=\"#F0F0F0\" style=\"border-spacing:0;mso-table-lspace:0pt;mso-table-rspace:0pt;\">\n    <tr>\n        <td align=\"center\" valign=\"top\" bgcolor=\"#F0F0F0\" style=\"background-color:#F0F0F0;border-collapse:collapse;\">\n            <br>\n            <!-- 600px container (white background) -->\n            <table id=\"html-mail-table1\" border=\"0\" width=\"600px\" cellpadding=\"10\" cellspacing=\"0\" class=\"container\" style=\"border-spacing:0;mso-table-lspace:0pt;mso-table-rspace:0pt;\">\n                <tr>\n                    <td class=\"container-padding content\" align=\"left\" style=\"border-collapse:collapse;padding-left:24px;padding-right:24px;padding-top:12px;padding-bottom:12px;background-color:#ffffff;\">\n                        <br>\n                        <div class=\"title\" style=\"font-family:Helvetica, Arial, sans-serif;font-size:18px;font-weight:600;color:#374550;\">この度はご注文いただき誠にありがとうございます。</div>\n                        <br>\n                        <div class=\"body-text\" style=\"font-family:Helvetica, Arial, sans-serif;font-size:14px;line-height:20px;text-align:left;color:#333333;\">\n                            井下 美香 様<br/>\n                            <br/>\n                            下記ご注文内容にお間違えがないかご確認下さい。<br/>\n                            <br/>\n                            <hr style=\"border-top: 3px double #8c8b8b;\">\n                            　ご請求金額<br/>\n                            <hr style=\"border-top: 3px double #8c8b8b;\">\n                            ご注文日時：2025/01/20 20:26:53<br/>\n                            ご注文番号：145<br/>\n                            お支払い合計：￥115,500<br/>\n                            お支払い方法：クレジットカード決済<br/>\n                                                        お問い合わせ：<br/>\n                            <br/>\n                            <hr style=\"border-top: 3px double #8c8b8b;\">\n                            　ご注文商品明細<br/>\n                            <hr style=\"border-top: 3px double #8c8b8b;\">\n                                                                                                                    									                                                                                                                                                                                                                                                                            商品コード：C055<br/>\n                                    商品名：【光なりける】ダイヤなしver  右のリング  プラチナ(Pt900)<br/>\n                                    サイズ：8.5<br/>\n                                    オプション：刻印あり・刻印字体(基本書体)・刻印内容(MIKA &amp; MOSHE)・インサイド石(なし)<br/>                                    <!--<br/>-->\n                                    単価：￥115,500<br/>\n                                    数量：1<br/>\n                                    <br/>\n                                                                                                                                                                                                                                            <hr style=\"border-top: 2px dashed #8c8b8b;\">\n                            小　計：￥115,500<br/>\n                            手数料：￥0<br/>\n                            送　料：￥0<br/>\n                                                        <hr style=\"border-top: 1px dotted #8c8b8b;\">\n                            合　計：￥115,500<br/>\n                                                        <hr style=\"border-top: 1px dotted #8c8b8b;\">\n                            お支払い合計：￥115,500\n                                                            (10 %対象：￥115,500 内消費税： ￥10,500)<br/>\n                                                        <br/>\n                            <hr style=\"border-top: 3px double #8c8b8b;\">\n                            ご注文者情報<br/>\n                            <hr style=\"border-top: 3px double #8c8b8b;\">\n                            お名前：井下 美香 様<br/>\n                            お名前(カナ)：イノシタ ミカ 様<br/>\n                                                        郵便番号：〒7611703<br/>\n                            住所：香川県高松市香川町浅野801-1<br/>\n                            電話番号：0878897384<br/>\n                            メールアドレス：mika.beauty66@gmail.com<br/>\n                            <br/>\n                            <hr style=\"border-top: 3px double #8c8b8b;\">\n                            　配送情報<br/>\n                            <hr style=\"border-top: 3px double #8c8b8b;\">\n\n                                                            ◎お届け先<br/>\n                                <br/>\n                                お名前：井下 美香 様<br/>\n                                お名前(カナ)：イノシタ ミカ 様<br/>\n                                                                                                郵便番号：〒7611703<br/>\n                                住所：香川県高松市香川町浅野801-1<br/>\n                                電話番号：0878897384<br/>\n                                                                <br/>\n                                配送方法：宅配便<br/>\n                                                                お届け日：指定なし<br/>\n                                お届け時間：指定なし<br/>\n                                <br/>\n                                                                									                                                                                                                                                                                                                                                                            商品コード：C055<br/>\n                                    商品名：【光なりける】ダイヤなしver  右のリング  プラチナ(Pt900)<br/>\n                                    サイズ：8.5<br/>\n                                    オプション：刻印あり・刻印字体(基本書体)・刻印内容(MIKA &amp; MOSHE)・インサイド石(なし)<br/>\n                                    数量：1<br/>\n                                    <br/>\n                                                                                                                    <hr style=\"border-top: 2px dotted #8c8b8b;\">\n                            このメッセージはお客様へのお知らせ専用ですので、<br/>\n                            このメッセージへの返信としてご質問をお送りいただいても回答できません。<br/>\n                            ご了承ください。<br/>\n                        </div>\n                    </td>\n                </tr>\n            </table>\n            <!--/600px container -->\n            <br>\n            <br>\n            <table id=\"html-mail-table2\" border=\"0\" width=\"600px\" cellpadding=\"10\" cellspacing=\"0\" class=\"container\" style=\"border-spacing:0;mso-table-lspace:0pt;mso-table-rspace:0pt;\">\n                <tr>\n                    <td class=\"container-padding content footer-text\" align=\"left\" style=\"border-collapse:collapse;font-family:Helvetica, Arial, sans-serif;font-size:12px;line-height:16px;color:#aaaaaa;padding-left:24px;padding-right:24px;padding-top:12px;padding-bottom:12px;background-color:#ffffff;\">\n                        本メールは、TANZO.(鍛造指輪)公式オンラインショップより送信しております。<br/>\n                        もしお心当たりが無い場合は、その旨 <a href=\"mailto:shopinfo@onlineshop.tanzo.jp\" style=\"text-decoration:none;\">shopinfo@onlineshop.tanzo.jp</a> までご連絡いただければ幸いです。<br/>\n                        <br/>\n                        <div class=\"title\" style=\"font-size:14px;font-family:Helvetica, Arial, sans-serif;font-weight:600;color:#374550;\"><a href=\"https://onlineshop.tanzo.jp/\" style=\"color:#aaaaaa;text-decoration:none;\">TANZO.(鍛造指輪)公式オンラインショップ</a></div>\n                        <div>copyright &copy; TANZO.(鍛造指輪)公式オンラインショップ all rights reserved.</div>\n                    </td>\n                </tr>\n            </table>\n        </td>\n    </tr>\n</table>\n<!--/100% background wrapper-->\n<br>\n<br>\n</body>\n\n</html>','mailhistory'),(26,151,NULL,'2025-03-18 09:01:58','[TANZO.(鍛造指輪)公式オンラインショップ] ご注文ありがとうございます','米澤 凜 様\n\nこの度はご注文いただき誠にありがとうございます。下記ご注文内容にお間違えがないかご確認下さい。\n\n************************************************\n　ご請求金額\n************************************************\n\nご注文日時：2025/03/18 18:01:55\nご注文番号：151\nお支払い合計：￥456,500\nお支払い方法：クレジットカード決済\nお問い合わせ：\n\n\n************************************************\n　ご注文商品明細\n************************************************\n\n商品コード：C117\n商品名：【はるのその】ER  ピンクゴールド(K18)  0.25ct,D,VVS1,3E サイズ：7.5\nオプション：刻印あり刻印字体(有料書体4) 刻印内容(R&S615) インサイド石(ムーンストーン)単価：￥456,500\n数量：1\n\n-------------------------------------------------\n小　計：￥456,500\n手数料：￥0\n送　料：￥0\n-------------------------------------------------\n合　計：￥456,500\n============================================\nお支払い合計：￥456,500\n    (10 %対象：￥456,500 内消費税：￥41,500)\n  \n************************************************\n　ご注文者情報\n************************************************\nお名前：米澤 凜 様\nお名前(カナ)：ヨネザワ リン 様\n郵便番号：〒0030874\n住所：北海道札幌市白石区米里四条一丁目一番11号\n電話番号：08060730069\nメールアドレス：nikkirin667@gmail.com\n\n************************************************\n　配送情報\n************************************************\n\n◎お届け先\nお名前：米澤 凜 様\nお名前(カナ)：ヨネザワ リン 様\n郵便番号：〒0030874\n住所：北海道札幌市白石区米里四条一丁目一番11号\n電話番号：08060730069\n\n配送方法：宅配便\nお届け日：指定なし\nお届け時間：指定なし\n\n商品コード：C117\n商品名：【はるのその】ER  ピンクゴールド(K18)  0.25ct,D,VVS1,3E\nサイズ：7.5\nオプション：刻印あり・刻印字体(有料書体4)・刻印内容(R&S615)・インサイド石(ムーンストーン)数量：1\n\n\n\n============================================\n\nこのメッセージはお客様へのお知らせ専用ですので、\nこのメッセージへの返信としてご質問をお送りいただいても回答できません。\nご了承ください。\n','<!DOCTYPE html PUBLIC \"-//W3C//DTD HTML 4.01 Transitional//EN\" \"http://www.w3.org/TR/html4/loose.dtd\">\n<html xmlns=\"http://www.w3.org/1999/xhtml\">\n\n<body bgcolor=\"#F0F0F0\" leftmargin=\"0\" topmargin=\"0\" marginwidth=\"0\" marginheight=\"0\" style=\"margin-top:0;margin-bottom:0;margin-right:0;margin-left:0;padding-top:0;padding-bottom:0;padding-right:0;padding-left:0;-ms-text-size-adjust:100%;-webkit-text-size-adjust:100%;\">\n<br>\n<br>\n<div align=\"center\"><a href=\"https://onlineshop.tanzo.jp/\" style=\"font-family:Helvetica, Arial, sans-serif;font-size:30px;color:#333333;text-decoration:none;\">TANZO.(鍛造指輪)公式オンラインショップ</a></div>\n<!-- 100% background wrapper (grey background) -->\n<table border=\"0\" width=\"100%\" height=\"100%\" cellpadding=\"0\" cellspacing=\"0\" bgcolor=\"#F0F0F0\" style=\"border-spacing:0;mso-table-lspace:0pt;mso-table-rspace:0pt;\">\n    <tr>\n        <td align=\"center\" valign=\"top\" bgcolor=\"#F0F0F0\" style=\"background-color:#F0F0F0;border-collapse:collapse;\">\n            <br>\n            <!-- 600px container (white background) -->\n            <table id=\"html-mail-table1\" border=\"0\" width=\"600px\" cellpadding=\"10\" cellspacing=\"0\" class=\"container\" style=\"border-spacing:0;mso-table-lspace:0pt;mso-table-rspace:0pt;\">\n                <tr>\n                    <td class=\"container-padding content\" align=\"left\" style=\"border-collapse:collapse;padding-left:24px;padding-right:24px;padding-top:12px;padding-bottom:12px;background-color:#ffffff;\">\n                        <br>\n                        <div class=\"title\" style=\"font-family:Helvetica, Arial, sans-serif;font-size:18px;font-weight:600;color:#374550;\">この度はご注文いただき誠にありがとうございます。</div>\n                        <br>\n                        <div class=\"body-text\" style=\"font-family:Helvetica, Arial, sans-serif;font-size:14px;line-height:20px;text-align:left;color:#333333;\">\n                            米澤 凜 様<br/>\n                            <br/>\n                            下記ご注文内容にお間違えがないかご確認下さい。<br/>\n                            <br/>\n                            <hr style=\"border-top: 3px double #8c8b8b;\">\n                            　ご請求金額<br/>\n                            <hr style=\"border-top: 3px double #8c8b8b;\">\n                            ご注文日時：2025/03/18 18:01:55<br/>\n                            ご注文番号：151<br/>\n                            お支払い合計：￥456,500<br/>\n                            お支払い方法：クレジットカード決済<br/>\n                                                        お問い合わせ：<br/>\n                            <br/>\n                            <hr style=\"border-top: 3px double #8c8b8b;\">\n                            　ご注文商品明細<br/>\n                            <hr style=\"border-top: 3px double #8c8b8b;\">\n                                                                                                                    									                                                                                                                                                                                                                                                                            商品コード：C117<br/>\n                                    商品名：【はるのその】ER  ピンクゴールド(K18)  0.25ct,D,VVS1,3E<br/>\n                                    サイズ：7.5<br/>\n                                    オプション：刻印あり・刻印字体(有料書体4)・刻印内容(R&amp;S615)・インサイド石(ムーンストーン)<br/>                                    <!--<br/>-->\n                                    単価：￥456,500<br/>\n                                    数量：1<br/>\n                                    <br/>\n                                                                                                                                                                                                                                            <hr style=\"border-top: 2px dashed #8c8b8b;\">\n                            小　計：￥456,500<br/>\n                            手数料：￥0<br/>\n                            送　料：￥0<br/>\n                                                        <hr style=\"border-top: 1px dotted #8c8b8b;\">\n                            合　計：￥456,500<br/>\n                                                        <hr style=\"border-top: 1px dotted #8c8b8b;\">\n                            お支払い合計：￥456,500\n                                                            (10 %対象：￥456,500 内消費税： ￥41,500)<br/>\n                                                        <br/>\n                            <hr style=\"border-top: 3px double #8c8b8b;\">\n                            ご注文者情報<br/>\n                            <hr style=\"border-top: 3px double #8c8b8b;\">\n                            お名前：米澤 凜 様<br/>\n                            お名前(カナ)：ヨネザワ リン 様<br/>\n                                                        郵便番号：〒0030874<br/>\n                            住所：北海道札幌市白石区米里四条一丁目一番11号<br/>\n                            電話番号：08060730069<br/>\n                            メールアドレス：nikkirin667@gmail.com<br/>\n                            <br/>\n                            <hr style=\"border-top: 3px double #8c8b8b;\">\n                            　配送情報<br/>\n                            <hr style=\"border-top: 3px double #8c8b8b;\">\n\n                                                            ◎お届け先<br/>\n                                <br/>\n                                お名前：米澤 凜 様<br/>\n                                お名前(カナ)：ヨネザワ リン 様<br/>\n                                                                                                郵便番号：〒0030874<br/>\n                                住所：北海道札幌市白石区米里四条一丁目一番11号<br/>\n                                電話番号：08060730069<br/>\n                                                                <br/>\n                                配送方法：宅配便<br/>\n                                                                お届け日：指定なし<br/>\n                                お届け時間：指定なし<br/>\n                                <br/>\n                                                                									                                                                                                                                                                                                                                                                            商品コード：C117<br/>\n                                    商品名：【はるのその】ER  ピンクゴールド(K18)  0.25ct,D,VVS1,3E<br/>\n                                    サイズ：7.5<br/>\n                                    オプション：刻印あり・刻印字体(有料書体4)・刻印内容(R&amp;S615)・インサイド石(ムーンストーン)<br/>\n                                    数量：1<br/>\n                                    <br/>\n                                                                                                                    <hr style=\"border-top: 2px dotted #8c8b8b;\">\n                            このメッセージはお客様へのお知らせ専用ですので、<br/>\n                            このメッセージへの返信としてご質問をお送りいただいても回答できません。<br/>\n                            ご了承ください。<br/>\n                        </div>\n                    </td>\n                </tr>\n            </table>\n            <!--/600px container -->\n            <br>\n            <br>\n            <table id=\"html-mail-table2\" border=\"0\" width=\"600px\" cellpadding=\"10\" cellspacing=\"0\" class=\"container\" style=\"border-spacing:0;mso-table-lspace:0pt;mso-table-rspace:0pt;\">\n                <tr>\n                    <td class=\"container-padding content footer-text\" align=\"left\" style=\"border-collapse:collapse;font-family:Helvetica, Arial, sans-serif;font-size:12px;line-height:16px;color:#aaaaaa;padding-left:24px;padding-right:24px;padding-top:12px;padding-bottom:12px;background-color:#ffffff;\">\n                        本メールは、TANZO.(鍛造指輪)公式オンラインショップより送信しております。<br/>\n                        もしお心当たりが無い場合は、その旨 <a href=\"mailto:shopinfo@onlineshop.tanzo.jp\" style=\"text-decoration:none;\">shopinfo@onlineshop.tanzo.jp</a> までご連絡いただければ幸いです。<br/>\n                        <br/>\n                        <div class=\"title\" style=\"font-size:14px;font-family:Helvetica, Arial, sans-serif;font-weight:600;color:#374550;\"><a href=\"https://onlineshop.tanzo.jp/\" style=\"color:#aaaaaa;text-decoration:none;\">TANZO.(鍛造指輪)公式オンラインショップ</a></div>\n                        <div>copyright &copy; TANZO.(鍛造指輪)公式オンラインショップ all rights reserved.</div>\n                    </td>\n                </tr>\n            </table>\n        </td>\n    </tr>\n</table>\n<!--/100% background wrapper-->\n<br>\n<br>\n</body>\n\n</html>','mailhistory'),(27,155,NULL,'2025-05-25 13:07:06','[TANZO.(鍛造指輪)公式オンラインショップ] ご注文ありがとうございます','近野 美緒里 様\n\nこの度はご注文いただき誠にありがとうございます。下記ご注文内容にお間違えがないかご確認下さい。\n\n************************************************\n　ご請求金額\n************************************************\n\nご注文日時：2025/05/25 22:07:04\nご注文番号：155\nお支払い合計：￥357,500\nお支払い方法：クレジットカード決済\nお問い合わせ：短納期でお願いします。\n8月11日入籍予定なのでその日に間に合うと助かります。\n\n\n************************************************\n　ご注文商品明細\n************************************************\n\n商品コード：C034\n商品名：【なつのゆく】  左のリング  プラチナ(Pt900) サイズ：16.5\nオプション：刻印なし インサイド石(なし)単価：￥176,000\n数量：1\n\n商品コード：C034\n商品名：【なつのゆく】  右のリング  プラチナ(Pt900) サイズ：7\nオプション：刻印なし インサイド石(なし)単価：￥181,500\n数量：1\n\n-------------------------------------------------\n小　計：￥357,500\n手数料：￥0\n送　料：￥0\n-------------------------------------------------\n合　計：￥357,500\n============================================\nお支払い合計：￥357,500\n    (10 %対象：￥357,500 内消費税：￥32,500)\n  \n************************************************\n　ご注文者情報\n************************************************\nお名前：近野 美緒里 様\nお名前(カナ)：コンノ イオリ 様\n郵便番号：〒9602154\n住所：福島県福島市佐倉下字笊内14\n電話番号：08057386685\nメールアドレス：arasuka1541@gmail.com\n\n************************************************\n　配送情報\n************************************************\n\n◎お届け先\nお名前：近野 美緒里 様\nお名前(カナ)：コンノ イオリ 様\n郵便番号：〒9602154\n住所：福島県福島市佐倉下字笊内14\n電話番号：08057386685\n\n配送方法：宅配便\nお届け日：指定なし\nお届け時間：指定なし\n\n商品コード：C034\n商品名：【なつのゆく】  左のリング  プラチナ(Pt900)\nサイズ：16.5\nオプション：刻印なし・インサイド石(なし)数量：1\n\n商品コード：C034\n商品名：【なつのゆく】  右のリング  プラチナ(Pt900)\nサイズ：7\nオプション：刻印なし・インサイド石(なし)数量：1\n\n\n\n============================================\n\nこのメッセージはお客様へのお知らせ専用ですので、\nこのメッセージへの返信としてご質問をお送りいただいても回答できません。\nご了承ください。\n','<!DOCTYPE html PUBLIC \"-//W3C//DTD HTML 4.01 Transitional//EN\" \"http://www.w3.org/TR/html4/loose.dtd\">\n<html xmlns=\"http://www.w3.org/1999/xhtml\">\n\n<body bgcolor=\"#F0F0F0\" leftmargin=\"0\" topmargin=\"0\" marginwidth=\"0\" marginheight=\"0\" style=\"margin-top:0;margin-bottom:0;margin-right:0;margin-left:0;padding-top:0;padding-bottom:0;padding-right:0;padding-left:0;-ms-text-size-adjust:100%;-webkit-text-size-adjust:100%;\">\n<br>\n<br>\n<div align=\"center\"><a href=\"https://onlineshop.tanzo.jp/\" style=\"font-family:Helvetica, Arial, sans-serif;font-size:30px;color:#333333;text-decoration:none;\">TANZO.(鍛造指輪)公式オンラインショップ</a></div>\n<!-- 100% background wrapper (grey background) -->\n<table border=\"0\" width=\"100%\" height=\"100%\" cellpadding=\"0\" cellspacing=\"0\" bgcolor=\"#F0F0F0\" style=\"border-spacing:0;mso-table-lspace:0pt;mso-table-rspace:0pt;\">\n    <tr>\n        <td align=\"center\" valign=\"top\" bgcolor=\"#F0F0F0\" style=\"background-color:#F0F0F0;border-collapse:collapse;\">\n            <br>\n            <!-- 600px container (white background) -->\n            <table id=\"html-mail-table1\" border=\"0\" width=\"600px\" cellpadding=\"10\" cellspacing=\"0\" class=\"container\" style=\"border-spacing:0;mso-table-lspace:0pt;mso-table-rspace:0pt;\">\n                <tr>\n                    <td class=\"container-padding content\" align=\"left\" style=\"border-collapse:collapse;padding-left:24px;padding-right:24px;padding-top:12px;padding-bottom:12px;background-color:#ffffff;\">\n                        <br>\n                        <div class=\"title\" style=\"font-family:Helvetica, Arial, sans-serif;font-size:18px;font-weight:600;color:#374550;\">この度はご注文いただき誠にありがとうございます。</div>\n                        <br>\n                        <div class=\"body-text\" style=\"font-family:Helvetica, Arial, sans-serif;font-size:14px;line-height:20px;text-align:left;color:#333333;\">\n                            近野 美緒里 様<br/>\n                            <br/>\n                            下記ご注文内容にお間違えがないかご確認下さい。<br/>\n                            <br/>\n                            <hr style=\"border-top: 3px double #8c8b8b;\">\n                            　ご請求金額<br/>\n                            <hr style=\"border-top: 3px double #8c8b8b;\">\n                            ご注文日時：2025/05/25 22:07:04<br/>\n                            ご注文番号：155<br/>\n                            お支払い合計：￥357,500<br/>\n                            お支払い方法：クレジットカード決済<br/>\n                                                        お問い合わせ：短納期でお願いします。\n8月11日入籍予定なのでその日に間に合うと助かります。<br/>\n                            <br/>\n                            <hr style=\"border-top: 3px double #8c8b8b;\">\n                            　ご注文商品明細<br/>\n                            <hr style=\"border-top: 3px double #8c8b8b;\">\n                                                                                                                    									                                                                                                                                                                                                                                                                            商品コード：C034<br/>\n                                    商品名：【なつのゆく】  左のリング  プラチナ(Pt900)<br/>\n                                    サイズ：16.5<br/>\n                                    オプション：刻印なし・インサイド石(なし)<br/>                                    <!--<br/>-->\n                                    単価：￥176,000<br/>\n                                    数量：1<br/>\n                                    <br/>\n                                                                                            									                                                                                                                                                                                                                                                                            商品コード：C034<br/>\n                                    商品名：【なつのゆく】  右のリング  プラチナ(Pt900)<br/>\n                                    サイズ：7<br/>\n                                    オプション：刻印なし・インサイド石(なし)<br/>                                    <!--<br/>-->\n                                    単価：￥181,500<br/>\n                                    数量：1<br/>\n                                    <br/>\n                                                                                                                                                                                                                                            <hr style=\"border-top: 2px dashed #8c8b8b;\">\n                            小　計：￥357,500<br/>\n                            手数料：￥0<br/>\n                            送　料：￥0<br/>\n                                                        <hr style=\"border-top: 1px dotted #8c8b8b;\">\n                            合　計：￥357,500<br/>\n                                                        <hr style=\"border-top: 1px dotted #8c8b8b;\">\n                            お支払い合計：￥357,500\n                                                            (10 %対象：￥357,500 内消費税： ￥32,500)<br/>\n                                                        <br/>\n                            <hr style=\"border-top: 3px double #8c8b8b;\">\n                            ご注文者情報<br/>\n                            <hr style=\"border-top: 3px double #8c8b8b;\">\n                            お名前：近野 美緒里 様<br/>\n                            お名前(カナ)：コンノ イオリ 様<br/>\n                                                        郵便番号：〒9602154<br/>\n                            住所：福島県福島市佐倉下字笊内14<br/>\n                            電話番号：08057386685<br/>\n                            メールアドレス：arasuka1541@gmail.com<br/>\n                            <br/>\n                            <hr style=\"border-top: 3px double #8c8b8b;\">\n                            　配送情報<br/>\n                            <hr style=\"border-top: 3px double #8c8b8b;\">\n\n                                                            ◎お届け先<br/>\n                                <br/>\n                                お名前：近野 美緒里 様<br/>\n                                お名前(カナ)：コンノ イオリ 様<br/>\n                                                                                                郵便番号：〒9602154<br/>\n                                住所：福島県福島市佐倉下字笊内14<br/>\n                                電話番号：08057386685<br/>\n                                                                <br/>\n                                配送方法：宅配便<br/>\n                                                                お届け日：指定なし<br/>\n                                お届け時間：指定なし<br/>\n                                <br/>\n                                                                									                                                                                                                                                                                                                                                                            商品コード：C034<br/>\n                                    商品名：【なつのゆく】  左のリング  プラチナ(Pt900)<br/>\n                                    サイズ：16.5<br/>\n                                    オプション：刻印なし・インサイド石(なし)<br/>\n                                    数量：1<br/>\n                                    <br/>\n                                									                                                                                                                                                                                                                                                                            商品コード：C034<br/>\n                                    商品名：【なつのゆく】  右のリング  プラチナ(Pt900)<br/>\n                                    サイズ：7<br/>\n                                    オプション：刻印なし・インサイド石(なし)<br/>\n                                    数量：1<br/>\n                                    <br/>\n                                                                                                                    <hr style=\"border-top: 2px dotted #8c8b8b;\">\n                            このメッセージはお客様へのお知らせ専用ですので、<br/>\n                            このメッセージへの返信としてご質問をお送りいただいても回答できません。<br/>\n                            ご了承ください。<br/>\n                        </div>\n                    </td>\n                </tr>\n            </table>\n            <!--/600px container -->\n            <br>\n            <br>\n            <table id=\"html-mail-table2\" border=\"0\" width=\"600px\" cellpadding=\"10\" cellspacing=\"0\" class=\"container\" style=\"border-spacing:0;mso-table-lspace:0pt;mso-table-rspace:0pt;\">\n                <tr>\n                    <td class=\"container-padding content footer-text\" align=\"left\" style=\"border-collapse:collapse;font-family:Helvetica, Arial, sans-serif;font-size:12px;line-height:16px;color:#aaaaaa;padding-left:24px;padding-right:24px;padding-top:12px;padding-bottom:12px;background-color:#ffffff;\">\n                        本メールは、TANZO.(鍛造指輪)公式オンラインショップより送信しております。<br/>\n                        もしお心当たりが無い場合は、その旨 <a href=\"mailto:shopinfo@onlineshop.tanzo.jp\" style=\"text-decoration:none;\">shopinfo@onlineshop.tanzo.jp</a> までご連絡いただければ幸いです。<br/>\n                        <br/>\n                        <div class=\"title\" style=\"font-size:14px;font-family:Helvetica, Arial, sans-serif;font-weight:600;color:#374550;\"><a href=\"https://onlineshop.tanzo.jp/\" style=\"color:#aaaaaa;text-decoration:none;\">TANZO.(鍛造指輪)公式オンラインショップ</a></div>\n                        <div>copyright &copy; TANZO.(鍛造指輪)公式オンラインショップ all rights reserved.</div>\n                    </td>\n                </tr>\n            </table>\n        </td>\n    </tr>\n</table>\n<!--/100% background wrapper-->\n<br>\n<br>\n</body>\n\n</html>','mailhistory'),(28,160,NULL,'2025-05-31 11:34:50','[TANZO.(鍛造指輪)公式オンラインショップ] ご注文ありがとうございます','西島 紀充 様\n\nこの度はご注文いただき誠にありがとうございます。下記ご注文内容にお間違えがないかご確認下さい。\n\n************************************************\n　ご請求金額\n************************************************\n\nご注文日時：2025/05/31 20:34:41\nご注文番号：160\nお支払い合計：￥269,500\nお支払い方法：クレジットカード決済\nお問い合わせ：\n\n\n************************************************\n　ご注文商品明細\n************************************************\n\n商品コード：C055\n商品名：【光なりける】ダイヤなしver  左のリング  プラチナ(Pt900) サイズ：18\nオプション：刻印なし インサイド石(なし)単価：￥154,000\n数量：1\n\n商品コード：C055\n商品名：【光なりける】ダイヤなしver  右のリング  プラチナ(Pt900) サイズ：9\nオプション：刻印なし インサイド石(なし)単価：￥115,500\n数量：1\n\n-------------------------------------------------\n小　計：￥269,500\n手数料：￥0\n送　料：￥0\n-------------------------------------------------\n合　計：￥269,500\n============================================\nお支払い合計：￥269,500\n    (10 %対象：￥269,500 内消費税：￥24,500)\n  \n************************************************\n　ご注文者情報\n************************************************\nお名前：西島 紀充 様\nお名前(カナ)：ニシジマ コトミ 様\n郵便番号：〒8020002\n住所：福岡県北九州市小倉北区京町4-5-22-205 フェルト716\n電話番号：08052778569\nメールアドレス：zutto_kanari@yahoo.co.jp\n\n************************************************\n　配送情報\n************************************************\n\n◎お届け先\nお名前：西島 紀充 様\nお名前(カナ)：ニシジマ コトミ 様\n郵便番号：〒8020002\n住所：福岡県北九州市小倉北区京町4-5-22-205 フェルト716\n電話番号：08052778569\n\n配送方法：宅配便\nお届け日：指定なし\nお届け時間：指定なし\n\n商品コード：C055\n商品名：【光なりける】ダイヤなしver  左のリング  プラチナ(Pt900)\nサイズ：18\nオプション：刻印なし・インサイド石(なし)数量：1\n\n商品コード：C055\n商品名：【光なりける】ダイヤなしver  右のリング  プラチナ(Pt900)\nサイズ：9\nオプション：刻印なし・インサイド石(なし)数量：1\n\n\n\n============================================\n\nこのメッセージはお客様へのお知らせ専用ですので、\nこのメッセージへの返信としてご質問をお送りいただいても回答できません。\nご了承ください。\n','<!DOCTYPE html PUBLIC \"-//W3C//DTD HTML 4.01 Transitional//EN\" \"http://www.w3.org/TR/html4/loose.dtd\">\n<html xmlns=\"http://www.w3.org/1999/xhtml\">\n\n<body bgcolor=\"#F0F0F0\" leftmargin=\"0\" topmargin=\"0\" marginwidth=\"0\" marginheight=\"0\" style=\"margin-top:0;margin-bottom:0;margin-right:0;margin-left:0;padding-top:0;padding-bottom:0;padding-right:0;padding-left:0;-ms-text-size-adjust:100%;-webkit-text-size-adjust:100%;\">\n<br>\n<br>\n<div align=\"center\"><a href=\"https://onlineshop.tanzo.jp/\" style=\"font-family:Helvetica, Arial, sans-serif;font-size:30px;color:#333333;text-decoration:none;\">TANZO.(鍛造指輪)公式オンラインショップ</a></div>\n<!-- 100% background wrapper (grey background) -->\n<table border=\"0\" width=\"100%\" height=\"100%\" cellpadding=\"0\" cellspacing=\"0\" bgcolor=\"#F0F0F0\" style=\"border-spacing:0;mso-table-lspace:0pt;mso-table-rspace:0pt;\">\n    <tr>\n        <td align=\"center\" valign=\"top\" bgcolor=\"#F0F0F0\" style=\"background-color:#F0F0F0;border-collapse:collapse;\">\n            <br>\n            <!-- 600px container (white background) -->\n            <table id=\"html-mail-table1\" border=\"0\" width=\"600px\" cellpadding=\"10\" cellspacing=\"0\" class=\"container\" style=\"border-spacing:0;mso-table-lspace:0pt;mso-table-rspace:0pt;\">\n                <tr>\n                    <td class=\"container-padding content\" align=\"left\" style=\"border-collapse:collapse;padding-left:24px;padding-right:24px;padding-top:12px;padding-bottom:12px;background-color:#ffffff;\">\n                        <br>\n                        <div class=\"title\" style=\"font-family:Helvetica, Arial, sans-serif;font-size:18px;font-weight:600;color:#374550;\">この度はご注文いただき誠にありがとうございます。</div>\n                        <br>\n                        <div class=\"body-text\" style=\"font-family:Helvetica, Arial, sans-serif;font-size:14px;line-height:20px;text-align:left;color:#333333;\">\n                            西島 紀充 様<br/>\n                            <br/>\n                            下記ご注文内容にお間違えがないかご確認下さい。<br/>\n                            <br/>\n                            <hr style=\"border-top: 3px double #8c8b8b;\">\n                            　ご請求金額<br/>\n                            <hr style=\"border-top: 3px double #8c8b8b;\">\n                            ご注文日時：2025/05/31 20:34:41<br/>\n                            ご注文番号：160<br/>\n                            お支払い合計：￥269,500<br/>\n                            お支払い方法：クレジットカード決済<br/>\n                                                        お問い合わせ：<br/>\n                            <br/>\n                            <hr style=\"border-top: 3px double #8c8b8b;\">\n                            　ご注文商品明細<br/>\n                            <hr style=\"border-top: 3px double #8c8b8b;\">\n                                                                                                                    									                                                                                                                                                                                                                                                                            商品コード：C055<br/>\n                                    商品名：【光なりける】ダイヤなしver  左のリング  プラチナ(Pt900)<br/>\n                                    サイズ：18<br/>\n                                    オプション：刻印なし・インサイド石(なし)<br/>                                    <!--<br/>-->\n                                    単価：￥154,000<br/>\n                                    数量：1<br/>\n                                    <br/>\n                                                                                            									                                                                                                                                                                                                                                                                            商品コード：C055<br/>\n                                    商品名：【光なりける】ダイヤなしver  右のリング  プラチナ(Pt900)<br/>\n                                    サイズ：9<br/>\n                                    オプション：刻印なし・インサイド石(なし)<br/>                                    <!--<br/>-->\n                                    単価：￥115,500<br/>\n                                    数量：1<br/>\n                                    <br/>\n                                                                                                                                                                                                                                            <hr style=\"border-top: 2px dashed #8c8b8b;\">\n                            小　計：￥269,500<br/>\n                            手数料：￥0<br/>\n                            送　料：￥0<br/>\n                                                        <hr style=\"border-top: 1px dotted #8c8b8b;\">\n                            合　計：￥269,500<br/>\n                                                        <hr style=\"border-top: 1px dotted #8c8b8b;\">\n                            お支払い合計：￥269,500\n                                                            (10 %対象：￥269,500 内消費税： ￥24,500)<br/>\n                                                        <br/>\n                            <hr style=\"border-top: 3px double #8c8b8b;\">\n                            ご注文者情報<br/>\n                            <hr style=\"border-top: 3px double #8c8b8b;\">\n                            お名前：西島 紀充 様<br/>\n                            お名前(カナ)：ニシジマ コトミ 様<br/>\n                                                        郵便番号：〒8020002<br/>\n                            住所：福岡県北九州市小倉北区京町4-5-22-205 フェルト716<br/>\n                            電話番号：08052778569<br/>\n                            メールアドレス：zutto_kanari@yahoo.co.jp<br/>\n                            <br/>\n                            <hr style=\"border-top: 3px double #8c8b8b;\">\n                            　配送情報<br/>\n                            <hr style=\"border-top: 3px double #8c8b8b;\">\n\n                                                            ◎お届け先<br/>\n                                <br/>\n                                お名前：西島 紀充 様<br/>\n                                お名前(カナ)：ニシジマ コトミ 様<br/>\n                                                                                                郵便番号：〒8020002<br/>\n                                住所：福岡県北九州市小倉北区京町4-5-22-205 フェルト716<br/>\n                                電話番号：08052778569<br/>\n                                                                <br/>\n                                配送方法：宅配便<br/>\n                                                                お届け日：指定なし<br/>\n                                お届け時間：指定なし<br/>\n                                <br/>\n                                                                									                                                                                                                                                                                                                                                                            商品コード：C055<br/>\n                                    商品名：【光なりける】ダイヤなしver  左のリング  プラチナ(Pt900)<br/>\n                                    サイズ：18<br/>\n                                    オプション：刻印なし・インサイド石(なし)<br/>\n                                    数量：1<br/>\n                                    <br/>\n                                									                                                                                                                                                                                                                                                                            商品コード：C055<br/>\n                                    商品名：【光なりける】ダイヤなしver  右のリング  プラチナ(Pt900)<br/>\n                                    サイズ：9<br/>\n                                    オプション：刻印なし・インサイド石(なし)<br/>\n                                    数量：1<br/>\n                                    <br/>\n                                                                                                                    <hr style=\"border-top: 2px dotted #8c8b8b;\">\n                            このメッセージはお客様へのお知らせ専用ですので、<br/>\n                            このメッセージへの返信としてご質問をお送りいただいても回答できません。<br/>\n                            ご了承ください。<br/>\n                        </div>\n                    </td>\n                </tr>\n            </table>\n            <!--/600px container -->\n            <br>\n            <br>\n            <table id=\"html-mail-table2\" border=\"0\" width=\"600px\" cellpadding=\"10\" cellspacing=\"0\" class=\"container\" style=\"border-spacing:0;mso-table-lspace:0pt;mso-table-rspace:0pt;\">\n                <tr>\n                    <td class=\"container-padding content footer-text\" align=\"left\" style=\"border-collapse:collapse;font-family:Helvetica, Arial, sans-serif;font-size:12px;line-height:16px;color:#aaaaaa;padding-left:24px;padding-right:24px;padding-top:12px;padding-bottom:12px;background-color:#ffffff;\">\n                        本メールは、TANZO.(鍛造指輪)公式オンラインショップより送信しております。<br/>\n                        もしお心当たりが無い場合は、その旨 <a href=\"mailto:shopinfo@onlineshop.tanzo.jp\" style=\"text-decoration:none;\">shopinfo@onlineshop.tanzo.jp</a> までご連絡いただければ幸いです。<br/>\n                        <br/>\n                        <div class=\"title\" style=\"font-size:14px;font-family:Helvetica, Arial, sans-serif;font-weight:600;color:#374550;\"><a href=\"https://onlineshop.tanzo.jp/\" style=\"color:#aaaaaa;text-decoration:none;\">TANZO.(鍛造指輪)公式オンラインショップ</a></div>\n                        <div>copyright &copy; TANZO.(鍛造指輪)公式オンラインショップ all rights reserved.</div>\n                    </td>\n                </tr>\n            </table>\n        </td>\n    </tr>\n</table>\n<!--/100% background wrapper-->\n<br>\n<br>\n</body>\n\n</html>','mailhistory'),(29,161,NULL,'2025-06-02 12:46:51','[TANZO.(鍛造指輪)公式オンラインショップ] ご注文ありがとうございます','吉川 寛乃 様\n\nこの度はご注文いただき誠にありがとうございます。下記ご注文内容にお間違えがないかご確認下さい。\n\n************************************************\n　ご請求金額\n************************************************\n\nご注文日時：2025/06/02 21:46:48\nご注文番号：161\nお支払い合計：￥154,000\nお支払い方法：クレジットカード決済\nお問い合わせ：中村様へ\nメール問い合わせ中案件\n\n\n************************************************\n　ご注文商品明細\n************************************************\n\n商品コード：C001\n商品名：【光なりける】ダイヤ１石ver  左のリング  ピンクゴールド(K18) サイズ：12\nオプション：刻印なし インサイド石(なし)単価：￥154,000\n数量：1\n\n-------------------------------------------------\n小　計：￥154,000\n手数料：￥0\n送　料：￥0\n-------------------------------------------------\n合　計：￥154,000\n============================================\nお支払い合計：￥154,000\n    (10 %対象：￥154,000 内消費税：￥14,000)\n  \n************************************************\n　ご注文者情報\n************************************************\nお名前：吉川 寛乃 様\nお名前(カナ)：ヨシカワ ヒロノ 様\n郵便番号：〒2520302\n住所：神奈川県相模原市南区上鶴間4丁目31-12\n電話番号：09043659973\nメールアドレス：sakuram0chi.13@ymail.ne.jp\n\n************************************************\n　配送情報\n************************************************\n\n◎お届け先\nお名前：吉川 寛乃 様\nお名前(カナ)：ヨシカワ ヒロノ 様\n\n配送方法：店舗受け取り\n\n商品コード：C001\n商品名：【光なりける】ダイヤ１石ver  左のリング  ピンクゴールド(K18)\nサイズ：12\nオプション：刻印なし・インサイド石(なし)数量：1\n\n\n\n============================================\n\nこのメッセージはお客様へのお知らせ専用ですので、\nこのメッセージへの返信としてご質問をお送りいただいても回答できません。\nご了承ください。\n','<!DOCTYPE html PUBLIC \"-//W3C//DTD HTML 4.01 Transitional//EN\" \"http://www.w3.org/TR/html4/loose.dtd\">\n<html xmlns=\"http://www.w3.org/1999/xhtml\">\n\n<body bgcolor=\"#F0F0F0\" leftmargin=\"0\" topmargin=\"0\" marginwidth=\"0\" marginheight=\"0\" style=\"margin-top:0;margin-bottom:0;margin-right:0;margin-left:0;padding-top:0;padding-bottom:0;padding-right:0;padding-left:0;-ms-text-size-adjust:100%;-webkit-text-size-adjust:100%;\">\n<br>\n<br>\n<div align=\"center\"><a href=\"https://onlineshop.tanzo.jp/\" style=\"font-family:Helvetica, Arial, sans-serif;font-size:30px;color:#333333;text-decoration:none;\">TANZO.(鍛造指輪)公式オンラインショップ</a></div>\n<!-- 100% background wrapper (grey background) -->\n<table border=\"0\" width=\"100%\" height=\"100%\" cellpadding=\"0\" cellspacing=\"0\" bgcolor=\"#F0F0F0\" style=\"border-spacing:0;mso-table-lspace:0pt;mso-table-rspace:0pt;\">\n    <tr>\n        <td align=\"center\" valign=\"top\" bgcolor=\"#F0F0F0\" style=\"background-color:#F0F0F0;border-collapse:collapse;\">\n            <br>\n            <!-- 600px container (white background) -->\n            <table id=\"html-mail-table1\" border=\"0\" width=\"600px\" cellpadding=\"10\" cellspacing=\"0\" class=\"container\" style=\"border-spacing:0;mso-table-lspace:0pt;mso-table-rspace:0pt;\">\n                <tr>\n                    <td class=\"container-padding content\" align=\"left\" style=\"border-collapse:collapse;padding-left:24px;padding-right:24px;padding-top:12px;padding-bottom:12px;background-color:#ffffff;\">\n                        <br>\n                        <div class=\"title\" style=\"font-family:Helvetica, Arial, sans-serif;font-size:18px;font-weight:600;color:#374550;\">この度はご注文いただき誠にありがとうございます。</div>\n                        <br>\n                        <div class=\"body-text\" style=\"font-family:Helvetica, Arial, sans-serif;font-size:14px;line-height:20px;text-align:left;color:#333333;\">\n                            吉川 寛乃 様<br/>\n                            <br/>\n                            下記ご注文内容にお間違えがないかご確認下さい。<br/>\n                            <br/>\n                            <hr style=\"border-top: 3px double #8c8b8b;\">\n                            　ご請求金額<br/>\n                            <hr style=\"border-top: 3px double #8c8b8b;\">\n                            ご注文日時：2025/06/02 21:46:48<br/>\n                            ご注文番号：161<br/>\n                            お支払い合計：￥154,000<br/>\n                            お支払い方法：クレジットカード決済<br/>\n                                                        お問い合わせ：中村様へ\nメール問い合わせ中案件<br/>\n                            <br/>\n                            <hr style=\"border-top: 3px double #8c8b8b;\">\n                            　ご注文商品明細<br/>\n                            <hr style=\"border-top: 3px double #8c8b8b;\">\n                                                                                                                    									                                                                                                                                                                                                                                                                            商品コード：C001<br/>\n                                    商品名：【光なりける】ダイヤ１石ver  左のリング  ピンクゴールド(K18)<br/>\n                                    サイズ：12<br/>\n                                    オプション：刻印なし・インサイド石(なし)<br/>                                    <!--<br/>-->\n                                    単価：￥154,000<br/>\n                                    数量：1<br/>\n                                    <br/>\n                                                                                                                                                                                                                                            <hr style=\"border-top: 2px dashed #8c8b8b;\">\n                            小　計：￥154,000<br/>\n                            手数料：￥0<br/>\n                            送　料：￥0<br/>\n                                                        <hr style=\"border-top: 1px dotted #8c8b8b;\">\n                            合　計：￥154,000<br/>\n                                                        <hr style=\"border-top: 1px dotted #8c8b8b;\">\n                            お支払い合計：￥154,000\n                                                            (10 %対象：￥154,000 内消費税： ￥14,000)<br/>\n                                                        <br/>\n                            <hr style=\"border-top: 3px double #8c8b8b;\">\n                            ご注文者情報<br/>\n                            <hr style=\"border-top: 3px double #8c8b8b;\">\n                            お名前：吉川 寛乃 様<br/>\n                            お名前(カナ)：ヨシカワ ヒロノ 様<br/>\n                                                        郵便番号：〒2520302<br/>\n                            住所：神奈川県相模原市南区上鶴間4丁目31-12<br/>\n                            電話番号：09043659973<br/>\n                            メールアドレス：sakuram0chi.13@ymail.ne.jp<br/>\n                            <br/>\n                            <hr style=\"border-top: 3px double #8c8b8b;\">\n                            　配送情報<br/>\n                            <hr style=\"border-top: 3px double #8c8b8b;\">\n\n                                                            ◎お届け先<br/>\n                                <br/>\n                                お名前：吉川 寛乃 様<br/>\n                                お名前(カナ)：ヨシカワ ヒロノ 様<br/>\n                                                                                                <br/>\n                                配送方法：店舗受け取り<br/>\n                                                                									                                                                                                                                                                                                                                                                            商品コード：C001<br/>\n                                    商品名：【光なりける】ダイヤ１石ver  左のリング  ピンクゴールド(K18)<br/>\n                                    サイズ：12<br/>\n                                    オプション：刻印なし・インサイド石(なし)<br/>\n                                    数量：1<br/>\n                                    <br/>\n                                                                                                                    <hr style=\"border-top: 2px dotted #8c8b8b;\">\n                            このメッセージはお客様へのお知らせ専用ですので、<br/>\n                            このメッセージへの返信としてご質問をお送りいただいても回答できません。<br/>\n                            ご了承ください。<br/>\n                        </div>\n                    </td>\n                </tr>\n            </table>\n            <!--/600px container -->\n            <br>\n            <br>\n            <table id=\"html-mail-table2\" border=\"0\" width=\"600px\" cellpadding=\"10\" cellspacing=\"0\" class=\"container\" style=\"border-spacing:0;mso-table-lspace:0pt;mso-table-rspace:0pt;\">\n                <tr>\n                    <td class=\"container-padding content footer-text\" align=\"left\" style=\"border-collapse:collapse;font-family:Helvetica, Arial, sans-serif;font-size:12px;line-height:16px;color:#aaaaaa;padding-left:24px;padding-right:24px;padding-top:12px;padding-bottom:12px;background-color:#ffffff;\">\n                        本メールは、TANZO.(鍛造指輪)公式オンラインショップより送信しております。<br/>\n                        もしお心当たりが無い場合は、その旨 <a href=\"mailto:shopinfo@onlineshop.tanzo.jp\" style=\"text-decoration:none;\">shopinfo@onlineshop.tanzo.jp</a> までご連絡いただければ幸いです。<br/>\n                        <br/>\n                        <div class=\"title\" style=\"font-size:14px;font-family:Helvetica, Arial, sans-serif;font-weight:600;color:#374550;\"><a href=\"https://onlineshop.tanzo.jp/\" style=\"color:#aaaaaa;text-decoration:none;\">TANZO.(鍛造指輪)公式オンラインショップ</a></div>\n                        <div>copyright &copy; TANZO.(鍛造指輪)公式オンラインショップ all rights reserved.</div>\n                    </td>\n                </tr>\n            </table>\n        </td>\n    </tr>\n</table>\n<!--/100% background wrapper-->\n<br>\n<br>\n</body>\n\n</html>','mailhistory'),(30,162,NULL,'2025-06-08 03:30:20','[TANZO.(鍛造指輪)公式オンラインショップ] ご注文ありがとうございます','河内 揚把 様\n\nこの度はご注文いただき誠にありがとうございます。下記ご注文内容にお間違えがないかご確認下さい。\n\n************************************************\n　ご請求金額\n************************************************\n\nご注文日時：2025/06/08 12:30:18\nご注文番号：162\nお支払い合計：￥258,500\nお支払い方法：クレジットカード決済\nお問い合わせ：\n\n\n************************************************\n　ご注文商品明細\n************************************************\n\n商品コード：C055\n商品名：【光なりける】ダイヤなしver  左のリング  プラチナ(Pt900) サイズ：9\nオプション：刻印なし インサイド石(なし)単価：￥137,500\n数量：1\n\n商品コード：C055\n商品名：【光なりける】ダイヤなしver  右のリング  プラチナ(Pt900) サイズ：6\nオプション：刻印なし インサイド石(なし)単価：￥121,000\n数量：1\n\n-------------------------------------------------\n小　計：￥258,500\n手数料：￥0\n送　料：￥0\n-------------------------------------------------\n合　計：￥258,500\n============================================\nお支払い合計：￥258,500\n    (10 %対象：￥258,500 内消費税：￥23,500)\n  \n************************************************\n　ご注文者情報\n************************************************\nお名前：河内 揚把 様\nお名前(カナ)：カワチ アゲハ 様\n郵便番号：〒8070821\n住所：福岡県北九州市八幡西区陣原3丁目19-25　ピュアメゾン605号室\n電話番号：08027860669\nメールアドレス：tierxshoha6408@docomo.ne.jp\n\n************************************************\n　配送情報\n************************************************\n\n◎お届け先\nお名前：河内 揚把 様\nお名前(カナ)：カワチ アゲハ 様\n郵便番号：〒8070821\n住所：福岡県北九州市八幡西区陣原3丁目19-25　ピュアメゾン605号室\n電話番号：08027860669\n\n配送方法：宅配便\nお届け日：指定なし\nお届け時間：指定なし\n\n商品コード：C055\n商品名：【光なりける】ダイヤなしver  左のリング  プラチナ(Pt900)\nサイズ：9\nオプション：刻印なし・インサイド石(なし)数量：1\n\n商品コード：C055\n商品名：【光なりける】ダイヤなしver  右のリング  プラチナ(Pt900)\nサイズ：6\nオプション：刻印なし・インサイド石(なし)数量：1\n\n\n\n============================================\n\nこのメッセージはお客様へのお知らせ専用ですので、\nこのメッセージへの返信としてご質問をお送りいただいても回答できません。\nご了承ください。\n','<!DOCTYPE html PUBLIC \"-//W3C//DTD HTML 4.01 Transitional//EN\" \"http://www.w3.org/TR/html4/loose.dtd\">\n<html xmlns=\"http://www.w3.org/1999/xhtml\">\n\n<body bgcolor=\"#F0F0F0\" leftmargin=\"0\" topmargin=\"0\" marginwidth=\"0\" marginheight=\"0\" style=\"margin-top:0;margin-bottom:0;margin-right:0;margin-left:0;padding-top:0;padding-bottom:0;padding-right:0;padding-left:0;-ms-text-size-adjust:100%;-webkit-text-size-adjust:100%;\">\n<br>\n<br>\n<div align=\"center\"><a href=\"https://onlineshop.tanzo.jp/\" style=\"font-family:Helvetica, Arial, sans-serif;font-size:30px;color:#333333;text-decoration:none;\">TANZO.(鍛造指輪)公式オンラインショップ</a></div>\n<!-- 100% background wrapper (grey background) -->\n<table border=\"0\" width=\"100%\" height=\"100%\" cellpadding=\"0\" cellspacing=\"0\" bgcolor=\"#F0F0F0\" style=\"border-spacing:0;mso-table-lspace:0pt;mso-table-rspace:0pt;\">\n    <tr>\n        <td align=\"center\" valign=\"top\" bgcolor=\"#F0F0F0\" style=\"background-color:#F0F0F0;border-collapse:collapse;\">\n            <br>\n            <!-- 600px container (white background) -->\n            <table id=\"html-mail-table1\" border=\"0\" width=\"600px\" cellpadding=\"10\" cellspacing=\"0\" class=\"container\" style=\"border-spacing:0;mso-table-lspace:0pt;mso-table-rspace:0pt;\">\n                <tr>\n                    <td class=\"container-padding content\" align=\"left\" style=\"border-collapse:collapse;padding-left:24px;padding-right:24px;padding-top:12px;padding-bottom:12px;background-color:#ffffff;\">\n                        <br>\n                        <div class=\"title\" style=\"font-family:Helvetica, Arial, sans-serif;font-size:18px;font-weight:600;color:#374550;\">この度はご注文いただき誠にありがとうございます。</div>\n                        <br>\n                        <div class=\"body-text\" style=\"font-family:Helvetica, Arial, sans-serif;font-size:14px;line-height:20px;text-align:left;color:#333333;\">\n                            河内 揚把 様<br/>\n                            <br/>\n                            下記ご注文内容にお間違えがないかご確認下さい。<br/>\n                            <br/>\n                            <hr style=\"border-top: 3px double #8c8b8b;\">\n                            　ご請求金額<br/>\n                            <hr style=\"border-top: 3px double #8c8b8b;\">\n                            ご注文日時：2025/06/08 12:30:18<br/>\n                            ご注文番号：162<br/>\n                            お支払い合計：￥258,500<br/>\n                            お支払い方法：クレジットカード決済<br/>\n                                                        お問い合わせ：<br/>\n                            <br/>\n                            <hr style=\"border-top: 3px double #8c8b8b;\">\n                            　ご注文商品明細<br/>\n                            <hr style=\"border-top: 3px double #8c8b8b;\">\n                                                                                                                    									                                                                                                                                                                                                                                                                            商品コード：C055<br/>\n                                    商品名：【光なりける】ダイヤなしver  左のリング  プラチナ(Pt900)<br/>\n                                    サイズ：9<br/>\n                                    オプション：刻印なし・インサイド石(なし)<br/>                                    <!--<br/>-->\n                                    単価：￥137,500<br/>\n                                    数量：1<br/>\n                                    <br/>\n                                                                                            									                                                                                                                                                                                                                                                                            商品コード：C055<br/>\n                                    商品名：【光なりける】ダイヤなしver  右のリング  プラチナ(Pt900)<br/>\n                                    サイズ：6<br/>\n                                    オプション：刻印なし・インサイド石(なし)<br/>                                    <!--<br/>-->\n                                    単価：￥121,000<br/>\n                                    数量：1<br/>\n                                    <br/>\n                                                                                                                                                                                                                                            <hr style=\"border-top: 2px dashed #8c8b8b;\">\n                            小　計：￥258,500<br/>\n                            手数料：￥0<br/>\n                            送　料：￥0<br/>\n                                                        <hr style=\"border-top: 1px dotted #8c8b8b;\">\n                            合　計：￥258,500<br/>\n                                                        <hr style=\"border-top: 1px dotted #8c8b8b;\">\n                            お支払い合計：￥258,500\n                                                            (10 %対象：￥258,500 内消費税： ￥23,500)<br/>\n                                                        <br/>\n                            <hr style=\"border-top: 3px double #8c8b8b;\">\n                            ご注文者情報<br/>\n                            <hr style=\"border-top: 3px double #8c8b8b;\">\n                            お名前：河内 揚把 様<br/>\n                            お名前(カナ)：カワチ アゲハ 様<br/>\n                                                        郵便番号：〒8070821<br/>\n                            住所：福岡県北九州市八幡西区陣原3丁目19-25　ピュアメゾン605号室<br/>\n                            電話番号：08027860669<br/>\n                            メールアドレス：tierxshoha6408@docomo.ne.jp<br/>\n                            <br/>\n                            <hr style=\"border-top: 3px double #8c8b8b;\">\n                            　配送情報<br/>\n                            <hr style=\"border-top: 3px double #8c8b8b;\">\n\n                                                            ◎お届け先<br/>\n                                <br/>\n                                お名前：河内 揚把 様<br/>\n                                お名前(カナ)：カワチ アゲハ 様<br/>\n                                                                                                郵便番号：〒8070821<br/>\n                                住所：福岡県北九州市八幡西区陣原3丁目19-25　ピュアメゾン605号室<br/>\n                                電話番号：08027860669<br/>\n                                                                <br/>\n                                配送方法：宅配便<br/>\n                                                                お届け日：指定なし<br/>\n                                お届け時間：指定なし<br/>\n                                <br/>\n                                                                									                                                                                                                                                                                                                                                                            商品コード：C055<br/>\n                                    商品名：【光なりける】ダイヤなしver  左のリング  プラチナ(Pt900)<br/>\n                                    サイズ：9<br/>\n                                    オプション：刻印なし・インサイド石(なし)<br/>\n                                    数量：1<br/>\n                                    <br/>\n                                									                                                                                                                                                                                                                                                                            商品コード：C055<br/>\n                                    商品名：【光なりける】ダイヤなしver  右のリング  プラチナ(Pt900)<br/>\n                                    サイズ：6<br/>\n                                    オプション：刻印なし・インサイド石(なし)<br/>\n                                    数量：1<br/>\n                                    <br/>\n                                                                                                                    <hr style=\"border-top: 2px dotted #8c8b8b;\">\n                            このメッセージはお客様へのお知らせ専用ですので、<br/>\n                            このメッセージへの返信としてご質問をお送りいただいても回答できません。<br/>\n                            ご了承ください。<br/>\n                        </div>\n                    </td>\n                </tr>\n            </table>\n            <!--/600px container -->\n            <br>\n            <br>\n            <table id=\"html-mail-table2\" border=\"0\" width=\"600px\" cellpadding=\"10\" cellspacing=\"0\" class=\"container\" style=\"border-spacing:0;mso-table-lspace:0pt;mso-table-rspace:0pt;\">\n                <tr>\n                    <td class=\"container-padding content footer-text\" align=\"left\" style=\"border-collapse:collapse;font-family:Helvetica, Arial, sans-serif;font-size:12px;line-height:16px;color:#aaaaaa;padding-left:24px;padding-right:24px;padding-top:12px;padding-bottom:12px;background-color:#ffffff;\">\n                        本メールは、TANZO.(鍛造指輪)公式オンラインショップより送信しております。<br/>\n                        もしお心当たりが無い場合は、その旨 <a href=\"mailto:shopinfo@onlineshop.tanzo.jp\" style=\"text-decoration:none;\">shopinfo@onlineshop.tanzo.jp</a> までご連絡いただければ幸いです。<br/>\n                        <br/>\n                        <div class=\"title\" style=\"font-size:14px;font-family:Helvetica, Arial, sans-serif;font-weight:600;color:#374550;\"><a href=\"https://onlineshop.tanzo.jp/\" style=\"color:#aaaaaa;text-decoration:none;\">TANZO.(鍛造指輪)公式オンラインショップ</a></div>\n                        <div>copyright &copy; TANZO.(鍛造指輪)公式オンラインショップ all rights reserved.</div>\n                    </td>\n                </tr>\n            </table>\n        </td>\n    </tr>\n</table>\n<!--/100% background wrapper-->\n<br>\n<br>\n</body>\n\n</html>','mailhistory');

--
