--
-- Host: mysql653.db.sakura.ne.jp    Database: tanzo2_ecc
-- ------------------------------------------------------


--
-- Table structure for table `doctrine_migration_versions`
--

CREATE TABLE `doctrine_migration_versions` (
  `version` varchar(191) COLLATE utf8_unicode_ci NOT NULL,
  `executed_at` datetime DEFAULT NULL COMMENT '(DC2Type:datetime)',
  `execution_time` int(11) DEFAULT NULL,
  PRIMARY KEY (`version`)
) ENGINE=InnoDB DEFAULT CHARSET=utf8 COLLATE=utf8_unicode_ci;

--
-- Dumping data for table `doctrine_migration_versions`
--

INSERT INTO `doctrine_migration_versions` VALUES ('DoctrineMigrations\\Version20181017090225','2023-12-19 10:30:27',14),('DoctrineMigrations\\Version20181109101907','2023-12-19 10:30:27',1),('DoctrineMigrations\\Version20190821081036','2023-12-19 10:30:27',74),('DoctrineMigrations\\Version20200303053716','2023-12-19 10:30:27',0),('DoctrineMigrations\\Version20201127000000','2023-12-19 10:30:27',0),('DoctrineMigrations\\Version20201218044542','2023-12-19 10:30:27',0),('DoctrineMigrations\\Version20210316120000','2023-12-19 10:30:27',0),('DoctrineMigrations\\Version20210319122142','2023-12-19 10:30:27',1),('DoctrineMigrations\\Version20210401120000','2023-12-19 10:30:27',0),('DoctrineMigrations\\Version20210412073123','2023-12-19 10:30:27',69),('DoctrineMigrations\\Version20210831190000','2023-12-19 10:30:27',0),('DoctrineMigrations\\Version20211111050712','2023-12-19 10:30:27',1),('DoctrineMigrations\\Version20230116061053','2023-12-19 10:30:27',67),('DoctrineMigrations\\Version20230515023836','2023-12-19 10:30:27',0),('DoctrineMigrations\\Version20230928014611','2023-12-19 10:30:27',0);

--
-- Table structure for table `dtb_authority_role`
--

CREATE TABLE `dtb_authority_role` (
  `id` int(10) unsigned NOT NULL AUTO_INCREMENT,
  `authority_id` smallint(5) unsigned DEFAULT NULL,
  `creator_id` int(10) unsigned DEFAULT NULL,
  `deny_url` varchar(4000) COLLATE utf8mb4_bin NOT NULL,
  `create_date` datetime NOT NULL COMMENT '(DC2Type:datetimetz)',
  `update_date` datetime NOT NULL COMMENT '(DC2Type:datetimetz)',
  `discriminator_type` varchar(255) COLLATE utf8mb4_bin NOT NULL,
  PRIMARY KEY (`id`),
  KEY `IDX_4A1F70B181EC865B` (`authority_id`),
  KEY `IDX_4A1F70B161220EA6` (`creator_id`),
  CONSTRAINT `FK_4A1F70B161220EA6` FOREIGN KEY (`creator_id`) REFERENCES `dtb_member` (`id`),
  CONSTRAINT `FK_4A1F70B181EC865B` FOREIGN KEY (`authority_id`) REFERENCES `mtb_authority` (`id`)
) ENGINE=InnoDB DEFAULT CHARSET=utf8mb4 COLLATE=utf8mb4_bin;

--
-- Dumping data for table `dtb_authority_role`
--


--
-- Table structure for table `dtb_base_info`
--

CREATE TABLE `dtb_base_info` (
  `id` int(10) unsigned NOT NULL AUTO_INCREMENT,
  `country_id` smallint(5) unsigned DEFAULT NULL,
  `pref_id` smallint(5) unsigned DEFAULT NULL,
  `company_name` varchar(255) COLLATE utf8mb4_bin DEFAULT NULL,
  `company_kana` varchar(255) COLLATE utf8mb4_bin DEFAULT NULL,
  `postal_code` varchar(8) COLLATE utf8mb4_bin DEFAULT NULL,
  `addr01` varchar(255) COLLATE utf8mb4_bin DEFAULT NULL,
  `addr02` varchar(255) COLLATE utf8mb4_bin DEFAULT NULL,
  `phone_number` varchar(14) COLLATE utf8mb4_bin DEFAULT NULL,
  `business_hour` varchar(255) COLLATE utf8mb4_bin DEFAULT NULL,
  `email01` varchar(255) COLLATE utf8mb4_bin DEFAULT NULL,
  `email02` varchar(255) COLLATE utf8mb4_bin DEFAULT NULL,
  `email03` varchar(255) COLLATE utf8mb4_bin DEFAULT NULL,
  `email04` varchar(255) COLLATE utf8mb4_bin DEFAULT NULL,
  `shop_name` varchar(255) COLLATE utf8mb4_bin DEFAULT NULL,
  `shop_kana` varchar(255) COLLATE utf8mb4_bin DEFAULT NULL,
  `shop_name_eng` varchar(255) COLLATE utf8mb4_bin DEFAULT NULL,
  `update_date` datetime NOT NULL COMMENT '(DC2Type:datetimetz)',
  `good_traded` varchar(4000) COLLATE utf8mb4_bin DEFAULT NULL,
  `message` varchar(4000) COLLATE utf8mb4_bin DEFAULT NULL,
  `delivery_free_amount` decimal(12,2) unsigned DEFAULT NULL,
  `delivery_free_quantity` int(10) unsigned DEFAULT NULL,
  `option_mypage_order_status_display` tinyint(1) NOT NULL DEFAULT '1',
  `option_nostock_hidden` tinyint(1) NOT NULL DEFAULT '0',
  `option_favorite_product` tinyint(1) NOT NULL DEFAULT '1',
  `option_product_delivery_fee` tinyint(1) NOT NULL DEFAULT '0',
  `invoice_registration_number` varchar(255) COLLATE utf8mb4_bin DEFAULT NULL,
  `option_product_tax_rule` tinyint(1) NOT NULL DEFAULT '0',
  `option_customer_activate` tinyint(1) NOT NULL DEFAULT '1',
  `option_remember_me` tinyint(1) NOT NULL DEFAULT '1',
  `option_mail_notifier` tinyint(1) NOT NULL DEFAULT '0',
  `authentication_key` varchar(255) COLLATE utf8mb4_bin DEFAULT NULL,
  `php_path` varchar(255) COLLATE utf8mb4_bin DEFAULT NULL,
  `option_point` tinyint(1) NOT NULL DEFAULT '1',
  `basic_point_rate` decimal(10,0) unsigned DEFAULT '1',
  `point_conversion_rate` decimal(10,0) unsigned DEFAULT '1',
  `discriminator_type` varchar(255) COLLATE utf8mb4_bin NOT NULL,
  `site_kit_site_id` varchar(255) COLLATE utf8mb4_bin DEFAULT NULL,
  `site_kit_site_secret` varchar(255) COLLATE utf8mb4_bin DEFAULT NULL,
  PRIMARY KEY (`id`),
  KEY `IDX_1D3655F4F92F3E70` (`country_id`),
  KEY `IDX_1D3655F4E171EF5F` (`pref_id`),
  CONSTRAINT `FK_1D3655F4E171EF5F` FOREIGN KEY (`pref_id`) REFERENCES `mtb_pref` (`id`),
  CONSTRAINT `FK_1D3655F4F92F3E70` FOREIGN KEY (`country_id`) REFERENCES `mtb_country` (`id`)
) ENGINE=InnoDB AUTO_INCREMENT=2 DEFAULT CHARSET=utf8mb4 COLLATE=utf8mb4_bin;

--
-- Dumping data for table `dtb_base_info`
--

INSERT INTO `dtb_base_info` VALUES (1,NULL,13,'鍛造指輪株式会社®',NULL,'1030004','中央区東日本橋','3-6-17',NULL,NULL,'shopinfo@onlineshop.tanzo.jp','shopinfo@onlineshop.tanzo.jp','shopinfo@onlineshop.tanzo.jp','shopinfo@onlineshop.tanzo.jp','TANZO.(鍛造指輪)公式オンラインショップ',NULL,NULL,'2024-08-07 03:54:02','結婚指輪、婚約指輪、エタニティリング、アニバーサリージュエリー','“１０年後も、２０年後も、後悔しない指輪をつくりたい”\r\n\r\nそんな想いから、私達は “鍛造製法” にこだわった一生モノの指輪を企画・販売しております。',30000.00,NULL,0,0,0,0,NULL,0,1,0,1,'f24ff9f0effccc1dcdab39b38ead331b5a673178',NULL,0,1,1,'baseinfo',NULL,NULL);

--
-- Table structure for table `dtb_block`
--

CREATE TABLE `dtb_block` (
  `id` int(10) unsigned NOT NULL AUTO_INCREMENT,
  `device_type_id` smallint(5) unsigned DEFAULT NULL,
  `block_name` varchar(255) COLLATE utf8mb4_bin DEFAULT NULL,
  `file_name` varchar(255) COLLATE utf8mb4_bin NOT NULL,
  `use_controller` tinyint(1) NOT NULL DEFAULT '0',
  `deletable` tinyint(1) NOT NULL DEFAULT '1',
  `create_date` datetime NOT NULL COMMENT '(DC2Type:datetimetz)',
  `update_date` datetime NOT NULL COMMENT '(DC2Type:datetimetz)',
  `discriminator_type` varchar(255) COLLATE utf8mb4_bin NOT NULL,
  PRIMARY KEY (`id`),
  UNIQUE KEY `device_type_id` (`device_type_id`,`file_name`),
  KEY `IDX_6B54DCBD4FFA550E` (`device_type_id`),
  CONSTRAINT `FK_6B54DCBD4FFA550E` FOREIGN KEY (`device_type_id`) REFERENCES `mtb_device_type` (`id`)
) ENGINE=InnoDB AUTO_INCREMENT=24 DEFAULT CHARSET=utf8mb4 COLLATE=utf8mb4_bin;

--
-- Dumping data for table `dtb_block`
--

INSERT INTO `dtb_block` VALUES (1,10,'カート','cart',0,0,'2023-12-04 05:31:39','2023-12-04 05:31:39','block'),(2,10,'カテゴリ','category',0,0,'2023-12-04 05:31:39','2023-12-04 05:31:39','block'),(3,10,'カテゴリナビ(PC)','category_nav_pc',0,0,'2023-12-04 05:31:39','2023-12-04 05:31:39','block'),(4,10,'カテゴリナビ(SP)','category_nav_sp',0,0,'2023-12-04 05:31:39','2023-12-04 05:31:39','block'),(5,10,'新入荷商品特集','eyecatch',0,0,'2023-12-04 05:31:39','2023-12-04 05:31:39','block'),(6,10,'フッター','footer',0,0,'2023-12-04 05:31:39','2023-12-04 05:31:39','block'),(7,10,'ヘッダーメニュー','header',0,0,'2023-12-04 05:31:39','2024-04-04 01:48:08','block'),(8,10,'ログインナビ(共通)','login',0,0,'2023-12-04 05:31:39','2023-12-04 05:31:39','block'),(9,10,'ログインナビ(SP)','login_sp',0,0,'2023-12-04 05:31:39','2023-12-04 05:31:39','block'),(10,10,'ロゴ','logo',0,0,'2023-12-04 05:31:39','2023-12-04 05:31:39','block'),(11,10,'新着商品','new_item',0,0,'2023-12-04 05:31:39','2023-12-04 05:31:39','block'),(12,10,'新着情報','news',0,0,'2023-12-04 05:31:39','2023-12-04 05:31:39','block'),(13,10,'商品検索','search_product',1,0,'2023-12-04 05:31:39','2023-12-04 05:31:39','block'),(14,10,'トピック','topic',0,0,'2023-12-04 05:31:39','2023-12-04 05:31:39','block'),(17,10,'カレンダー','calendar',1,0,'2023-12-04 05:31:39','2023-12-04 05:31:39','block'),(19,10,'Tanzo HPへのリンク','to_hp',0,1,'2024-02-04 07:51:22','2024-02-04 07:51:22','block'),(22,10,'おすすめ商品','recommend_product_block',0,0,'2024-06-17 08:17:43','2024-06-17 08:17:43','block'),(23,10,'Cookie同意管理','cookie',1,0,'2024-07-04 04:01:43','2024-07-04 04:01:43','block');

--
-- Table structure for table `dtb_block_position`
--

CREATE TABLE `dtb_block_position` (
  `section` int(10) unsigned NOT NULL,
  `block_id` int(10) unsigned NOT NULL,
  `layout_id` int(10) unsigned NOT NULL,
  `block_row` int(10) unsigned DEFAULT NULL,
  `discriminator_type` varchar(255) COLLATE utf8mb4_bin NOT NULL,
  PRIMARY KEY (`section`,`block_id`,`layout_id`),
  KEY `IDX_35DCD731E9ED820C` (`block_id`),
  KEY `IDX_35DCD7318C22AA1A` (`layout_id`),
  CONSTRAINT `FK_35DCD7318C22AA1A` FOREIGN KEY (`layout_id`) REFERENCES `dtb_layout` (`id`),
  CONSTRAINT `FK_35DCD731E9ED820C` FOREIGN KEY (`block_id`) REFERENCES `dtb_block` (`id`)
) ENGINE=InnoDB DEFAULT CHARSET=utf8mb4 COLLATE=utf8mb4_bin;

--
-- Dumping data for table `dtb_block_position`
--

INSERT INTO `dtb_block_position` VALUES (2,23,1,0,'blockposition'),(2,23,5,0,'blockposition'),(3,7,1,0,'blockposition'),(3,7,2,0,'blockposition'),(3,7,5,0,'blockposition'),(7,2,1,0,'blockposition'),(7,12,1,2,'blockposition'),(7,19,1,3,'blockposition'),(7,22,1,1,'blockposition'),(10,6,1,0,'blockposition'),(10,6,2,0,'blockposition'),(10,6,5,0,'blockposition'),(11,4,1,1,'blockposition'),(11,4,2,1,'blockposition'),(11,4,5,1,'blockposition'),(11,9,1,2,'blockposition'),(11,9,2,2,'blockposition'),(11,9,5,2,'blockposition'),(11,13,1,0,'blockposition'),(11,13,2,0,'blockposition'),(11,13,5,0,'blockposition');

--
-- Table structure for table `dtb_calendar`
--

CREATE TABLE `dtb_calendar` (
  `id` int(10) unsigned NOT NULL AUTO_INCREMENT,
  `title` varchar(255) COLLATE utf8mb4_bin DEFAULT NULL,
  `holiday` datetime NOT NULL COMMENT '(DC2Type:datetimetz)',
  `create_date` datetime NOT NULL COMMENT '(DC2Type:datetimetz)',
  `update_date` datetime NOT NULL COMMENT '(DC2Type:datetimetz)',
  `discriminator_type` varchar(255) COLLATE utf8mb4_bin NOT NULL,
  PRIMARY KEY (`id`)
) ENGINE=InnoDB DEFAULT CHARSET=utf8mb4 COLLATE=utf8mb4_bin;

--
-- Dumping data for table `dtb_calendar`
--


--
-- Table structure for table `dtb_cart`
--

CREATE TABLE `dtb_cart` (
  `id` int(10) unsigned NOT NULL AUTO_INCREMENT,
  `customer_id` int(10) unsigned DEFAULT NULL,
  `cart_key` varchar(255) COLLATE utf8mb4_bin DEFAULT NULL,
  `pre_order_id` varchar(255) COLLATE utf8mb4_bin DEFAULT NULL,
  `total_price` decimal(12,2) unsigned NOT NULL DEFAULT '0.00',
  `delivery_fee_total` decimal(12,2) unsigned NOT NULL DEFAULT '0.00',
  `sort_no` smallint(5) unsigned DEFAULT NULL,
  `create_date` datetime NOT NULL COMMENT '(DC2Type:datetimetz)',
  `update_date` datetime NOT NULL COMMENT '(DC2Type:datetimetz)',
  `add_point` decimal(12,0) unsigned NOT NULL DEFAULT '0',
  `use_point` decimal(12,0) unsigned NOT NULL DEFAULT '0',
  `discriminator_type` varchar(255) COLLATE utf8mb4_bin NOT NULL,
  PRIMARY KEY (`id`),
  UNIQUE KEY `dtb_cart_pre_order_id_idx` (`pre_order_id`),
  KEY `IDX_FC3C24F09395C3F3` (`customer_id`),
  KEY `dtb_cart_update_date_idx` (`update_date`),
  CONSTRAINT `FK_FC3C24F09395C3F3` FOREIGN KEY (`customer_id`) REFERENCES `dtb_customer` (`id`)
) ENGINE=InnoDB AUTO_INCREMENT=315 DEFAULT CHARSET=utf8mb4 COLLATE=utf8mb4_bin;

--
-- Dumping data for table `dtb_cart`
--

INSERT INTO `dtb_cart` VALUES (1,NULL,'HwXKmDFOFMnTrAIZBKVb0VDYTiyOCwRt_1','44fee9b826ef0283984a232d93bc9d5a0a712b3a',176000.00,0.00,NULL,'2024-07-09 08:43:19','2024-07-09 08:44:34',0,0,'cart'),(9,NULL,'IsgQeGe79cO8K7k0RK1bf4ZZFXi7cR9J_1',NULL,1892000.00,0.00,NULL,'2024-07-11 09:07:26','2024-07-11 09:45:10',0,0,'cart'),(19,NULL,'wVp5q3rbbKjQwQMBxUOLFKRyKqqG0NCM_1','890042b5a59fb4a9d4bf8df95bac56c14ba7f462',451000.00,0.00,NULL,'2024-07-12 03:17:45','2024-07-12 03:18:39',0,0,'cart'),(58,NULL,'T01W7PcIdlMtFfooDP2aiIMRecaYFzGG_1',NULL,293700.00,0.00,NULL,'2024-07-12 09:56:17','2024-07-12 09:56:19',0,0,'cart'),(59,NULL,'BlhGlnOuDO1sl1vwIDs2LKnqsfDHBk2J_1','45b0788c070bf1154d97108b00680f39450df959',352000.00,0.00,NULL,'2024-07-16 09:43:29','2024-07-16 09:45:07',0,0,'cart'),(62,NULL,'JdDxVCD7kRYpoSWnaj4I5bW8ELoib7XU_1','92bcb1a3935623bc4f69a69cd2d4e7c7303ce25b',167200.00,0.00,NULL,'2024-07-19 07:16:09','2024-07-19 10:31:18',0,0,'cart'),(67,NULL,'1bhN3Vwdhf7MunrFJotwFlNNC8Oz3lqI_1','8a9050f46e76b35077da7c1985d199ee29de16a7',139700.00,0.00,NULL,'2024-07-22 07:57:32','2024-07-22 07:57:58',0,0,'cart'),(68,NULL,'dTCVBawHwZ3agNKO1uw9ifK9ldyMTlb3_1','c0ceeb52a86ba1524bfec96aaa734b00406aed1a',139700.00,0.00,NULL,'2024-07-22 07:59:23','2024-07-22 08:40:21',0,0,'cart'),(69,NULL,'e0W0ANkqC5e18NVT0Rh6WNCEeJ8OH6aY_1','6d532b857065fdafb9d71393323d4f651cd5c0ab',139700.00,0.00,NULL,'2024-07-22 08:46:19','2024-07-22 09:06:23',0,0,'cart'),(70,NULL,'TKSSY0iMZpK8lxoTXrE9edSxrHsbWJ8F_1','5f2ce0cd21c387b7b380043fd4854d0c6920bf26',139700.00,0.00,NULL,'2024-07-22 09:30:31','2024-07-22 09:30:47',0,0,'cart'),(72,NULL,'5SmJSmaDrSJ9xex5qcgmFR4vRVeSTwfO_1','668727b9317fe628f9bec6e675caab5cbf858181',139700.00,0.00,NULL,'2024-07-23 04:38:26','2024-07-23 04:55:14',0,0,'cart'),(76,NULL,'4zJ8Z3XKmB1KAfklZHna3mdWCvq6X76D_1','2ed8aebd26bec316a99371c70bfc53f0490b6163',462000.00,0.00,NULL,'2024-07-23 06:58:05','2024-07-23 10:18:10',0,0,'cart'),(77,NULL,'vLDaxNieEU9Utylb903khbpVp9DCY8tm_1','46c5855f555c5c06c4932c02eaf0d7923aed0f53',407000.00,0.00,NULL,'2024-07-29 09:05:15','2024-07-29 09:24:28',0,0,'cart'),(81,NULL,'QjDgWHtKd6iARfQU67t8SOITwqFMSXbK_1','1193951137d9651043f2d6c06f029210dc33bbd0',293700.00,0.00,NULL,'2024-07-30 05:31:45','2024-07-30 05:32:28',0,0,'cart'),(82,NULL,'0p9Alrhp6cmDXuA4TI2oubqCRXj3gko7_1','6bd41fac02c7830416c897fcc84f1e7219992b58',293700.00,0.00,NULL,'2024-07-31 06:27:21','2024-07-31 07:03:35',0,0,'cart'),(84,NULL,'imcdxLhasnhaSnwTZI0w0tjDiBwc3pZi_1','f14f1696bc6e522c826f68b683a89253230fbeaa',346500.00,0.00,NULL,'2024-07-31 06:46:23','2024-07-31 06:50:33',0,0,'cart'),(85,NULL,'O2KBCOfyNVXH5Jsuu2aThjs7t1N7G4eS_1',NULL,178200.00,0.00,NULL,'2024-08-01 08:20:39','2024-08-01 08:20:41',0,0,'cart'),(86,NULL,'Xd5QTe8D6EM4BfWaGczi16yGJ5TudIko_1',NULL,154000.00,0.00,NULL,'2024-08-01 08:42:29','2024-08-01 08:42:31',0,0,'cart'),(88,NULL,'9ZL95EyYlyaocdCPyItvKgj7QdlLrEfO_1',NULL,550000.00,0.00,NULL,'2024-08-05 09:19:25','2024-08-05 09:19:26',0,0,'cart'),(91,NULL,'oPMbLZhYEuXhjXMpWKzxb30gAC0juJQr_1','d2f422a34f1d5041b0da0ba1c599d444792dce42',440000.00,0.00,NULL,'2024-08-08 03:15:15','2024-08-08 03:21:30',0,0,'cart'),(92,NULL,'6InNSi6VlKSHMj931g9BB4ZRWusJHqTi_1',NULL,115500.00,0.00,NULL,'2024-08-15 01:20:17','2024-08-15 01:31:02',0,0,'cart'),(93,NULL,'P9hbDlYcut243l7gxaiP7zIbPT3YFfqY_1',NULL,143000.00,0.00,NULL,'2024-08-16 02:30:47','2024-08-16 02:32:13',0,0,'cart'),(95,NULL,'rKzTOp7AQAc7pUnNrpZmzEpKHHN0552N_1',NULL,346500.00,0.00,NULL,'2024-08-16 02:32:31','2024-08-16 02:32:32',0,0,'cart'),(97,NULL,'UmVrA9bjsj48ty4i3SzuSwkSDuYc4kzK_1',NULL,550000.00,0.00,NULL,'2024-08-20 08:52:50','2024-08-20 08:52:51',0,0,'cart'),(98,NULL,'susD6UnCtGByjqKUuIqLxdDxdBxQTKTY_1',NULL,291500.00,0.00,NULL,'2024-08-20 08:54:02','2024-08-20 08:54:03',0,0,'cart'),(101,NULL,'UqL8LsTDEU73lGxVH0rhul4I7W8KLoae_1',NULL,280500.00,0.00,NULL,'2024-08-22 08:25:35','2024-08-22 08:25:45',0,0,'cart'),(106,NULL,'uSSQyu7abbu6F66C81wtyGK64Q1bmqtK_1',NULL,143000.00,0.00,NULL,'2024-08-23 02:42:19','2024-08-23 02:42:19',0,0,'cart'),(107,NULL,'LuXzKdYKw0ZyCAH8hXQ2lwp3vIDYL8X0_1',NULL,324500.00,0.00,NULL,'2024-08-23 03:36:35','2024-08-23 03:36:37',0,0,'cart'),(108,NULL,'2bzpRjCE988nywI4qbeetREBmB01NAi1_1',NULL,143000.00,0.00,NULL,'2024-08-23 03:36:47','2024-08-23 03:36:49',0,0,'cart'),(109,NULL,'PyuoAAiw9t2AYPVoYebPRpncHERiLhRb_1',NULL,282700.00,0.00,NULL,'2024-08-23 06:24:23','2024-08-23 06:24:25',0,0,'cart'),(110,NULL,'DJ4CNhaSB1mBydcizazWnVn4CzpOprWH_1',NULL,302500.00,0.00,NULL,'2024-08-25 04:45:04','2024-08-25 04:45:05',0,0,'cart'),(111,NULL,'912Kt5iMPLISBiQhcdCxgbqhf5Dv1pUM_1',NULL,324500.00,0.00,NULL,'2024-08-25 19:32:00','2024-08-25 19:32:02',0,0,'cart'),(114,NULL,'mW4ypR5Ez9KhkTcfn4FBM7yGPDv4iGMm_1',NULL,462000.00,0.00,NULL,'2024-08-31 03:50:53','2024-08-31 03:50:55',0,0,'cart'),(116,NULL,'74eSm5rxU6v2CnTcy43EsTtLl1IvbwGV_1',NULL,572000.00,0.00,NULL,'2024-08-31 10:12:26','2024-08-31 10:12:46',0,0,'cart'),(117,NULL,'SRN0U5NLhqxpu9uFrH6Guzuq22XdTYpj_1',NULL,170500.00,0.00,NULL,'2024-09-01 12:01:25','2024-09-01 12:01:27',0,0,'cart'),(118,NULL,'5J94PNOOwp9J41n7Ebld8BECDrIN5nBd_1',NULL,0.00,0.00,NULL,'2024-09-05 07:05:39','2024-09-05 07:05:39',0,0,'cart'),(119,NULL,'tz6n0YJL01O80b17PaGUwEbfL4LIrV5h_1',NULL,264000.00,0.00,NULL,'2024-09-05 21:09:48','2024-09-05 21:09:51',0,0,'cart'),(123,NULL,'LIsjrKoxi18x92J2z2BNaU65JOHRTI7i_1',NULL,907500.00,0.00,NULL,'2024-09-08 03:26:44','2024-09-08 03:26:49',0,0,'cart'),(124,NULL,'Q3kWpzGPe0a9Oo9fKBKXpxnQgHHMHAfO_1',NULL,282700.00,0.00,NULL,'2024-09-09 05:59:05','2024-09-09 05:59:07',0,0,'cart'),(125,NULL,'jfcvL61aaSlH7OvqKiVHZxhoHRgEAZ5o_1',NULL,159500.00,0.00,NULL,'2024-09-09 15:31:01','2024-09-09 15:31:03',0,0,'cart'),(137,NULL,'bwlpgCN6KO4f1gLw6iU8BskGpDeHOjMi_1',NULL,478500.00,0.00,NULL,'2024-09-10 01:12:08','2024-09-10 01:12:11',0,0,'cart'),(138,NULL,'C6zETRSsRU7UUJ1OlWtJ2IFieKyDWLJR_1',NULL,621500.00,0.00,NULL,'2024-09-10 01:27:19','2024-09-10 01:27:20',0,0,'cart'),(139,NULL,'kQ68S2o5ARhaUqACTS9h6fUATKiYavlP_1',NULL,368500.00,0.00,NULL,'2024-09-13 06:54:38','2024-09-13 06:54:48',0,0,'cart'),(140,NULL,'B6vZGfusjCOrjkZUqTMdax6gUdGtmnjX_1',NULL,275000.00,0.00,NULL,'2024-09-15 16:01:16','2024-09-15 16:01:18',0,0,'cart'),(141,NULL,'Ha7YMchap6agqAIWsnLU4t9TWTJ3d1ZZ_1',NULL,302500.00,0.00,NULL,'2024-09-16 07:55:38','2024-09-16 07:55:40',0,0,'cart'),(142,NULL,'hoXGCDqKXdiHd9bbUoDQDfsb0tBOEgHh_1',NULL,357500.00,0.00,NULL,'2024-09-18 04:50:07','2024-09-18 04:50:09',0,0,'cart'),(143,NULL,'RVCvIiDSqDsYVFsOyUMmT19567AJc7bi_1',NULL,192500.00,0.00,NULL,'2024-09-18 15:57:05','2024-09-18 15:57:05',0,0,'cart'),(145,NULL,'eg7jnLMdGdEu5fp2rPWlNWKRkURgpbfV_1',NULL,539000.00,0.00,NULL,'2024-09-19 11:25:16','2024-09-19 11:25:16',0,0,'cart'),(150,NULL,'6VJHpcfN3cAIratbm4zURJlwE88ZKMVl_1',NULL,308000.00,0.00,NULL,'2024-09-24 01:33:37','2024-09-24 01:33:38',0,0,'cart'),(152,NULL,'ZzNf5OscWg2EFVkruFho6DDvgubDoMIp_1',NULL,653400.00,0.00,NULL,'2024-09-28 23:30:04','2024-09-28 23:30:05',0,0,'cart'),(153,NULL,'lc9OnH8FBBWYcUlJzeBly1LzEF67qKbS_1',NULL,178200.00,0.00,NULL,'2024-09-29 14:43:58','2024-09-29 14:44:01',0,0,'cart'),(155,NULL,'n1HH69XVM98rNkUAtAH8R9z11OD8Ycqs_1','d759a9b3a57b6a8f1108deaeefcd1f9196cf484b',792000.00,0.00,NULL,'2024-09-30 06:38:11','2024-09-30 06:38:30',0,0,'cart'),(157,NULL,'XYf7lwK4uAZjXYPnYEG0AYKidio3bS2O_1',NULL,742500.00,0.00,NULL,'2024-10-01 10:09:12','2024-10-01 10:09:13',0,0,'cart'),(160,NULL,'lLkyH0kOE1vqsqNIL4W6tPFrG1itz39V_1',NULL,473000.00,0.00,NULL,'2024-10-16 00:46:40','2024-10-16 00:46:44',0,0,'cart'),(162,NULL,'ML36M9BusYKFidbw4BPR1UEXup9BStms_1',NULL,313500.00,0.00,NULL,'2024-10-20 05:19:51','2024-10-20 05:19:53',0,0,'cart'),(163,NULL,'0pK6IoMlLDJK6Cu7YYKwW4zVPjkToCY4_1',NULL,302500.00,0.00,NULL,'2024-10-20 08:34:01','2024-10-20 08:34:04',0,0,'cart'),(164,NULL,'WoG5drhphIRkqr8VkiiS26rCXPHYDwMo_1',NULL,390500.00,0.00,NULL,'2024-10-21 00:52:54','2024-10-21 00:52:55',0,0,'cart'),(165,NULL,'W10VN5N36ujgTOfwPziqRB6y0eiiyQ48_1','81106f29a0a68649ddad91f321ec6373fe4e7694',324500.00,0.00,NULL,'2024-10-24 06:53:43','2024-10-24 06:55:42',0,0,'cart'),(166,NULL,'6WRdRut17HD04U2rKnJjMplxk9SIP9NG_1',NULL,556600.00,0.00,NULL,'2024-10-24 07:00:41','2024-10-24 07:00:42',0,0,'cart'),(167,NULL,'BcAuoHIHUD7rqmPylYHeQXV0FOZHq9lB_1',NULL,346500.00,0.00,NULL,'2024-11-01 11:46:57','2024-11-01 11:46:59',0,0,'cart'),(168,NULL,'gH8lL7lwxsBgdEs1Fefx00HekrBUsv7f_1',NULL,313500.00,0.00,NULL,'2024-11-02 01:40:10','2024-11-02 01:40:12',0,0,'cart'),(169,NULL,'uGTzFkBzweyHcBLp95Ws8uIlTzwPikz3_1',NULL,350900.00,0.00,NULL,'2024-11-03 09:15:38','2024-11-03 09:15:42',0,0,'cart'),(173,NULL,'wWw9sk2PbTJ5ewgxMDWJ5DP7wsVeGnit_1',NULL,598400.00,0.00,NULL,'2024-11-04 05:25:16','2024-11-04 05:25:35',0,0,'cart'),(174,NULL,'Vzt1FGbMw9WcKCjpIamtTR0lEq8nSWRB_1',NULL,335500.00,0.00,NULL,'2024-11-04 10:12:18','2024-11-04 10:12:20',0,0,'cart'),(175,NULL,'GOzXKusmGGVvdU6LWQPgW7OsoLtwExlm_1','6d04e46e4402980217001f8ab7d19f591c54f6e4',429000.00,0.00,NULL,'2024-11-05 08:40:52','2024-11-05 08:41:39',0,0,'cart'),(176,NULL,'yaFFrbBhDKxMQY2A57gadInOxRVbM7pA_1',NULL,192500.00,0.00,NULL,'2024-11-10 11:24:29','2024-11-10 11:24:32',0,0,'cart'),(177,NULL,'shVtYy9UPjlzVLP72rdYLOkurIh3l1Oa_1',NULL,431200.00,0.00,NULL,'2024-11-13 11:58:53','2024-11-13 11:58:53',0,0,'cart'),(179,NULL,'M7Tkrld8gIum3yc7nORZvoKEYzj7wCI9_1',NULL,324500.00,0.00,NULL,'2024-11-20 01:33:39','2024-11-20 01:33:39',0,0,'cart'),(181,NULL,'sohftwxxaWSmQK2DEtrLg5RLi5lMPGXO_1',NULL,335500.00,0.00,NULL,'2024-11-22 11:59:03','2024-11-22 11:59:04',0,0,'cart'),(182,NULL,'NubpagBxerav8udNvviIiSMuUPdKGDzj_1',NULL,324500.00,0.00,NULL,'2024-11-27 08:02:59','2024-11-27 08:28:16',0,0,'cart'),(183,NULL,'TQBhZ52fXGSrDniqLtq91ipyeuZiHx7a_1',NULL,154000.00,0.00,NULL,'2024-11-27 08:12:28','2024-11-27 08:12:30',0,0,'cart'),(184,NULL,'XHb2AATjmQ8JDXBHKqD3csidjTHswonq_1',NULL,748000.00,0.00,NULL,'2024-11-27 14:20:04','2024-11-27 14:20:04',0,0,'cart'),(185,NULL,'KMknNYzXdjL28OM4C5SwAMWynXA6xxQG_1',NULL,282700.00,0.00,NULL,'2024-11-30 06:10:53','2024-11-30 06:10:56',0,0,'cart'),(186,NULL,'qmgOa5LKqjCkYrHuMMHb7FGrkZyNyZu7_1',NULL,572000.00,0.00,NULL,'2024-12-01 08:06:23','2024-12-01 08:06:25',0,0,'cart'),(187,NULL,'qXkhK0rXVNLIzQrJp1AcMN5BipMvp4nG_1',NULL,170500.00,0.00,NULL,'2024-12-01 13:07:00','2024-12-01 13:07:01',0,0,'cart'),(188,NULL,'ujoDdFb6l9V28fXPeJYEo7lH6JoY6Ady_1','a771bbe7cfc31f07a122927346002c10a9a12438',148500.00,0.00,NULL,'2024-12-01 14:08:58','2024-12-01 14:19:34',0,0,'cart'),(189,NULL,'wXzBt5KKCPUgDLEMeBxH5wVADQwlRpjn_1',NULL,346500.00,0.00,NULL,'2024-12-01 17:19:40','2024-12-01 17:19:42',0,0,'cart'),(194,NULL,'GKPlZduVmteU4cKxtzFgz0foGREwGzkC_1','1b598a295a92d58aa09d4bb379c2bc0e650b80b2',324500.00,0.00,NULL,'2024-12-02 06:41:53','2024-12-02 06:43:15',0,0,'cart'),(200,NULL,'kduVey01sdW6tJGJdERKsOMuhxvzNuAI_1',NULL,352000.00,0.00,NULL,'2024-12-05 14:34:33','2024-12-05 14:34:34',0,0,'cart'),(213,NULL,'RLQIWLl7Z2AZvZD5kzAoGMgWfTFL2BY1_1',NULL,165000.00,0.00,NULL,'2024-12-10 10:21:00','2024-12-10 10:21:01',0,0,'cart'),(214,NULL,'ONkb1t6XaXav5Iwjb8K5Ou0gSqVmje1n_1',NULL,293700.00,0.00,NULL,'2024-12-12 10:29:47','2024-12-12 10:29:51',0,0,'cart'),(218,NULL,'k9Smo26tZRwgdkukdsV8l8apDt8NPaSw_1',NULL,374000.00,0.00,NULL,'2024-12-18 11:37:47','2024-12-18 11:37:47',0,0,'cart'),(219,NULL,'sifcfVBZumWsd9XGJHXFvR0TuShL73CP_1',NULL,154000.00,0.00,NULL,'2024-12-20 03:35:53','2024-12-20 03:35:53',0,0,'cart'),(220,NULL,'gulobwOsLvsr32G4S5Rx4eymjhxJ7c9a_1',NULL,357500.00,0.00,NULL,'2024-12-20 11:27:09','2024-12-20 11:27:12',0,0,'cart'),(222,NULL,'0Ormm9LU5yjCJ34oa6xl2qXuuabUSS8g_1',NULL,407000.00,0.00,NULL,'2024-12-21 09:56:18','2024-12-21 09:56:19',0,0,'cart'),(223,NULL,'LehEASdC0fxqP4tqwm8DkBC88GTa9LUs_1',NULL,313500.00,0.00,NULL,'2024-12-21 13:27:28','2024-12-21 13:27:29',0,0,'cart'),(224,NULL,'fjnecvC0MMQ7jrLhayjlXCJxy90jmZQl_1',NULL,148500.00,0.00,NULL,'2024-12-22 11:51:40','2024-12-22 11:51:40',0,0,'cart'),(225,NULL,'Wak7734PhYcqsSBMBhQOpXMM1gcKvSOq_1',NULL,286000.00,0.00,NULL,'2024-12-24 02:56:42','2024-12-24 02:56:45',0,0,'cart'),(226,NULL,'wS4CdzE5alLZsE4jGP8DAw1vciJK3yNw_1',NULL,159500.00,0.00,NULL,'2024-12-25 12:57:29','2024-12-25 12:57:31',0,0,'cart'),(230,NULL,'LgbQ0OZfTMU4dQ86NxsleWXflsLxMPCR_1',NULL,324500.00,0.00,NULL,'2025-01-02 05:57:32','2025-01-02 05:57:32',0,0,'cart'),(232,NULL,'0OdbefV987wzSYZbCDBEcSxS2uBFCTlx_1',NULL,282700.00,0.00,NULL,'2025-01-03 03:29:00','2025-01-03 03:33:28',0,0,'cart'),(233,NULL,'ArlL9BN4PBe23h8Wlj5AdhA7bhlTTaPw_1',NULL,541200.00,0.00,NULL,'2025-01-03 03:33:26','2025-01-03 03:33:28',0,0,'cart'),(237,NULL,'qHN2xBBntzMjKZexddmgpKQSekKPPhNN_1',NULL,331100.00,0.00,NULL,'2025-01-03 05:42:38','2025-01-03 05:42:38',0,0,'cart'),(238,NULL,'fsqBi420naMclLMOr30dLXd7O7V5kgrO_1',NULL,126500.00,0.00,NULL,'2025-01-03 05:56:30','2025-01-03 05:56:32',0,0,'cart'),(240,NULL,'g1Pox6vdRKdIzy3hLHKJUBbVBD8F4MKe_1',NULL,874500.00,0.00,NULL,'2025-01-04 09:44:44','2025-01-04 09:44:44',0,0,'cart'),(241,NULL,'wJUO4LRAAXQ060JgFNnLAGMnsTTMHcXz_1',NULL,167200.00,0.00,NULL,'2025-01-06 11:01:11','2025-01-06 11:01:14',0,0,'cart'),(243,NULL,'HbKFmbyMqaAOP3CLurTireXo3Oyq5zsi_1',NULL,203500.00,0.00,NULL,'2025-01-09 14:28:11','2025-01-09 14:28:13',0,0,'cart'),(244,NULL,'dtx25hfOEhZmpiiUCv3LsYXUPpWleYFD_1',NULL,418000.00,0.00,NULL,'2025-01-12 21:04:25','2025-01-12 21:04:27',0,0,'cart'),(245,NULL,'8AedqUY4LSWrOI0CrxsYq2NqtLPItTDm_1',NULL,572000.00,0.00,NULL,'2025-01-14 15:29:46','2025-01-14 15:29:49',0,0,'cart'),(247,NULL,'3srdbMKdeNIf1EEn6Lm5NpqzJ5EAoWYO_1','36874b7b09c907506dae974b40dc17867403aba9',115500.00,0.00,NULL,'2025-01-15 08:50:50','2025-01-15 08:53:34',0,0,'cart'),(248,NULL,'uE4RMH2Uj9O6q79ANp1hP9BTAKQ73aZ2_1',NULL,115500.00,0.00,NULL,'2025-01-19 10:40:42','2025-01-19 10:40:47',0,0,'cart'),(250,NULL,'NAMg4RuAwFokeFxEc2STVclTQ5dnwLbz_1',NULL,139700.00,0.00,NULL,'2025-01-21 00:43:27','2025-01-21 00:45:45',0,0,'cart'),(251,NULL,'KxBhU39bV7DkwWxfbfoimqZmQKJHbzLE_1',NULL,115500.00,0.00,NULL,'2025-01-21 03:02:08','2025-01-21 03:02:10',0,0,'cart'),(252,NULL,'yFV22KtTHCqIA0PzlWQYs0iDejvqlBzT_1',NULL,159500.00,0.00,NULL,'2025-01-23 01:18:28','2025-01-23 01:18:56',0,0,'cart'),(257,NULL,'oAVq9yKhTDQ4tgoXCAgPCYoCnrwvSFtZ_1',NULL,341000.00,0.00,NULL,'2025-01-26 23:30:42','2025-01-26 23:30:44',0,0,'cart'),(258,NULL,'kOCT3XOTl7TUY7FV2s7QYVtJvnvDNtUO_1',NULL,324500.00,0.00,NULL,'2025-01-29 11:11:47','2025-01-29 11:11:48',0,0,'cart'),(259,NULL,'drRgwRgeogjnTlori9BPdAxMYw08IoLJ_1',NULL,280500.00,0.00,NULL,'2025-01-30 13:39:13','2025-01-30 13:40:09',0,0,'cart'),(260,NULL,'DA4lUW46n5MoJWDzTmHlrZlfCnd6afcg_1',NULL,280500.00,0.00,NULL,'2025-01-30 13:47:17','2025-01-30 13:47:17',0,0,'cart'),(261,NULL,'O5cmndgDLVDsySjqNEpd2L8viaJtb32x_1',NULL,324500.00,0.00,NULL,'2025-02-01 08:10:16','2025-02-01 08:10:19',0,0,'cart'),(262,NULL,'GCOED6nCAaBw8LDLbwndXjKqUzpges8x_1',NULL,220000.00,0.00,NULL,'2025-02-02 16:01:34','2025-02-02 16:01:39',0,0,'cart'),(263,NULL,'fw0Leod8JVtRNN2CNAfUtgHsJ5ZDckFM_1',NULL,313500.00,0.00,NULL,'2025-02-07 15:06:40','2025-02-07 15:06:42',0,0,'cart'),(264,NULL,'LSY1Gk0zjebtgj3mKDi1Z1O2VARkWcLV_1',NULL,337700.00,0.00,NULL,'2025-02-09 10:28:39','2025-02-09 12:44:27',0,0,'cart'),(265,NULL,'BRxSUhhnuNcUWeDBCZXikrOYtGqsWcV4_1',NULL,181500.00,0.00,NULL,'2025-02-09 14:11:51','2025-02-09 14:11:54',0,0,'cart'),(266,NULL,'Jr1yijDeyLf8tqWc999MZsmwOMVuK1gQ_1',NULL,357500.00,0.00,NULL,'2025-02-11 08:42:10','2025-02-11 08:42:12',0,0,'cart'),(267,NULL,'pcmDWcW6x6DHMp6hGSOfxRuaD7CYTvOP_1',NULL,346500.00,0.00,NULL,'2025-02-11 09:37:11','2025-02-11 09:37:12',0,0,'cart'),(268,NULL,'zuNNozaRLsMyugyow5Rpg5tJXy7TUafY_1',NULL,398200.00,0.00,NULL,'2025-02-13 03:41:07','2025-02-13 03:42:03',0,0,'cart'),(269,NULL,'iSoRquh51DYKS2OjlDQJRTPVrE1sduIm_1',NULL,390500.00,0.00,NULL,'2025-02-21 08:09:49','2025-02-21 08:09:51',0,0,'cart'),(270,NULL,'5mg0ui4DZTE2iYmfprU7D1vDYaZWXRsL_1',NULL,242000.00,0.00,NULL,'2025-02-22 15:38:24','2025-02-22 15:38:26',0,0,'cart'),(271,NULL,'YpK7JyK8VVZIN7xljWB9vP7KEqALTf0T_1',NULL,304700.00,0.00,NULL,'2025-02-24 13:37:11','2025-02-24 13:37:16',0,0,'cart'),(272,NULL,'3D6Sx4BQ7KFuUmea4NCNwamQsQpiHgRQ_1',NULL,341000.00,0.00,NULL,'2025-02-24 14:13:53','2025-02-24 14:13:55',0,0,'cart'),(273,NULL,'n4ORTkKIv9wGvHgkbaQbsq61v6TgIY1K_1',NULL,176000.00,0.00,NULL,'2025-02-24 15:51:42','2025-02-24 15:51:42',0,0,'cart'),(274,NULL,'dk7mvkYTVkL8RE6BR2nW6dYdJOGvu3bd_1',NULL,282700.00,0.00,NULL,'2025-03-01 07:32:00','2025-03-01 07:32:56',0,0,'cart'),(280,NULL,'UGZL6lBVSmt0mRjRB3gw2LAc0z1G9TJb_1',NULL,385000.00,0.00,NULL,'2025-03-03 10:05:46','2025-03-03 10:05:48',0,0,'cart'),(282,NULL,'tzlxq043GXSEXCxPO2ol3dDL5jrIBdYl_1',NULL,159500.00,0.00,NULL,'2025-03-05 07:55:33','2025-03-05 07:55:34',0,0,'cart'),(284,NULL,'0rhpuQ9JDW1LyyGfHiWPoJolchhgrjsV_1',NULL,1551000.00,0.00,NULL,'2025-03-08 00:25:44','2025-03-08 00:25:45',0,0,'cart'),(285,NULL,'fiE32nc4I4eCjol2WPi7qU4QxzKg5Qz6_1',NULL,346500.00,0.00,NULL,'2025-03-08 12:45:03','2025-03-08 12:45:05',0,0,'cart'),(286,NULL,'28sW0yEcxYu1xHk6Hh7gLN9rPTZlHDhK_1',NULL,209000.00,0.00,NULL,'2025-03-10 03:58:02','2025-03-10 03:58:03',0,0,'cart'),(289,NULL,'R5DJeFSnWOyrM6CVanELOEMC7R2ynKaZ_1',NULL,484000.00,0.00,NULL,'2025-03-15 23:16:31','2025-03-15 23:16:33',0,0,'cart'),(290,NULL,'W8DhANXmequ8BSxq6ZSmvNxGOe0dUojY_1',NULL,319000.00,0.00,NULL,'2025-03-16 02:36:17','2025-03-16 02:36:19',0,0,'cart'),(291,NULL,'MCmpruUhal8hQrYqP5xXvR4MATOMdqzr_1',NULL,319000.00,0.00,NULL,'2025-03-16 05:58:38','2025-03-16 05:58:45',0,0,'cart'),(296,NULL,'I85vBtATuhwFgm7n2sMBdK38BybYg9HF_1','7d0a1d452b8f9a60ca74ade68f08221a163665d8',445500.00,0.00,NULL,'2025-03-18 03:31:55','2025-03-18 03:35:01',0,0,'cart'),(299,NULL,'tnis41nrAmVdl7880kttEQcQClyEbRRv_1','f9d33cdad985c8ed5199c894d7e6dc153d8f4c16',445500.00,0.00,NULL,'2025-03-18 08:22:21','2025-03-18 08:48:21',0,0,'cart'),(303,NULL,'H3fvtrq2T4pXPCUbEZOiQ8L2PSG1Ntcr_1',NULL,282700.00,0.00,NULL,'2025-03-19 17:38:37','2025-03-19 17:38:38',0,0,'cart'),(304,NULL,'F8E0OGCpoEEej67eyT13MUemyPNjaaqf_1',NULL,148500.00,0.00,NULL,'2025-03-22 17:13:32','2025-03-22 17:13:33',0,0,'cart'),(305,NULL,'PMlu0hNPwI7HKxfnZbqVIg3BS21v71Fy_1',NULL,467500.00,0.00,NULL,'2025-03-23 12:27:12','2025-03-23 12:27:12',0,0,'cart'),(307,NULL,'YG9noQrnpxoaYDz7BX7pbtB3xwGw6bG3_1',NULL,143000.00,0.00,NULL,'2025-03-25 14:32:39','2025-03-25 14:32:41',0,0,'cart'),(309,NULL,'ecp4kQe4Ae2dZKMMVHM4cYDkkVfA5hya_1',NULL,412500.00,0.00,NULL,'2025-04-01 10:00:19','2025-04-01 10:00:21',0,0,'cart'),(310,NULL,'q2vR6xsEJ7D6JCAC8JUDi2unC9kDPo9Z_1',NULL,834900.00,0.00,NULL,'2025-04-02 07:20:00','2025-04-02 07:20:02',0,0,'cart'),(314,NULL,'I74r0bSMFmEImHDFTd1UvY79WSPOz3xy_1',NULL,346500.00,0.00,NULL,'2025-04-03 14:32:40','2025-04-03 14:37:06',0,0,'cart');

--
-- Table structure for table `dtb_cart_item`
--

CREATE TABLE `dtb_cart_item` (
  `id` int(10) unsigned NOT NULL AUTO_INCREMENT,
  `product_class_id` int(10) unsigned DEFAULT NULL,
  `cart_id` int(10) unsigned DEFAULT NULL,
  `price` decimal(12,2) NOT NULL DEFAULT '0.00',
  `quantity` decimal(10,0) NOT NULL DEFAULT '0',
  `point_rate` decimal(10,0) unsigned DEFAULT NULL,
  `discriminator_type` varchar(255) COLLATE utf8mb4_bin NOT NULL,
  `size` longtext COLLATE utf8mb4_bin NOT NULL,
  `engraving` varchar(255) COLLATE utf8mb4_bin DEFAULT NULL,
  `engraving_font` varchar(255) COLLATE utf8mb4_bin DEFAULT NULL,
  `engraving_text` varchar(255) COLLATE utf8mb4_bin DEFAULT NULL,
  `stone` varchar(255) COLLATE utf8mb4_bin DEFAULT NULL,
  `option_total_price` decimal(12,2) NOT NULL DEFAULT '0.00',
  `size_price` decimal(12,2) NOT NULL DEFAULT '0.00',
  PRIMARY KEY (`id`),
  KEY `IDX_B0228F7421B06187` (`product_class_id`),
  KEY `IDX_B0228F741AD5CDBF` (`cart_id`),
  CONSTRAINT `FK_B0228F741AD5CDBF` FOREIGN KEY (`cart_id`) REFERENCES `dtb_cart` (`id`) ON DELETE CASCADE,
  CONSTRAINT `FK_B0228F7421B06187` FOREIGN KEY (`product_class_id`) REFERENCES `dtb_product_class` (`id`)
) ENGINE=InnoDB AUTO_INCREMENT=513 DEFAULT CHARSET=utf8mb4 COLLATE=utf8mb4_bin;

--
-- Dumping data for table `dtb_cart_item`
--

INSERT INTO `dtb_cart_item` VALUES (1,30,1,176000.00,1,NULL,'cartitem','12','あり','有料書体1','test','サファイア',11000.00,0.00),(12,902,9,577500.00,1,NULL,'cartitem','16',NULL,NULL,NULL,NULL,0.00,10000.00),(13,890,9,737000.00,1,NULL,'cartitem','11',NULL,NULL,NULL,NULL,0.00,0.00),(14,902,9,577500.00,1,NULL,'cartitem','15.5',NULL,NULL,NULL,NULL,0.00,10000.00),(34,766,19,451000.00,1,NULL,'cartitem','16','あり','有料書体1','test','ガーネット',11000.00,15000.00),(87,1450,58,143000.00,1,NULL,'cartitem','16.5',NULL,NULL,NULL,NULL,0.00,22000.00),(88,1458,58,150700.00,1,NULL,'cartitem','16.5',NULL,NULL,NULL,NULL,0.00,22000.00),(89,2072,59,187000.00,1,NULL,'cartitem','16.5','あり','有料書体1','test','アクアマリン',11000.00,22000.00),(90,2073,59,165000.00,1,NULL,'cartitem','16.5','なし',NULL,'','なし',0.00,22000.00),(94,1471,62,167200.00,1,NULL,'cartitem','8','あり','有料書体4','testtesttesttestあああ','タンザナイト',11000.00,0.00),(103,1457,67,139700.00,1,NULL,'cartitem','9','なし','有料書体1','test test','なし',0.00,0.00),(104,1457,68,139700.00,1,NULL,'cartitem','9','なし',NULL,'','なし',0.00,0.00),(105,1457,69,139700.00,1,NULL,'cartitem','9','なし',NULL,'','なし',0.00,0.00),(106,1457,70,139700.00,1,NULL,'cartitem','9','なし',NULL,'','なし',0.00,0.00),(108,1457,72,139700.00,1,NULL,'cartitem','12.5','あり','基本書体','test test','ガーネット',5500.00,11000.00),(114,2123,76,280500.00,1,NULL,'cartitem','16.5','なし',NULL,'','なし',0.00,22000.00),(115,2133,76,181500.00,1,NULL,'cartitem','10','なし',NULL,'','なし',0.00,0.00),(116,768,77,407000.00,1,NULL,'cartitem','16','あり','有料書体1','test','なし',5500.00,16500.00),(126,1450,81,143000.00,1,NULL,'cartitem','16','なし',NULL,'','なし',0.00,11000.00),(127,1462,81,150700.00,1,NULL,'cartitem','9','なし',NULL,'','なし',0.00,0.00),(128,1450,82,143000.00,1,NULL,'cartitem','16.5','あり','有料書体4','2024.7.31 AtoB','エメラルド',11000.00,22000.00),(129,1459,82,150700.00,1,NULL,'cartitem','10','なし',NULL,'','なし',0.00,0.00),(131,1456,84,154000.00,1,NULL,'cartitem','18','あり','基本書体','forever  TtoA','エメラルド',5500.00,22000.00),(132,1499,84,192500.00,1,NULL,'cartitem','9.5','あり','基本書体','forever AtoT','ダイヤモンド',5500.00,0.00),(133,1472,85,178200.00,1,NULL,'cartitem','9.5',NULL,NULL,NULL,NULL,0.00,0.00),(134,1452,86,154000.00,1,NULL,'cartitem','9',NULL,NULL,NULL,NULL,0.00,0.00),(136,331,88,550000.00,1,NULL,'cartitem','18.5',NULL,NULL,NULL,NULL,0.00,0.00),(140,766,91,440000.00,1,NULL,'cartitem','16','あり','有料書体1','テスト','シトリン',11000.00,16500.00),(141,2003,92,115500.00,1,NULL,'cartitem','20','あり','有料書体10','2024.7.31 AtoB','ピンクトルマリン',11000.00,22000.00),(142,1450,93,143000.00,1,NULL,'cartitem','16.5','あり','有料書体4','2024.7.21','ガーネット',11000.00,22000.00),(144,1455,95,154000.00,1,NULL,'cartitem','18.5','あり','有料書体9','2024.7.31 AtoB','エメラルド',11000.00,22000.00),(145,1535,95,192500.00,1,NULL,'cartitem','3.5',NULL,NULL,NULL,NULL,0.00,0.00),(147,191,97,550000.00,1,NULL,'cartitem','10.5',NULL,NULL,NULL,NULL,0.00,0.00),(148,1318,98,291500.00,1,NULL,'cartitem','8',NULL,NULL,NULL,NULL,0.00,0.00),(152,2108,101,280500.00,1,NULL,'cartitem','7.5','なし',NULL,'','なし',0.00,0.00),(161,1450,106,143000.00,1,NULL,'cartitem','8.5','なし',NULL,'','なし',0.00,0.00),(162,1522,107,170500.00,1,NULL,'cartitem','20','あり','有料書体10','浜野','タンザナイト',11000.00,22000.00),(163,1527,107,154000.00,1,NULL,'cartitem','18','あり','有料書体9','髙屋','ムーンストーン',11000.00,22000.00),(164,1450,108,143000.00,1,NULL,'cartitem','11','あり','有料書体1','koko','アクアマリン',11000.00,0.00),(165,1450,109,143000.00,1,NULL,'cartitem','8.5',NULL,NULL,NULL,NULL,0.00,0.00),(166,1457,109,139700.00,1,NULL,'cartitem','9.5',NULL,NULL,NULL,NULL,0.00,0.00),(167,197,110,302500.00,1,NULL,'cartitem','8.5',NULL,NULL,NULL,NULL,0.00,0.00),(168,1478,111,165000.00,1,NULL,'cartitem','7',NULL,NULL,NULL,NULL,0.00,0.00),(169,1485,111,159500.00,1,NULL,'cartitem','14',NULL,NULL,NULL,NULL,0.00,11000.00),(172,2122,114,280500.00,1,NULL,'cartitem','20',NULL,NULL,NULL,NULL,0.00,22000.00),(173,2133,114,181500.00,1,NULL,'cartitem','9',NULL,NULL,NULL,NULL,0.00,0.00),(175,198,116,264000.00,1,NULL,'cartitem','9',NULL,NULL,NULL,NULL,0.00,0.00),(176,196,116,308000.00,1,NULL,'cartitem','7',NULL,NULL,NULL,NULL,0.00,0.00),(177,1488,117,170500.00,1,NULL,'cartitem','9',NULL,NULL,NULL,NULL,0.00,0.00),(178,338,119,264000.00,1,NULL,'cartitem','9',NULL,NULL,NULL,NULL,0.00,0.00),(183,799,123,907500.00,1,NULL,'cartitem','6',NULL,NULL,NULL,NULL,0.00,0.00),(184,1450,124,143000.00,1,NULL,'cartitem','10.5','あり','有料書体4','2024.11.23','エメラルド',11000.00,0.00),(185,1457,124,139700.00,1,NULL,'cartitem','5.5','あり','有料書体4','2024.11.23','ガーネット',11000.00,0.00),(186,1548,125,159500.00,1,NULL,'cartitem','13.5',NULL,NULL,NULL,NULL,0.00,11000.00),(214,132,137,478500.00,1,NULL,'cartitem','5',NULL,NULL,NULL,NULL,0.00,0.00),(215,2041,138,176000.00,1,NULL,'cartitem','7.5',NULL,NULL,NULL,NULL,0.00,0.00),(216,2041,138,176000.00,1,NULL,'cartitem','14',NULL,NULL,NULL,NULL,0.00,11000.00),(217,1999,138,143000.00,1,NULL,'cartitem','6.5',NULL,NULL,NULL,NULL,0.00,0.00),(218,2006,138,126500.00,1,NULL,'cartitem','14',NULL,NULL,NULL,NULL,0.00,11000.00),(219,1828,139,170500.00,1,NULL,'cartitem','14','あり','基本書体','A&J','なし',0.00,11000.00),(220,1835,139,198000.00,1,NULL,'cartitem','7.5','あり','基本書体','J&A','なし',0.00,0.00),(221,128,140,275000.00,1,NULL,'cartitem','3','なし',NULL,'','なし',0.00,0.00),(222,1674,141,159500.00,1,NULL,'cartitem','10',NULL,NULL,NULL,NULL,0.00,0.00),(223,1681,141,143000.00,1,NULL,'cartitem','10',NULL,NULL,NULL,NULL,0.00,0.00),(224,1492,142,165000.00,1,NULL,'cartitem','15.5',NULL,NULL,NULL,NULL,0.00,11000.00),(225,1499,142,192500.00,1,NULL,'cartitem','8',NULL,NULL,NULL,NULL,0.00,0.00),(226,2057,143,192500.00,1,NULL,'cartitem','6.5',NULL,NULL,NULL,NULL,0.00,0.00),(228,2080,145,181500.00,1,NULL,'cartitem','3',NULL,NULL,NULL,NULL,0.00,0.00),(229,2080,145,181500.00,1,NULL,'cartitem','3',NULL,NULL,NULL,NULL,0.00,0.00),(230,2089,145,176000.00,1,NULL,'cartitem','3',NULL,NULL,NULL,NULL,0.00,0.00),(236,1954,150,143000.00,1,NULL,'cartitem','7',NULL,NULL,NULL,NULL,0.00,0.00),(237,1961,150,165000.00,1,NULL,'cartitem','12',NULL,NULL,NULL,NULL,0.00,0.00),(240,1464,152,148500.00,1,NULL,'cartitem','14',NULL,NULL,NULL,NULL,0.00,11000.00),(241,1476,152,178200.00,1,NULL,'cartitem','11.5',NULL,NULL,NULL,NULL,0.00,0.00),(242,1464,152,148500.00,1,NULL,'cartitem','13',NULL,NULL,NULL,NULL,0.00,11000.00),(243,1476,152,178200.00,1,NULL,'cartitem','11.5',NULL,NULL,NULL,NULL,0.00,0.00),(244,1473,153,178200.00,1,NULL,'cartitem','9',NULL,NULL,NULL,NULL,0.00,0.00),(245,2293,155,792000.00,1,NULL,'cartitem','11','なし',NULL,'','なし',0.00,0.00),(248,1830,157,181500.00,1,NULL,'cartitem','14.5',NULL,NULL,NULL,NULL,0.00,11000.00),(249,1837,157,209000.00,1,NULL,'cartitem','9.5',NULL,NULL,NULL,NULL,0.00,0.00),(250,1886,157,181500.00,1,NULL,'cartitem','14.5',NULL,NULL,NULL,NULL,0.00,11000.00),(251,1893,157,170500.00,1,NULL,'cartitem','9.5',NULL,NULL,NULL,NULL,0.00,0.00),(254,1707,160,269500.00,1,NULL,'cartitem','20',NULL,NULL,NULL,NULL,0.00,22000.00),(255,1504,160,203500.00,1,NULL,'cartitem','6.5',NULL,NULL,NULL,NULL,0.00,0.00),(257,1527,162,154000.00,1,NULL,'cartitem','9',NULL,NULL,NULL,NULL,0.00,0.00),(258,1485,162,159500.00,1,NULL,'cartitem','9',NULL,NULL,NULL,NULL,0.00,0.00),(259,197,163,302500.00,1,NULL,'cartitem','9',NULL,NULL,NULL,NULL,0.00,0.00),(260,1833,164,181500.00,1,NULL,'cartitem','14',NULL,NULL,NULL,NULL,0.00,11000.00),(261,1840,164,209000.00,1,NULL,'cartitem','9',NULL,NULL,NULL,NULL,0.00,0.00),(262,2286,165,324500.00,1,NULL,'cartitem','11','なし',NULL,'','なし',0.00,0.00),(263,2111,166,280500.00,1,NULL,'cartitem','10.5',NULL,NULL,NULL,NULL,0.00,0.00),(264,2119,166,276100.00,1,NULL,'cartitem','6.5',NULL,NULL,NULL,NULL,0.00,0.00),(265,195,167,346500.00,1,NULL,'cartitem','9.5',NULL,NULL,NULL,NULL,0.00,0.00),(266,1520,168,159500.00,1,NULL,'cartitem','18',NULL,NULL,NULL,NULL,0.00,22000.00),(267,1527,168,154000.00,1,NULL,'cartitem','7',NULL,NULL,NULL,NULL,0.00,0.00),(268,1660,169,165000.00,1,NULL,'cartitem','5.5','なし',NULL,'','なし',0.00,0.00),(269,1669,169,185900.00,1,NULL,'cartitem','7.5','なし',NULL,'','なし',0.00,0.00),(275,1450,173,143000.00,1,NULL,'cartitem','13',NULL,NULL,NULL,NULL,0.00,11000.00),(276,1460,173,150700.00,1,NULL,'cartitem','4',NULL,NULL,NULL,NULL,0.00,0.00),(277,1451,173,154000.00,1,NULL,'cartitem','13',NULL,NULL,NULL,NULL,0.00,11000.00),(278,1462,173,150700.00,1,NULL,'cartitem','4',NULL,NULL,NULL,NULL,0.00,0.00),(279,1478,174,165000.00,1,NULL,'cartitem','16',NULL,NULL,NULL,NULL,0.00,11000.00),(280,1488,174,170500.00,1,NULL,'cartitem','8',NULL,NULL,NULL,NULL,0.00,0.00),(281,1506,175,209000.00,1,NULL,'cartitem','8','なし',NULL,'','なし',0.00,0.00),(282,1516,175,220000.00,1,NULL,'cartitem','11','なし',NULL,'','なし',0.00,0.00),(283,1499,176,192500.00,1,NULL,'cartitem','6',NULL,NULL,NULL,NULL,0.00,0.00),(284,1707,177,269500.00,1,NULL,'cartitem','20',NULL,NULL,NULL,NULL,0.00,22000.00),(285,1714,177,161700.00,1,NULL,'cartitem','6',NULL,NULL,NULL,NULL,0.00,0.00),(287,2286,179,324500.00,1,NULL,'cartitem','11',NULL,NULL,NULL,NULL,0.00,0.00),(289,1478,181,165000.00,1,NULL,'cartitem','5','あり','有料書体1','aaa','ピンクトルマリン',11000.00,0.00),(290,1488,181,170500.00,1,NULL,'cartitem','6.5','なし',NULL,'','ピンクトルマリン',5500.00,0.00),(291,1478,182,165000.00,1,NULL,'cartitem','3',NULL,NULL,NULL,NULL,0.00,0.00),(292,1485,182,159500.00,1,NULL,'cartitem','11',NULL,NULL,NULL,NULL,0.00,0.00),(293,1527,183,154000.00,1,NULL,'cartitem','7.5',NULL,NULL,NULL,NULL,0.00,0.00),(294,750,184,748000.00,1,NULL,'cartitem','6',NULL,NULL,NULL,NULL,0.00,0.00),(295,1450,185,143000.00,1,NULL,'cartitem','16','なし',NULL,'','なし',0.00,11000.00),(296,1457,185,139700.00,1,NULL,'cartitem','7','なし',NULL,'','なし',0.00,0.00),(297,2243,186,297000.00,1,NULL,'cartitem','12',NULL,NULL,NULL,NULL,0.00,0.00),(298,2250,186,275000.00,1,NULL,'cartitem','8',NULL,NULL,NULL,NULL,0.00,0.00),(299,1487,187,170500.00,1,NULL,'cartitem','8.5',NULL,NULL,NULL,NULL,0.00,0.00),(300,1464,188,148500.00,1,NULL,'cartitem','17','あり','基本書体','MtoR','なし',0.00,22000.00),(301,1480,189,176000.00,1,NULL,'cartitem','7','あり','有料書体1','456','ダイヤモンド',11000.00,0.00),(302,1487,189,170500.00,1,NULL,'cartitem','10','あり','有料書体10','22','なし',5500.00,0.00),(311,2286,194,324500.00,1,NULL,'cartitem','11','なし',NULL,'','なし',0.00,0.00),(326,2066,200,176000.00,1,NULL,'cartitem','13',NULL,NULL,NULL,NULL,0.00,11000.00),(327,2079,200,176000.00,1,NULL,'cartitem','4',NULL,NULL,NULL,NULL,0.00,0.00),(353,2038,213,165000.00,1,NULL,'cartitem','13','なし',NULL,'','なし',0.00,11000.00),(354,1453,214,154000.00,1,NULL,'cartitem','7','なし',NULL,'','なし',0.00,0.00),(355,1457,214,139700.00,1,NULL,'cartitem','18','なし',NULL,'','なし',0.00,22000.00),(365,1499,218,192500.00,1,NULL,'cartitem','9',NULL,NULL,NULL,NULL,0.00,0.00),(366,2045,218,181500.00,1,NULL,'cartitem','9',NULL,NULL,NULL,NULL,0.00,0.00),(367,1452,219,154000.00,1,NULL,'cartitem','13',NULL,NULL,NULL,NULL,0.00,11000.00),(368,1492,220,165000.00,1,NULL,'cartitem','17',NULL,NULL,NULL,NULL,0.00,22000.00),(369,1499,220,192500.00,1,NULL,'cartitem','9',NULL,NULL,NULL,NULL,0.00,0.00),(371,1611,222,198000.00,1,NULL,'cartitem','3',NULL,NULL,NULL,NULL,0.00,0.00),(372,1506,222,209000.00,1,NULL,'cartitem','3',NULL,NULL,NULL,NULL,0.00,0.00),(373,1520,223,159500.00,1,NULL,'cartitem','6',NULL,NULL,NULL,NULL,0.00,0.00),(374,1527,223,154000.00,1,NULL,'cartitem','15',NULL,NULL,NULL,NULL,0.00,11000.00),(375,1464,224,148500.00,1,NULL,'cartitem','17',NULL,NULL,NULL,NULL,0.00,22000.00),(376,1108,225,286000.00,1,NULL,'cartitem','5',NULL,NULL,NULL,NULL,0.00,0.00),(377,1730,226,159500.00,1,NULL,'cartitem','17',NULL,NULL,NULL,NULL,0.00,22000.00),(382,2286,230,324500.00,1,NULL,'cartitem','11',NULL,NULL,NULL,NULL,0.00,0.00),(385,1450,232,143000.00,1,NULL,'cartitem','12','なし',NULL,'','なし',0.00,0.00),(386,1457,232,139700.00,1,NULL,'cartitem','9','なし',NULL,'','なし',0.00,0.00),(387,1450,233,143000.00,1,NULL,'cartitem','20','なし',NULL,'','なし',0.00,22000.00),(388,1457,233,139700.00,1,NULL,'cartitem','18','なし',NULL,'','なし',0.00,22000.00),(389,1997,233,143000.00,1,NULL,'cartitem','20','なし',NULL,'','なし',0.00,22000.00),(390,2003,233,115500.00,1,NULL,'cartitem','8.5','なし',NULL,'','なし',0.00,0.00),(397,1737,237,171600.00,1,NULL,'cartitem','17',NULL,NULL,NULL,NULL,0.00,22000.00),(398,1730,237,159500.00,1,NULL,'cartitem','17',NULL,NULL,NULL,NULL,0.00,22000.00),(399,2006,238,126500.00,1,NULL,'cartitem','8','なし',NULL,'','なし',0.00,0.00),(401,1259,240,874500.00,1,NULL,'cartitem','8',NULL,NULL,NULL,NULL,0.00,0.00),(402,1471,241,167200.00,1,NULL,'cartitem','15.5',NULL,NULL,NULL,NULL,0.00,11000.00),(404,1504,243,203500.00,1,NULL,'cartitem','11',NULL,NULL,NULL,NULL,0.00,0.00),(405,1634,244,209000.00,1,NULL,'cartitem','12',NULL,NULL,NULL,NULL,0.00,0.00),(406,1641,244,209000.00,1,NULL,'cartitem','8',NULL,NULL,NULL,NULL,0.00,0.00),(407,1101,245,572000.00,1,NULL,'cartitem','10.5',NULL,NULL,NULL,NULL,0.00,0.00),(409,2003,247,115500.00,1,NULL,'cartitem','8.5','なし',NULL,'','なし',0.00,0.00),(410,2003,248,115500.00,1,NULL,'cartitem','8.5',NULL,NULL,NULL,NULL,0.00,0.00),(412,1457,250,139700.00,1,NULL,'cartitem','8.5','あり','基本書体','12345','なし',0.00,0.00),(413,2003,251,115500.00,1,NULL,'cartitem','8.5',NULL,NULL,NULL,NULL,0.00,0.00),(414,1730,252,159500.00,1,NULL,'cartitem','17','あり','有料書体4','testtest','なし',5500.00,22000.00),(423,1994,257,181500.00,1,NULL,'cartitem','6',NULL,NULL,NULL,NULL,0.00,0.00),(424,1983,257,159500.00,1,NULL,'cartitem','17.5',NULL,NULL,NULL,NULL,0.00,22000.00),(425,1478,258,165000.00,1,NULL,'cartitem','17',NULL,NULL,NULL,NULL,0.00,22000.00),(426,1485,258,159500.00,1,NULL,'cartitem','9',NULL,NULL,NULL,NULL,0.00,0.00),(427,2284,259,280500.00,1,NULL,'cartitem','11','なし',NULL,'','なし',0.00,0.00),(428,2284,260,280500.00,1,NULL,'cartitem','11',NULL,NULL,NULL,NULL,0.00,0.00),(429,1590,261,176000.00,1,NULL,'cartitem','19','あり','有料書体10','てすと','アクアマリン',11000.00,22000.00),(430,1597,261,148500.00,1,NULL,'cartitem','10','あり','有料書体10','てすと','アクアマリン',11000.00,0.00),(431,1515,262,220000.00,1,NULL,'cartitem','6.5',NULL,NULL,NULL,NULL,0.00,0.00),(432,1520,263,159500.00,1,NULL,'cartitem','7.5','なし',NULL,'','なし',0.00,0.00),(433,1527,263,154000.00,1,NULL,'cartitem','4.5','なし',NULL,'','なし',0.00,0.00),(434,1466,264,159500.00,1,NULL,'cartitem','18',NULL,NULL,NULL,NULL,0.00,22000.00),(435,1473,264,178200.00,1,NULL,'cartitem','10',NULL,NULL,NULL,NULL,0.00,0.00),(436,2083,265,181500.00,1,NULL,'cartitem','13',NULL,NULL,NULL,NULL,0.00,11000.00),(437,2082,266,181500.00,1,NULL,'cartitem','10',NULL,NULL,NULL,NULL,0.00,0.00),(438,2089,266,176000.00,1,NULL,'cartitem','12.5',NULL,NULL,NULL,NULL,0.00,11000.00),(439,2038,267,165000.00,1,NULL,'cartitem','5','なし',NULL,'','シトリン',5500.00,0.00),(440,2045,267,181500.00,1,NULL,'cartitem','3.5','なし',NULL,'','アメシスト',5500.00,0.00),(441,1562,268,225500.00,1,NULL,'cartitem','7',NULL,NULL,NULL,NULL,0.00,0.00),(442,1574,268,172700.00,1,NULL,'cartitem','9.5',NULL,NULL,NULL,NULL,0.00,0.00),(443,1247,269,390500.00,1,NULL,'cartitem','3.5',NULL,NULL,NULL,NULL,0.00,0.00),(444,2218,270,242000.00,1,NULL,'cartitem','14',NULL,NULL,NULL,NULL,0.00,11000.00),(445,1455,271,154000.00,1,NULL,'cartitem','5.5',NULL,NULL,NULL,NULL,0.00,0.00),(446,1462,271,150700.00,1,NULL,'cartitem','18',NULL,NULL,NULL,NULL,0.00,22000.00),(447,2069,272,176000.00,1,NULL,'cartitem','18.5',NULL,NULL,NULL,NULL,0.00,22000.00),(448,2076,272,165000.00,1,NULL,'cartitem','5.5',NULL,NULL,NULL,NULL,0.00,0.00),(449,1898,273,176000.00,1,NULL,'cartitem','19',NULL,NULL,NULL,NULL,0.00,22000.00),(450,1450,274,143000.00,1,NULL,'cartitem','7.5',NULL,NULL,NULL,NULL,0.00,0.00),(451,1457,274,139700.00,1,NULL,'cartitem','10',NULL,NULL,NULL,NULL,0.00,0.00),(458,1646,280,176000.00,1,NULL,'cartitem','8',NULL,NULL,NULL,NULL,0.00,0.00),(459,1653,280,209000.00,1,NULL,'cartitem','11',NULL,NULL,NULL,NULL,0.00,0.00),(462,1469,282,159500.00,1,NULL,'cartitem','3.5','なし',NULL,'','なし',0.00,0.00),(464,469,284,803000.00,1,NULL,'cartitem','17.5',NULL,NULL,NULL,NULL,0.00,0.00),(465,750,284,748000.00,1,NULL,'cartitem','17.5',NULL,NULL,NULL,NULL,0.00,16500.00),(466,2038,285,165000.00,1,NULL,'cartitem','15',NULL,NULL,NULL,NULL,0.00,11000.00),(467,2045,285,181500.00,1,NULL,'cartitem','8',NULL,NULL,NULL,NULL,0.00,0.00),(468,1699,286,209000.00,1,NULL,'cartitem','8.5','なし',NULL,'','なし',0.00,0.00),(472,472,289,484000.00,1,NULL,'cartitem','9.5',NULL,NULL,NULL,NULL,0.00,0.00),(473,1619,290,165000.00,1,NULL,'cartitem','10','なし',NULL,'','ムーンストーン',5500.00,0.00),(474,1629,290,154000.00,1,NULL,'cartitem','8','なし',NULL,'','アメシスト',5500.00,0.00),(475,1982,291,148500.00,1,NULL,'cartitem','11.5',NULL,NULL,NULL,NULL,0.00,0.00),(476,1989,291,170500.00,1,NULL,'cartitem','6.5',NULL,NULL,NULL,NULL,0.00,0.00),(482,1285,296,445500.00,1,NULL,'cartitem','7.5','あり','有料書体4','R&S615','ムーンストーン',11000.00,0.00),(486,1285,299,445500.00,1,NULL,'cartitem','7.5','あり','有料書体4','R&S615','ムーンストーン',11000.00,0.00),(491,1450,303,143000.00,1,NULL,'cartitem','19',NULL,NULL,NULL,NULL,0.00,22000.00),(492,1457,303,139700.00,1,NULL,'cartitem','11',NULL,NULL,NULL,NULL,0.00,0.00),(493,1464,304,148500.00,1,NULL,'cartitem','8.5',NULL,NULL,NULL,NULL,0.00,0.00),(494,2156,305,225500.00,1,NULL,'cartitem','11.5',NULL,NULL,NULL,NULL,0.00,0.00),(495,2161,305,242000.00,1,NULL,'cartitem','12',NULL,NULL,NULL,NULL,0.00,0.00),(497,2000,307,143000.00,1,NULL,'cartitem','15',NULL,NULL,NULL,NULL,0.00,11000.00),(499,1945,309,198000.00,1,NULL,'cartitem','9',NULL,NULL,NULL,NULL,0.00,0.00),(500,1952,309,214500.00,1,NULL,'cartitem','9',NULL,NULL,NULL,NULL,0.00,0.00),(501,819,310,834900.00,1,NULL,'cartitem','8',NULL,NULL,NULL,NULL,0.00,0.00),(511,1480,314,176000.00,1,NULL,'cartitem','13','あり','有料書体2','2025.04.03 StoR','タンザナイト',11000.00,11000.00),(512,1487,314,170500.00,1,NULL,'cartitem','9','あり','有料書体2','2025.04.03 RtoS','アメシスト',11000.00,0.00);

--
-- Table structure for table `dtb_category`
--

CREATE TABLE `dtb_category` (
  `id` int(10) unsigned NOT NULL AUTO_INCREMENT,
  `parent_category_id` int(10) unsigned DEFAULT NULL,
  `creator_id` int(10) unsigned DEFAULT NULL,
  `category_name` varchar(255) COLLATE utf8mb4_bin NOT NULL,
  `hierarchy` int(10) unsigned NOT NULL,
  `sort_no` int(11) NOT NULL,
  `create_date` datetime NOT NULL COMMENT '(DC2Type:datetimetz)',
  `update_date` datetime NOT NULL COMMENT '(DC2Type:datetimetz)',
  `discriminator_type` varchar(255) COLLATE utf8mb4_bin NOT NULL,
  `category_contents_area1` varchar(4000) COLLATE utf8mb4_bin DEFAULT NULL,
  `category_contents_area2` varchar(4000) COLLATE utf8mb4_bin DEFAULT NULL,
  PRIMARY KEY (`id`),
  KEY `IDX_5ED2C2B796A8F92` (`parent_category_id`),
  KEY `IDX_5ED2C2B61220EA6` (`creator_id`),
  CONSTRAINT `FK_5ED2C2B61220EA6` FOREIGN KEY (`creator_id`) REFERENCES `dtb_member` (`id`),
  CONSTRAINT `FK_5ED2C2B796A8F92` FOREIGN KEY (`parent_category_id`) REFERENCES `dtb_category` (`id`)
) ENGINE=InnoDB AUTO_INCREMENT=4 DEFAULT CHARSET=utf8mb4 COLLATE=utf8mb4_bin;

--
-- Dumping data for table `dtb_category`
--

INSERT INTO `dtb_category` VALUES (1,NULL,1,'Marriage ring 結婚指輪',1,3,'2023-12-04 05:31:39','2024-12-10 10:08:37','category','<h2 class=\"text-center pt-4\">日本製鍛造の匠の技で、後悔しない結婚指輪選びを</h2>','<div class=\"row py-4 text-center\">\r\n<p class=\"col-12 fs-4 <!--d-flex align-items-end justify-content-end-->\">”鍛造（たんぞう）フルオーダーメイド”で最高峰の結婚指輪を。</p>\r\n<p class=\"col-12 lh-lg <!--d-flex align-items-center-->\">私達、鍛造指輪株式会社®は、20年以上かけてお客様のお声を聞き<br class=\"d-none d-lg-inline\">\r\n【最高満足のビスポーク結婚指輪】を追い求め、創り続けてきました。<br>\r\n貴方が想い続けて探している結婚指輪、私達ならきっと創れます。</p>\r\n</div>'),(2,NULL,1,'Engagement ring 婚約指輪',1,2,'2023-12-04 05:31:39','2024-12-10 10:08:37','category','<h2 class=\"text-center pt-4\">流行に左右されない一生物の\r\n婚約指輪</h2>','<div class=\"row py-4 text-center\">\r\n<p class=\"col-12 fs-4 <!--d-flex align-items-end justify-content-end--> pb-5\">すべてはあなたの“想いを創る”ため<br>\r\n流行に左右されない一生物の婚約指輪</p>\r\n<p class=\"col-12 lh-lg <!--d-flex align-items-center-->\">婚約指輪は言うもでもなくダイヤモンドと枠でつくられています。<br>\r\nそのダイヤモンドと枠はそれぞれ最高のものでなくてはならないとTANZOは考えます。<br><br>\r\n婚約指輪の枠を軽視していませんか？<br>\r\n実は枠は簡単に変形したり、ダイヤモンドが落ちることもあります。<br>\r\nTANZOは婚約指輪の枠を３つのこだわりで製造しています。</p>\r\n</div>'),(3,NULL,1,'Anniversary Jewelry  アニバーサリージュエリー',1,1,'2024-12-10 10:08:32','2024-12-10 10:08:37','category','<h2 class=\"text-center pt-4\">大切な人に贈る記念品</h2>',NULL);

--
-- Table structure for table `dtb_class_category`
--

CREATE TABLE `dtb_class_category` (
  `id` int(10) unsigned NOT NULL AUTO_INCREMENT,
  `class_name_id` int(10) unsigned DEFAULT NULL,
  `creator_id` int(10) unsigned DEFAULT NULL,
  `backend_name` varchar(255) COLLATE utf8mb4_bin DEFAULT NULL,
  `name` varchar(255) COLLATE utf8mb4_bin NOT NULL,
  `sort_no` int(10) unsigned NOT NULL,
  `visible` tinyint(1) NOT NULL DEFAULT '1',
  `create_date` datetime NOT NULL COMMENT '(DC2Type:datetimetz)',
  `update_date` datetime NOT NULL COMMENT '(DC2Type:datetimetz)',
  `discriminator_type` varchar(255) COLLATE utf8mb4_bin NOT NULL,
  PRIMARY KEY (`id`),
  KEY `IDX_9B0D1DBAB462FB2A` (`class_name_id`),
  KEY `IDX_9B0D1DBA61220EA6` (`creator_id`),
  CONSTRAINT `FK_9B0D1DBA61220EA6` FOREIGN KEY (`creator_id`) REFERENCES `dtb_member` (`id`),
  CONSTRAINT `FK_9B0D1DBAB462FB2A` FOREIGN KEY (`class_name_id`) REFERENCES `dtb_class_name` (`id`)
) ENGINE=InnoDB AUTO_INCREMENT=28 DEFAULT CHARSET=utf8mb4 COLLATE=utf8mb4_bin;

--
-- Dumping data for table `dtb_class_category`
--

INSERT INTO `dtb_class_category` VALUES (1,1,1,'左のリング','左のリング',2,1,'2023-12-04 05:31:39','2024-02-06 07:28:12','classcategory'),(2,1,1,'右のリング','右のリング',1,1,'2023-12-04 05:31:39','2024-02-06 07:28:27','classcategory'),(3,2,1,'プラチナ','プラチナ(Pt900)',13,1,'2023-12-04 05:31:39','2024-08-09 07:17:50','classcategory'),(4,2,1,'ホワイトゴールド','ホワイトゴールド(K18)',12,1,'2023-12-04 05:31:39','2024-08-09 07:18:27','classcategory'),(5,2,1,'シャンパンゴールド','シャンパンゴールド(K18)',11,1,'2023-12-04 05:31:39','2024-08-09 07:18:33','classcategory'),(6,2,1,'コーラルゴールド','コーラルゴールド(K18)',10,1,'2023-12-04 05:31:39','2024-08-09 07:18:40','classcategory'),(7,2,1,'ピンクゴールド','ピンクゴールド(K18)',8,1,'2024-01-23 03:14:43','2024-08-09 07:18:50','classcategory'),(8,2,1,'イエローゴールド','イエローゴールド(K18)',9,1,'2024-01-23 03:14:57','2024-08-09 07:18:45','classcategory'),(9,2,1,'グリーンゴールド','グリーンゴールド(K18)',7,1,'2024-01-23 03:15:11','2024-08-09 07:18:56','classcategory'),(10,3,1,'0.50ct,D,VVS1,3E','0.50ct,D,VVS1,3E',1,1,'2024-03-26 08:51:44','2024-07-11 02:34:48','classcategory'),(11,3,1,'0.50ct,F,VS1,3E','0.50ct,F,VS1,3E',2,1,'2024-03-26 08:51:53','2024-07-11 02:34:48','classcategory'),(12,3,1,'0.40ct,D,VVS1,3E','0.40ct,D,VVS1,3E',3,1,'2024-03-26 08:52:05','2024-07-11 02:34:48','classcategory'),(13,3,1,'0.40ct,F,VS1,3E','0.40ct,F,VS1,3E',4,1,'2024-03-26 08:52:19','2024-07-11 02:34:48','classcategory'),(14,3,1,'0.30ct,D,VVS1,3E','0.30ct,D,VVS1,3E',5,1,'2024-03-26 08:52:36','2024-07-11 02:34:48','classcategory'),(15,3,1,'0.30ct,F,VS1,3E','0.30ct,F,VS1,3E',6,1,'2024-03-26 08:52:43','2024-07-31 06:52:27','classcategory'),(16,3,1,'0.25ct,D,VVS1,3E','0.25ct,D,VVS1,3E',7,1,'2024-05-16 02:32:47','2024-07-11 02:34:48','classcategory'),(17,3,1,'0.25ct,F,VS1,3E','0.25ct,F,VS1,3E',8,1,'2024-05-16 02:32:58','2024-07-11 02:34:48','classcategory'),(18,3,1,'0.20ct,D,VVS1,3E','0.20ct,D,VVS1,3E',9,1,'2024-05-16 02:33:06','2024-07-11 02:34:48','classcategory'),(19,3,1,'0.20ct,F,VS1,3E','0.20ct,F,VS1,3E',10,1,'2024-05-16 02:33:14','2024-07-11 02:34:48','classcategory'),(20,2,1,'プラチナ×ホワイトゴールド','プラチナ(Pt900)×ホワイトゴールド(K18)',6,1,'2024-07-16 02:56:03','2024-08-09 07:21:19','classcategory'),(21,2,1,'プラチナ×シャンパンゴールド','プラチナ(Pt900)×シャンパンゴールド(K18)',5,1,'2024-07-16 02:56:17','2024-08-09 07:21:26','classcategory'),(22,2,1,'プラチナ×コーラルゴールド','プラチナ(Pt900)×コーラルゴールド(K18)',4,1,'2024-07-16 02:56:35','2024-08-09 07:21:32','classcategory'),(23,2,1,'プラチナ×イエローゴールド','プラチナ(Pt900)×イエローゴールド(K18)',3,1,'2024-07-16 02:56:47','2024-08-09 07:21:42','classcategory'),(24,2,1,'プラチナ×ピンクゴールド','プラチナ(Pt900)×ピンクゴールド(K18)',3,1,'2024-07-16 02:56:58','2024-08-09 07:21:47','classcategory'),(25,2,1,'プラチナ×グリーンゴールド','プラチナ(Pt900)×グリーンゴールド(K18)',2,1,'2024-07-16 02:57:14','2024-08-09 07:21:52','classcategory'),(26,2,1,'ゴールド×ゴールド（備考欄にご記入ください）','ゴールド(K18)×ゴールド(K18)（希望のゴールドを備考欄にご記入ください）',1,1,'2024-07-16 02:57:34','2024-08-09 07:20:54','classcategory'),(27,2,1,'シルバー(SV925)','シルバー(SV925)',14,1,'2024-09-27 09:23:19','2024-09-27 09:23:19','classcategory');

--
-- Table structure for table `dtb_class_name`
--

CREATE TABLE `dtb_class_name` (
  `id` int(10) unsigned NOT NULL AUTO_INCREMENT,
  `creator_id` int(10) unsigned DEFAULT NULL,
  `backend_name` varchar(255) COLLATE utf8mb4_bin DEFAULT NULL,
  `name` varchar(255) COLLATE utf8mb4_bin NOT NULL,
  `sort_no` int(10) unsigned NOT NULL,
  `create_date` datetime NOT NULL COMMENT '(DC2Type:datetimetz)',
  `update_date` datetime NOT NULL COMMENT '(DC2Type:datetimetz)',
  `discriminator_type` varchar(255) COLLATE utf8mb4_bin NOT NULL,
  PRIMARY KEY (`id`),
  KEY `IDX_187C95AD61220EA6` (`creator_id`),
  CONSTRAINT `FK_187C95AD61220EA6` FOREIGN KEY (`creator_id`) REFERENCES `dtb_member` (`id`)
) ENGINE=InnoDB AUTO_INCREMENT=4 DEFAULT CHARSET=utf8mb4 COLLATE=utf8mb4_bin;

--
-- Dumping data for table `dtb_class_name`
--

INSERT INTO `dtb_class_name` VALUES (1,1,'タイプ','タイプ',1,'2023-12-04 05:31:39','2024-01-23 02:48:00','classname'),(2,1,'素材','素材',2,'2023-12-04 05:31:39','2024-01-23 03:07:43','classname'),(3,1,'ダイヤモンド','ダイヤモンド',3,'2024-03-26 08:49:14','2024-04-05 05:38:09','classname');

--
-- Table structure for table `dtb_csv`
--

CREATE TABLE `dtb_csv` (
  `id` int(10) unsigned NOT NULL AUTO_INCREMENT,
  `csv_type_id` smallint(5) unsigned DEFAULT NULL,
  `creator_id` int(10) unsigned DEFAULT NULL,
  `entity_name` varchar(255) COLLATE utf8mb4_bin NOT NULL,
  `field_name` varchar(255) COLLATE utf8mb4_bin NOT NULL,
  `reference_field_name` varchar(255) COLLATE utf8mb4_bin DEFAULT NULL,
  `disp_name` varchar(255) COLLATE utf8mb4_bin NOT NULL,
  `sort_no` smallint(5) unsigned NOT NULL,
  `enabled` tinyint(1) NOT NULL DEFAULT '1',
  `create_date` datetime NOT NULL COMMENT '(DC2Type:datetimetz)',
  `update_date` datetime NOT NULL COMMENT '(DC2Type:datetimetz)',
  `discriminator_type` varchar(255) COLLATE utf8mb4_bin NOT NULL,
  PRIMARY KEY (`id`),
  KEY `IDX_F55F48C3E8507796` (`csv_type_id`),
  KEY `IDX_F55F48C361220EA6` (`creator_id`),
  CONSTRAINT `FK_F55F48C361220EA6` FOREIGN KEY (`creator_id`) REFERENCES `dtb_member` (`id`),
  CONSTRAINT `FK_F55F48C3E8507796` FOREIGN KEY (`csv_type_id`) REFERENCES `mtb_csv_type` (`id`)
) ENGINE=InnoDB AUTO_INCREMENT=331 DEFAULT CHARSET=utf8mb4 COLLATE=utf8mb4_bin;

--
-- Dumping data for table `dtb_csv`
--

INSERT INTO `dtb_csv` VALUES (1,1,NULL,'Eccube\\\\Entity\\\\Product','id',NULL,'商品ID',1,1,'2023-12-04 05:31:39','2023-12-04 05:31:39','csv'),(2,1,NULL,'Eccube\\\\Entity\\\\Product','Status','id','公開ステータス(ID)',2,1,'2023-12-04 05:31:39','2023-12-04 05:31:39','csv'),(3,1,NULL,'Eccube\\\\Entity\\\\Product','Status','name','公開ステータス(名称)',3,1,'2023-12-04 05:31:39','2023-12-04 05:31:39','csv'),(4,1,NULL,'Eccube\\\\Entity\\\\Product','name',NULL,'商品名',4,1,'2023-12-04 05:31:39','2023-12-04 05:31:39','csv'),(5,1,NULL,'Eccube\\\\Entity\\\\Product','note',NULL,'ショップ用メモ欄',5,1,'2023-12-04 05:31:39','2023-12-04 05:31:39','csv'),(6,1,NULL,'Eccube\\\\Entity\\\\Product','description_list',NULL,'商品説明(一覧)',6,1,'2023-12-04 05:31:39','2023-12-04 05:31:39','csv'),(7,1,NULL,'Eccube\\\\Entity\\\\Product','description_detail',NULL,'商品説明(詳細)',7,1,'2023-12-04 05:31:39','2023-12-04 05:31:39','csv'),(8,1,NULL,'Eccube\\\\Entity\\\\Product','search_word',NULL,'検索ワード',8,1,'2023-12-04 05:31:39','2023-12-04 05:31:39','csv'),(9,1,NULL,'Eccube\\\\Entity\\\\Product','free_area',NULL,'フリーエリア',9,1,'2023-12-04 05:31:39','2023-12-04 05:31:39','csv'),(10,1,NULL,'Eccube\\\\Entity\\\\ProductClass','id',NULL,'商品規格ID',10,1,'2023-12-04 05:31:39','2023-12-04 05:31:39','csv'),(11,1,NULL,'Eccube\\\\Entity\\\\ProductClass','SaleType','id','販売種別(ID)',11,1,'2023-12-04 05:31:39','2023-12-04 05:31:39','csv'),(12,1,NULL,'Eccube\\\\Entity\\\\ProductClass','SaleType','name','販売種別(名称)',12,1,'2023-12-04 05:31:39','2023-12-04 05:31:39','csv'),(13,1,NULL,'Eccube\\\\Entity\\\\ProductClass','ClassCategory1','id','規格分類1(ID)',13,1,'2023-12-04 05:31:39','2023-12-04 05:31:39','csv'),(14,1,NULL,'Eccube\\\\Entity\\\\ProductClass','ClassCategory1','name','規格分類1(名称)',14,1,'2023-12-04 05:31:39','2023-12-04 05:31:39','csv'),(15,1,NULL,'Eccube\\\\Entity\\\\ProductClass','ClassCategory2','id','規格分類2(ID)',15,1,'2023-12-04 05:31:39','2023-12-04 05:31:39','csv'),(16,1,NULL,'Eccube\\\\Entity\\\\ProductClass','ClassCategory2','name','規格分類2(名称)',16,1,'2023-12-04 05:31:39','2023-12-04 05:31:39','csv'),(17,1,NULL,'Eccube\\\\Entity\\\\ProductClass','DeliveryDuration','id','発送日目安(ID)',17,1,'2023-12-04 05:31:39','2023-12-04 05:31:39','csv'),(18,1,NULL,'Eccube\\\\Entity\\\\ProductClass','DeliveryDuration','name','発送日目安(名称)',18,1,'2023-12-04 05:31:39','2023-12-04 05:31:39','csv'),(19,1,NULL,'Eccube\\\\Entity\\\\ProductClass','code',NULL,'商品コード',19,1,'2023-12-04 05:31:39','2023-12-04 05:31:39','csv'),(20,1,NULL,'Eccube\\\\Entity\\\\ProductClass','stock',NULL,'在庫数',20,1,'2023-12-04 05:31:39','2023-12-04 05:31:39','csv'),(21,1,NULL,'Eccube\\\\Entity\\\\ProductClass','stock_unlimited',NULL,'在庫数無制限フラグ',21,1,'2023-12-04 05:31:39','2023-12-04 05:31:39','csv'),(22,1,NULL,'Eccube\\\\Entity\\\\ProductClass','sale_limit',NULL,'販売制限数',22,1,'2023-12-04 05:31:39','2023-12-04 05:31:39','csv'),(23,1,NULL,'Eccube\\\\Entity\\\\ProductClass','price01',NULL,'通常価格',23,1,'2023-12-04 05:31:39','2023-12-04 05:31:39','csv'),(24,1,NULL,'Eccube\\\\Entity\\\\ProductClass','price02',NULL,'販売価格',24,1,'2023-12-04 05:31:39','2023-12-04 05:31:39','csv'),(25,1,NULL,'Eccube\\\\Entity\\\\ProductClass','delivery_fee',NULL,'送料',25,0,'2023-12-04 05:31:39','2023-12-04 05:31:39','csv'),(26,1,NULL,'Eccube\\\\Entity\\\\Product','ProductImage','file_name','商品画像',26,1,'2023-12-04 05:31:39','2023-12-04 05:31:39','csv'),(27,1,NULL,'Eccube\\\\Entity\\\\Product','ProductCategories','category_id','商品カテゴリ(ID)',27,1,'2023-12-04 05:31:39','2023-12-04 05:31:39','csv'),(28,1,NULL,'Eccube\\\\Entity\\\\Product','ProductCategories','Category','商品カテゴリ(名称)',28,1,'2023-12-04 05:31:39','2023-12-04 05:31:39','csv'),(29,1,NULL,'Eccube\\\\Entity\\\\Product','ProductTag','tag_id','タグ(ID)',29,1,'2023-12-04 05:31:39','2023-12-04 05:31:39','csv'),(30,1,NULL,'Eccube\\\\Entity\\\\Product','ProductTag','Tag','タグ(名称)',30,1,'2023-12-04 05:31:39','2023-12-04 05:31:39','csv'),(31,2,NULL,'Eccube\\\\Entity\\\\Customer','id',NULL,'会員ID',1,1,'2023-12-04 05:31:39','2023-12-04 05:31:39','csv'),(32,2,NULL,'Eccube\\\\Entity\\\\Customer','name01',NULL,'お名前(姓)',2,1,'2023-12-04 05:31:39','2023-12-04 05:31:39','csv'),(33,2,NULL,'Eccube\\\\Entity\\\\Customer','name02',NULL,'お名前(名)',3,1,'2023-12-04 05:31:39','2023-12-04 05:31:39','csv'),(34,2,NULL,'Eccube\\\\Entity\\\\Customer','kana01',NULL,'お名前(セイ)',4,1,'2023-12-04 05:31:39','2023-12-04 05:31:39','csv'),(35,2,NULL,'Eccube\\\\Entity\\\\Customer','kana02',NULL,'お名前(メイ)',5,1,'2023-12-04 05:31:39','2023-12-04 05:31:39','csv'),(36,2,NULL,'Eccube\\\\Entity\\\\Customer','company_name',NULL,'会社名',6,1,'2023-12-04 05:31:39','2023-12-04 05:31:39','csv'),(37,2,NULL,'Eccube\\\\Entity\\\\Customer','postal_code',NULL,'郵便番号',7,1,'2023-12-04 05:31:39','2023-12-04 05:31:39','csv'),(38,2,NULL,'Eccube\\\\Entity\\\\Customer','Pref','id','都道府県(ID)',9,1,'2023-12-04 05:31:39','2023-12-04 05:31:39','csv'),(39,2,NULL,'Eccube\\\\Entity\\\\Customer','Pref','name','都道府県(名称)',10,1,'2023-12-04 05:31:39','2023-12-04 05:31:39','csv'),(40,2,NULL,'Eccube\\\\Entity\\\\Customer','addr01',NULL,'住所1',11,1,'2023-12-04 05:31:39','2023-12-04 05:31:39','csv'),(41,2,NULL,'Eccube\\\\Entity\\\\Customer','addr02',NULL,'住所2',12,1,'2023-12-04 05:31:39','2023-12-04 05:31:39','csv'),(42,2,NULL,'Eccube\\\\Entity\\\\Customer','email',NULL,'メールアドレス',13,1,'2023-12-04 05:31:39','2023-12-04 05:31:39','csv'),(43,2,NULL,'Eccube\\\\Entity\\\\Customer','phone_number',NULL,'TEL',14,1,'2023-12-04 05:31:39','2023-12-04 05:31:39','csv'),(44,2,NULL,'Eccube\\\\Entity\\\\Customer','Sex','id','性別(ID)',20,1,'2023-12-04 05:31:39','2023-12-04 05:31:39','csv'),(45,2,NULL,'Eccube\\\\Entity\\\\Customer','Sex','name','性別(名称)',21,1,'2023-12-04 05:31:39','2023-12-04 05:31:39','csv'),(46,2,NULL,'Eccube\\\\Entity\\\\Customer','Job','id','職業(ID)',22,1,'2023-12-04 05:31:39','2023-12-04 05:31:39','csv'),(47,2,NULL,'Eccube\\\\Entity\\\\Customer','Job','name','職業(名称)',23,1,'2023-12-04 05:31:39','2023-12-04 05:31:39','csv'),(48,2,NULL,'Eccube\\\\Entity\\\\Customer','birth',NULL,'誕生日',24,1,'2023-12-04 05:31:39','2023-12-04 05:31:39','csv'),(49,2,NULL,'Eccube\\\\Entity\\\\Customer','first_buy_date',NULL,'初回購入日',25,1,'2023-12-04 05:31:39','2023-12-04 05:31:39','csv'),(50,2,NULL,'Eccube\\\\Entity\\\\Customer','last_buy_date',NULL,'最終購入日',26,1,'2023-12-04 05:31:39','2023-12-04 05:31:39','csv'),(51,2,NULL,'Eccube\\\\Entity\\\\Customer','buy_times',NULL,'購入回数',27,1,'2023-12-04 05:31:39','2023-12-04 05:31:39','csv'),(52,2,NULL,'Eccube\\\\Entity\\\\Customer','note',NULL,'ショップ用メモ欄',28,1,'2023-12-04 05:31:39','2023-12-04 05:31:39','csv'),(53,2,NULL,'Eccube\\\\Entity\\\\Customer','Status','id','会員ステータス(ID)',29,1,'2023-12-04 05:31:39','2023-12-04 05:31:39','csv'),(54,2,NULL,'Eccube\\\\Entity\\\\Customer','Status','name','会員ステータス(名称)',30,1,'2023-12-04 05:31:39','2023-12-04 05:31:39','csv'),(55,2,NULL,'Eccube\\\\Entity\\\\Customer','create_date',NULL,'登録日',31,1,'2023-12-04 05:31:39','2023-12-04 05:31:39','csv'),(56,2,NULL,'Eccube\\\\Entity\\\\Customer','update_date',NULL,'更新日',32,1,'2023-12-04 05:31:39','2023-12-04 05:31:39','csv'),(57,3,NULL,'Eccube\\\\Entity\\\\Order','id',NULL,'注文ID',1,1,'2023-12-04 05:31:39','2023-12-04 05:31:39','csv'),(58,3,NULL,'Eccube\\\\Entity\\\\Order','order_no',NULL,'注文番号',2,1,'2023-12-04 05:31:39','2023-12-04 05:31:39','csv'),(59,3,NULL,'Eccube\\\\Entity\\\\Order','Customer','id','会員ID',3,1,'2023-12-04 05:31:39','2023-12-04 05:31:39','csv'),(60,3,NULL,'Eccube\\\\Entity\\\\Order','name01',NULL,'お名前(姓)',4,1,'2023-12-04 05:31:39','2023-12-04 05:31:39','csv'),(61,3,NULL,'Eccube\\\\Entity\\\\Order','name02',NULL,'お名前(名)',5,1,'2023-12-04 05:31:39','2023-12-04 05:31:39','csv'),(62,3,NULL,'Eccube\\\\Entity\\\\Order','kana01',NULL,'お名前(セイ)',6,1,'2023-12-04 05:31:39','2023-12-04 05:31:39','csv'),(63,3,NULL,'Eccube\\\\Entity\\\\Order','kana02',NULL,'お名前(メイ)',7,1,'2023-12-04 05:31:39','2023-12-04 05:31:39','csv'),(64,3,NULL,'Eccube\\\\Entity\\\\Order','company_name',NULL,'会社名',8,1,'2023-12-04 05:31:39','2023-12-04 05:31:39','csv'),(65,3,NULL,'Eccube\\\\Entity\\\\Order','postal_code',NULL,'郵便番号',9,1,'2023-12-04 05:31:39','2023-12-04 05:31:39','csv'),(66,3,NULL,'Eccube\\\\Entity\\\\Order','Pref','id','都道府県(ID)',10,1,'2023-12-04 05:31:39','2023-12-04 05:31:39','csv'),(67,3,NULL,'Eccube\\\\Entity\\\\Order','Pref','name','都道府県(名称)',11,1,'2023-12-04 05:31:39','2023-12-04 05:31:39','csv'),(68,3,NULL,'Eccube\\\\Entity\\\\Order','addr01',NULL,'住所1',12,1,'2023-12-04 05:31:39','2023-12-04 05:31:39','csv'),(69,3,NULL,'Eccube\\\\Entity\\\\Order','addr02',NULL,'住所2',13,1,'2023-12-04 05:31:39','2023-12-04 05:31:39','csv'),(70,3,NULL,'Eccube\\\\Entity\\\\Order','email',NULL,'メールアドレス',14,1,'2023-12-04 05:31:39','2023-12-04 05:31:39','csv'),(71,3,NULL,'Eccube\\\\Entity\\\\Order','phone_number',NULL,'TEL',15,1,'2023-12-04 05:31:39','2023-12-04 05:31:39','csv'),(72,3,NULL,'Eccube\\\\Entity\\\\Order','Sex','id','性別(ID)',16,1,'2023-12-04 05:31:39','2023-12-04 05:31:39','csv'),(73,3,NULL,'Eccube\\\\Entity\\\\Order','Sex','name','性別(名称)',17,1,'2023-12-04 05:31:39','2023-12-04 05:31:39','csv'),(74,3,NULL,'Eccube\\\\Entity\\\\Order','Job','id','職業(ID)',18,1,'2023-12-04 05:31:39','2023-12-04 05:31:39','csv'),(75,3,NULL,'Eccube\\\\Entity\\\\Order','Job','name','職業(名称)',19,1,'2023-12-04 05:31:39','2023-12-04 05:31:39','csv'),(76,3,NULL,'Eccube\\\\Entity\\\\Order','birth',NULL,'誕生日',20,1,'2023-12-04 05:31:39','2023-12-04 05:31:39','csv'),(77,3,NULL,'Eccube\\\\Entity\\\\Order','note',NULL,'ショップ用メモ欄',21,1,'2023-12-04 05:31:39','2023-12-04 05:31:39','csv'),(78,3,NULL,'Eccube\\\\Entity\\\\Order','subtotal',NULL,'小計',22,1,'2023-12-04 05:31:39','2023-12-04 05:31:39','csv'),(79,3,NULL,'Eccube\\\\Entity\\\\Order','discount',NULL,'値引き',23,1,'2023-12-04 05:31:39','2023-12-04 05:31:39','csv'),(80,3,NULL,'Eccube\\\\Entity\\\\Order','delivery_fee_total',NULL,'送料',24,1,'2023-12-04 05:31:39','2023-12-04 05:31:39','csv'),(81,3,NULL,'Eccube\\\\Entity\\\\Order','tax',NULL,'税金',25,1,'2023-12-04 05:31:39','2023-12-04 05:31:39','csv'),(82,3,NULL,'Eccube\\\\Entity\\\\Order','total',NULL,'合計',26,1,'2023-12-04 05:31:39','2023-12-04 05:31:39','csv'),(83,3,NULL,'Eccube\\\\Entity\\\\Order','payment_total',NULL,'支払合計',27,1,'2023-12-04 05:31:39','2023-12-04 05:31:39','csv'),(84,3,NULL,'Eccube\\\\Entity\\\\Order','OrderStatus','id','対応状況(ID)',28,1,'2023-12-04 05:31:39','2023-12-04 05:31:39','csv'),(85,3,NULL,'Eccube\\\\Entity\\\\Order','OrderStatus','name','対応状況(名称)',29,1,'2023-12-04 05:31:39','2023-12-04 05:31:39','csv'),(86,3,NULL,'Eccube\\\\Entity\\\\Order','Payment','id','支払方法(ID)',30,1,'2023-12-04 05:31:39','2023-12-04 05:31:39','csv'),(87,3,NULL,'Eccube\\\\Entity\\\\Order','payment_method',NULL,'支払方法(名称)',31,1,'2023-12-04 05:31:39','2023-12-04 05:31:39','csv'),(88,3,NULL,'Eccube\\\\Entity\\\\Order','order_date',NULL,'受注日',32,1,'2023-12-04 05:31:39','2023-12-04 05:31:39','csv'),(89,3,NULL,'Eccube\\\\Entity\\\\Order','payment_date',NULL,'入金日',33,1,'2023-12-04 05:31:39','2023-12-04 05:31:39','csv'),(90,3,NULL,'Eccube\\\\Entity\\\\OrderItem','id',NULL,'注文詳細ID',34,1,'2023-12-04 05:31:39','2023-12-04 05:31:39','csv'),(91,3,NULL,'Eccube\\\\Entity\\\\OrderItem','Product','id','商品ID',35,1,'2023-12-04 05:31:39','2023-12-04 05:31:39','csv'),(92,3,NULL,'Eccube\\\\Entity\\\\OrderItem','ProductClass','id','商品規格ID',36,1,'2023-12-04 05:31:39','2023-12-04 05:31:39','csv'),(93,3,NULL,'Eccube\\\\Entity\\\\OrderItem','product_name',NULL,'商品名',37,1,'2023-12-04 05:31:39','2023-12-04 05:31:39','csv'),(94,3,NULL,'Eccube\\\\Entity\\\\OrderItem','product_code',NULL,'商品コード',38,1,'2023-12-04 05:31:39','2023-12-04 05:31:39','csv'),(95,3,NULL,'Eccube\\\\Entity\\\\OrderItem','class_name1',NULL,'規格名1',39,1,'2023-12-04 05:31:39','2023-12-04 05:31:39','csv'),(96,3,NULL,'Eccube\\\\Entity\\\\OrderItem','class_name2',NULL,'規格名2',40,1,'2023-12-04 05:31:39','2023-12-04 05:31:39','csv'),(97,3,NULL,'Eccube\\\\Entity\\\\OrderItem','class_category_name1',NULL,'規格分類名1',41,1,'2023-12-04 05:31:39','2023-12-04 05:31:39','csv'),(98,3,NULL,'Eccube\\\\Entity\\\\OrderItem','class_category_name2',NULL,'規格分類名2',42,1,'2023-12-04 05:31:39','2023-12-04 05:31:39','csv'),(99,3,1,'Eccube\\\\Entity\\\\OrderItem','price',NULL,'価格(税抜)',48,1,'2023-12-04 05:31:39','2024-03-30 09:19:58','csv'),(100,3,1,'Eccube\\\\Entity\\\\OrderItem','quantity',NULL,'個数',49,1,'2023-12-04 05:31:39','2024-03-30 09:19:58','csv'),(101,3,1,'Eccube\\\\Entity\\\\OrderItem','tax_rate',NULL,'税率',50,1,'2023-12-04 05:31:39','2024-03-30 09:19:58','csv'),(102,3,1,'Eccube\\\\Entity\\\\OrderItem','tax_rule',NULL,'税率ルール(ID)',51,1,'2023-12-04 05:31:39','2024-03-30 09:19:58','csv'),(103,3,1,'Eccube\\\\Entity\\\\OrderItem','OrderItemType','id','明細区分(ID)',52,1,'2023-12-04 05:31:39','2024-03-30 09:19:58','csv'),(104,3,1,'Eccube\\\\Entity\\\\OrderItem','OrderItemType','name','明細区分(名称)',53,1,'2023-12-04 05:31:39','2024-03-30 09:19:58','csv'),(105,3,1,'Eccube\\\\Entity\\\\Shipping','id',NULL,'出荷ID',54,1,'2023-12-04 05:31:39','2024-03-30 09:19:58','csv'),(106,3,1,'Eccube\\\\Entity\\\\Shipping','name01',NULL,'配送先_お名前(姓)',55,1,'2023-12-04 05:31:39','2024-03-30 09:19:58','csv'),(107,3,1,'Eccube\\\\Entity\\\\Shipping','name02',NULL,'配送先_お名前(名)',56,1,'2023-12-04 05:31:39','2024-03-30 09:19:58','csv'),(108,3,1,'Eccube\\\\Entity\\\\Shipping','kana01',NULL,'配送先_お名前(セイ)',57,1,'2023-12-04 05:31:39','2024-03-30 09:19:58','csv'),(109,3,1,'Eccube\\\\Entity\\\\Shipping','kana02',NULL,'配送先_お名前(メイ)',58,1,'2023-12-04 05:31:39','2024-03-30 09:19:58','csv'),(110,3,1,'Eccube\\\\Entity\\\\Shipping','company_name',NULL,'配送先_会社名',59,1,'2023-12-04 05:31:39','2024-03-30 09:19:58','csv'),(111,3,1,'Eccube\\\\Entity\\\\Shipping','postal_code',NULL,'配送先_郵便番号',60,1,'2023-12-04 05:31:39','2024-03-30 09:19:58','csv'),(112,3,1,'Eccube\\\\Entity\\\\Shipping','Pref','id','配送先_都道府県(ID)',61,1,'2023-12-04 05:31:39','2024-03-30 09:19:58','csv'),(113,3,1,'Eccube\\\\Entity\\\\Shipping','Pref','name','配送先_都道府県(名称)',62,1,'2023-12-04 05:31:39','2024-03-30 09:19:58','csv'),(114,3,1,'Eccube\\\\Entity\\\\Shipping','addr01',NULL,'配送先_住所1',63,1,'2023-12-04 05:31:39','2024-03-30 09:19:58','csv'),(115,3,1,'Eccube\\\\Entity\\\\Shipping','addr02',NULL,'配送先_住所2',64,1,'2023-12-04 05:31:39','2024-03-30 09:19:58','csv'),(116,3,1,'Eccube\\\\Entity\\\\Shipping','phone_number',NULL,'配送先_TEL',65,1,'2023-12-04 05:31:39','2024-03-30 09:19:58','csv'),(117,3,1,'Eccube\\\\Entity\\\\Shipping','Delivery','id','配送業者(ID)',66,1,'2023-12-04 05:31:39','2024-03-30 09:19:58','csv'),(118,3,1,'Eccube\\\\Entity\\\\Shipping','shipping_delivery_name',NULL,'配送業者(名称)',67,1,'2023-12-04 05:31:39','2024-03-30 09:19:58','csv'),(119,3,1,'Eccube\\\\Entity\\\\Shipping','time_id',NULL,'お届け時間ID',68,1,'2023-12-04 05:31:39','2024-03-30 09:19:58','csv'),(120,3,1,'Eccube\\\\Entity\\\\Shipping','shipping_delivery_time',NULL,'お届け時間(名称)',69,1,'2023-12-04 05:31:39','2024-03-30 09:19:58','csv'),(121,3,1,'Eccube\\\\Entity\\\\Shipping','shipping_delivery_date',NULL,'お届け希望日',70,1,'2023-12-04 05:31:39','2024-03-30 09:19:58','csv'),(123,3,1,'Eccube\\\\Entity\\\\Shipping','shipping_delivery_fee',NULL,'送料',71,1,'2023-12-04 05:31:39','2024-03-30 09:19:58','csv'),(124,3,1,'Eccube\\\\Entity\\\\Shipping','shipping_date',NULL,'発送日',72,1,'2023-12-04 05:31:39','2024-03-30 09:19:58','csv'),(125,3,1,'Eccube\\\\Entity\\\\Shipping','tracking_number',NULL,'出荷伝票番号',73,1,'2023-12-04 05:31:39','2024-03-30 09:19:58','csv'),(126,3,1,'Eccube\\\\Entity\\\\Shipping','note',NULL,'配達用メモ',74,1,'2023-12-04 05:31:39','2024-03-30 09:19:58','csv'),(127,3,1,'Eccube\\\\Entity\\\\Shipping','mail_send_date',NULL,'出荷メール送信日',75,1,'2023-12-04 05:31:39','2024-03-30 09:19:58','csv'),(128,4,NULL,'Eccube\\\\Entity\\\\Order','id',NULL,'注文ID',1,1,'2023-12-04 05:31:39','2023-12-04 05:31:39','csv'),(129,4,NULL,'Eccube\\\\Entity\\\\Order','order_no',NULL,'注文番号',2,1,'2023-12-04 05:31:39','2023-12-04 05:31:39','csv'),(130,4,NULL,'Eccube\\\\Entity\\\\Order','Customer','id','会員ID',3,1,'2023-12-04 05:31:39','2023-12-04 05:31:39','csv'),(131,4,NULL,'Eccube\\\\Entity\\\\Order','name01',NULL,'お名前(姓)',4,1,'2023-12-04 05:31:39','2023-12-04 05:31:39','csv'),(132,4,NULL,'Eccube\\\\Entity\\\\Order','name02',NULL,'お名前(名)',5,1,'2023-12-04 05:31:39','2023-12-04 05:31:39','csv'),(133,4,NULL,'Eccube\\\\Entity\\\\Order','kana01',NULL,'お名前(セイ)',6,1,'2023-12-04 05:31:39','2023-12-04 05:31:39','csv'),(134,4,NULL,'Eccube\\\\Entity\\\\Order','kana02',NULL,'お名前(メイ)',7,1,'2023-12-04 05:31:39','2023-12-04 05:31:39','csv'),(135,4,NULL,'Eccube\\\\Entity\\\\Order','company_name',NULL,'会社名',8,1,'2023-12-04 05:31:39','2023-12-04 05:31:39','csv'),(136,4,NULL,'Eccube\\\\Entity\\\\Order','postal_code',NULL,'郵便番号',9,1,'2023-12-04 05:31:39','2023-12-04 05:31:39','csv'),(137,4,NULL,'Eccube\\\\Entity\\\\Order','Pref','id','都道府県(ID)',10,1,'2023-12-04 05:31:39','2023-12-04 05:31:39','csv'),(138,4,NULL,'Eccube\\\\Entity\\\\Order','Pref','name','都道府県(名称)',11,1,'2023-12-04 05:31:39','2023-12-04 05:31:39','csv'),(139,4,NULL,'Eccube\\\\Entity\\\\Order','addr01',NULL,'住所1',12,1,'2023-12-04 05:31:39','2023-12-04 05:31:39','csv'),(140,4,NULL,'Eccube\\\\Entity\\\\Order','addr02',NULL,'住所2',13,1,'2023-12-04 05:31:39','2023-12-04 05:31:39','csv'),(141,4,NULL,'Eccube\\\\Entity\\\\Order','email',NULL,'メールアドレス',14,1,'2023-12-04 05:31:39','2023-12-04 05:31:39','csv'),(142,4,NULL,'Eccube\\\\Entity\\\\Order','phone_number',NULL,'TEL',15,1,'2023-12-04 05:31:39','2023-12-04 05:31:39','csv'),(143,4,NULL,'Eccube\\\\Entity\\\\Order','Sex','id','性別(ID)',16,1,'2023-12-04 05:31:39','2023-12-04 05:31:39','csv'),(144,4,NULL,'Eccube\\\\Entity\\\\Order','Sex','name','性別(名称)',17,1,'2023-12-04 05:31:39','2023-12-04 05:31:39','csv'),(145,4,NULL,'Eccube\\\\Entity\\\\Order','Job','id','職業(ID)',18,1,'2023-12-04 05:31:39','2023-12-04 05:31:39','csv'),(146,4,NULL,'Eccube\\\\Entity\\\\Order','Job','name','職業(名称)',19,1,'2023-12-04 05:31:39','2023-12-04 05:31:39','csv'),(147,4,NULL,'Eccube\\\\Entity\\\\Order','birth',NULL,'誕生日',20,1,'2023-12-04 05:31:39','2023-12-04 05:31:39','csv'),(148,4,NULL,'Eccube\\\\Entity\\\\Order','note',NULL,'ショップ用メモ欄',21,1,'2023-12-04 05:31:39','2023-12-04 05:31:39','csv'),(149,4,NULL,'Eccube\\\\Entity\\\\Order','subtotal',NULL,'小計',22,1,'2023-12-04 05:31:39','2023-12-04 05:31:39','csv'),(150,4,NULL,'Eccube\\\\Entity\\\\Order','discount',NULL,'値引き',23,1,'2023-12-04 05:31:39','2023-12-04 05:31:39','csv'),(151,4,NULL,'Eccube\\\\Entity\\\\Order','delivery_fee_total',NULL,'送料',24,1,'2023-12-04 05:31:39','2023-12-04 05:31:39','csv'),(152,4,NULL,'Eccube\\\\Entity\\\\Order','tax',NULL,'税金',25,1,'2023-12-04 05:31:39','2023-12-04 05:31:39','csv'),(153,4,NULL,'Eccube\\\\Entity\\\\Order','total',NULL,'合計',26,1,'2023-12-04 05:31:39','2023-12-04 05:31:39','csv'),(154,4,NULL,'Eccube\\\\Entity\\\\Order','payment_total',NULL,'支払合計',27,1,'2023-12-04 05:31:39','2023-12-04 05:31:39','csv'),(155,4,NULL,'Eccube\\\\Entity\\\\Order','OrderStatus','id','対応状況(ID)',28,1,'2023-12-04 05:31:39','2023-12-04 05:31:39','csv'),(156,4,NULL,'Eccube\\\\Entity\\\\Order','OrderStatus','name','対応状況(名称)',29,1,'2023-12-04 05:31:39','2023-12-04 05:31:39','csv'),(157,4,NULL,'Eccube\\\\Entity\\\\Order','Payment','id','支払方法(ID)',30,1,'2023-12-04 05:31:39','2023-12-04 05:31:39','csv'),(158,4,NULL,'Eccube\\\\Entity\\\\Order','payment_method',NULL,'支払方法(名称)',31,1,'2023-12-04 05:31:39','2023-12-04 05:31:39','csv'),(159,4,NULL,'Eccube\\\\Entity\\\\Order','order_date',NULL,'受注日',32,1,'2023-12-04 05:31:39','2023-12-04 05:31:39','csv'),(160,4,NULL,'Eccube\\\\Entity\\\\Order','payment_date',NULL,'入金日',33,1,'2023-12-04 05:31:39','2023-12-04 05:31:39','csv'),(161,4,NULL,'Eccube\\\\Entity\\\\OrderItem','id',NULL,'注文詳細ID',34,1,'2023-12-04 05:31:39','2023-12-04 05:31:39','csv'),(162,4,NULL,'Eccube\\\\Entity\\\\OrderItem','Product','id','商品ID',35,1,'2023-12-04 05:31:39','2023-12-04 05:31:39','csv'),(163,4,NULL,'Eccube\\\\Entity\\\\OrderItem','ProductClass','id','商品規格ID',36,1,'2023-12-04 05:31:39','2023-12-04 05:31:39','csv'),(164,4,NULL,'Eccube\\\\Entity\\\\OrderItem','product_name',NULL,'商品名',37,1,'2023-12-04 05:31:39','2023-12-04 05:31:39','csv'),(165,4,NULL,'Eccube\\\\Entity\\\\OrderItem','product_code',NULL,'商品コード',38,1,'2023-12-04 05:31:39','2023-12-04 05:31:39','csv'),(166,4,NULL,'Eccube\\\\Entity\\\\OrderItem','class_name1',NULL,'規格名1',39,1,'2023-12-04 05:31:39','2023-12-04 05:31:39','csv'),(167,4,NULL,'Eccube\\\\Entity\\\\OrderItem','class_name2',NULL,'規格名2',40,1,'2023-12-04 05:31:39','2023-12-04 05:31:39','csv'),(168,4,NULL,'Eccube\\\\Entity\\\\OrderItem','class_category_name1',NULL,'規格分類名1',41,1,'2023-12-04 05:31:39','2023-12-04 05:31:39','csv'),(169,4,NULL,'Eccube\\\\Entity\\\\OrderItem','class_category_name2',NULL,'規格分類名2',42,1,'2023-12-04 05:31:39','2023-12-04 05:31:39','csv'),(170,4,NULL,'Eccube\\\\Entity\\\\OrderItem','price',NULL,'価格(税抜)',43,1,'2023-12-04 05:31:39','2023-12-04 05:31:39','csv'),(171,4,1,'Eccube\\\\Entity\\\\OrderItem','quantity',NULL,'個数',49,1,'2023-12-04 05:31:39','2024-03-30 09:23:59','csv'),(172,4,1,'Eccube\\\\Entity\\\\OrderItem','tax_rate',NULL,'税率',50,1,'2023-12-04 05:31:39','2024-03-30 09:23:59','csv'),(173,4,1,'Eccube\\\\Entity\\\\OrderItem','tax_rule',NULL,'税率ルール(ID)',51,1,'2023-12-04 05:31:39','2024-03-30 09:23:59','csv'),(174,4,1,'Eccube\\\\Entity\\\\OrderItem','OrderItemType','id','明細区分(ID)',52,1,'2023-12-04 05:31:39','2024-03-30 09:23:59','csv'),(175,4,1,'Eccube\\\\Entity\\\\OrderItem','OrderItemType','name','明細区分(名称)',53,1,'2023-12-04 05:31:39','2024-03-30 09:23:59','csv'),(176,4,1,'Eccube\\\\Entity\\\\Shipping','id',NULL,'出荷ID',54,1,'2023-12-04 05:31:39','2024-03-30 09:23:59','csv'),(177,4,1,'Eccube\\\\Entity\\\\Shipping','name01',NULL,'配送先_お名前(姓)',55,1,'2023-12-04 05:31:39','2024-03-30 09:23:59','csv'),(178,4,1,'Eccube\\\\Entity\\\\Shipping','name02',NULL,'配送先_お名前(名)',56,1,'2023-12-04 05:31:39','2024-03-30 09:23:59','csv'),(179,4,1,'Eccube\\\\Entity\\\\Shipping','kana01',NULL,'配送先_お名前(セイ)',57,1,'2023-12-04 05:31:39','2024-03-30 09:23:59','csv'),(180,4,1,'Eccube\\\\Entity\\\\Shipping','kana02',NULL,'配送先_お名前(メイ)',58,1,'2023-12-04 05:31:39','2024-03-30 09:23:59','csv'),(181,4,1,'Eccube\\\\Entity\\\\Shipping','company_name',NULL,'配送先_会社名',59,1,'2023-12-04 05:31:39','2024-03-30 09:23:59','csv'),(182,4,1,'Eccube\\\\Entity\\\\Shipping','postal_code',NULL,'配送先_郵便番号',60,1,'2023-12-04 05:31:39','2024-03-30 09:23:59','csv'),(183,4,1,'Eccube\\\\Entity\\\\Shipping','Pref','id','配送先_都道府県(ID)',61,1,'2023-12-04 05:31:39','2024-03-30 09:23:59','csv'),(184,4,1,'Eccube\\\\Entity\\\\Shipping','Pref','name','配送先_都道府県(名称)',62,1,'2023-12-04 05:31:39','2024-03-30 09:23:59','csv'),(185,4,1,'Eccube\\\\Entity\\\\Shipping','addr01',NULL,'配送先_住所1',63,1,'2023-12-04 05:31:39','2024-03-30 09:23:59','csv'),(186,4,1,'Eccube\\\\Entity\\\\Shipping','addr02',NULL,'配送先_住所2',64,1,'2023-12-04 05:31:39','2024-03-30 09:23:59','csv'),(187,4,1,'Eccube\\\\Entity\\\\Shipping','phone_number',NULL,'配送先_TEL',65,1,'2023-12-04 05:31:39','2024-03-30 09:23:59','csv'),(188,4,1,'Eccube\\\\Entity\\\\Shipping','Delivery','id','配送業者(ID)',66,1,'2023-12-04 05:31:39','2024-03-30 09:23:59','csv'),(189,4,1,'Eccube\\\\Entity\\\\Shipping','shipping_delivery_name',NULL,'配送業者(名称)',67,1,'2023-12-04 05:31:39','2024-03-30 09:23:59','csv'),(190,4,1,'Eccube\\\\Entity\\\\Shipping','time_id',NULL,'お届け時間ID',68,1,'2023-12-04 05:31:39','2024-03-30 09:23:59','csv'),(191,4,1,'Eccube\\\\Entity\\\\Shipping','shipping_delivery_time',NULL,'お届け時間(名称)',69,1,'2023-12-04 05:31:39','2024-03-30 09:23:59','csv'),(192,4,1,'Eccube\\\\Entity\\\\Shipping','shipping_delivery_date',NULL,'お届け希望日',70,1,'2023-12-04 05:31:39','2024-03-30 09:23:59','csv'),(194,4,1,'Eccube\\\\Entity\\\\Shipping','shipping_delivery_fee',NULL,'送料',71,1,'2023-12-04 05:31:39','2024-03-30 09:23:59','csv'),(195,4,1,'Eccube\\\\Entity\\\\Shipping','shipping_date',NULL,'発送日',72,1,'2023-12-04 05:31:39','2024-03-30 09:23:59','csv'),(196,4,1,'Eccube\\\\Entity\\\\Shipping','tracking_number',NULL,'出荷伝票番号',73,1,'2023-12-04 05:31:39','2024-03-30 09:23:59','csv'),(197,4,1,'Eccube\\\\Entity\\\\Shipping','note',NULL,'配達用メモ',74,1,'2023-12-04 05:31:39','2024-03-30 09:23:59','csv'),(198,4,1,'Eccube\\\\Entity\\\\Shipping','mail_send_date',NULL,'出荷メール送信日',75,1,'2023-12-04 05:31:39','2024-03-30 09:23:59','csv'),(199,5,NULL,'Eccube\\\\Entity\\\\Category','id',NULL,'カテゴリID',1,1,'2023-12-04 05:31:39','2023-12-04 05:31:39','csv'),(200,5,NULL,'Eccube\\\\Entity\\\\Category','sort_no',NULL,'表示ランク',2,1,'2023-12-04 05:31:39','2023-12-04 05:31:39','csv'),(201,5,NULL,'Eccube\\\\Entity\\\\Category','name',NULL,'カテゴリ名',3,1,'2023-12-04 05:31:39','2023-12-04 05:31:39','csv'),(202,5,NULL,'Eccube\\\\Entity\\\\Category','Parent','id','親カテゴリID',4,1,'2023-12-04 05:31:39','2023-12-04 05:31:39','csv'),(203,5,NULL,'Eccube\\\\Entity\\\\Category','level',NULL,'階層',5,1,'2023-12-04 05:31:39','2023-12-04 05:31:39','csv'),(204,1,NULL,'Eccube\\\\Entity\\\\ProductClass','TaxRule','tax_rate','税率',31,0,'2023-12-04 05:31:39','2023-12-04 05:31:39','csv'),(205,2,NULL,'Eccube\\\\Entity\\\\Customer','point',NULL,'ポイント',33,1,'2023-12-04 05:31:39','2023-12-04 05:31:39','csv'),(206,1,NULL,'Eccube\\\\Entity\\\\ProductClass','visible',NULL,'商品規格表示フラグ',32,0,'2022-11-24 00:00:00','2022-11-24 00:00:00','csv'),(207,3,1,'Eccube\\\\Entity\\\\OrderItem','size',NULL,'サイズ',43,1,'2023-12-04 05:31:39','2024-03-30 09:15:59','csv'),(208,3,1,'Eccube\\\\Entity\\\\OrderItem','engraving',NULL,'刻印有無',44,1,'2023-12-04 05:31:39','2024-03-30 09:19:58','csv'),(209,3,1,'Eccube\\\\Entity\\\\OrderItem','engraving_font',NULL,'刻印字体',45,1,'2023-12-04 05:31:39','2024-03-30 09:19:58','csv'),(210,3,1,'Eccube\\\\Entity\\\\OrderItem','engraving_text',NULL,'刻印内容',46,1,'2023-12-04 05:31:39','2024-03-30 09:20:04','csv'),(211,3,1,'Eccube\\\\Entity\\\\OrderItem','stone',NULL,'インサイド石',47,1,'2023-12-04 05:31:39','2024-03-30 09:20:04','csv'),(212,4,1,'Eccube\\\\Entity\\\\OrderItem','size',NULL,'サイズ',44,1,'2023-12-04 05:31:39','2024-03-30 09:23:59','csv'),(213,4,1,'Eccube\\\\Entity\\\\OrderItem','engraving',NULL,'刻印有無',45,1,'2023-12-04 05:31:39','2024-03-30 09:23:59','csv'),(214,4,1,'Eccube\\\\Entity\\\\OrderItem','engraving_font',NULL,'刻印字体',46,1,'2023-12-04 05:31:39','2024-03-30 09:23:59','csv'),(215,4,1,'Eccube\\\\Entity\\\\OrderItem','engraving_text',NULL,'刻印内容',47,1,'2023-12-04 05:31:39','2024-03-30 09:23:59','csv'),(216,4,1,'Eccube\\\\Entity\\\\OrderItem','stone',NULL,'インサイド石',48,1,'2023-12-04 05:31:39','2024-03-30 09:23:59','csv'),(293,6,1,'Eccube\\Entity\\Customer','customer_id',NULL,'会員番号',1,1,'2024-07-23 04:31:29','2024-07-23 04:31:29','csv'),(294,6,1,'Eccube\\Entity\\Customer','name01',NULL,'お名前(姓)',2,1,'2024-07-23 04:31:30','2024-07-23 04:31:30','csv'),(295,6,1,'Eccube\\Entity\\Customer','name02',NULL,'お名前(名)',3,1,'2024-07-23 04:31:30','2024-07-23 04:31:30','csv'),(296,6,1,'Eccube\\\\Entity\\\\OrderItem','product_name',NULL,'商品名',4,1,'2024-07-23 04:31:30','2024-07-23 04:31:30','csv'),(297,6,1,'Eccube\\Entity\\Order','first_order_id',NULL,'初回注文番号',5,1,'2024-07-23 04:31:30','2024-07-23 04:31:30','csv'),(298,6,1,'Eccube\\Entity\\Order','latest_order_id',NULL,'最新注文番号',6,1,'2024-07-23 04:31:30','2024-07-23 04:31:30','csv'),(299,6,1,'Plugin\\RemisePayment42\\Entity\\RemiseACMember','total',NULL,'定期購買金額',7,1,'2024-07-23 04:31:30','2024-07-23 04:31:30','csv'),(300,6,1,'Plugin\\RemisePayment42\\Entity\\RemiseACMember','next_date',NULL,'次回課金日',8,1,'2024-07-23 04:31:30','2024-07-23 04:31:30','csv'),(301,6,1,'Plugin\\RemisePayment42\\Entity\\RemiseACMember','status',NULL,'状態',9,1,'2024-07-23 04:31:30','2024-07-23 04:31:30','csv'),(302,6,1,'Plugin\\RemisePayment42\\Entity\\RemiseACMember','member_id',NULL,'メンバーID',10,1,'2024-07-23 04:31:30','2024-07-23 04:31:30','csv'),(303,6,1,'Plugin\\RemisePayment42\\Entity\\RemiseACMember','note',NULL,'備考',11,1,'2024-07-23 04:31:30','2024-07-23 04:31:30','csv'),(304,6,1,'Eccube\\Entity\\Customer','kana01',NULL,'お名前(セイ)',1,0,'2024-07-23 04:31:31','2024-07-23 04:31:31','csv'),(305,6,1,'Eccube\\Entity\\Customer','kana02',NULL,'お名前(メイ)',2,0,'2024-07-23 04:31:31','2024-07-23 04:31:31','csv'),(306,6,1,'Eccube\\Entity\\Customer','company_name',NULL,'会社名',3,0,'2024-07-23 04:31:31','2024-07-23 04:31:31','csv'),(307,6,1,'Eccube\\Entity\\Customer','postal_code',NULL,'郵便番号',4,0,'2024-07-23 04:31:31','2024-07-23 04:31:31','csv'),(308,6,1,'Eccube\\Entity\\Customer','pref','name','都道府県',5,0,'2024-07-23 04:31:31','2024-07-23 04:31:31','csv'),(309,6,1,'Eccube\\Entity\\Customer','addr01',NULL,'住所1',6,0,'2024-07-23 04:31:31','2024-07-23 04:31:31','csv'),(310,6,1,'Eccube\\Entity\\Customer','addr02',NULL,'住所2',7,0,'2024-07-23 04:31:31','2024-07-23 04:31:31','csv'),(311,6,1,'Eccube\\Entity\\Customer','email',NULL,'メールアドレス',8,0,'2024-07-23 04:31:31','2024-07-23 04:31:31','csv'),(312,6,1,'Eccube\\Entity\\Customer','phone_number',NULL,'TEL',9,0,'2024-07-23 04:31:31','2024-07-23 04:31:31','csv'),(313,6,1,'Plugin\\RemisePayment42\\Entity\\RemiseACMember','count',NULL,'課金回数',10,0,'2024-07-23 04:31:32','2024-07-23 04:31:32','csv'),(314,6,1,'Plugin\\RemisePayment42\\Entity\\RemiseACMember','interval',NULL,'課金間隔',11,0,'2024-07-23 04:31:32','2024-07-23 04:31:32','csv'),(315,6,1,'Plugin\\RemisePayment42\\Entity\\RemiseACMember','day_of_month',NULL,'課金日',12,0,'2024-07-23 04:31:32','2024-07-23 04:31:32','csv'),(316,6,1,'Plugin\\RemisePayment42\\Entity\\RemiseACMember','after',NULL,'開始時期',13,0,'2024-07-23 04:31:32','2024-07-23 04:31:32','csv'),(317,6,1,'Plugin\\RemisePayment42\\Entity\\RemiseACMember','skip_flg',NULL,'スキップ',14,0,'2024-07-23 04:31:32','2024-07-23 04:31:32','csv'),(318,6,1,'Plugin\\RemisePayment42\\Entity\\RemiseACMember','stop_flg',NULL,'解約',15,0,'2024-07-23 04:31:32','2024-07-23 04:31:32','csv'),(319,6,1,'Plugin\\RemisePayment42\\Entity\\RemiseACMember','usage',NULL,'最低利用期間',16,0,'2024-07-23 04:31:32','2024-07-23 04:31:32','csv'),(320,6,1,'Plugin\\RemisePayment42\\Entity\\RemiseACMember','start_date',NULL,'課金開始日',17,0,'2024-07-23 04:31:32','2024-07-23 04:31:32','csv'),(321,6,1,'Plugin\\RemisePayment42\\Entity\\RemiseACMember','stop_date',NULL,'課金停止予定日',18,0,'2024-07-23 04:31:32','2024-07-23 04:31:32','csv'),(322,6,1,'Plugin\\RemisePayment42\\Entity\\RemiseACMember','create_date',NULL,'作成日時',19,0,'2024-07-23 04:31:32','2024-07-23 04:31:32','csv'),(323,6,1,'Plugin\\RemisePayment42\\Entity\\RemiseACMember','update_date',NULL,'更新日時',20,0,'2024-07-23 04:31:33','2024-07-23 04:31:33','csv'),(324,7,1,'Plugin\\RemisePayment42\\Entity\\RemiseACImportInfo','order_id',NULL,'注文番号',1,1,'2024-07-23 04:31:33','2024-07-23 04:31:33','csv'),(325,7,1,'Plugin\\RemisePayment42\\Entity\\RemiseACImportInfo','member_id',NULL,'メンバーID',2,1,'2024-07-23 04:31:33','2024-07-23 04:31:33','csv'),(326,7,1,'Plugin\\RemisePayment42\\Entity\\RemiseACImportInfo','s_kaiin_no',NULL,'会員番号',3,1,'2024-07-23 04:31:33','2024-07-23 04:31:33','csv'),(327,7,1,'Plugin\\RemisePayment42\\Entity\\RemiseACImportInfo','ac_amount',NULL,'定期購買金額',4,1,'2024-07-23 04:31:33','2024-07-23 04:31:33','csv'),(328,7,1,'Plugin\\RemisePayment42\\Entity\\RemiseACImportInfo','ac_result',NULL,'課金結果',5,1,'2024-07-23 04:31:33','2024-07-23 04:31:33','csv'),(329,7,1,'Plugin\\RemisePayment42\\Entity\\RemiseACImportInfo','status',NULL,'取込状況',6,1,'2024-07-23 04:31:33','2024-07-23 04:31:33','csv'),(330,7,1,'Plugin\\RemisePayment42\\Entity\\RemiseACImportInfo','note',NULL,'備考',7,1,'2024-07-23 04:31:33','2024-07-23 04:31:33','csv');

--
-- Table structure for table `dtb_customer`
--

CREATE TABLE `dtb_customer` (
  `id` int(10) unsigned NOT NULL AUTO_INCREMENT,
  `customer_status_id` smallint(5) unsigned DEFAULT NULL,
  `sex_id` smallint(5) unsigned DEFAULT NULL,
  `job_id` smallint(5) unsigned DEFAULT NULL,
  `country_id` smallint(5) unsigned DEFAULT NULL,
  `pref_id` smallint(5) unsigned DEFAULT NULL,
  `name01` varchar(255) COLLATE utf8mb4_bin NOT NULL,
  `name02` varchar(255) COLLATE utf8mb4_bin NOT NULL,
  `kana01` varchar(255) COLLATE utf8mb4_bin DEFAULT NULL,
  `kana02` varchar(255) COLLATE utf8mb4_bin DEFAULT NULL,
  `company_name` varchar(255) COLLATE utf8mb4_bin DEFAULT NULL,
  `postal_code` varchar(8) COLLATE utf8mb4_bin DEFAULT NULL,
  `addr01` varchar(255) COLLATE utf8mb4_bin DEFAULT NULL,
  `addr02` varchar(255) COLLATE utf8mb4_bin DEFAULT NULL,
  `email` varchar(255) COLLATE utf8mb4_bin NOT NULL,
  `phone_number` varchar(14) COLLATE utf8mb4_bin DEFAULT NULL,
  `birth` datetime DEFAULT NULL COMMENT '(DC2Type:datetimetz)',
  `password` varchar(255) COLLATE utf8mb4_bin NOT NULL,
  `salt` varchar(255) COLLATE utf8mb4_bin DEFAULT NULL,
  `secret_key` varchar(255) COLLATE utf8mb4_bin NOT NULL,
  `first_buy_date` datetime DEFAULT NULL COMMENT '(DC2Type:datetimetz)',
  `last_buy_date` datetime DEFAULT NULL COMMENT '(DC2Type:datetimetz)',
  `buy_times` decimal(10,0) unsigned DEFAULT '0',
  `buy_total` decimal(12,2) unsigned DEFAULT '0.00',
  `note` varchar(4000) COLLATE utf8mb4_bin DEFAULT NULL,
  `reset_key` varchar(255) COLLATE utf8mb4_bin DEFAULT NULL,
  `reset_expire` datetime DEFAULT NULL COMMENT '(DC2Type:datetimetz)',
  `point` decimal(12,0) NOT NULL DEFAULT '0',
  `create_date` datetime NOT NULL COMMENT '(DC2Type:datetimetz)',
  `update_date` datetime NOT NULL COMMENT '(DC2Type:datetimetz)',
  `discriminator_type` varchar(255) COLLATE utf8mb4_bin NOT NULL,
  `plg_mailmagazine_flg` smallint(5) unsigned DEFAULT '0',
  PRIMARY KEY (`id`),
  UNIQUE KEY `secret_key` (`secret_key`),
  KEY `IDX_8298BBE3C00AF8A7` (`customer_status_id`),
  KEY `IDX_8298BBE35A2DB2A0` (`sex_id`),
  KEY `IDX_8298BBE3BE04EA9` (`job_id`),
  KEY `IDX_8298BBE3F92F3E70` (`country_id`),
  KEY `IDX_8298BBE3E171EF5F` (`pref_id`),
  KEY `dtb_customer_buy_times_idx` (`buy_times`),
  KEY `dtb_customer_buy_total_idx` (`buy_total`),
  KEY `dtb_customer_create_date_idx` (`create_date`),
  KEY `dtb_customer_update_date_idx` (`update_date`),
  KEY `dtb_customer_last_buy_date_idx` (`last_buy_date`),
  KEY `dtb_customer_email_idx` (`email`),
  CONSTRAINT `FK_8298BBE35A2DB2A0` FOREIGN KEY (`sex_id`) REFERENCES `mtb_sex` (`id`),
  CONSTRAINT `FK_8298BBE3BE04EA9` FOREIGN KEY (`job_id`) REFERENCES `mtb_job` (`id`),
  CONSTRAINT `FK_8298BBE3C00AF8A7` FOREIGN KEY (`customer_status_id`) REFERENCES `mtb_customer_status` (`id`),
  CONSTRAINT `FK_8298BBE3E171EF5F` FOREIGN KEY (`pref_id`) REFERENCES `mtb_pref` (`id`),
  CONSTRAINT `FK_8298BBE3F92F3E70` FOREIGN KEY (`country_id`) REFERENCES `mtb_country` (`id`)
) ENGINE=InnoDB DEFAULT CHARSET=utf8mb4 COLLATE=utf8mb4_bin;

--
-- Dumping data for table `dtb_customer`
--


--
-- Table structure for table `dtb_customer_address`
--

CREATE TABLE `dtb_customer_address` (
  `id` int(10) unsigned NOT NULL AUTO_INCREMENT,
  `customer_id` int(10) unsigned DEFAULT NULL,
  `country_id` smallint(5) unsigned DEFAULT NULL,
  `pref_id` smallint(5) unsigned DEFAULT NULL,
  `name01` varchar(255) COLLATE utf8mb4_bin NOT NULL,
  `name02` varchar(255) COLLATE utf8mb4_bin NOT NULL,
  `kana01` varchar(255) COLLATE utf8mb4_bin DEFAULT NULL,
  `kana02` varchar(255) COLLATE utf8mb4_bin DEFAULT NULL,
  `company_name` varchar(255) COLLATE utf8mb4_bin DEFAULT NULL,
  `postal_code` varchar(8) COLLATE utf8mb4_bin DEFAULT NULL,
  `addr01` varchar(255) COLLATE utf8mb4_bin DEFAULT NULL,
  `addr02` varchar(255) COLLATE utf8mb4_bin DEFAULT NULL,
  `phone_number` varchar(14) COLLATE utf8mb4_bin DEFAULT NULL,
  `create_date` datetime NOT NULL COMMENT '(DC2Type:datetimetz)',
  `update_date` datetime NOT NULL COMMENT '(DC2Type:datetimetz)',
  `discriminator_type` varchar(255) COLLATE utf8mb4_bin NOT NULL,
  PRIMARY KEY (`id`),
  KEY `IDX_6C38C0F89395C3F3` (`customer_id`),
  KEY `IDX_6C38C0F8F92F3E70` (`country_id`),
  KEY `IDX_6C38C0F8E171EF5F` (`pref_id`),
  CONSTRAINT `FK_6C38C0F89395C3F3` FOREIGN KEY (`customer_id`) REFERENCES `dtb_customer` (`id`),
  CONSTRAINT `FK_6C38C0F8E171EF5F` FOREIGN KEY (`pref_id`) REFERENCES `mtb_pref` (`id`),
  CONSTRAINT `FK_6C38C0F8F92F3E70` FOREIGN KEY (`country_id`) REFERENCES `mtb_country` (`id`)
) ENGINE=InnoDB DEFAULT CHARSET=utf8mb4 COLLATE=utf8mb4_bin;

--
-- Dumping data for table `dtb_customer_address`
--


--
-- Table structure for table `dtb_customer_favorite_product`
--

CREATE TABLE `dtb_customer_favorite_product` (
  `id` int(10) unsigned NOT NULL AUTO_INCREMENT,
  `customer_id` int(10) unsigned DEFAULT NULL,
  `product_id` int(10) unsigned DEFAULT NULL,
  `create_date` datetime NOT NULL COMMENT '(DC2Type:datetimetz)',
  `update_date` datetime NOT NULL COMMENT '(DC2Type:datetimetz)',
  `discriminator_type` varchar(255) COLLATE utf8mb4_bin NOT NULL,
  PRIMARY KEY (`id`),
  KEY `IDX_ED6313839395C3F3` (`customer_id`),
  KEY `IDX_ED6313834584665A` (`product_id`),
  CONSTRAINT `FK_ED6313834584665A` FOREIGN KEY (`product_id`) REFERENCES `dtb_product` (`id`),
  CONSTRAINT `FK_ED6313839395C3F3` FOREIGN KEY (`customer_id`) REFERENCES `dtb_customer` (`id`)
) ENGINE=InnoDB DEFAULT CHARSET=utf8mb4 COLLATE=utf8mb4_bin;

--
-- Dumping data for table `dtb_customer_favorite_product`
--


--
-- Table structure for table `dtb_delivery`
--

CREATE TABLE `dtb_delivery` (
  `id` int(10) unsigned NOT NULL AUTO_INCREMENT,
  `creator_id` int(10) unsigned DEFAULT NULL,
  `sale_type_id` smallint(5) unsigned DEFAULT NULL,
  `name` varchar(255) COLLATE utf8mb4_bin DEFAULT NULL,
  `service_name` varchar(255) COLLATE utf8mb4_bin DEFAULT NULL,
  `description` varchar(4000) COLLATE utf8mb4_bin DEFAULT NULL,
  `confirm_url` varchar(4000) COLLATE utf8mb4_bin DEFAULT NULL,
  `sort_no` int(10) unsigned DEFAULT NULL,
  `visible` tinyint(1) NOT NULL DEFAULT '1',
  `create_date` datetime NOT NULL COMMENT '(DC2Type:datetimetz)',
  `update_date` datetime NOT NULL COMMENT '(DC2Type:datetimetz)',
  `discriminator_type` varchar(255) COLLATE utf8mb4_bin NOT NULL,
  PRIMARY KEY (`id`),
  KEY `IDX_3420D9FA61220EA6` (`creator_id`),
  KEY `IDX_3420D9FAB0524E01` (`sale_type_id`),
  CONSTRAINT `FK_3420D9FA61220EA6` FOREIGN KEY (`creator_id`) REFERENCES `dtb_member` (`id`),
  CONSTRAINT `FK_3420D9FAB0524E01` FOREIGN KEY (`sale_type_id`) REFERENCES `mtb_sale_type` (`id`)
) ENGINE=InnoDB AUTO_INCREMENT=4 DEFAULT CHARSET=utf8mb4 COLLATE=utf8mb4_bin;

--
-- Dumping data for table `dtb_delivery`
--

INSERT INTO `dtb_delivery` VALUES (1,1,1,'宅配便','宅配便',NULL,NULL,2,1,'2023-12-04 05:31:39','2024-04-08 08:37:54','delivery'),(3,1,1,'店舗受け取り','店舗受け取り',NULL,NULL,1,1,'2024-04-05 04:44:02','2024-04-08 08:37:54','delivery');

--
-- Table structure for table `dtb_delivery_duration`
--

CREATE TABLE `dtb_delivery_duration` (
  `id` int(10) unsigned NOT NULL AUTO_INCREMENT,
  `name` varchar(255) COLLATE utf8mb4_bin DEFAULT NULL,
  `duration` smallint(6) NOT NULL DEFAULT '0',
  `sort_no` int(10) unsigned NOT NULL,
  `discriminator_type` varchar(255) COLLATE utf8mb4_bin NOT NULL,
  PRIMARY KEY (`id`)
) ENGINE=InnoDB AUTO_INCREMENT=12 DEFAULT CHARSET=utf8mb4 COLLATE=utf8mb4_bin;

--
-- Dumping data for table `dtb_delivery_duration`
--

INSERT INTO `dtb_delivery_duration` VALUES (1,'即日',0,9,'deliveryduration'),(2,'1～2日後',1,8,'deliveryduration'),(3,'3～4日後',3,7,'deliveryduration'),(4,'1週間以降',7,6,'deliveryduration'),(5,'2週間以降',14,5,'deliveryduration'),(6,'3週間以降',21,4,'deliveryduration'),(7,'1ヶ月以降',30,3,'deliveryduration'),(8,'2ヶ月以降',60,2,'deliveryduration'),(9,'お取り寄せ(商品入荷後)',-1,10,'deliveryduration'),(10,'3ヶ月以降',90,1,'deliveryduration'),(11,'3ヶ月半以降',105,0,'deliveryduration');

--
-- Table structure for table `dtb_delivery_fee`
--

CREATE TABLE `dtb_delivery_fee` (
  `id` int(10) unsigned NOT NULL AUTO_INCREMENT,
  `delivery_id` int(10) unsigned DEFAULT NULL,
  `pref_id` smallint(5) unsigned DEFAULT NULL,
  `fee` decimal(12,2) unsigned NOT NULL,
  `discriminator_type` varchar(255) COLLATE utf8mb4_bin NOT NULL,
  PRIMARY KEY (`id`),
  KEY `IDX_491552412136921` (`delivery_id`),
  KEY `IDX_4915524E171EF5F` (`pref_id`),
  CONSTRAINT `FK_491552412136921` FOREIGN KEY (`delivery_id`) REFERENCES `dtb_delivery` (`id`),
  CONSTRAINT `FK_4915524E171EF5F` FOREIGN KEY (`pref_id`) REFERENCES `mtb_pref` (`id`)
) ENGINE=InnoDB AUTO_INCREMENT=142 DEFAULT CHARSET=utf8mb4 COLLATE=utf8mb4_bin;

--
-- Dumping data for table `dtb_delivery_fee`
--

INSERT INTO `dtb_delivery_fee` VALUES (1,1,1,0.00,'deliveryfee'),(2,1,2,0.00,'deliveryfee'),(3,1,3,0.00,'deliveryfee'),(4,1,4,0.00,'deliveryfee'),(5,1,5,0.00,'deliveryfee'),(6,1,6,0.00,'deliveryfee'),(7,1,7,0.00,'deliveryfee'),(8,1,8,0.00,'deliveryfee'),(9,1,9,0.00,'deliveryfee'),(10,1,10,0.00,'deliveryfee'),(11,1,11,0.00,'deliveryfee'),(12,1,12,0.00,'deliveryfee'),(13,1,13,0.00,'deliveryfee'),(14,1,14,0.00,'deliveryfee'),(15,1,15,0.00,'deliveryfee'),(16,1,16,0.00,'deliveryfee'),(17,1,17,0.00,'deliveryfee'),(18,1,18,0.00,'deliveryfee'),(19,1,19,0.00,'deliveryfee'),(20,1,20,0.00,'deliveryfee'),(21,1,21,0.00,'deliveryfee'),(22,1,22,0.00,'deliveryfee'),(23,1,23,0.00,'deliveryfee'),(24,1,24,0.00,'deliveryfee'),(25,1,25,0.00,'deliveryfee'),(26,1,26,0.00,'deliveryfee'),(27,1,27,0.00,'deliveryfee'),(28,1,28,0.00,'deliveryfee'),(29,1,29,0.00,'deliveryfee'),(30,1,30,0.00,'deliveryfee'),(31,1,31,0.00,'deliveryfee'),(32,1,32,0.00,'deliveryfee'),(33,1,33,0.00,'deliveryfee'),(34,1,34,0.00,'deliveryfee'),(35,1,35,0.00,'deliveryfee'),(36,1,36,0.00,'deliveryfee'),(37,1,37,0.00,'deliveryfee'),(38,1,38,0.00,'deliveryfee'),(39,1,39,0.00,'deliveryfee'),(40,1,40,0.00,'deliveryfee'),(41,1,41,0.00,'deliveryfee'),(42,1,42,0.00,'deliveryfee'),(43,1,43,0.00,'deliveryfee'),(44,1,44,0.00,'deliveryfee'),(45,1,45,0.00,'deliveryfee'),(46,1,46,0.00,'deliveryfee'),(47,1,47,0.00,'deliveryfee'),(95,3,1,0.00,'deliveryfee'),(96,3,2,0.00,'deliveryfee'),(97,3,3,0.00,'deliveryfee'),(98,3,4,0.00,'deliveryfee'),(99,3,5,0.00,'deliveryfee'),(100,3,6,0.00,'deliveryfee'),(101,3,7,0.00,'deliveryfee'),(102,3,8,0.00,'deliveryfee'),(103,3,9,0.00,'deliveryfee'),(104,3,10,0.00,'deliveryfee'),(105,3,11,0.00,'deliveryfee'),(106,3,12,0.00,'deliveryfee'),(107,3,13,0.00,'deliveryfee'),(108,3,14,0.00,'deliveryfee'),(109,3,15,0.00,'deliveryfee'),(110,3,16,0.00,'deliveryfee'),(111,3,17,0.00,'deliveryfee'),(112,3,18,0.00,'deliveryfee'),(113,3,19,0.00,'deliveryfee'),(114,3,20,0.00,'deliveryfee'),(115,3,21,0.00,'deliveryfee'),(116,3,22,0.00,'deliveryfee'),(117,3,23,0.00,'deliveryfee'),(118,3,24,0.00,'deliveryfee'),(119,3,25,0.00,'deliveryfee'),(120,3,26,0.00,'deliveryfee'),(121,3,27,0.00,'deliveryfee'),(122,3,28,0.00,'deliveryfee'),(123,3,29,0.00,'deliveryfee'),(124,3,30,0.00,'deliveryfee'),(125,3,31,0.00,'deliveryfee'),(126,3,32,0.00,'deliveryfee'),(127,3,33,0.00,'deliveryfee'),(128,3,34,0.00,'deliveryfee'),(129,3,35,0.00,'deliveryfee'),(130,3,36,0.00,'deliveryfee'),(131,3,37,0.00,'deliveryfee'),(132,3,38,0.00,'deliveryfee'),(133,3,39,0.00,'deliveryfee'),(134,3,40,0.00,'deliveryfee'),(135,3,41,0.00,'deliveryfee'),(136,3,42,0.00,'deliveryfee'),(137,3,43,0.00,'deliveryfee'),(138,3,44,0.00,'deliveryfee'),(139,3,45,0.00,'deliveryfee'),(140,3,46,0.00,'deliveryfee'),(141,3,47,0.00,'deliveryfee');

--
-- Table structure for table `dtb_delivery_time`
--

CREATE TABLE `dtb_delivery_time` (
  `id` int(10) unsigned NOT NULL AUTO_INCREMENT,
  `delivery_id` int(10) unsigned DEFAULT NULL,
  `delivery_time` varchar(255) COLLATE utf8mb4_bin NOT NULL,
  `sort_no` smallint(5) unsigned NOT NULL,
  `visible` tinyint(1) NOT NULL DEFAULT '1',
  `create_date` datetime NOT NULL COMMENT '(DC2Type:datetimetz)',
  `update_date` datetime NOT NULL COMMENT '(DC2Type:datetimetz)',
  `discriminator_type` varchar(255) COLLATE utf8mb4_bin NOT NULL,
  PRIMARY KEY (`id`),
  KEY `IDX_E80EE3A612136921` (`delivery_id`),
  CONSTRAINT `FK_E80EE3A612136921` FOREIGN KEY (`delivery_id`) REFERENCES `dtb_delivery` (`id`)
) ENGINE=InnoDB AUTO_INCREMENT=7 DEFAULT CHARSET=utf8mb4 COLLATE=utf8mb4_bin;

--
-- Dumping data for table `dtb_delivery_time`
--

INSERT INTO `dtb_delivery_time` VALUES (1,1,'午前中',1,1,'2023-12-04 05:31:39','2024-07-23 04:39:43','deliverytime'),(2,1,'12時~14時',2,1,'2023-12-04 05:31:39','2024-07-23 04:39:43','deliverytime'),(3,1,'14時~16時',3,1,'2024-05-16 07:20:47','2024-07-23 04:39:43','deliverytime'),(4,1,'16時~18時',4,1,'2024-05-16 07:20:47','2024-07-23 04:39:43','deliverytime'),(5,1,'18時~20時',5,1,'2024-05-16 07:20:47','2024-07-23 04:39:43','deliverytime'),(6,1,'19時~21時',6,1,'2024-05-16 07:20:47','2024-07-23 04:39:43','deliverytime');

--
-- Table structure for table `dtb_layout`
--

CREATE TABLE `dtb_layout` (
  `id` int(10) unsigned NOT NULL AUTO_INCREMENT,
  `device_type_id` smallint(5) unsigned DEFAULT NULL,
  `layout_name` varchar(255) COLLATE utf8mb4_bin DEFAULT NULL,
  `create_date` datetime NOT NULL COMMENT '(DC2Type:datetimetz)',
  `update_date` datetime NOT NULL COMMENT '(DC2Type:datetimetz)',
  `discriminator_type` varchar(255) COLLATE utf8mb4_bin NOT NULL,
  PRIMARY KEY (`id`),
  KEY `IDX_5A62AA7C4FFA550E` (`device_type_id`),
  CONSTRAINT `FK_5A62AA7C4FFA550E` FOREIGN KEY (`device_type_id`) REFERENCES `mtb_device_type` (`id`)
) ENGINE=InnoDB AUTO_INCREMENT=6 DEFAULT CHARSET=utf8mb4 COLLATE=utf8mb4_bin;

--
-- Dumping data for table `dtb_layout`
--

INSERT INTO `dtb_layout` VALUES (0,10,'プレビュー用レイアウト','2023-12-04 05:31:39','2023-12-04 05:31:39','layout'),(1,10,'トップページ用レイアウト','2023-12-04 05:31:39','2023-12-04 05:31:39','layout'),(2,10,'下層ページ用レイアウト','2023-12-04 05:31:39','2023-12-04 05:31:39','layout'),(5,10,'下層ページ用レイアウト（クッキーアラートあり）','2024-07-04 04:12:45','2024-07-04 04:15:28','layout');

--
-- Table structure for table `dtb_login_history`
--

CREATE TABLE `dtb_login_history` (
  `id` int(10) unsigned NOT NULL AUTO_INCREMENT,
  `login_history_status_id` smallint(5) unsigned NOT NULL,
  `member_id` int(10) unsigned DEFAULT NULL,
  `user_name` longtext COLLATE utf8mb4_bin,
  `client_ip` longtext COLLATE utf8mb4_bin,
  `create_date` datetime NOT NULL COMMENT '(DC2Type:datetimetz)',
  `update_date` datetime NOT NULL COMMENT '(DC2Type:datetimetz)',
  `discriminator_type` varchar(255) COLLATE utf8mb4_bin NOT NULL,
  PRIMARY KEY (`id`),
  KEY `IDX_6191DD4F9FA62FDD` (`login_history_status_id`),
  KEY `IDX_6191DD4F7597D3FE` (`member_id`),
  CONSTRAINT `FK_6191DD4F7597D3FE` FOREIGN KEY (`member_id`) REFERENCES `dtb_member` (`id`) ON DELETE SET NULL,
  CONSTRAINT `FK_6191DD4F9FA62FDD` FOREIGN KEY (`login_history_status_id`) REFERENCES `mtb_login_history_status` (`id`)
) ENGINE=InnoDB AUTO_INCREMENT=200 DEFAULT CHARSET=utf8mb4 COLLATE=utf8mb4_bin;

--
-- Dumping data for table `dtb_login_history`
--

INSERT INTO `dtb_login_history` VALUES (1,0,1,'shopTadmin','14.3.18.112','2023-12-04 05:32:41','2023-12-04 05:32:41','loginhistory'),(2,0,1,'shopTadmin','14.3.18.112','2023-12-04 05:36:14','2023-12-04 05:36:14','loginhistory'),(3,1,1,'shopTadmin','14.3.18.112','2023-12-04 05:38:47','2023-12-04 05:38:47','loginhistory'),(4,1,1,'shopTadmin','14.3.18.112','2023-12-04 05:40:27','2023-12-04 05:40:27','loginhistory'),(5,1,1,'shopTadmin','14.3.18.112','2023-12-04 05:43:37','2023-12-04 05:43:37','loginhistory'),(6,1,1,'shopTadmin','14.3.18.112','2023-12-04 05:45:19','2023-12-04 05:45:19','loginhistory'),(7,1,1,'shopTadmin','14.3.18.112','2023-12-04 05:57:19','2023-12-04 05:57:19','loginhistory'),(8,1,1,'shopTadmin','14.3.18.112','2023-12-04 07:35:56','2023-12-04 07:35:56','loginhistory'),(9,0,1,'shopTadmin','106.180.200.129','2023-12-05 09:10:15','2023-12-05 09:10:15','loginhistory'),(10,1,1,'shopTadmin','106.180.200.129','2023-12-05 09:10:32','2023-12-05 09:10:32','loginhistory'),(11,1,1,'shopTadmin','14.3.18.112','2023-12-07 02:20:45','2023-12-07 02:20:45','loginhistory'),(12,1,1,'shopTadmin','106.180.200.129','2023-12-08 07:03:25','2023-12-08 07:03:25','loginhistory'),(13,1,1,'shopTadmin','14.3.18.112','2023-12-11 02:57:55','2023-12-11 02:57:55','loginhistory'),(14,1,1,'shopTadmin','106.180.200.129','2023-12-12 02:55:09','2023-12-12 02:55:09','loginhistory'),(15,0,NULL,'shopTanzoAdmin','106.180.200.129','2023-12-18 07:18:43','2023-12-18 07:18:43','loginhistory'),(16,1,1,'shopTadmin','106.180.200.129','2023-12-18 07:19:05','2023-12-18 07:19:05','loginhistory'),(17,1,1,'shopTadmin','106.180.200.129','2023-12-19 01:20:05','2023-12-19 01:20:05','loginhistory'),(18,1,1,'shopTadmin','106.180.200.129','2023-12-19 02:36:16','2023-12-19 02:36:16','loginhistory'),(19,1,1,'shopTadmin','106.180.200.129','2023-12-20 01:16:31','2023-12-20 01:16:31','loginhistory'),(20,1,1,'shopTadmin','106.180.200.129','2023-12-21 01:49:23','2023-12-21 01:49:23','loginhistory'),(21,1,1,'shopTadmin','106.180.200.129','2023-12-22 00:46:36','2023-12-22 00:46:36','loginhistory'),(22,1,1,'shopTadmin','106.180.200.129','2023-12-23 07:03:40','2023-12-23 07:03:40','loginhistory'),(23,1,1,'shopTadmin','14.3.18.112','2023-12-25 07:48:21','2023-12-25 07:48:21','loginhistory'),(24,1,1,'shopTadmin','106.180.200.129','2023-12-26 06:22:45','2023-12-26 06:22:45','loginhistory'),(25,1,1,'shopTadmin','106.180.200.129','2023-12-28 07:24:08','2023-12-28 07:24:08','loginhistory'),(26,1,1,'shopTadmin','106.180.200.129','2024-01-05 06:02:17','2024-01-05 06:02:17','loginhistory'),(27,1,1,'shopTadmin','14.3.18.112','2024-01-15 03:27:24','2024-01-15 03:27:24','loginhistory'),(28,1,1,'shopTadmin','14.3.18.112','2024-01-15 05:17:00','2024-01-15 05:17:00','loginhistory'),(29,1,1,'shopTadmin','106.180.200.129','2024-01-16 01:49:45','2024-01-16 01:49:45','loginhistory'),(30,1,1,'shopTadmin','106.180.200.129','2024-01-17 00:50:32','2024-01-17 00:50:32','loginhistory'),(31,1,1,'shopTadmin','14.3.18.112','2024-01-18 01:08:03','2024-01-18 01:08:03','loginhistory'),(32,1,1,'shopTadmin','106.180.200.129','2024-01-19 06:24:40','2024-01-19 06:24:40','loginhistory'),(33,1,1,'shopTadmin','106.180.200.129','2024-01-21 05:20:35','2024-01-21 05:20:35','loginhistory'),(34,1,1,'shopTadmin','106.180.200.129','2024-01-23 01:44:29','2024-01-23 01:44:29','loginhistory'),(35,1,1,'shopTadmin','106.180.200.129','2024-01-24 01:20:37','2024-01-24 01:20:37','loginhistory'),(36,1,1,'shopTadmin','14.3.18.112','2024-01-25 07:02:14','2024-01-25 07:02:14','loginhistory'),(37,1,1,'shopTadmin','106.180.200.129','2024-01-27 02:39:41','2024-01-27 02:39:41','loginhistory'),(38,1,1,'shopTadmin','106.180.200.129','2024-01-28 05:02:33','2024-01-28 05:02:33','loginhistory'),(39,1,1,'shopTadmin','106.180.200.129','2024-01-28 10:08:06','2024-01-28 10:08:06','loginhistory'),(40,1,1,'shopTadmin','14.3.18.112','2024-01-29 09:10:26','2024-01-29 09:10:26','loginhistory'),(41,1,1,'shopTadmin','106.180.200.129','2024-01-30 01:23:33','2024-01-30 01:23:33','loginhistory'),(42,1,1,'shopTadmin','106.180.200.129','2024-01-31 02:21:55','2024-01-31 02:21:55','loginhistory'),(43,1,1,'shopTadmin','106.180.200.129','2024-02-01 06:28:51','2024-02-01 06:28:51','loginhistory'),(44,1,1,'shopTadmin','106.180.200.129','2024-02-02 02:26:06','2024-02-02 02:26:06','loginhistory'),(45,1,1,'shopTadmin','106.180.200.129','2024-02-03 00:41:55','2024-02-03 00:41:55','loginhistory'),(46,1,1,'shopTadmin','106.180.200.129','2024-02-04 07:49:56','2024-02-04 07:49:56','loginhistory'),(47,1,1,'shopTadmin','14.3.18.112','2024-02-05 01:34:21','2024-02-05 01:34:21','loginhistory'),(48,1,1,'shopTadmin','106.180.200.129','2024-02-05 04:55:27','2024-02-05 04:55:27','loginhistory'),(49,1,1,'shopTadmin','106.180.200.129','2024-02-06 02:37:21','2024-02-06 02:37:21','loginhistory'),(50,1,1,'shopTadmin','106.180.200.129','2024-02-07 01:28:33','2024-02-07 01:28:33','loginhistory'),(51,1,1,'shopTadmin','14.3.18.112','2024-02-08 06:58:24','2024-02-08 06:58:24','loginhistory'),(52,1,1,'shopTadmin','106.180.200.129','2024-02-09 06:06:58','2024-02-09 06:06:58','loginhistory'),(53,1,1,'shopTadmin','106.180.200.129','2024-02-10 01:53:28','2024-02-10 01:53:28','loginhistory'),(54,1,1,'shopTadmin','106.180.200.129','2024-02-11 02:54:02','2024-02-11 02:54:02','loginhistory'),(55,1,1,'shopTadmin','106.180.200.129','2024-02-12 01:15:31','2024-02-12 01:15:31','loginhistory'),(56,1,1,'shopTadmin','106.180.200.129','2024-02-12 13:29:14','2024-02-12 13:29:14','loginhistory'),(57,1,1,'shopTadmin','106.180.200.129','2024-02-13 00:56:25','2024-02-13 00:56:25','loginhistory'),(58,1,1,'shopTadmin','106.180.200.129','2024-02-14 03:23:17','2024-02-14 03:23:17','loginhistory'),(59,1,1,'shopTadmin','106.180.200.129','2024-02-14 07:07:43','2024-02-14 07:07:43','loginhistory'),(60,1,1,'shopTadmin','14.3.18.112','2024-02-15 02:34:42','2024-02-15 02:34:42','loginhistory'),(61,1,1,'shopTadmin','14.3.18.112','2024-02-15 06:52:43','2024-02-15 06:52:43','loginhistory'),(62,1,1,'shopTadmin','106.180.200.129','2024-02-16 01:28:03','2024-02-16 01:28:03','loginhistory'),(63,1,1,'shopTadmin','106.180.200.129','2024-02-17 06:27:00','2024-02-17 06:27:00','loginhistory'),(64,1,1,'shopTadmin','14.3.18.112','2024-02-19 02:26:10','2024-02-19 02:26:10','loginhistory'),(65,1,1,'shopTadmin','106.180.200.129','2024-02-20 01:55:31','2024-02-20 01:55:31','loginhistory'),(66,1,1,'shopTadmin','106.180.200.129','2024-02-21 04:52:13','2024-02-21 04:52:13','loginhistory'),(67,1,1,'shopTadmin','14.3.18.112','2024-02-22 05:08:40','2024-02-22 05:08:40','loginhistory'),(68,1,1,'shopTadmin','106.180.200.129','2024-03-08 04:30:25','2024-03-08 04:30:25','loginhistory'),(69,1,1,'shopTadmin','14.3.18.112','2024-03-14 01:57:28','2024-03-14 01:57:28','loginhistory'),(70,1,1,'shopTadmin','14.3.18.112','2024-03-21 08:01:37','2024-03-21 08:01:37','loginhistory'),(71,1,1,'shopTadmin','106.180.200.129','2024-03-24 07:31:18','2024-03-24 07:31:18','loginhistory'),(72,1,1,'shopTadmin','106.180.200.129','2024-03-24 10:29:13','2024-03-24 10:29:13','loginhistory'),(73,1,1,'shopTadmin','106.180.200.129','2024-03-26 06:59:01','2024-03-26 06:59:01','loginhistory'),(74,1,1,'shopTadmin','106.180.200.129','2024-03-30 02:59:02','2024-03-30 02:59:02','loginhistory'),(75,1,1,'shopTadmin','106.180.200.129','2024-04-02 03:03:03','2024-04-02 03:03:03','loginhistory'),(76,1,1,'shopTadmin','106.180.200.129','2024-04-03 05:39:20','2024-04-03 05:39:20','loginhistory'),(77,1,1,'shopTadmin','14.3.18.112','2024-04-04 01:43:11','2024-04-04 01:43:11','loginhistory'),(78,1,1,'shopTadmin','106.180.200.129','2024-04-05 01:25:44','2024-04-05 01:25:44','loginhistory'),(79,1,1,'shopTadmin','14.3.18.112','2024-04-08 03:05:37','2024-04-08 03:05:37','loginhistory'),(80,1,1,'shopTadmin','14.3.18.112','2024-04-08 08:50:34','2024-04-08 08:50:34','loginhistory'),(81,1,1,'shopTadmin','106.180.200.129','2024-04-09 03:57:31','2024-04-09 03:57:31','loginhistory'),(82,1,1,'shopTadmin','106.180.200.129','2024-04-09 05:45:48','2024-04-09 05:45:48','loginhistory'),(83,1,1,'shopTadmin','106.180.200.129','2024-04-09 08:34:14','2024-04-09 08:34:14','loginhistory'),(84,1,1,'shopTadmin','14.3.18.112','2024-04-11 06:44:21','2024-04-11 06:44:21','loginhistory'),(85,1,1,'shopTadmin','106.180.200.129','2024-04-14 05:35:56','2024-04-14 05:35:56','loginhistory'),(86,1,1,'shopTadmin','106.180.200.129','2024-04-14 07:10:28','2024-04-14 07:10:28','loginhistory'),(87,1,1,'shopTadmin','106.180.200.129','2024-04-14 07:33:52','2024-04-14 07:33:52','loginhistory'),(88,1,1,'shopTadmin','106.180.200.129','2024-04-26 06:34:48','2024-04-26 06:34:48','loginhistory'),(89,1,1,'shopTadmin','14.3.18.112','2024-05-10 08:45:42','2024-05-10 08:45:42','loginhistory'),(90,1,1,'shopTadmin','14.3.64.72','2024-05-16 02:27:00','2024-05-16 02:27:00','loginhistory'),(91,1,1,'shopTadmin','106.180.200.129','2024-05-17 02:41:08','2024-05-17 02:41:08','loginhistory'),(92,1,1,'shopTadmin','14.3.64.72','2024-05-20 06:00:55','2024-05-20 06:00:55','loginhistory'),(93,1,1,'shopTadmin','106.180.200.129','2024-05-21 02:06:54','2024-05-21 02:06:54','loginhistory'),(94,1,1,'shopTadmin','106.180.200.129','2024-05-21 06:23:12','2024-05-21 06:23:12','loginhistory'),(95,1,1,'shopTadmin','106.180.200.129','2024-05-24 08:07:44','2024-05-24 08:07:44','loginhistory'),(96,1,1,'shopTadmin','14.3.64.72','2024-06-17 05:04:11','2024-06-17 05:04:11','loginhistory'),(97,1,1,'shopTadmin','14.3.64.72','2024-06-17 08:08:58','2024-06-17 08:08:58','loginhistory'),(98,1,1,'shopTadmin','106.180.200.129','2024-06-18 02:51:51','2024-06-18 02:51:51','loginhistory'),(99,1,1,'shopTadmin','106.180.200.129','2024-06-20 08:52:07','2024-06-20 08:52:07','loginhistory'),(100,1,1,'shopTadmin','14.3.64.72','2024-06-21 03:07:43','2024-06-21 03:07:43','loginhistory'),(101,1,1,'shopTadmin','106.180.200.129','2024-06-28 02:36:09','2024-06-28 02:36:09','loginhistory'),(102,1,1,'shopTadmin','106.180.200.129','2024-06-28 08:48:28','2024-06-28 08:48:28','loginhistory'),(103,1,1,'shopTadmin','106.180.200.129','2024-06-28 08:49:34','2024-06-28 08:49:34','loginhistory'),(104,1,1,'shopTadmin','106.180.200.129','2024-06-30 08:54:50','2024-06-30 08:54:50','loginhistory'),(105,1,1,'shopTadmin','106.180.200.129','2024-07-02 07:47:00','2024-07-02 07:47:00','loginhistory'),(106,1,1,'shopTadmin','14.3.64.72','2024-07-04 02:06:59','2024-07-04 02:06:59','loginhistory'),(107,1,1,'shopTadmin','14.3.64.72','2024-07-04 03:19:31','2024-07-04 03:19:31','loginhistory'),(108,1,1,'shopTadmin','14.3.64.72','2024-07-04 03:55:36','2024-07-04 03:55:36','loginhistory'),(109,1,1,'shopTadmin','106.180.200.129','2024-07-05 09:14:09','2024-07-05 09:14:09','loginhistory'),(110,1,1,'shopTadmin','14.3.64.72','2024-07-08 03:33:49','2024-07-08 03:33:49','loginhistory'),(111,1,1,'shopTadmin','14.3.64.72','2024-07-11 01:45:21','2024-07-11 01:45:21','loginhistory'),(112,1,1,'shopTadmin','106.180.200.129','2024-07-12 08:44:25','2024-07-12 08:44:25','loginhistory'),(113,1,1,'shopTadmin','106.180.200.129','2024-07-16 02:55:30','2024-07-16 02:55:30','loginhistory'),(114,0,1,'shopTadmin','106.180.200.129','2024-07-16 09:46:19','2024-07-16 09:46:19','loginhistory'),(115,0,1,'shopTadmin','106.180.200.129','2024-07-16 09:46:41','2024-07-16 09:46:41','loginhistory'),(116,0,1,'shopTadmin','106.180.200.129','2024-07-16 09:46:52','2024-07-16 09:46:52','loginhistory'),(117,1,1,'shopTadmin','106.180.200.129','2024-07-16 09:48:55','2024-07-16 09:48:55','loginhistory'),(118,0,NULL,'shopTAdmin','106.180.200.129','2024-07-19 02:37:37','2024-07-19 02:37:37','loginhistory'),(119,0,NULL,'shopTAdmin','106.180.200.129','2024-07-19 02:38:09','2024-07-19 02:38:09','loginhistory'),(120,0,1,'shopTadmin','106.180.200.129','2024-07-19 02:38:46','2024-07-19 02:38:46','loginhistory'),(121,0,1,'shopTadmin','106.180.200.129','2024-07-19 02:42:21','2024-07-19 02:42:21','loginhistory'),(122,0,1,'shopTadmin','106.180.200.129','2024-07-19 02:43:20','2024-07-19 02:43:20','loginhistory'),(123,1,1,'shopTadmin','106.180.200.129','2024-07-19 02:46:19','2024-07-19 02:46:19','loginhistory'),(124,1,1,'shopTadmin','106.180.200.129','2024-07-19 03:03:19','2024-07-19 03:03:19','loginhistory'),(125,1,1,'shopTadmin','14.3.64.72','2024-07-22 03:58:28','2024-07-22 03:58:28','loginhistory'),(126,1,1,'shopTadmin','106.180.200.129','2024-07-23 00:29:16','2024-07-23 00:29:16','loginhistory'),(127,1,1,'shopTadmin','106.180.200.129','2024-07-23 05:06:10','2024-07-23 05:06:10','loginhistory'),(128,1,1,'shopTadmin','106.180.200.129','2024-07-23 05:49:54','2024-07-23 05:49:54','loginhistory'),(129,1,1,'shopTadmin','106.180.200.129','2024-07-23 06:08:48','2024-07-23 06:08:48','loginhistory'),(130,1,1,'shopTadmin','14.3.64.72','2024-07-29 09:21:28','2024-07-29 09:21:28','loginhistory'),(131,1,1,'shopTadmin','106.180.200.129','2024-07-30 03:01:39','2024-07-30 03:01:39','loginhistory'),(132,1,1,'shopTadmin','106.180.200.129','2024-07-31 02:05:49','2024-07-31 02:05:49','loginhistory'),(133,1,1,'shopTadmin','106.180.200.129','2024-07-31 03:53:29','2024-07-31 03:53:29','loginhistory'),(134,1,1,'shopTadmin','106.180.200.129','2024-07-31 09:18:23','2024-07-31 09:18:23','loginhistory'),(135,1,1,'shopTadmin','106.180.200.129','2024-07-31 09:24:51','2024-07-31 09:24:51','loginhistory'),(136,1,1,'shopTadmin','14.3.64.72','2024-08-01 08:18:26','2024-08-01 08:18:26','loginhistory'),(137,1,1,'shopTadmin','106.180.200.129','2024-08-02 01:50:11','2024-08-02 01:50:11','loginhistory'),(138,1,1,'shopTadmin','106.180.200.129','2024-08-06 02:58:06','2024-08-06 02:58:06','loginhistory'),(139,1,1,'shopTadmin','220.210.132.198','2024-08-07 03:20:21','2024-08-07 03:20:21','loginhistory'),(140,1,1,'shopTadmin','14.3.64.72','2024-08-08 03:04:13','2024-08-08 03:04:13','loginhistory'),(141,1,1,'shopTadmin','14.3.64.72','2024-08-08 07:46:16','2024-08-08 07:46:16','loginhistory'),(142,1,1,'shopTadmin','220.210.132.198','2024-08-09 07:17:03','2024-08-09 07:17:03','loginhistory'),(143,1,1,'shopTadmin','106.180.200.129','2024-08-13 06:21:28','2024-08-13 06:21:28','loginhistory'),(144,1,1,'shopTadmin','220.210.132.198','2024-08-15 00:55:19','2024-08-15 00:55:19','loginhistory'),(145,1,1,'shopTadmin','14.3.64.72','2024-08-15 01:30:42','2024-08-15 01:30:42','loginhistory'),(146,1,1,'shopTadmin','220.210.132.198','2024-08-16 01:48:01','2024-08-16 01:48:01','loginhistory'),(147,1,1,'shopTadmin','220.210.132.198','2024-08-16 03:48:47','2024-08-16 03:48:47','loginhistory'),(148,1,1,'shopTadmin','106.180.200.129','2024-08-16 07:59:48','2024-08-16 07:59:48','loginhistory'),(149,1,1,'shopTadmin','14.3.64.72','2024-08-19 02:29:49','2024-08-19 02:29:49','loginhistory'),(150,1,1,'shopTadmin','14.3.64.72','2024-08-19 05:22:12','2024-08-19 05:22:12','loginhistory'),(151,1,1,'shopTadmin','220.210.132.198','2024-08-19 07:14:37','2024-08-19 07:14:37','loginhistory'),(152,1,1,'shopTadmin','220.210.132.198','2024-08-19 08:25:53','2024-08-19 08:25:53','loginhistory'),(153,0,1,'shopTadmin','220.210.132.198','2024-08-19 08:27:19','2024-08-19 08:27:19','loginhistory'),(154,1,1,'shopTadmin','106.180.200.129','2024-08-20 02:20:09','2024-08-20 02:20:09','loginhistory'),(155,1,1,'shopTadmin','106.180.200.129','2024-08-23 00:30:28','2024-08-23 00:30:28','loginhistory'),(156,1,1,'shopTadmin','106.180.200.129','2024-08-23 04:06:03','2024-08-23 04:06:03','loginhistory'),(157,1,1,'shopTadmin','14.3.59.94','2024-08-26 08:12:08','2024-08-26 08:12:08','loginhistory'),(158,1,1,'shopTadmin','220.210.132.198','2024-08-28 01:39:48','2024-08-28 01:39:48','loginhistory'),(159,1,1,'shopTadmin','14.3.52.117','2024-08-29 05:13:16','2024-08-29 05:13:16','loginhistory'),(160,1,1,'shopTadmin','14.3.52.117','2024-09-02 01:28:50','2024-09-02 01:28:50','loginhistory'),(161,1,1,'shopTadmin','220.210.132.198','2024-09-05 06:16:56','2024-09-05 06:16:56','loginhistory'),(162,1,1,'shopTadmin','14.3.52.117','2024-09-05 06:21:01','2024-09-05 06:21:01','loginhistory'),(163,1,1,'shopTadmin','106.180.200.129','2024-09-06 10:02:10','2024-09-06 10:02:10','loginhistory'),(164,1,1,'shopTadmin','106.180.200.129','2024-09-10 04:28:36','2024-09-10 04:28:36','loginhistory'),(165,1,1,'shopTadmin','106.180.200.129','2024-09-24 07:39:28','2024-09-24 07:39:28','loginhistory'),(166,1,1,'shopTadmin','220.210.132.198','2024-09-25 07:53:34','2024-09-25 07:53:34','loginhistory'),(167,1,1,'shopTadmin','106.180.200.129','2024-09-27 09:22:20','2024-09-27 09:22:20','loginhistory'),(168,1,1,'shopTadmin','14.3.52.117','2024-09-30 03:58:47','2024-09-30 03:58:47','loginhistory'),(169,1,1,'shopTadmin','220.210.132.198','2024-09-30 06:25:25','2024-09-30 06:25:25','loginhistory'),(170,1,1,'shopTadmin','220.210.132.198','2024-10-08 04:04:07','2024-10-08 04:04:07','loginhistory'),(171,1,1,'shopTadmin','14.3.52.117','2024-10-28 01:49:30','2024-10-28 01:49:30','loginhistory'),(172,1,1,'shopTadmin','14.3.52.117','2024-10-28 02:03:07','2024-10-28 02:03:07','loginhistory'),(173,1,1,'shopTadmin','220.210.132.198','2024-10-28 09:30:01','2024-10-28 09:30:01','loginhistory'),(174,1,1,'shopTadmin','106.180.200.129','2024-10-29 01:46:00','2024-10-29 01:46:00','loginhistory'),(175,1,1,'shopTadmin','106.180.200.129','2024-10-29 03:47:44','2024-10-29 03:47:44','loginhistory'),(176,1,1,'shopTadmin','220.210.132.198','2024-10-30 01:53:30','2024-10-30 01:53:30','loginhistory'),(177,1,1,'shopTadmin','14.3.52.117','2024-10-31 01:56:11','2024-10-31 01:56:11','loginhistory'),(178,1,1,'shopTadmin','113.197.145.11','2024-11-05 01:10:24','2024-11-05 01:10:24','loginhistory'),(179,1,1,'shopTadmin','106.180.200.129','2024-11-12 05:04:47','2024-11-12 05:04:47','loginhistory'),(180,1,1,'shopTadmin','106.180.200.129','2024-11-12 05:06:06','2024-11-12 05:06:06','loginhistory'),(181,1,1,'shopTadmin','106.180.200.129','2024-11-29 06:09:16','2024-11-29 06:09:16','loginhistory'),(182,1,1,'shopTadmin','113.197.145.11','2024-12-02 01:29:51','2024-12-02 01:29:51','loginhistory'),(183,1,1,'shopTadmin','113.197.145.11','2024-12-05 07:12:24','2024-12-05 07:12:24','loginhistory'),(184,1,1,'shopTadmin','14.3.28.67','2024-12-05 08:44:11','2024-12-05 08:44:11','loginhistory'),(185,1,1,'shopTadmin','113.197.145.11','2024-12-10 07:44:06','2024-12-10 07:44:06','loginhistory'),(186,1,1,'shopTadmin','106.180.200.129','2024-12-10 09:02:50','2024-12-10 09:02:50','loginhistory'),(187,1,1,'shopTadmin','106.180.200.129','2024-12-10 10:02:15','2024-12-10 10:02:15','loginhistory'),(188,1,1,'shopTadmin','60.144.93.179','2025-01-02 15:43:32','2025-01-02 15:43:32','loginhistory'),(189,1,1,'shopTadmin','113.197.145.11','2025-01-03 02:38:00','2025-01-03 02:38:00','loginhistory'),(190,1,1,'shopTadmin','14.3.28.67','2025-01-06 07:23:49','2025-01-06 07:23:49','loginhistory'),(191,1,1,'shopTadmin','113.197.145.11','2025-01-21 00:41:45','2025-01-21 00:41:45','loginhistory'),(192,1,1,'shopTadmin','14.3.28.67','2025-01-23 01:14:50','2025-01-23 01:14:50','loginhistory'),(193,1,1,'shopTadmin','113.197.145.11','2025-02-04 02:27:10','2025-02-04 02:27:10','loginhistory'),(194,1,1,'shopTadmin','106.180.200.129','2025-02-14 09:03:33','2025-02-14 09:03:33','loginhistory'),(195,1,1,'shopTadmin','14.3.28.67','2025-02-27 02:26:45','2025-02-27 02:26:45','loginhistory'),(196,1,1,'shopTadmin','113.197.145.11','2025-02-28 01:18:38','2025-02-28 01:18:38','loginhistory'),(197,0,NULL,'\' or 1=1 or \'\'=\'','194.34.233.190','2025-02-28 11:56:04','2025-02-28 11:56:04','loginhistory'),(198,1,1,'shopTadmin','223.28.242.132','2025-03-21 03:01:49','2025-03-21 03:01:49','loginhistory'),(199,1,1,'shopTadmin','14.3.70.165','2025-04-03 01:26:09','2025-04-03 01:26:09','loginhistory');

--
-- Table structure for table `dtb_mail_history`
--

CREATE TABLE `dtb_mail_history` (
  `id` int(10) unsigned NOT NULL AUTO_INCREMENT,
  `order_id` int(10) unsigned DEFAULT NULL,
  `creator_id` int(10) unsigned DEFAULT NULL,
  `send_date` datetime DEFAULT NULL COMMENT '(DC2Type:datetimetz)',
  `mail_subject` varchar(255) COLLATE utf8mb4_bin DEFAULT NULL,
  `mail_body` longtext COLLATE utf8mb4_bin,
  `mail_html_body` longtext COLLATE utf8mb4_bin,
  `discriminator_type` varchar(255) COLLATE utf8mb4_bin NOT NULL,
  PRIMARY KEY (`id`),
  KEY `IDX_4870AB118D9F6D38` (`order_id`),
  KEY `IDX_4870AB1161220EA6` (`creator_id`),
  CONSTRAINT `FK_4870AB1161220EA6` FOREIGN KEY (`creator_id`) REFERENCES `dtb_member` (`id`),
  CONSTRAINT `FK_4870AB118D9F6D38` FOREIGN KEY (`order_id`) REFERENCES `dtb_order` (`id`)
) ENGINE=InnoDB AUTO_INCREMENT=27 DEFAULT CHARSET=utf8mb4 COLLATE=utf8mb4_bin;

--
-- Dumping data for table `dtb_mail_history`
--

INSERT INTO `dtb_mail_history` VALUES (22,122,NULL,'2024-07-23 05:28:05','[TANZO.(鍛造指輪)オンラインショップ] ご注文ありがとうございます','あぷてっく てすと 様\n\nこの度はご注文いただき誠にありがとうございます。下記ご注文内容にお間違えがないかご確認下さい。\n\n************************************************\n　ご請求金額\n************************************************\n\nご注文日時：2024/07/23 14:28:04\nご注文番号：122\nお支払い合計：￥145,200\nお支払い方法：クレジットカード決済\nお問い合わせ：カード決済テスト\n\n\n************************************************\n　ご注文商品明細\n************************************************\n\n商品コード：C001\n商品名：【光なりける】  右のリング  プラチナ サイズ：9\nオプション：刻印あり刻印字体(基本書体) 刻印内容(test * あA) インサイド石(ガーネット)\n単価：￥145,200\n数量：1\n\n-------------------------------------------------\n小　計：￥145,200\n手数料：￥0\n送　料：￥0\n-------------------------------------------------\n合　計：￥145,200\n============================================\nお支払い合計：￥145,200\n    (10 %対象：￥145,200 内消費税：￥13,200)\n  \n************************************************\n　ご注文者情報\n************************************************\nお名前：あぷてっく てすと 様\nお名前(カナ)：アプテック テスト 様\n郵便番号：〒2220033\n住所：神奈川県横浜市港北区新横浜2-15-10 YS新横浜ビル５F\n電話番号：0454751511\nメールアドレス：ito@apteq.jp\n\n************************************************\n　配送情報\n************************************************\n\n◎お届け先\nお名前：お届け先 別 様\nお名前(カナ)：オオドケサキ ベツ 様\n郵便番号：〒1040055\n住所：東京都中央区豊海町11111\n電話番号：111111111\n\n配送方法：宅配便\nお届け日：指定なし\nお届け時間：指定なし\n\n商品コード：C001\n商品名：【光なりける】  右のリング  プラチナ\nサイズ：9\nオプション：刻印あり・刻印字体(基本書体)・刻印内容(test * あA)・インサイド石(ガーネット)\n数量：1\n\n\n\n============================================\n\nこのメッセージはお客様へのお知らせ専用ですので、\nこのメッセージへの返信としてご質問をお送りいただいても回答できません。\nご了承ください。\n','<!DOCTYPE html PUBLIC \"-//W3C//DTD HTML 4.01 Transitional//EN\" \"http://www.w3.org/TR/html4/loose.dtd\">\n<html xmlns=\"http://www.w3.org/1999/xhtml\">\n\n<body bgcolor=\"#F0F0F0\" leftmargin=\"0\" topmargin=\"0\" marginwidth=\"0\" marginheight=\"0\" style=\"margin-top:0;margin-bottom:0;margin-right:0;margin-left:0;padding-top:0;padding-bottom:0;padding-right:0;padding-left:0;-ms-text-size-adjust:100%;-webkit-text-size-adjust:100%;\">\n<br>\n<br>\n<div align=\"center\"><a href=\"https://onlineshop.tanzo.jp/\" style=\"font-family:Helvetica, Arial, sans-serif;font-size:30px;color:#333333;text-decoration:none;\">TANZO.(鍛造指輪)オンラインショップ</a></div>\n<!-- 100% background wrapper (grey background) -->\n<table border=\"0\" width=\"100%\" height=\"100%\" cellpadding=\"0\" cellspacing=\"0\" bgcolor=\"#F0F0F0\" style=\"border-spacing:0;mso-table-lspace:0pt;mso-table-rspace:0pt;\">\n    <tr>\n        <td align=\"center\" valign=\"top\" bgcolor=\"#F0F0F0\" style=\"background-color:#F0F0F0;border-collapse:collapse;\">\n            <br>\n            <!-- 600px container (white background) -->\n            <table id=\"html-mail-table1\" border=\"0\" width=\"600px\" cellpadding=\"10\" cellspacing=\"0\" class=\"container\" style=\"border-spacing:0;mso-table-lspace:0pt;mso-table-rspace:0pt;\">\n                <tr>\n                    <td class=\"container-padding content\" align=\"left\" style=\"border-collapse:collapse;padding-left:24px;padding-right:24px;padding-top:12px;padding-bottom:12px;background-color:#ffffff;\">\n                        <br>\n                        <div class=\"title\" style=\"font-family:Helvetica, Arial, sans-serif;font-size:18px;font-weight:600;color:#374550;\">この度はご注文いただき誠にありがとうございます。</div>\n                        <br>\n                        <div class=\"body-text\" style=\"font-family:Helvetica, Arial, sans-serif;font-size:14px;line-height:20px;text-align:left;color:#333333;\">\n                            あぷてっく てすと 様<br/>\n                            <br/>\n                            下記ご注文内容にお間違えがないかご確認下さい。<br/>\n                            <br/>\n                            <hr style=\"border-top: 3px double #8c8b8b;\">\n                            　ご請求金額<br/>\n                            <hr style=\"border-top: 3px double #8c8b8b;\">\n                            ご注文日時：2024/07/23 14:28:04<br/>\n                            ご注文番号：122<br/>\n                            お支払い合計：￥145,200<br/>\n                            お支払い方法：クレジットカード決済<br/>\n                                                        お問い合わせ：カード決済テスト<br/>\n                            <br/>\n                            <hr style=\"border-top: 3px double #8c8b8b;\">\n                            　ご注文商品明細<br/>\n                            <hr style=\"border-top: 3px double #8c8b8b;\">\n                                                                                                                                                                                                                    商品コード：C001<br/>\n                                    商品名：【光なりける】  右のリング  プラチナ<br/>\n                                    サイズ：9<br/>\n                                    オプション：刻印あり・刻印字体(基本書体)・刻印内容(test * あA)・インサイド石(ガーネット)<br/>\n                                    <br/>\n                                    単価：￥145,200<br/>\n                                    数量：1<br/>\n                                    <br/>\n                                                                                                                                                                                <hr style=\"border-top: 2px dashed #8c8b8b;\">\n                            小　計：￥145,200<br/>\n                            手数料：￥0<br/>\n                            送　料：￥0<br/>\n                                                        <hr style=\"border-top: 1px dotted #8c8b8b;\">\n                            合　計：￥145,200<br/>\n                                                        <hr style=\"border-top: 1px dotted #8c8b8b;\">\n                            お支払い合計：￥145,200\n                                                            (10 %対象：￥145,200 内消費税： ￥13,200)<br/>\n                                                        <br/>\n                            <hr style=\"border-top: 3px double #8c8b8b;\">\n                            ご注文者情報<br/>\n                            <hr style=\"border-top: 3px double #8c8b8b;\">\n                            お名前：あぷてっく てすと 様<br/>\n                            お名前(カナ)：アプテック テスト 様<br/>\n                                                        郵便番号：〒2220033<br/>\n                            住所：神奈川県横浜市港北区新横浜2-15-10 YS新横浜ビル５F<br/>\n                            電話番号：0454751511<br/>\n                            メールアドレス：ito@apteq.jp<br/>\n                            <br/>\n                            <hr style=\"border-top: 3px double #8c8b8b;\">\n                            　配送情報<br/>\n                            <hr style=\"border-top: 3px double #8c8b8b;\">\n\n                                                            ◎お届け先<br/>\n                                <br/>\n                                お名前：お届け先 別 様<br/>\n                                お名前(カナ)：オオドケサキ ベツ 様<br/>\n                                                                                                郵便番号：〒1040055<br/>\n                                住所：東京都中央区豊海町11111<br/>\n                                電話番号：111111111<br/>\n                                                                <br/>\n                                配送方法：宅配便<br/>\n                                                                お届け日：指定なし<br/>\n                                お届け時間：指定なし<br/>\n                                <br/>\n                                                                                                    商品コード：C001<br/>\n                                    商品名：【光なりける】  右のリング  プラチナ<br/>\n                                    サイズ：9<br/>\n                                    オプション：刻印あり・刻印字体(基本書体)・刻印内容(test * あA)・インサイド石(ガーネット)<br/>\n\n                                    数量：1<br/>\n                                    <br/>\n                                                                                                                    <hr style=\"border-top: 2px dotted #8c8b8b;\">\n                            このメッセージはお客様へのお知らせ専用ですので、<br/>\n                            このメッセージへの返信としてご質問をお送りいただいても回答できません。<br/>\n                            ご了承ください。<br/>\n                        </div>\n                    </td>\n                </tr>\n            </table>\n            <!--/600px container -->\n            <br>\n            <br>\n            <table id=\"html-mail-table2\" border=\"0\" width=\"600px\" cellpadding=\"10\" cellspacing=\"0\" class=\"container\" style=\"border-spacing:0;mso-table-lspace:0pt;mso-table-rspace:0pt;\">\n                <tr>\n                    <td class=\"container-padding content footer-text\" align=\"left\" style=\"border-collapse:collapse;font-family:Helvetica, Arial, sans-serif;font-size:12px;line-height:16px;color:#aaaaaa;padding-left:24px;padding-right:24px;padding-top:12px;padding-bottom:12px;background-color:#ffffff;\">\n                        本メールは、TANZO.(鍛造指輪)オンラインショップより送信しております。<br/>\n                        もしお心当たりが無い場合は、その旨 <a href=\"mailto:ito@apteq.jp\" style=\"text-decoration:none;\">ito@apteq.jp</a> までご連絡いただければ幸いです。<br/>\n                        <br/>\n                        <div class=\"title\" style=\"font-size:14px;font-family:Helvetica, Arial, sans-serif;font-weight:600;color:#374550;\"><a href=\"https://onlineshop.tanzo.jp/\" style=\"color:#aaaaaa;text-decoration:none;\">TANZO.(鍛造指輪)オンラインショップ</a></div>\n                        <div>copyright &copy; TANZO.(鍛造指輪)オンラインショップ all rights reserved.</div>\n                    </td>\n                </tr>\n            </table>\n        </td>\n    </tr>\n</table>\n<!--/100% background wrapper-->\n<br>\n<br>\n</body>\n\n</html>','mailhistory'),(23,135,NULL,'2024-10-08 03:58:52','[TANZO.(鍛造指輪)公式オンラインショップ] ご注文ありがとうございます','高橋 桂太 様\n\nこの度はご注文いただき誠にありがとうございます。下記ご注文内容にお間違えがないかご確認下さい。\n\n************************************************\n　ご請求金額\n************************************************\n\nご注文日時：2024/10/08 12:58:50\nご注文番号：135\nお支払い合計：￥354,200\nお支払い方法：クレジットカード決済\nお問い合わせ：クリスマスに合わせて納品は可能でしょうか？(2024.12.24〜2024.12.25)\nなるべくこの日に近い日で納品して頂けたら幸いです。\n宜しくお願い致します。\n\n\n************************************************\n　ご注文商品明細\n************************************************\n\n商品コード：C113\n商品名：【有明の月】  グリーンゴールド(K18)  0.20ct,D,VVS1,3E サイズ：20\nオプション：刻印なし インサイド石(サファイア)単価：￥354,200\n数量：1\n\n-------------------------------------------------\n小　計：￥354,200\n手数料：￥0\n送　料：￥0\n-------------------------------------------------\n合　計：￥354,200\n============================================\nお支払い合計：￥354,200\n    (10 %対象：￥354,200 内消費税：￥32,200)\n  \n************************************************\n　ご注文者情報\n************************************************\nお名前：高橋 桂太 様\nお名前(カナ)：タカハシ ケイタ 様\n郵便番号：〒3780033\n住所：群馬県沼田市白岩町57-11\n電話番号：09043924344\nメールアドレス：chami1438@ymail.ne.jp\n\n************************************************\n　配送情報\n************************************************\n\n◎お届け先\nお名前：高橋 桂太 様\nお名前(カナ)：タカハシ ケイタ 様\n郵便番号：〒3780033\n住所：群馬県沼田市白岩町57-11\n電話番号：09043924344\n\n配送方法：宅配便\nお届け日：指定なし\nお届け時間：指定なし\n\n商品コード：C113\n商品名：【有明の月】  グリーンゴールド(K18)  0.20ct,D,VVS1,3E\nサイズ：20\nオプション：刻印なし・インサイド石(サファイア)数量：1\n\n\n\n============================================\n\nこのメッセージはお客様へのお知らせ専用ですので、\nこのメッセージへの返信としてご質問をお送りいただいても回答できません。\nご了承ください。\n','<!DOCTYPE html PUBLIC \"-//W3C//DTD HTML 4.01 Transitional//EN\" \"http://www.w3.org/TR/html4/loose.dtd\">\n<html xmlns=\"http://www.w3.org/1999/xhtml\">\n\n<body bgcolor=\"#F0F0F0\" leftmargin=\"0\" topmargin=\"0\" marginwidth=\"0\" marginheight=\"0\" style=\"margin-top:0;margin-bottom:0;margin-right:0;margin-left:0;padding-top:0;padding-bottom:0;padding-right:0;padding-left:0;-ms-text-size-adjust:100%;-webkit-text-size-adjust:100%;\">\n<br>\n<br>\n<div align=\"center\"><a href=\"https://onlineshop.tanzo.jp/\" style=\"font-family:Helvetica, Arial, sans-serif;font-size:30px;color:#333333;text-decoration:none;\">TANZO.(鍛造指輪)公式オンラインショップ</a></div>\n<!-- 100% background wrapper (grey background) -->\n<table border=\"0\" width=\"100%\" height=\"100%\" cellpadding=\"0\" cellspacing=\"0\" bgcolor=\"#F0F0F0\" style=\"border-spacing:0;mso-table-lspace:0pt;mso-table-rspace:0pt;\">\n    <tr>\n        <td align=\"center\" valign=\"top\" bgcolor=\"#F0F0F0\" style=\"background-color:#F0F0F0;border-collapse:collapse;\">\n            <br>\n            <!-- 600px container (white background) -->\n            <table id=\"html-mail-table1\" border=\"0\" width=\"600px\" cellpadding=\"10\" cellspacing=\"0\" class=\"container\" style=\"border-spacing:0;mso-table-lspace:0pt;mso-table-rspace:0pt;\">\n                <tr>\n                    <td class=\"container-padding content\" align=\"left\" style=\"border-collapse:collapse;padding-left:24px;padding-right:24px;padding-top:12px;padding-bottom:12px;background-color:#ffffff;\">\n                        <br>\n                        <div class=\"title\" style=\"font-family:Helvetica, Arial, sans-serif;font-size:18px;font-weight:600;color:#374550;\">この度はご注文いただき誠にありがとうございます。</div>\n                        <br>\n                        <div class=\"body-text\" style=\"font-family:Helvetica, Arial, sans-serif;font-size:14px;line-height:20px;text-align:left;color:#333333;\">\n                            高橋 桂太 様<br/>\n                            <br/>\n                            下記ご注文内容にお間違えがないかご確認下さい。<br/>\n                            <br/>\n                            <hr style=\"border-top: 3px double #8c8b8b;\">\n                            　ご請求金額<br/>\n                            <hr style=\"border-top: 3px double #8c8b8b;\">\n                            ご注文日時：2024/10/08 12:58:50<br/>\n                            ご注文番号：135<br/>\n                            お支払い合計：￥354,200<br/>\n                            お支払い方法：クレジットカード決済<br/>\n                                                        お問い合わせ：クリスマスに合わせて納品は可能でしょうか？(2024.12.24〜2024.12.25)\nなるべくこの日に近い日で納品して頂けたら幸いです。\n宜しくお願い致します。<br/>\n                            <br/>\n                            <hr style=\"border-top: 3px double #8c8b8b;\">\n                            　ご注文商品明細<br/>\n                            <hr style=\"border-top: 3px double #8c8b8b;\">\n                                                                                                                                                        商品コード：C113<br/>\n                                    商品名：【有明の月】  グリーンゴールド(K18)  0.20ct,D,VVS1,3E<br/>\n                                    サイズ：20<br/>\n                                    オプション：刻印なし・インサイド石(サファイア)<br/>                                    <br/>\n                                    単価：￥354,200<br/>\n                                    数量：1<br/>\n                                    <br/>\n                                                                                                                                                                                                                                            <hr style=\"border-top: 2px dashed #8c8b8b;\">\n                            小　計：￥354,200<br/>\n                            手数料：￥0<br/>\n                            送　料：￥0<br/>\n                                                        <hr style=\"border-top: 1px dotted #8c8b8b;\">\n                            合　計：￥354,200<br/>\n                                                        <hr style=\"border-top: 1px dotted #8c8b8b;\">\n                            お支払い合計：￥354,200\n                                                            (10 %対象：￥354,200 内消費税： ￥32,200)<br/>\n                                                        <br/>\n                            <hr style=\"border-top: 3px double #8c8b8b;\">\n                            ご注文者情報<br/>\n                            <hr style=\"border-top: 3px double #8c8b8b;\">\n                            お名前：高橋 桂太 様<br/>\n                            お名前(カナ)：タカハシ ケイタ 様<br/>\n                                                        郵便番号：〒3780033<br/>\n                            住所：群馬県沼田市白岩町57-11<br/>\n                            電話番号：09043924344<br/>\n                            メールアドレス：chami1438@ymail.ne.jp<br/>\n                            <br/>\n                            <hr style=\"border-top: 3px double #8c8b8b;\">\n                            　配送情報<br/>\n                            <hr style=\"border-top: 3px double #8c8b8b;\">\n\n                                                            ◎お届け先<br/>\n                                <br/>\n                                お名前：高橋 桂太 様<br/>\n                                お名前(カナ)：タカハシ ケイタ 様<br/>\n                                                                                                郵便番号：〒3780033<br/>\n                                住所：群馬県沼田市白岩町57-11<br/>\n                                電話番号：09043924344<br/>\n                                                                <br/>\n                                配送方法：宅配便<br/>\n                                                                お届け日：指定なし<br/>\n                                お届け時間：指定なし<br/>\n                                <br/>\n                                                                                                    商品コード：C113<br/>\n                                    商品名：【有明の月】  グリーンゴールド(K18)  0.20ct,D,VVS1,3E<br/>\n                                    サイズ：20<br/>\n                                    オプション：刻印なし・インサイド石(サファイア)<br/>\n                                    数量：1<br/>\n                                    <br/>\n                                                                                                                    <hr style=\"border-top: 2px dotted #8c8b8b;\">\n                            このメッセージはお客様へのお知らせ専用ですので、<br/>\n                            このメッセージへの返信としてご質問をお送りいただいても回答できません。<br/>\n                            ご了承ください。<br/>\n                        </div>\n                    </td>\n                </tr>\n            </table>\n            <!--/600px container -->\n            <br>\n            <br>\n            <table id=\"html-mail-table2\" border=\"0\" width=\"600px\" cellpadding=\"10\" cellspacing=\"0\" class=\"container\" style=\"border-spacing:0;mso-table-lspace:0pt;mso-table-rspace:0pt;\">\n                <tr>\n                    <td class=\"container-padding content footer-text\" align=\"left\" style=\"border-collapse:collapse;font-family:Helvetica, Arial, sans-serif;font-size:12px;line-height:16px;color:#aaaaaa;padding-left:24px;padding-right:24px;padding-top:12px;padding-bottom:12px;background-color:#ffffff;\">\n                        本メールは、TANZO.(鍛造指輪)公式オンラインショップより送信しております。<br/>\n                        もしお心当たりが無い場合は、その旨 <a href=\"mailto:shopinfo@onlineshop.tanzo.jp\" style=\"text-decoration:none;\">shopinfo@onlineshop.tanzo.jp</a> までご連絡いただければ幸いです。<br/>\n                        <br/>\n                        <div class=\"title\" style=\"font-size:14px;font-family:Helvetica, Arial, sans-serif;font-weight:600;color:#374550;\"><a href=\"https://onlineshop.tanzo.jp/\" style=\"color:#aaaaaa;text-decoration:none;\">TANZO.(鍛造指輪)公式オンラインショップ</a></div>\n                        <div>copyright &copy; TANZO.(鍛造指輪)公式オンラインショップ all rights reserved.</div>\n                    </td>\n                </tr>\n            </table>\n        </td>\n    </tr>\n</table>\n<!--/100% background wrapper-->\n<br>\n<br>\n</body>\n\n</html>','mailhistory'),(24,142,NULL,'2024-12-31 10:27:49','[TANZO.(鍛造指輪)公式オンラインショップ] ご注文ありがとうございます','田村 真利子 様\n\nこの度はご注文いただき誠にありがとうございます。下記ご注文内容にお間違えがないかご確認下さい。\n\n************************************************\n　ご請求金額\n************************************************\n\nご注文日時：2024/12/31 19:27:46\nご注文番号：142\nお支払い合計：￥187,000\nお支払い方法：クレジットカード決済\nお問い合わせ：2月ごろに引っ越しで住所が変わる予定でふ。その場合、届け先の変更は可能でしょうか？\n\n\n************************************************\n　ご注文商品明細\n************************************************\n\n商品コード：C027\n商品名：【いにしへに】ダイヤ３石ver  左のリング  プラチナ(Pt900) サイズ：17\nオプション：刻印あり刻印字体(有料書体4) 刻印内容(2024.12.24 MtoR) インサイド石(なし)単価：￥187,000\n数量：1\n\n-------------------------------------------------\n小　計：￥187,000\n手数料：￥0\n送　料：￥0\n-------------------------------------------------\n合　計：￥187,000\n============================================\nお支払い合計：￥187,000\n    (10 %対象：￥187,000 内消費税：￥17,000)\n  \n************************************************\n　ご注文者情報\n************************************************\nお名前：田村 真利子 様\nお名前(カナ)：タムラ マリコ 様\n郵便番号：〒9970813\n住所：山形県鶴岡市千石町14-7-1\n電話番号：08055095404\nメールアドレス：tsr05867a@gmail.com\n\n************************************************\n　配送情報\n************************************************\n\n◎お届け先\nお名前：田村 真利子 様\nお名前(カナ)：タムラ マリコ 様\n郵便番号：〒9970813\n住所：山形県鶴岡市千石町14-7-1\n電話番号：08055095404\n\n配送方法：宅配便\nお届け日：指定なし\nお届け時間：18時~20時\n\n商品コード：C027\n商品名：【いにしへに】ダイヤ３石ver  左のリング  プラチナ(Pt900)\nサイズ：17\nオプション：刻印あり・刻印字体(有料書体4)・刻印内容(2024.12.24 MtoR)・インサイド石(なし)数量：1\n\n\n\n============================================\n\nこのメッセージはお客様へのお知らせ専用ですので、\nこのメッセージへの返信としてご質問をお送りいただいても回答できません。\nご了承ください。\n','<!DOCTYPE html PUBLIC \"-//W3C//DTD HTML 4.01 Transitional//EN\" \"http://www.w3.org/TR/html4/loose.dtd\">\n<html xmlns=\"http://www.w3.org/1999/xhtml\">\n\n<body bgcolor=\"#F0F0F0\" leftmargin=\"0\" topmargin=\"0\" marginwidth=\"0\" marginheight=\"0\" style=\"margin-top:0;margin-bottom:0;margin-right:0;margin-left:0;padding-top:0;padding-bottom:0;padding-right:0;padding-left:0;-ms-text-size-adjust:100%;-webkit-text-size-adjust:100%;\">\n<br>\n<br>\n<div align=\"center\"><a href=\"https://onlineshop.tanzo.jp/\" style=\"font-family:Helvetica, Arial, sans-serif;font-size:30px;color:#333333;text-decoration:none;\">TANZO.(鍛造指輪)公式オンラインショップ</a></div>\n<!-- 100% background wrapper (grey background) -->\n<table border=\"0\" width=\"100%\" height=\"100%\" cellpadding=\"0\" cellspacing=\"0\" bgcolor=\"#F0F0F0\" style=\"border-spacing:0;mso-table-lspace:0pt;mso-table-rspace:0pt;\">\n    <tr>\n        <td align=\"center\" valign=\"top\" bgcolor=\"#F0F0F0\" style=\"background-color:#F0F0F0;border-collapse:collapse;\">\n            <br>\n            <!-- 600px container (white background) -->\n            <table id=\"html-mail-table1\" border=\"0\" width=\"600px\" cellpadding=\"10\" cellspacing=\"0\" class=\"container\" style=\"border-spacing:0;mso-table-lspace:0pt;mso-table-rspace:0pt;\">\n                <tr>\n                    <td class=\"container-padding content\" align=\"left\" style=\"border-collapse:collapse;padding-left:24px;padding-right:24px;padding-top:12px;padding-bottom:12px;background-color:#ffffff;\">\n                        <br>\n                        <div class=\"title\" style=\"font-family:Helvetica, Arial, sans-serif;font-size:18px;font-weight:600;color:#374550;\">この度はご注文いただき誠にありがとうございます。</div>\n                        <br>\n                        <div class=\"body-text\" style=\"font-family:Helvetica, Arial, sans-serif;font-size:14px;line-height:20px;text-align:left;color:#333333;\">\n                            田村 真利子 様<br/>\n                            <br/>\n                            下記ご注文内容にお間違えがないかご確認下さい。<br/>\n                            <br/>\n                            <hr style=\"border-top: 3px double #8c8b8b;\">\n                            　ご請求金額<br/>\n                            <hr style=\"border-top: 3px double #8c8b8b;\">\n                            ご注文日時：2024/12/31 19:27:46<br/>\n                            ご注文番号：142<br/>\n                            お支払い合計：￥187,000<br/>\n                            お支払い方法：クレジットカード決済<br/>\n                                                        お問い合わせ：2月ごろに引っ越しで住所が変わる予定でふ。その場合、届け先の変更は可能でしょうか？<br/>\n                            <br/>\n                            <hr style=\"border-top: 3px double #8c8b8b;\">\n                            　ご注文商品明細<br/>\n                            <hr style=\"border-top: 3px double #8c8b8b;\">\n                                                                                                                    									                                                                                                                                                                                                                                                                            商品コード：C027<br/>\n                                    商品名：【いにしへに】ダイヤ３石ver  左のリング  プラチナ(Pt900)<br/>\n                                    サイズ：17<br/>\n                                    オプション：刻印あり・刻印字体(有料書体4)・刻印内容(2024.12.24 MtoR)・インサイド石(なし)<br/>                                    <!--<br/>-->\n                                    単価：￥187,000<br/>\n                                    数量：1<br/>\n                                    <br/>\n                                                                                                                                                                                                                                            <hr style=\"border-top: 2px dashed #8c8b8b;\">\n                            小　計：￥187,000<br/>\n                            手数料：￥0<br/>\n                            送　料：￥0<br/>\n                                                        <hr style=\"border-top: 1px dotted #8c8b8b;\">\n                            合　計：￥187,000<br/>\n                                                        <hr style=\"border-top: 1px dotted #8c8b8b;\">\n                            お支払い合計：￥187,000\n                                                            (10 %対象：￥187,000 内消費税： ￥17,000)<br/>\n                                                        <br/>\n                            <hr style=\"border-top: 3px double #8c8b8b;\">\n                            ご注文者情報<br/>\n                            <hr style=\"border-top: 3px double #8c8b8b;\">\n                            お名前：田村 真利子 様<br/>\n                            お名前(カナ)：タムラ マリコ 様<br/>\n                                                        郵便番号：〒9970813<br/>\n                            住所：山形県鶴岡市千石町14-7-1<br/>\n                            電話番号：08055095404<br/>\n                            メールアドレス：tsr05867a@gmail.com<br/>\n                            <br/>\n                            <hr style=\"border-top: 3px double #8c8b8b;\">\n                            　配送情報<br/>\n                            <hr style=\"border-top: 3px double #8c8b8b;\">\n\n                                                            ◎お届け先<br/>\n                                <br/>\n                                お名前：田村 真利子 様<br/>\n                                お名前(カナ)：タムラ マリコ 様<br/>\n                                                                                                郵便番号：〒9970813<br/>\n                                住所：山形県鶴岡市千石町14-7-1<br/>\n                                電話番号：08055095404<br/>\n                                                                <br/>\n                                配送方法：宅配便<br/>\n                                                                お届け日：指定なし<br/>\n                                お届け時間：18時~20時<br/>\n                                <br/>\n                                                                									                                                                                                                                                                                                                                                                            商品コード：C027<br/>\n                                    商品名：【いにしへに】ダイヤ３石ver  左のリング  プラチナ(Pt900)<br/>\n                                    サイズ：17<br/>\n                                    オプション：刻印あり・刻印字体(有料書体4)・刻印内容(2024.12.24 MtoR)・インサイド石(なし)<br/>\n                                    数量：1<br/>\n                                    <br/>\n                                                                                                                    <hr style=\"border-top: 2px dotted #8c8b8b;\">\n                            このメッセージはお客様へのお知らせ専用ですので、<br/>\n                            このメッセージへの返信としてご質問をお送りいただいても回答できません。<br/>\n                            ご了承ください。<br/>\n                        </div>\n                    </td>\n                </tr>\n            </table>\n            <!--/600px container -->\n            <br>\n            <br>\n            <table id=\"html-mail-table2\" border=\"0\" width=\"600px\" cellpadding=\"10\" cellspacing=\"0\" class=\"container\" style=\"border-spacing:0;mso-table-lspace:0pt;mso-table-rspace:0pt;\">\n                <tr>\n                    <td class=\"container-padding content footer-text\" align=\"left\" style=\"border-collapse:collapse;font-family:Helvetica, Arial, sans-serif;font-size:12px;line-height:16px;color:#aaaaaa;padding-left:24px;padding-right:24px;padding-top:12px;padding-bottom:12px;background-color:#ffffff;\">\n                        本メールは、TANZO.(鍛造指輪)公式オンラインショップより送信しております。<br/>\n                        もしお心当たりが無い場合は、その旨 <a href=\"mailto:shopinfo@onlineshop.tanzo.jp\" style=\"text-decoration:none;\">shopinfo@onlineshop.tanzo.jp</a> までご連絡いただければ幸いです。<br/>\n                        <br/>\n                        <div class=\"title\" style=\"font-size:14px;font-family:Helvetica, Arial, sans-serif;font-weight:600;color:#374550;\"><a href=\"https://onlineshop.tanzo.jp/\" style=\"color:#aaaaaa;text-decoration:none;\">TANZO.(鍛造指輪)公式オンラインショップ</a></div>\n                        <div>copyright &copy; TANZO.(鍛造指輪)公式オンラインショップ all rights reserved.</div>\n                    </td>\n                </tr>\n            </table>\n        </td>\n    </tr>\n</table>\n<!--/100% background wrapper-->\n<br>\n<br>\n</body>\n\n</html>','mailhistory'),(25,145,NULL,'2025-01-20 11:26:56','[TANZO.(鍛造指輪)公式オンラインショップ] ご注文ありがとうございます','井下 美香 様\n\nこの度はご注文いただき誠にありがとうございます。下記ご注文内容にお間違えがないかご確認下さい。\n\n************************************************\n　ご請求金額\n************************************************\n\nご注文日時：2025/01/20 20:26:53\nご注文番号：145\nお支払い合計：￥115,500\nお支払い方法：クレジットカード決済\nお問い合わせ：\n\n\n************************************************\n　ご注文商品明細\n************************************************\n\n商品コード：C055\n商品名：【光なりける】ダイヤなしver  右のリング  プラチナ(Pt900) サイズ：8.5\nオプション：刻印あり刻印字体(基本書体) 刻印内容(MIKA & MOSHE) インサイド石(なし)単価：￥115,500\n数量：1\n\n-------------------------------------------------\n小　計：￥115,500\n手数料：￥0\n送　料：￥0\n-------------------------------------------------\n合　計：￥115,500\n============================================\nお支払い合計：￥115,500\n    (10 %対象：￥115,500 内消費税：￥10,500)\n  \n************************************************\n　ご注文者情報\n************************************************\nお名前：井下 美香 様\nお名前(カナ)：イノシタ ミカ 様\n郵便番号：〒7611703\n住所：香川県高松市香川町浅野801-1\n電話番号：0878897384\nメールアドレス：mika.beauty66@gmail.com\n\n************************************************\n　配送情報\n************************************************\n\n◎お届け先\nお名前：井下 美香 様\nお名前(カナ)：イノシタ ミカ 様\n郵便番号：〒7611703\n住所：香川県高松市香川町浅野801-1\n電話番号：0878897384\n\n配送方法：宅配便\nお届け日：指定なし\nお届け時間：指定なし\n\n商品コード：C055\n商品名：【光なりける】ダイヤなしver  右のリング  プラチナ(Pt900)\nサイズ：8.5\nオプション：刻印あり・刻印字体(基本書体)・刻印内容(MIKA & MOSHE)・インサイド石(なし)数量：1\n\n\n\n============================================\n\nこのメッセージはお客様へのお知らせ専用ですので、\nこのメッセージへの返信としてご質問をお送りいただいても回答できません。\nご了承ください。\n','<!DOCTYPE html PUBLIC \"-//W3C//DTD HTML 4.01 Transitional//EN\" \"http://www.w3.org/TR/html4/loose.dtd\">\n<html xmlns=\"http://www.w3.org/1999/xhtml\">\n\n<body bgcolor=\"#F0F0F0\" leftmargin=\"0\" topmargin=\"0\" marginwidth=\"0\" marginheight=\"0\" style=\"margin-top:0;margin-bottom:0;margin-right:0;margin-left:0;padding-top:0;padding-bottom:0;padding-right:0;padding-left:0;-ms-text-size-adjust:100%;-webkit-text-size-adjust:100%;\">\n<br>\n<br>\n<div align=\"center\"><a href=\"https://onlineshop.tanzo.jp/\" style=\"font-family:Helvetica, Arial, sans-serif;font-size:30px;color:#333333;text-decoration:none;\">TANZO.(鍛造指輪)公式オンラインショップ</a></div>\n<!-- 100% background wrapper (grey background) -->\n<table border=\"0\" width=\"100%\" height=\"100%\" cellpadding=\"0\" cellspacing=\"0\" bgcolor=\"#F0F0F0\" style=\"border-spacing:0;mso-table-lspace:0pt;mso-table-rspace:0pt;\">\n    <tr>\n        <td align=\"center\" valign=\"top\" bgcolor=\"#F0F0F0\" style=\"background-color:#F0F0F0;border-collapse:collapse;\">\n            <br>\n            <!-- 600px container (white background) -->\n            <table id=\"html-mail-table1\" border=\"0\" width=\"600px\" cellpadding=\"10\" cellspacing=\"0\" class=\"container\" style=\"border-spacing:0;mso-table-lspace:0pt;mso-table-rspace:0pt;\">\n                <tr>\n                    <td class=\"container-padding content\" align=\"left\" style=\"border-collapse:collapse;padding-left:24px;padding-right:24px;padding-top:12px;padding-bottom:12px;background-color:#ffffff;\">\n                        <br>\n                        <div class=\"title\" style=\"font-family:Helvetica, Arial, sans-serif;font-size:18px;font-weight:600;color:#374550;\">この度はご注文いただき誠にありがとうございます。</div>\n                        <br>\n                        <div class=\"body-text\" style=\"font-family:Helvetica, Arial, sans-serif;font-size:14px;line-height:20px;text-align:left;color:#333333;\">\n                            井下 美香 様<br/>\n                            <br/>\n                            下記ご注文内容にお間違えがないかご確認下さい。<br/>\n                            <br/>\n                            <hr style=\"border-top: 3px double #8c8b8b;\">\n                            　ご請求金額<br/>\n                            <hr style=\"border-top: 3px double #8c8b8b;\">\n                            ご注文日時：2025/01/20 20:26:53<br/>\n                            ご注文番号：145<br/>\n                            お支払い合計：￥115,500<br/>\n                            お支払い方法：クレジットカード決済<br/>\n                                                        お問い合わせ：<br/>\n                            <br/>\n                            <hr style=\"border-top: 3px double #8c8b8b;\">\n                            　ご注文商品明細<br/>\n                            <hr style=\"border-top: 3px double #8c8b8b;\">\n                                                                                                                    									                                                                                                                                                                                                                                                                            商品コード：C055<br/>\n                                    商品名：【光なりける】ダイヤなしver  右のリング  プラチナ(Pt900)<br/>\n                                    サイズ：8.5<br/>\n                                    オプション：刻印あり・刻印字体(基本書体)・刻印内容(MIKA &amp; MOSHE)・インサイド石(なし)<br/>                                    <!--<br/>-->\n                                    単価：￥115,500<br/>\n                                    数量：1<br/>\n                                    <br/>\n                                                                                                                                                                                                                                            <hr style=\"border-top: 2px dashed #8c8b8b;\">\n                            小　計：￥115,500<br/>\n                            手数料：￥0<br/>\n                            送　料：￥0<br/>\n                                                        <hr style=\"border-top: 1px dotted #8c8b8b;\">\n                            合　計：￥115,500<br/>\n                                                        <hr style=\"border-top: 1px dotted #8c8b8b;\">\n                            お支払い合計：￥115,500\n                                                            (10 %対象：￥115,500 内消費税： ￥10,500)<br/>\n                                                        <br/>\n                            <hr style=\"border-top: 3px double #8c8b8b;\">\n                            ご注文者情報<br/>\n                            <hr style=\"border-top: 3px double #8c8b8b;\">\n                            お名前：井下 美香 様<br/>\n                            お名前(カナ)：イノシタ ミカ 様<br/>\n                                                        郵便番号：〒7611703<br/>\n                            住所：香川県高松市香川町浅野801-1<br/>\n                            電話番号：0878897384<br/>\n                            メールアドレス：mika.beauty66@gmail.com<br/>\n                            <br/>\n                            <hr style=\"border-top: 3px double #8c8b8b;\">\n                            　配送情報<br/>\n                            <hr style=\"border-top: 3px double #8c8b8b;\">\n\n                                                            ◎お届け先<br/>\n                                <br/>\n                                お名前：井下 美香 様<br/>\n                                お名前(カナ)：イノシタ ミカ 様<br/>\n                                                                                                郵便番号：〒7611703<br/>\n                                住所：香川県高松市香川町浅野801-1<br/>\n                                電話番号：0878897384<br/>\n                                                                <br/>\n                                配送方法：宅配便<br/>\n                                                                お届け日：指定なし<br/>\n                                お届け時間：指定なし<br/>\n                                <br/>\n                                                                									                                                                                                                                                                                                                                                                            商品コード：C055<br/>\n                                    商品名：【光なりける】ダイヤなしver  右のリング  プラチナ(Pt900)<br/>\n                                    サイズ：8.5<br/>\n                                    オプション：刻印あり・刻印字体(基本書体)・刻印内容(MIKA &amp; MOSHE)・インサイド石(なし)<br/>\n                                    数量：1<br/>\n                                    <br/>\n                                                                                                                    <hr style=\"border-top: 2px dotted #8c8b8b;\">\n                            このメッセージはお客様へのお知らせ専用ですので、<br/>\n                            このメッセージへの返信としてご質問をお送りいただいても回答できません。<br/>\n                            ご了承ください。<br/>\n                        </div>\n                    </td>\n                </tr>\n            </table>\n            <!--/600px container -->\n            <br>\n            <br>\n            <table id=\"html-mail-table2\" border=\"0\" width=\"600px\" cellpadding=\"10\" cellspacing=\"0\" class=\"container\" style=\"border-spacing:0;mso-table-lspace:0pt;mso-table-rspace:0pt;\">\n                <tr>\n                    <td class=\"container-padding content footer-text\" align=\"left\" style=\"border-collapse:collapse;font-family:Helvetica, Arial, sans-serif;font-size:12px;line-height:16px;color:#aaaaaa;padding-left:24px;padding-right:24px;padding-top:12px;padding-bottom:12px;background-color:#ffffff;\">\n                        本メールは、TANZO.(鍛造指輪)公式オンラインショップより送信しております。<br/>\n                        もしお心当たりが無い場合は、その旨 <a href=\"mailto:shopinfo@onlineshop.tanzo.jp\" style=\"text-decoration:none;\">shopinfo@onlineshop.tanzo.jp</a> までご連絡いただければ幸いです。<br/>\n                        <br/>\n                        <div class=\"title\" style=\"font-size:14px;font-family:Helvetica, Arial, sans-serif;font-weight:600;color:#374550;\"><a href=\"https://onlineshop.tanzo.jp/\" style=\"color:#aaaaaa;text-decoration:none;\">TANZO.(鍛造指輪)公式オンラインショップ</a></div>\n                        <div>copyright &copy; TANZO.(鍛造指輪)公式オンラインショップ all rights reserved.</div>\n                    </td>\n                </tr>\n            </table>\n        </td>\n    </tr>\n</table>\n<!--/100% background wrapper-->\n<br>\n<br>\n</body>\n\n</html>','mailhistory'),(26,151,NULL,'2025-03-18 09:01:58','[TANZO.(鍛造指輪)公式オンラインショップ] ご注文ありがとうございます','米澤 凜 様\n\nこの度はご注文いただき誠にありがとうございます。下記ご注文内容にお間違えがないかご確認下さい。\n\n************************************************\n　ご請求金額\n************************************************\n\nご注文日時：2025/03/18 18:01:55\nご注文番号：151\nお支払い合計：￥456,500\nお支払い方法：クレジットカード決済\nお問い合わせ：\n\n\n************************************************\n　ご注文商品明細\n************************************************\n\n商品コード：C117\n商品名：【はるのその】ER  ピンクゴールド(K18)  0.25ct,D,VVS1,3E サイズ：7.5\nオプション：刻印あり刻印字体(有料書体4) 刻印内容(R&S615) インサイド石(ムーンストーン)単価：￥456,500\n数量：1\n\n-------------------------------------------------\n小　計：￥456,500\n手数料：￥0\n送　料：￥0\n-------------------------------------------------\n合　計：￥456,500\n============================================\nお支払い合計：￥456,500\n    (10 %対象：￥456,500 内消費税：￥41,500)\n  \n************************************************\n　ご注文者情報\n************************************************\nお名前：米澤 凜 様\nお名前(カナ)：ヨネザワ リン 様\n郵便番号：〒0030874\n住所：北海道札幌市白石区米里四条一丁目一番11号\n電話番号：08060730069\nメールアドレス：nikkirin667@gmail.com\n\n************************************************\n　配送情報\n************************************************\n\n◎お届け先\nお名前：米澤 凜 様\nお名前(カナ)：ヨネザワ リン 様\n郵便番号：〒0030874\n住所：北海道札幌市白石区米里四条一丁目一番11号\n電話番号：08060730069\n\n配送方法：宅配便\nお届け日：指定なし\nお届け時間：指定なし\n\n商品コード：C117\n商品名：【はるのその】ER  ピンクゴールド(K18)  0.25ct,D,VVS1,3E\nサイズ：7.5\nオプション：刻印あり・刻印字体(有料書体4)・刻印内容(R&S615)・インサイド石(ムーンストーン)数量：1\n\n\n\n============================================\n\nこのメッセージはお客様へのお知らせ専用ですので、\nこのメッセージへの返信としてご質問をお送りいただいても回答できません。\nご了承ください。\n','<!DOCTYPE html PUBLIC \"-//W3C//DTD HTML 4.01 Transitional//EN\" \"http://www.w3.org/TR/html4/loose.dtd\">\n<html xmlns=\"http://www.w3.org/1999/xhtml\">\n\n<body bgcolor=\"#F0F0F0\" leftmargin=\"0\" topmargin=\"0\" marginwidth=\"0\" marginheight=\"0\" style=\"margin-top:0;margin-bottom:0;margin-right:0;margin-left:0;padding-top:0;padding-bottom:0;padding-right:0;padding-left:0;-ms-text-size-adjust:100%;-webkit-text-size-adjust:100%;\">\n<br>\n<br>\n<div align=\"center\"><a href=\"https://onlineshop.tanzo.jp/\" style=\"font-family:Helvetica, Arial, sans-serif;font-size:30px;color:#333333;text-decoration:none;\">TANZO.(鍛造指輪)公式オンラインショップ</a></div>\n<!-- 100% background wrapper (grey background) -->\n<table border=\"0\" width=\"100%\" height=\"100%\" cellpadding=\"0\" cellspacing=\"0\" bgcolor=\"#F0F0F0\" style=\"border-spacing:0;mso-table-lspace:0pt;mso-table-rspace:0pt;\">\n    <tr>\n        <td align=\"center\" valign=\"top\" bgcolor=\"#F0F0F0\" style=\"background-color:#F0F0F0;border-collapse:collapse;\">\n            <br>\n            <!-- 600px container (white background) -->\n            <table id=\"html-mail-table1\" border=\"0\" width=\"600px\" cellpadding=\"10\" cellspacing=\"0\" class=\"container\" style=\"border-spacing:0;mso-table-lspace:0pt;mso-table-rspace:0pt;\">\n                <tr>\n                    <td class=\"container-padding content\" align=\"left\" style=\"border-collapse:collapse;padding-left:24px;padding-right:24px;padding-top:12px;padding-bottom:12px;background-color:#ffffff;\">\n                        <br>\n                        <div class=\"title\" style=\"font-family:Helvetica, Arial, sans-serif;font-size:18px;font-weight:600;color:#374550;\">この度はご注文いただき誠にありがとうございます。</div>\n                        <br>\n                        <div class=\"body-text\" style=\"font-family:Helvetica, Arial, sans-serif;font-size:14px;line-height:20px;text-align:left;color:#333333;\">\n                            米澤 凜 様<br/>\n                            <br/>\n                            下記ご注文内容にお間違えがないかご確認下さい。<br/>\n                            <br/>\n                            <hr style=\"border-top: 3px double #8c8b8b;\">\n                            　ご請求金額<br/>\n                            <hr style=\"border-top: 3px double #8c8b8b;\">\n                            ご注文日時：2025/03/18 18:01:55<br/>\n                            ご注文番号：151<br/>\n                            お支払い合計：￥456,500<br/>\n                            お支払い方法：クレジットカード決済<br/>\n                                                        お問い合わせ：<br/>\n                            <br/>\n                            <hr style=\"border-top: 3px double #8c8b8b;\">\n                            　ご注文商品明細<br/>\n                            <hr style=\"border-top: 3px double #8c8b8b;\">\n                                                                                                                    									                                                                                                                                                                                                                                                                            商品コード：C117<br/>\n                                    商品名：【はるのその】ER  ピンクゴールド(K18)  0.25ct,D,VVS1,3E<br/>\n                                    サイズ：7.5<br/>\n                                    オプション：刻印あり・刻印字体(有料書体4)・刻印内容(R&amp;S615)・インサイド石(ムーンストーン)<br/>                                    <!--<br/>-->\n                                    単価：￥456,500<br/>\n                                    数量：1<br/>\n                                    <br/>\n                                                                                                                                                                                                                                            <hr style=\"border-top: 2px dashed #8c8b8b;\">\n                            小　計：￥456,500<br/>\n                            手数料：￥0<br/>\n                            送　料：￥0<br/>\n                                                        <hr style=\"border-top: 1px dotted #8c8b8b;\">\n                            合　計：￥456,500<br/>\n                                                        <hr style=\"border-top: 1px dotted #8c8b8b;\">\n                            お支払い合計：￥456,500\n                                                            (10 %対象：￥456,500 内消費税： ￥41,500)<br/>\n                                                        <br/>\n                            <hr style=\"border-top: 3px double #8c8b8b;\">\n                            ご注文者情報<br/>\n                            <hr style=\"border-top: 3px double #8c8b8b;\">\n                            お名前：米澤 凜 様<br/>\n                            お名前(カナ)：ヨネザワ リン 様<br/>\n                                                        郵便番号：〒0030874<br/>\n                            住所：北海道札幌市白石区米里四条一丁目一番11号<br/>\n                            電話番号：08060730069<br/>\n                            メールアドレス：nikkirin667@gmail.com<br/>\n                            <br/>\n                            <hr style=\"border-top: 3px double #8c8b8b;\">\n                            　配送情報<br/>\n                            <hr style=\"border-top: 3px double #8c8b8b;\">\n\n                                                            ◎お届け先<br/>\n                                <br/>\n                                お名前：米澤 凜 様<br/>\n                                お名前(カナ)：ヨネザワ リン 様<br/>\n                                                                                                郵便番号：〒0030874<br/>\n                                住所：北海道札幌市白石区米里四条一丁目一番11号<br/>\n                                電話番号：08060730069<br/>\n                                                                <br/>\n                                配送方法：宅配便<br/>\n                                                                お届け日：指定なし<br/>\n                                お届け時間：指定なし<br/>\n                                <br/>\n                                                                									                                                                                                                                                                                                                                                                            商品コード：C117<br/>\n                                    商品名：【はるのその】ER  ピンクゴールド(K18)  0.25ct,D,VVS1,3E<br/>\n                                    サイズ：7.5<br/>\n                                    オプション：刻印あり・刻印字体(有料書体4)・刻印内容(R&amp;S615)・インサイド石(ムーンストーン)<br/>\n                                    数量：1<br/>\n                                    <br/>\n                                                                                                                    <hr style=\"border-top: 2px dotted #8c8b8b;\">\n                            このメッセージはお客様へのお知らせ専用ですので、<br/>\n                            このメッセージへの返信としてご質問をお送りいただいても回答できません。<br/>\n                            ご了承ください。<br/>\n                        </div>\n                    </td>\n                </tr>\n            </table>\n            <!--/600px container -->\n            <br>\n            <br>\n            <table id=\"html-mail-table2\" border=\"0\" width=\"600px\" cellpadding=\"10\" cellspacing=\"0\" class=\"container\" style=\"border-spacing:0;mso-table-lspace:0pt;mso-table-rspace:0pt;\">\n                <tr>\n                    <td class=\"container-padding content footer-text\" align=\"left\" style=\"border-collapse:collapse;font-family:Helvetica, Arial, sans-serif;font-size:12px;line-height:16px;color:#aaaaaa;padding-left:24px;padding-right:24px;padding-top:12px;padding-bottom:12px;background-color:#ffffff;\">\n                        本メールは、TANZO.(鍛造指輪)公式オンラインショップより送信しております。<br/>\n                        もしお心当たりが無い場合は、その旨 <a href=\"mailto:shopinfo@onlineshop.tanzo.jp\" style=\"text-decoration:none;\">shopinfo@onlineshop.tanzo.jp</a> までご連絡いただければ幸いです。<br/>\n                        <br/>\n                        <div class=\"title\" style=\"font-size:14px;font-family:Helvetica, Arial, sans-serif;font-weight:600;color:#374550;\"><a href=\"https://onlineshop.tanzo.jp/\" style=\"color:#aaaaaa;text-decoration:none;\">TANZO.(鍛造指輪)公式オンラインショップ</a></div>\n                        <div>copyright &copy; TANZO.(鍛造指輪)公式オンラインショップ all rights reserved.</div>\n                    </td>\n                </tr>\n            </table>\n        </td>\n    </tr>\n</table>\n<!--/100% background wrapper-->\n<br>\n<br>\n</body>\n\n</html>','mailhistory');

--
-- Table structure for table `dtb_mail_template`
--

CREATE TABLE `dtb_mail_template` (
  `id` int(10) unsigned NOT NULL AUTO_INCREMENT,
  `creator_id` int(10) unsigned DEFAULT NULL,
  `name` varchar(255) COLLATE utf8mb4_bin DEFAULT NULL,
  `file_name` varchar(255) COLLATE utf8mb4_bin DEFAULT NULL,
  `mail_subject` varchar(255) COLLATE utf8mb4_bin DEFAULT NULL,
  `create_date` datetime NOT NULL COMMENT '(DC2Type:datetimetz)',
  `update_date` datetime NOT NULL COMMENT '(DC2Type:datetimetz)',
  `discriminator_type` varchar(255) COLLATE utf8mb4_bin NOT NULL,
  PRIMARY KEY (`id`),
  KEY `IDX_1CB16DB261220EA6` (`creator_id`),
  CONSTRAINT `FK_1CB16DB261220EA6` FOREIGN KEY (`creator_id`) REFERENCES `dtb_member` (`id`)
) ENGINE=InnoDB AUTO_INCREMENT=37 DEFAULT CHARSET=utf8mb4 COLLATE=utf8mb4_bin;

--
-- Dumping data for table `dtb_mail_template`
--

INSERT INTO `dtb_mail_template` VALUES (1,NULL,'注文受付メール','Mail/order.twig','ご注文ありがとうございます','2023-12-04 05:31:39','2023-12-04 05:31:39','mailtemplate'),(2,NULL,'会員仮登録メール','Mail/entry_confirm.twig','会員登録のご確認','2023-12-04 05:31:39','2023-12-04 05:31:39','mailtemplate'),(3,NULL,'会員本登録メール','Mail/entry_complete.twig','会員登録が完了しました。','2023-12-04 05:31:39','2023-12-04 05:31:39','mailtemplate'),(4,NULL,'会員退会メール','Mail/customer_withdraw_mail.twig','退会手続きのご完了','2023-12-04 05:31:39','2023-12-04 05:31:39','mailtemplate'),(5,NULL,'問合受付メール','Mail/contact_mail.twig','お問い合わせを受け付けました。','2023-12-04 05:31:39','2023-12-04 05:31:39','mailtemplate'),(6,NULL,'パスワードリセット','Mail/forgot_mail.twig','パスワード変更のご確認','2023-12-04 05:31:39','2023-12-04 05:31:39','mailtemplate'),(7,NULL,'パスワードリマインダー','Mail/reset_complete_mail.twig','パスワード変更のお知らせ','2023-12-04 05:31:39','2023-12-04 05:31:39','mailtemplate'),(8,NULL,'出荷通知メール','Mail/shipping_notify.twig','商品出荷のお知らせ','2023-12-04 05:31:39','2023-12-04 05:31:39','mailtemplate'),(9,NULL,'会員情報変更通知メール','Mail/customer_change_notify.twig','会員情報変更のお知らせ','2023-12-04 05:31:39','2023-12-04 05:31:39','mailtemplate'),(28,1,'入金お知らせメール（REMISEマルチ決済）','RemisePayment42/Resource/template/mail/order_acpt.twig','ご入金が確認できました','2024-07-23 04:31:28','2024-07-23 04:31:28','mailtemplate'),(29,1,'定期購買注文受付メール（REMISE定期購買）','RemisePayment42/Resource/template/mail/ac_order.twig','ご注文ありがとうございます','2024-07-23 04:31:28','2024-07-23 04:31:28','mailtemplate'),(30,1,'定期購買カード情報更新通知メール（REMISE定期購買）','RemisePayment42/Resource/template/mail/ac_card_update_complete.twig','ご登録カードの更新が完了しました','2024-07-23 04:31:28','2024-07-23 04:31:28','mailtemplate'),(31,1,'定期購買解約通知メール（REMISE定期購買）','RemisePayment42/Resource/template/mail/ac_cancel_complete.twig','定期購買の解約処理が完了しました','2024-07-23 04:31:28','2024-07-23 04:31:28','mailtemplate'),(32,1,'定期購買スキップ通知メール（REMISE定期購買）','RemisePayment42/Resource/template/mail/ac_skip_complete.twig','定期購買のスキップ処理が完了しました','2024-07-23 04:31:28','2024-07-23 04:31:28','mailtemplate'),(33,1,'定期購買結果取込通知メール（REMISE定期購買）','RemisePayment42/Resource/template/mail/ac_result_import_complete.twig','定期購買の結果取込処理が完了しました','2024-07-23 04:31:28','2024-07-23 04:31:28','mailtemplate'),(34,1,'定期購買結果取込エラー通知メール（REMISE定期購買）','RemisePayment42/Resource/template/mail/ac_result_import_error.twig','定期購買の結果取込処理でエラーが発生しました','2024-07-23 04:31:29','2024-07-23 04:31:29','mailtemplate'),(35,1,'定期購買結果バッチ取込受付通知メール（REMISE定期購買）','RemisePayment42/Resource/template/mail/ac_result_import_stack_accept.twig','定期購買の結果取込処理を受付しました','2024-07-23 04:31:29','2024-07-23 04:31:29','mailtemplate'),(36,1,'定期購買結果バッチ取込エラー通知メール（REMISE定期購買）','RemisePayment42/Resource/template/mail/ac_result_import_stack_error.twig','定期購買の結果取込処理でエラーが発生しました','2024-07-23 04:31:29','2024-07-23 04:31:29','mailtemplate');

--
-- Table structure for table `dtb_member`
--

CREATE TABLE `dtb_member` (
  `id` int(10) unsigned NOT NULL AUTO_INCREMENT,
  `work_id` smallint(5) unsigned DEFAULT NULL,
  `authority_id` smallint(5) unsigned DEFAULT NULL,
  `creator_id` int(10) unsigned DEFAULT NULL,
  `name` varchar(255) COLLATE utf8mb4_bin DEFAULT NULL,
  `department` varchar(255) COLLATE utf8mb4_bin DEFAULT NULL,
  `login_id` varchar(255) COLLATE utf8mb4_bin NOT NULL,
  `password` varchar(255) COLLATE utf8mb4_bin NOT NULL,
  `salt` varchar(255) COLLATE utf8mb4_bin DEFAULT NULL,
  `sort_no` smallint(5) unsigned NOT NULL,
  `two_factor_auth_key` varchar(255) COLLATE utf8mb4_bin DEFAULT NULL,
  `two_factor_auth_enabled` tinyint(1) NOT NULL DEFAULT '0',
  `create_date` datetime NOT NULL COMMENT '(DC2Type:datetimetz)',
  `update_date` datetime NOT NULL COMMENT '(DC2Type:datetimetz)',
  `login_date` datetime DEFAULT NULL COMMENT '(DC2Type:datetimetz)',
  `discriminator_type` varchar(255) COLLATE utf8mb4_bin NOT NULL,
  PRIMARY KEY (`id`),
  KEY `IDX_10BC3BE6BB3453DB` (`work_id`),
  KEY `IDX_10BC3BE681EC865B` (`authority_id`),
  KEY `IDX_10BC3BE661220EA6` (`creator_id`),
  CONSTRAINT `FK_10BC3BE661220EA6` FOREIGN KEY (`creator_id`) REFERENCES `dtb_member` (`id`),
  CONSTRAINT `FK_10BC3BE681EC865B` FOREIGN KEY (`authority_id`) REFERENCES `mtb_authority` (`id`),
  CONSTRAINT `FK_10BC3BE6BB3453DB` FOREIGN KEY (`work_id`) REFERENCES `mtb_work` (`id`)
) ENGINE=InnoDB AUTO_INCREMENT=2 DEFAULT CHARSET=utf8mb4 COLLATE=utf8mb4_bin;

--
-- Dumping data for table `dtb_member`
--

INSERT INTO `dtb_member` VALUES (1,1,0,1,'管理者','鍛造指輪EC','shopTadmin','f1bc5900c2fac3dfe7f1d84249745f05027e73d250cb57486fb53a290b920798','vS0zGevORxRJMOA',1,NULL,0,'2023-12-04 05:31:39','2025-04-03 01:26:09','2025-04-03 01:26:09','member');

--
-- Table structure for table `dtb_news`
--

CREATE TABLE `dtb_news` (
  `id` int(10) unsigned NOT NULL AUTO_INCREMENT,
  `creator_id` int(10) unsigned DEFAULT NULL,
  `publish_date` datetime DEFAULT NULL COMMENT '(DC2Type:datetimetz)',
  `title` varchar(255) COLLATE utf8mb4_bin NOT NULL,
  `description` longtext COLLATE utf8mb4_bin,
  `url` varchar(4000) COLLATE utf8mb4_bin DEFAULT NULL,
  `link_method` tinyint(1) NOT NULL DEFAULT '0',
  `create_date` datetime NOT NULL COMMENT '(DC2Type:datetimetz)',
  `update_date` datetime NOT NULL COMMENT '(DC2Type:datetimetz)',
  `visible` tinyint(1) NOT NULL DEFAULT '1',
  `discriminator_type` varchar(255) COLLATE utf8mb4_bin NOT NULL,
  PRIMARY KEY (`id`),
  KEY `IDX_EA4C351761220EA6` (`creator_id`),
  CONSTRAINT `FK_EA4C351761220EA6` FOREIGN KEY (`creator_id`) REFERENCES `dtb_member` (`id`)
) ENGINE=InnoDB AUTO_INCREMENT=2 DEFAULT CHARSET=utf8mb4 COLLATE=utf8mb4_bin;

--
-- Dumping data for table `dtb_news`
--

INSERT INTO `dtb_news` VALUES (1,1,'2024-08-22 00:00:00','オンラインショップをオープンしました','鍛造の結婚指輪と婚約指輪ブランド TANZO（鍛造指輪）のオンラインショップをオープンしました。',NULL,0,'2023-12-04 05:31:39','2024-08-16 07:44:39',1,'news');

--
-- Table structure for table `dtb_order`
--

CREATE TABLE `dtb_order` (
  `id` int(10) unsigned NOT NULL AUTO_INCREMENT,
  `customer_id` int(10) unsigned DEFAULT NULL,
  `country_id` smallint(5) unsigned DEFAULT NULL,
  `pref_id` smallint(5) unsigned DEFAULT NULL,
  `sex_id` smallint(5) unsigned DEFAULT NULL,
  `job_id` smallint(5) unsigned DEFAULT NULL,
  `payment_id` int(10) unsigned DEFAULT NULL,
  `device_type_id` smallint(5) unsigned DEFAULT NULL,
  `pre_order_id` varchar(255) COLLATE utf8mb4_bin DEFAULT NULL,
  `order_no` varchar(255) COLLATE utf8mb4_bin DEFAULT NULL,
  `message` varchar(4000) COLLATE utf8mb4_bin DEFAULT NULL,
  `name01` varchar(255) COLLATE utf8mb4_bin NOT NULL,
  `name02` varchar(255) COLLATE utf8mb4_bin NOT NULL,
  `kana01` varchar(255) COLLATE utf8mb4_bin DEFAULT NULL,
  `kana02` varchar(255) COLLATE utf8mb4_bin DEFAULT NULL,
  `company_name` varchar(255) COLLATE utf8mb4_bin DEFAULT NULL,
  `email` varchar(255) COLLATE utf8mb4_bin DEFAULT NULL,
  `phone_number` varchar(14) COLLATE utf8mb4_bin DEFAULT NULL,
  `postal_code` varchar(8) COLLATE utf8mb4_bin DEFAULT NULL,
  `addr01` varchar(255) COLLATE utf8mb4_bin DEFAULT NULL,
  `addr02` varchar(255) COLLATE utf8mb4_bin DEFAULT NULL,
  `birth` datetime DEFAULT NULL COMMENT '(DC2Type:datetimetz)',
  `subtotal` decimal(12,2) unsigned NOT NULL DEFAULT '0.00',
  `discount` decimal(12,2) unsigned NOT NULL DEFAULT '0.00',
  `delivery_fee_total` decimal(12,2) unsigned NOT NULL DEFAULT '0.00',
  `charge` decimal(12,2) unsigned NOT NULL DEFAULT '0.00',
  `tax` decimal(12,2) unsigned NOT NULL DEFAULT '0.00',
  `total` decimal(12,2) unsigned NOT NULL DEFAULT '0.00',
  `payment_total` decimal(12,2) unsigned NOT NULL DEFAULT '0.00',
  `payment_method` varchar(255) COLLATE utf8mb4_bin DEFAULT NULL,
  `note` varchar(4000) COLLATE utf8mb4_bin DEFAULT NULL,
  `create_date` datetime NOT NULL COMMENT '(DC2Type:datetimetz)',
  `update_date` datetime NOT NULL COMMENT '(DC2Type:datetimetz)',
  `order_date` datetime DEFAULT NULL COMMENT '(DC2Type:datetimetz)',
  `payment_date` datetime DEFAULT NULL COMMENT '(DC2Type:datetimetz)',
  `currency_code` varchar(255) COLLATE utf8mb4_bin DEFAULT NULL,
  `complete_message` longtext COLLATE utf8mb4_bin,
  `complete_mail_message` longtext COLLATE utf8mb4_bin,
  `add_point` decimal(12,0) unsigned NOT NULL DEFAULT '0',
  `use_point` decimal(12,0) unsigned NOT NULL DEFAULT '0',
  `order_status_id` smallint(5) unsigned DEFAULT NULL,
  `discriminator_type` varchar(255) COLLATE utf8mb4_bin NOT NULL,
  PRIMARY KEY (`id`),
  UNIQUE KEY `dtb_order_pre_order_id_idx` (`pre_order_id`),
  KEY `IDX_1D66D8079395C3F3` (`customer_id`),
  KEY `IDX_1D66D807F92F3E70` (`country_id`),
  KEY `IDX_1D66D807E171EF5F` (`pref_id`),
  KEY `IDX_1D66D8075A2DB2A0` (`sex_id`),
  KEY `IDX_1D66D807BE04EA9` (`job_id`),
  KEY `IDX_1D66D8074C3A3BB` (`payment_id`),
  KEY `IDX_1D66D8074FFA550E` (`device_type_id`),
  KEY `IDX_1D66D807D7707B45` (`order_status_id`),
  KEY `dtb_order_email_idx` (`email`),
  KEY `dtb_order_order_date_idx` (`order_date`),
  KEY `dtb_order_payment_date_idx` (`payment_date`),
  KEY `dtb_order_update_date_idx` (`update_date`),
  KEY `dtb_order_order_no_idx` (`order_no`),
  CONSTRAINT `FK_1D66D8074C3A3BB` FOREIGN KEY (`payment_id`) REFERENCES `dtb_payment` (`id`),
  CONSTRAINT `FK_1D66D8074FFA550E` FOREIGN KEY (`device_type_id`) REFERENCES `mtb_device_type` (`id`),
  CONSTRAINT `FK_1D66D8075A2DB2A0` FOREIGN KEY (`sex_id`) REFERENCES `mtb_sex` (`id`),
  CONSTRAINT `FK_1D66D8079395C3F3` FOREIGN KEY (`customer_id`) REFERENCES `dtb_customer` (`id`),
  CONSTRAINT `FK_1D66D807BE04EA9` FOREIGN KEY (`job_id`) REFERENCES `mtb_job` (`id`),
  CONSTRAINT `FK_1D66D807E171EF5F` FOREIGN KEY (`pref_id`) REFERENCES `mtb_pref` (`id`),
  CONSTRAINT `FK_1D66D807F92F3E70` FOREIGN KEY (`country_id`) REFERENCES `mtb_country` (`id`)
) ENGINE=InnoDB AUTO_INCREMENT=152 DEFAULT CHARSET=utf8mb4 COLLATE=utf8mb4_bin;

--
-- Dumping data for table `dtb_order`
--

INSERT INTO `dtb_order` VALUES (101,NULL,NULL,14,NULL,NULL,5,10,'44fee9b826ef0283984a232d93bc9d5a0a712b3a',NULL,NULL,'てすと','てすと','テスト','テスト',NULL,'a@a.a','09099999999','2220033','横浜市港北区新横浜','1',NULL,187000.00,0.00,0.00,0.00,17000.00,187000.00,187000.00,'クレジットカード決済',NULL,'2024-07-09 08:44:34','2024-07-09 08:44:34',NULL,NULL,'JPY',NULL,NULL,0,0,8,'order'),(102,NULL,NULL,14,NULL,NULL,5,10,'9a9f7ab949811243bfbc81bdb9d7890e8fa46eef','102',NULL,'テスト','テスト','テスト','テスト',NULL,'a@a.a','0451112222','2220032','横浜市港北区大豆戸町','22',NULL,324500.00,0.00,0.00,0.00,29500.00,324500.00,324500.00,'クレジットカード決済',NULL,'2024-07-11 03:25:59','2024-07-11 03:26:26',NULL,NULL,'JPY',NULL,NULL,0,0,8,'order'),(103,NULL,NULL,14,NULL,NULL,5,10,'890042b5a59fb4a9d4bf8df95bac56c14ba7f462','103',NULL,'テスト','テスト','テスト','テスト',NULL,'p@p.p','1111111','2220033','横浜市港北区新横浜','1',NULL,477000.00,0.00,0.00,0.00,43363.00,477000.00,477000.00,'クレジットカード決済',NULL,'2024-07-12 03:18:39','2024-07-12 03:20:17',NULL,NULL,'JPY',NULL,NULL,0,0,8,'order'),(104,NULL,NULL,13,NULL,NULL,5,10,'45b0788c070bf1154d97108b00680f39450df959',NULL,NULL,'てすと','てすと','テスト','テスト',NULL,'a@a.a','09099999999','1060043','港区麻布永坂町','1',NULL,407000.00,0.00,0.00,0.00,37000.00,407000.00,407000.00,'クレジットカード決済',NULL,'2024-07-16 09:45:07','2024-07-16 09:45:07',NULL,NULL,'JPY',NULL,NULL,0,0,8,'order'),(105,NULL,NULL,14,NULL,NULL,5,10,'92bcb1a3935623bc4f69a69cd2d4e7c7303ce25b','105',NULL,'テスト','テスト','テスト','テスト',NULL,'a@a.a','0451111111','2220033','横浜市港北区新横浜','1',NULL,178200.00,0.00,0.00,0.00,16200.00,178200.00,178200.00,'クレジットカード決済',NULL,'2024-07-19 07:17:31','2024-07-19 10:26:24',NULL,NULL,'JPY',NULL,NULL,0,0,8,'order'),(106,NULL,NULL,13,NULL,NULL,5,10,'b14c5ee1026ab40d1b8b34104d0a618a929d6342','106',NULL,'てすと','てすと','テスト','テスト',NULL,'test@t.t','09099999999','1060043','港区麻布永坂町','1',NULL,370700.00,0.00,0.00,0.00,33700.00,370700.00,370700.00,'クレジットカード決済',NULL,'2024-07-22 04:04:10','2024-07-22 06:36:56',NULL,NULL,'JPY',NULL,NULL,0,0,8,'order'),(107,NULL,NULL,13,NULL,NULL,5,10,'e2e759884a6a11efeda3afb8c927604c7ca8ae62','107',NULL,'てすと','てすと','テスト','テスト',NULL,'test@t.t','09099999999','1060043','港区麻布永坂町','1',NULL,535700.00,0.00,0.00,0.00,48700.00,535700.00,535700.00,'クレジットカード決済',NULL,'2024-07-22 06:38:21','2024-07-22 06:38:50',NULL,NULL,'JPY',NULL,NULL,0,0,8,'order'),(108,NULL,NULL,13,NULL,NULL,5,10,'8a9050f46e76b35077da7c1985d199ee29de16a7','108',NULL,'てすと','てすと','テスト','テスト',NULL,'test@t.t','09099999999','1060043','港区麻布永坂町','1',NULL,139700.00,0.00,0.00,0.00,12700.00,139700.00,139700.00,'クレジットカード決済',NULL,'2024-07-22 07:57:54','2024-07-22 07:58:47',NULL,NULL,'JPY',NULL,NULL,0,0,8,'order'),(109,NULL,NULL,14,NULL,NULL,5,10,'4d6e8bcb5816cc375208c8aed5f8deab9d3395b0','109','カード決済テスト','アプテック','テスト','アプテック','テスト',NULL,'ito@apteq.jp','0454751511','2220033','横浜市港北区新横浜2-15-10','YS新横浜ビル５F',NULL,139700.00,0.00,0.00,0.00,12700.00,139700.00,139700.00,'クレジットカード決済',NULL,'2024-07-22 08:00:49','2024-07-22 08:02:06',NULL,NULL,'JPY',NULL,NULL,0,0,7,'order'),(110,NULL,NULL,14,NULL,NULL,5,10,'1208fd853a61d46525fbd04bf056acae1a633c85','110','カード決済テスト','アプテック','テスト','アプテック','テスト',NULL,'ito@apteq.jp','0454751511','2220033','横浜市港北区新横浜2-15-10','YS新横浜ビル５F',NULL,139700.00,0.00,0.00,0.00,12700.00,139700.00,139700.00,'クレジットカード決済',NULL,'2024-07-22 08:03:28','2024-07-22 08:04:02',NULL,NULL,'JPY',NULL,NULL,0,0,7,'order'),(111,NULL,NULL,14,NULL,NULL,5,10,'4a0ffad3835e767f7a91349b296959377902cd83','111',NULL,'アプテック','テスト','アプテック','テスト',NULL,'ito@apteq.jp','0454751511','2220033','横浜市港北区新横浜2-15-10','YS新横浜ビル５F',NULL,139700.00,0.00,0.00,0.00,12700.00,139700.00,139700.00,'クレジットカード決済',NULL,'2024-07-22 08:34:19','2024-07-22 08:34:30',NULL,NULL,'JPY',NULL,NULL,0,0,7,'order'),(112,NULL,NULL,14,NULL,NULL,5,10,'c0ceeb52a86ba1524bfec96aaa734b00406aed1a','112',NULL,'アプテック','テスト','アプテック','テスト',NULL,'ito@apteq.jp','0454751511','2220033','横浜市港北区新横浜2-15-10','YS新横浜ビル５F',NULL,139700.00,0.00,0.00,0.00,12700.00,139700.00,139700.00,'クレジットカード決済',NULL,'2024-07-22 08:34:50','2024-07-22 08:40:42',NULL,NULL,'JPY',NULL,NULL,0,0,7,'order'),(113,NULL,NULL,14,NULL,NULL,5,10,'59c7952586bcb8ef5a0664b835dee767c2c6cee2','113',NULL,'アプテック','テスト','アプテック','テスト',NULL,'ito@apteq.jp','0454751511','2220033','横浜市港北区新横浜','2-15-10 YSビル５F',NULL,139700.00,0.00,0.00,0.00,12700.00,139700.00,139700.00,'クレジットカード決済',NULL,'2024-07-22 08:47:32','2024-07-22 08:49:40',NULL,NULL,'JPY',NULL,NULL,0,0,7,'order'),(114,NULL,NULL,14,NULL,NULL,5,10,'6d532b857065fdafb9d71393323d4f651cd5c0ab','114',NULL,'アプテック','テスト','アプテック','テスト',NULL,'ito@apteq.jp','0454751511','2220033','横浜市港北区新横浜','2-15-10 YSビル５F',NULL,139700.00,0.00,0.00,0.00,12700.00,139700.00,139700.00,'クレジットカード決済',NULL,'2024-07-22 09:06:23','2024-07-22 09:07:09',NULL,NULL,'JPY',NULL,NULL,0,0,7,'order'),(115,NULL,NULL,14,NULL,NULL,5,10,'5f2ce0cd21c387b7b380043fd4854d0c6920bf26',NULL,NULL,'アプテック','テスト','アプテック','テスト',NULL,'ito@apteq.jp','0454751511','2220033','横浜市港北区新横浜','2-15-10 YSビル５F',NULL,139700.00,0.00,0.00,0.00,12700.00,139700.00,139700.00,'クレジットカード決済',NULL,'2024-07-22 09:30:47','2024-07-22 09:30:47',NULL,NULL,'JPY',NULL,NULL,0,0,8,'order'),(116,NULL,NULL,14,NULL,NULL,5,10,'377fedc92f47de67f97a2248a5261b66b0be22c6','116',NULL,'あぷてっく','てすと','アプテック','テスト',NULL,'ito@apteq.jp','0454751511','2220033','横浜市港北区新横浜','2-15-10 YS新横浜ビル５F',NULL,139700.00,0.00,0.00,0.00,12700.00,139700.00,139700.00,'クレジットカード決済',NULL,'2024-07-23 02:09:50','2024-07-23 02:10:04',NULL,NULL,'JPY',NULL,NULL,0,0,7,'order'),(117,NULL,NULL,14,NULL,NULL,NULL,10,'d1dd992a4a9f8faa1b2ab453bb65d43d0a2016c6',NULL,NULL,'あぷてっく','てすと','アプテック','テスト',NULL,'ito@apteq.jp','0454751511','2220033','横浜市港北区新横浜','2-15-10 YS新横浜ビル５F',NULL,145200.00,0.00,0.00,0.00,13200.00,145200.00,145200.00,NULL,NULL,'2024-07-23 04:34:54','2024-07-23 04:34:54',NULL,NULL,'JPY',NULL,NULL,0,0,8,'order'),(118,NULL,NULL,14,NULL,NULL,NULL,10,'3df5e1cae2115d9222f95b1f2d219b5dbf770ae0',NULL,NULL,'あぷてっく','てすと','アプテック','テスト',NULL,'ito@apteq.jp','0454751511','2220033','横浜市港北区新横浜','2-15-10 YS新横浜ビル５F',NULL,156200.00,0.00,0.00,0.00,14200.00,156200.00,156200.00,NULL,NULL,'2024-07-23 04:38:55','2024-07-23 04:38:55',NULL,NULL,'JPY',NULL,NULL,0,0,8,'order'),(119,NULL,NULL,14,NULL,NULL,5,10,'400b3dd05112415167c8a9ecea98081610c81d50','119','テスト購入','あぷてっく','てすと','アプテック','テスト',NULL,'ito@apteq.jp','0454751511','2220033','横浜市港北区新横浜','2-15-10 YS新横浜ビル５F',NULL,156200.00,0.00,0.00,0.00,14200.00,156200.00,156200.00,'クレジットカード決済',NULL,'2024-07-23 04:40:11','2024-07-23 04:42:53',NULL,NULL,'JPY',NULL,NULL,0,0,7,'order'),(120,NULL,NULL,14,NULL,NULL,5,10,'668727b9317fe628f9bec6e675caab5cbf858181','120','購入テスト','あぷてっく','てすと','アプテック','テスト',NULL,'ito@apteq.jp','0454751511','2220033','横浜市港北区新横浜','2-15-10 YS新横浜ビル５F',NULL,156200.00,0.00,0.00,0.00,14200.00,156200.00,156200.00,'クレジットカード決済',NULL,'2024-07-23 04:55:00','2024-07-23 04:55:48',NULL,NULL,'JPY',NULL,NULL,0,0,7,'order'),(121,NULL,NULL,14,NULL,NULL,5,10,'becd09123e9381dd2d57dd0cabf5b0e8c0c8da7b','121','購入テスト','あぷてっく','てすと','アプテック','テスト',NULL,'ito@apteq.jp','0454751511','2220033','横浜市港北区新横浜','2-15-10 YS新横浜ビル５F',NULL,145200.00,0.00,0.00,0.00,13200.00,145200.00,145200.00,'クレジットカード決済',NULL,'2024-07-23 05:07:49','2024-07-23 05:15:37',NULL,NULL,'JPY',NULL,NULL,0,0,8,'order'),(122,NULL,NULL,14,NULL,NULL,5,10,'87522e034d2f9ed48c583279ab7622ec4bed79ce','122','カード決済テスト','あぷてっく','てすと','アプテック','テスト',NULL,'ito@apteq.jp','0454751511','2220033','横浜市港北区新横浜','2-15-10 YS新横浜ビル５F',NULL,145200.00,50000.00,0.00,0.00,13200.00,95200.00,95200.00,'クレジットカード決済',NULL,'2024-07-23 05:18:22','2024-07-23 06:36:26','2024-07-23 05:28:04',NULL,'JPY',NULL,NULL,0,0,3,'order'),(123,NULL,NULL,14,NULL,NULL,5,10,'3e32c2483fe3799e0ea837cc453887e3b839a7aa',NULL,NULL,'あぷてっく','てすと','アプテック','テスト',NULL,'ito@apteq.jp','0454751511','2220033','横浜市港北区新横浜','2-15-10 YS新横浜ビル５F',NULL,629200.00,0.00,0.00,0.00,57200.00,629200.00,629200.00,'クレジットカード決済',NULL,'2024-07-23 06:57:51','2024-07-23 06:57:51',NULL,NULL,'JPY',NULL,NULL,0,0,8,'order'),(124,NULL,NULL,14,NULL,NULL,5,10,'2ed8aebd26bec316a99371c70bfc53f0490b6163','124',NULL,'あぷてっく','てすと','アプテック','テスト',NULL,'ito@apteq.jp','0454751511','2220033','横浜市港北区新横浜','2-15-10 YS新横浜ビル５F',NULL,484000.00,0.00,0.00,0.00,44000.00,484000.00,484000.00,'クレジットカード決済',NULL,'2024-07-23 06:58:10','2024-07-23 06:59:31',NULL,NULL,'JPY',NULL,NULL,0,0,8,'order'),(125,NULL,NULL,14,NULL,NULL,5,10,'46c5855f555c5c06c4932c02eaf0d7923aed0f53','125',NULL,'test','test','テスト','テスト',NULL,'a@a.a','1111111111','2220033','横浜市港北区新横浜','1',NULL,429000.00,0.00,0.00,0.00,39000.00,429000.00,429000.00,'クレジットカード決済',NULL,'2024-07-29 09:06:18','2024-07-29 09:28:30',NULL,NULL,'JPY',NULL,NULL,0,0,8,'order'),(126,NULL,NULL,14,NULL,NULL,5,10,'09266287a0a3156b9b74850f25c0ac81e9a585fc','126','横浜店','あぷてっく','てすと','アプテック','テスト',NULL,'ito@apteq.jp','0454751511','2220033','横浜市港北区新横浜','2-15-10 YS新横浜ビル５F',NULL,396000.00,0.00,0.00,0.00,36000.00,396000.00,396000.00,'クレジットカード決済',NULL,'2024-07-30 03:03:19','2024-07-30 03:04:08',NULL,NULL,'JPY',NULL,NULL,0,0,8,'order'),(127,NULL,NULL,14,NULL,NULL,5,10,'1193951137d9651043f2d6c06f029210dc33bbd0','127',NULL,'あぷてっく','てすと','アプテック','テスト',NULL,'ito@apteq.jp','0454751511','2220033','横浜市港北区新横浜','2-15-10 YS新横浜ビル５F',NULL,304700.00,0.00,0.00,0.00,27700.00,304700.00,304700.00,'クレジットカード決済',NULL,'2024-07-30 05:31:48','2024-07-30 05:41:15',NULL,NULL,'JPY',NULL,NULL,0,0,8,'order'),(128,NULL,NULL,13,NULL,NULL,5,10,'6bd41fac02c7830416c897fcc84f1e7219992b58','128',NULL,'曽我石','龍之介','ソガイシ','リュウノスケ',NULL,'ryu.s@tanzo.jp','0336633691','1030004','中央区東日本橋','３－６－１７',NULL,326700.00,0.00,0.00,0.00,29700.00,326700.00,326700.00,'クレジットカード決済',NULL,'2024-07-31 06:30:02','2024-07-31 06:30:47',NULL,NULL,'JPY',NULL,NULL,0,0,7,'order'),(129,NULL,NULL,13,NULL,NULL,5,10,'f14f1696bc6e522c826f68b683a89253230fbeaa','129',NULL,'曽我石','太郎','ソガイシ','タロウ',NULL,'sogaishi@gmail.com','09034050374','1030004','中央区東日本橋','3-6-17',NULL,379500.00,0.00,0.00,0.00,34500.00,379500.00,379500.00,'クレジットカード決済',NULL,'2024-07-31 06:49:23','2024-07-31 06:51:17',NULL,NULL,'JPY',NULL,NULL,0,0,7,'order'),(130,NULL,NULL,14,NULL,NULL,5,10,'8bf61b666472f7a612110a57f7e7eabf31ca674a','130',NULL,'あぷてっく','てすと','アプテック','テスト',NULL,'ito@apteq.jp','0454751511','2220033','横浜市港北区新横浜','2-15-10 YS新横浜ビル５F',NULL,165000.00,0.00,0.00,0.00,15000.00,165000.00,165000.00,'クレジットカード決済',NULL,'2024-08-02 01:51:05','2024-08-02 01:51:30',NULL,NULL,'JPY',NULL,NULL,0,0,8,'order'),(131,NULL,NULL,14,NULL,NULL,5,10,'d2f422a34f1d5041b0da0ba1c599d444792dce42',NULL,NULL,'テスト','テスト','テスト','テスト',NULL,'q@q.q','0000000000','2220033','横浜市港北区新横浜','10',NULL,467500.00,0.00,0.00,0.00,42500.00,467500.00,467500.00,'クレジットカード決済',NULL,'2024-08-08 03:16:20','2024-08-08 03:16:20',NULL,NULL,'JPY',NULL,NULL,0,0,8,'order'),(132,NULL,NULL,14,NULL,NULL,5,10,'356ddd0ee035af41f9ddc271ef747fa0dc84a8a8','132',NULL,'あぷてっく','てすと','アプテック','テスト',NULL,'q@q.q','0454751511','2220033','横浜市港北区新横浜','1',NULL,506000.00,0.00,0.00,0.00,46000.00,506000.00,506000.00,'クレジットカード決済',NULL,'2024-08-20 04:12:38','2024-08-20 04:17:52',NULL,NULL,'JPY',NULL,NULL,0,0,8,'order'),(133,NULL,NULL,35,NULL,NULL,5,2,'9ad71db96927172dc1bcdf0b50d808486f48ffb0','133',NULL,'朋','之','トモユキ','イシバシ',NULL,'yellow.sky0424@gmail.com','08029472997','7550072','宇部市中村','セジュール',NULL,326700.00,0.00,0.00,0.00,29700.00,326700.00,326700.00,'クレジットカード決済',NULL,'2024-09-21 08:04:42','2024-09-21 08:05:15',NULL,NULL,'JPY',NULL,NULL,0,0,7,'order'),(134,NULL,NULL,13,NULL,NULL,5,10,'d759a9b3a57b6a8f1108deaeefcd1f9196cf484b','134',NULL,'曽我石','龍之介','ソガイシ','リュウノスケ',NULL,'ryu.s@tanzo.jp','0336633691','1030004','中央区東日本橋','３－６－１７',NULL,792000.00,0.00,0.00,0.00,72000.00,792000.00,792000.00,'クレジットカード決済',NULL,'2024-09-30 06:38:30','2024-09-30 06:38:45',NULL,NULL,'JPY',NULL,NULL,0,0,7,'order'),(135,NULL,NULL,10,NULL,NULL,5,2,'8236f61198e9ce6318fb72ababa13abd64102ea7','135','クリスマスに合わせて納品は可能でしょうか？(2024.12.24〜2024.12.25)\r\nなるべくこの日に近い日で納品して頂けたら幸いです。\r\n宜しくお願い致します。','高橋','桂太','タカハシ','ケイタ',NULL,'chami1438@ymail.ne.jp','09043924344','3780033','沼田市白岩町','57-11',NULL,354200.00,0.00,0.00,0.00,32200.00,354200.00,354200.00,'クレジットカード決済','10/16 バックヤードシステムより売上処理済み','2024-10-08 03:47:43','2024-10-30 01:53:54','2024-10-08 03:58:50',NULL,'JPY',NULL,NULL,0,0,1,'order'),(136,NULL,NULL,35,NULL,NULL,5,10,'81106f29a0a68649ddad91f321ec6373fe4e7694',NULL,NULL,'森山','祐揮','モリヤマ','ユウキ',NULL,'synapse.mori9608@gmail.com','08027889705','7501135','下関市小月西の台','2-10-202',NULL,324500.00,0.00,0.00,0.00,29500.00,324500.00,324500.00,'クレジットカード決済',NULL,'2024-10-24 06:55:42','2024-10-24 06:55:42',NULL,NULL,'JPY',NULL,NULL,0,0,8,'order'),(137,NULL,NULL,21,NULL,NULL,5,2,'6d04e46e4402980217001f8ab7d19f591c54f6e4','137',NULL,'古川','大騎','フルカワ','ダイキ',NULL,'daiki9585@icloud.com','08069408511','5016244','羽島市竹鼻町丸の内','11-57',NULL,429000.00,0.00,0.00,0.00,39000.00,429000.00,429000.00,'クレジットカード決済',NULL,'2024-11-05 08:41:39','2024-11-05 08:41:57',NULL,NULL,'JPY',NULL,NULL,0,0,7,'order'),(138,NULL,NULL,6,NULL,NULL,5,2,'a771bbe7cfc31f07a122927346002c10a9a12438','138',NULL,'高橋','真利子','タカハシ','マリコ',NULL,'tsr05867a@gmail.com','08055095404','9970813','鶴岡市千石町','14-7-1',NULL,170500.00,0.00,0.00,0.00,15500.00,170500.00,170500.00,'クレジットカード決済',NULL,'2024-12-01 14:19:34','2024-12-01 14:19:56',NULL,NULL,'JPY',NULL,NULL,0,0,8,'order'),(139,NULL,NULL,35,NULL,NULL,5,10,'1b598a295a92d58aa09d4bb379c2bc0e650b80b2',NULL,NULL,'森山','祐揮','モリヤマ','ユウキ',NULL,'synapse.mori9608@gmail.com','08027889705','7501135','下関市小月西の台','2-10-202',NULL,324500.00,0.00,0.00,0.00,29500.00,324500.00,324500.00,'クレジットカード決済',NULL,'2024-12-02 06:43:15','2024-12-02 06:43:15',NULL,NULL,'JPY',NULL,NULL,0,0,8,'order'),(140,NULL,NULL,14,NULL,NULL,5,10,'501f5d22d5329dee679e895b4a5156055a796deb','140',NULL,'テスト','テスト','テスト','テスト',NULL,'a@a.a','0454751511','2220033','横浜市港北区新横浜','2-15-10 YS新横浜ビル５F',NULL,645700.00,0.00,0.00,0.00,58700.00,645700.00,645700.00,'クレジットカード決済',NULL,'2024-12-10 09:53:52','2024-12-10 09:55:29',NULL,NULL,'JPY',NULL,NULL,0,0,8,'order'),(141,NULL,NULL,14,NULL,NULL,5,10,'c756c046073ff2b5f0ed5322cd8babc41fed4ae2','141',NULL,'テスト','テスト','テスト','テスト',NULL,'a@a.a','0454751511','2220033','横浜市港北区新横浜','2-15-10 YS新横浜ビル５F',NULL,1296900.00,0.00,0.00,0.00,117900.00,1296900.00,1296900.00,'クレジットカード決済',NULL,'2024-12-10 09:58:59','2024-12-10 10:00:14',NULL,NULL,'JPY',NULL,NULL,0,0,8,'order'),(142,NULL,NULL,6,NULL,NULL,5,2,'df4400775862b004154c35aad3954160917db70f','142','2月ごろに引っ越しで住所が変わる予定でふ。その場合、届け先の変更は可能でしょうか？','田村','真利子','タムラ','マリコ',NULL,'tsr05867a@gmail.com','08055095404','9970813','鶴岡市千石町','14-7-1',NULL,187000.00,0.00,0.00,0.00,17000.00,187000.00,187000.00,'クレジットカード決済',NULL,'2024-12-31 10:18:42','2025-01-03 02:38:22','2024-12-31 10:27:46','2025-01-03 02:38:22','JPY',NULL,NULL,0,0,6,'order'),(143,NULL,NULL,27,NULL,NULL,5,10,'5714900ebcd3f901520739366cab11b6d04d8079','143',NULL,'辻','なつか','ツジ','ナツカ',NULL,'umeda@tanzo.jp','0661473001','5300001','大阪市北区梅田2-2-22','ハービスENT',NULL,139700.00,0.00,0.00,0.00,12700.00,139700.00,139700.00,'クレジットカード決済',NULL,'2025-01-15 07:09:23','2025-01-15 07:09:55',NULL,NULL,'JPY',NULL,NULL,0,0,8,'order'),(144,NULL,NULL,27,NULL,NULL,5,2,'36874b7b09c907506dae974b40dc17867403aba9','144',NULL,'辻','なつか','ツジ','ナツカ',NULL,'umeda@tanzo.jp','0661473001','5300001','大阪市北区梅田2-2-22','ハービスENT 2階',NULL,115500.00,0.00,0.00,0.00,10500.00,115500.00,115500.00,'クレジットカード決済',NULL,'2025-01-15 08:53:34','2025-01-15 08:54:11',NULL,NULL,'JPY',NULL,NULL,0,0,8,'order'),(145,NULL,NULL,37,NULL,NULL,5,2,'6c29ed97793f1e29e41b94e64af4b518fe38bac5','145',NULL,'井下','美香','イノシタ','ミカ',NULL,'mika.beauty66@gmail.com','0878897384','7611703','高松市香川町浅野','801-1',NULL,115500.00,0.00,0.00,0.00,10500.00,115500.00,115500.00,'クレジットカード決済',NULL,'2025-01-20 11:15:01','2025-01-21 00:42:20','2025-01-20 11:26:53','2025-01-21 00:42:20','JPY',NULL,NULL,0,0,6,'order'),(146,NULL,NULL,1,NULL,NULL,5,2,'7d0a1d452b8f9a60ca74ade68f08221a163665d8',NULL,NULL,'米澤','凜','ヨネザワ','リン',NULL,'nikkirin667@gmail.com','08060730069','0030874','札幌市白石区米里四条','一丁目一番11号',NULL,456500.00,0.00,0.00,0.00,41500.00,456500.00,456500.00,'クレジットカード決済',NULL,'2025-03-18 03:35:01','2025-03-18 03:35:01',NULL,NULL,'JPY',NULL,NULL,0,0,8,'order'),(147,NULL,NULL,1,NULL,NULL,5,2,'7f5fa5699a3121cf441c12a0389115d0a9ed743c','147',NULL,'米澤','凜','ヨネザワ','リン',NULL,'nikkirin667@gmail.com','08060730069','0030874','札幌市白石区米里四条','一丁目一番11号',NULL,456500.00,0.00,0.00,0.00,41500.00,456500.00,456500.00,'クレジットカード決済',NULL,'2025-03-18 08:23:46','2025-03-18 08:26:08',NULL,NULL,'JPY',NULL,NULL,0,0,7,'order'),(148,NULL,NULL,1,NULL,NULL,5,2,'d8cb5c89eaaffd60c85ae8bd96ad0f16603ed848','148',NULL,'米澤','凜','ヨネザワ','リン',NULL,'nikkirin667@gmail.com','08060730069','0030874','札幌市白石区米里四条','一丁目一番11号',NULL,456500.00,0.00,0.00,0.00,41500.00,456500.00,456500.00,'クレジットカード決済',NULL,'2025-03-18 08:28:58','2025-03-18 08:41:36',NULL,NULL,'JPY',NULL,NULL,0,0,7,'order'),(149,NULL,NULL,1,NULL,NULL,5,2,'f9d33cdad985c8ed5199c894d7e6dc153d8f4c16','149',NULL,'米澤','凜','ヨネザワ','リン',NULL,'nikkirin667@gmail.com','08060730069','0030874','札幌市白石区米里四条','一丁目一番11号',NULL,456500.00,0.00,0.00,0.00,41500.00,456500.00,456500.00,'クレジットカード決済',NULL,'2025-03-18 08:48:21','2025-03-18 08:48:40',NULL,NULL,'JPY',NULL,NULL,0,0,7,'order'),(150,NULL,NULL,1,NULL,NULL,5,2,'90e86529645222c87de7b708200cd12b3b02287c',NULL,NULL,'米澤','凜','ヨネザワ','リン',NULL,'nikkirin667@gmail.com','08060730069','0030874','札幌市白石区米里四条','一丁目一番11号',NULL,456500.00,0.00,0.00,0.00,41500.00,456500.00,456500.00,'クレジットカード決済',NULL,'2025-03-18 08:54:29','2025-03-18 08:54:29',NULL,NULL,'JPY',NULL,NULL,0,0,8,'order'),(151,NULL,NULL,1,NULL,NULL,5,2,'fa8b28c731c8fbfcd9c9d942e5b925cf3897fd5e','151',NULL,'米澤','凜','ヨネザワ','リン',NULL,'nikkirin667@gmail.com','08060730069','0030874','札幌市白石区米里四条','一丁目一番11号',NULL,456500.00,0.00,0.00,0.00,41500.00,456500.00,456500.00,'クレジットカード決済',NULL,'2025-03-18 08:59:49','2025-03-21 03:02:43','2025-03-18 09:01:55','2025-03-21 03:02:43','JPY',NULL,NULL,0,0,6,'order');

--
-- Table structure for table `dtb_order_item`
--

CREATE TABLE `dtb_order_item` (
  `id` int(10) unsigned NOT NULL AUTO_INCREMENT,
  `order_id` int(10) unsigned DEFAULT NULL,
  `product_id` int(10) unsigned DEFAULT NULL,
  `product_class_id` int(10) unsigned DEFAULT NULL,
  `shipping_id` int(10) unsigned DEFAULT NULL,
  `rounding_type_id` smallint(5) unsigned DEFAULT NULL,
  `tax_type_id` smallint(5) unsigned DEFAULT NULL,
  `tax_display_type_id` smallint(5) unsigned DEFAULT NULL,
  `order_item_type_id` smallint(5) unsigned DEFAULT NULL,
  `product_name` varchar(255) COLLATE utf8mb4_bin NOT NULL,
  `product_code` varchar(255) COLLATE utf8mb4_bin DEFAULT NULL,
  `class_name1` varchar(255) COLLATE utf8mb4_bin DEFAULT NULL,
  `class_name2` varchar(255) COLLATE utf8mb4_bin DEFAULT NULL,
  `class_category_name1` varchar(255) COLLATE utf8mb4_bin DEFAULT NULL,
  `class_category_name2` varchar(255) COLLATE utf8mb4_bin DEFAULT NULL,
  `price` decimal(12,2) NOT NULL DEFAULT '0.00',
  `quantity` decimal(10,0) NOT NULL DEFAULT '0',
  `tax` decimal(10,0) NOT NULL DEFAULT '0',
  `tax_rate` decimal(10,0) unsigned NOT NULL DEFAULT '0',
  `tax_adjust` decimal(10,0) unsigned NOT NULL DEFAULT '0',
  `tax_rule_id` smallint(5) unsigned DEFAULT NULL,
  `currency_code` varchar(255) COLLATE utf8mb4_bin DEFAULT NULL,
  `processor_name` varchar(255) COLLATE utf8mb4_bin DEFAULT NULL,
  `point_rate` decimal(10,0) unsigned DEFAULT NULL,
  `discriminator_type` varchar(255) COLLATE utf8mb4_bin NOT NULL,
  `size` longtext COLLATE utf8mb4_bin,
  `engraving` varchar(255) COLLATE utf8mb4_bin DEFAULT NULL,
  `engraving_font` varchar(255) COLLATE utf8mb4_bin DEFAULT NULL,
  `engraving_text` varchar(255) COLLATE utf8mb4_bin DEFAULT NULL,
  `stone` varchar(255) COLLATE utf8mb4_bin DEFAULT NULL,
  `option_total_price` decimal(12,2) NOT NULL DEFAULT '0.00',
  `size_price` decimal(12,2) NOT NULL DEFAULT '0.00',
  PRIMARY KEY (`id`),
  KEY `IDX_A0C8C3ED8D9F6D38` (`order_id`),
  KEY `IDX_A0C8C3ED4584665A` (`product_id`),
  KEY `IDX_A0C8C3ED21B06187` (`product_class_id`),
  KEY `IDX_A0C8C3ED4887F3F8` (`shipping_id`),
  KEY `IDX_A0C8C3ED1BD5C574` (`rounding_type_id`),
  KEY `IDX_A0C8C3ED84042C99` (`tax_type_id`),
  KEY `IDX_A0C8C3EDA2505856` (`tax_display_type_id`),
  KEY `IDX_A0C8C3EDCAD13EAD` (`order_item_type_id`),
  CONSTRAINT `FK_A0C8C3ED1BD5C574` FOREIGN KEY (`rounding_type_id`) REFERENCES `mtb_rounding_type` (`id`),
  CONSTRAINT `FK_A0C8C3ED21B06187` FOREIGN KEY (`product_class_id`) REFERENCES `dtb_product_class` (`id`),
  CONSTRAINT `FK_A0C8C3ED4584665A` FOREIGN KEY (`product_id`) REFERENCES `dtb_product` (`id`),
  CONSTRAINT `FK_A0C8C3ED4887F3F8` FOREIGN KEY (`shipping_id`) REFERENCES `dtb_shipping` (`id`),
  CONSTRAINT `FK_A0C8C3ED84042C99` FOREIGN KEY (`tax_type_id`) REFERENCES `mtb_tax_type` (`id`),
  CONSTRAINT `FK_A0C8C3ED8D9F6D38` FOREIGN KEY (`order_id`) REFERENCES `dtb_order` (`id`),
  CONSTRAINT `FK_A0C8C3EDA2505856` FOREIGN KEY (`tax_display_type_id`) REFERENCES `mtb_tax_display_type` (`id`),
  CONSTRAINT `FK_A0C8C3EDCAD13EAD` FOREIGN KEY (`order_item_type_id`) REFERENCES `mtb_order_item_type` (`id`)
) ENGINE=InnoDB AUTO_INCREMENT=489 DEFAULT CHARSET=utf8mb4 COLLATE=utf8mb4_bin;

--
-- Dumping data for table `dtb_order_item`
--

INSERT INTO `dtb_order_item` VALUES (1,101,30,30,1,2,1,1,1,'【若菜つむ】','C030',NULL,NULL,NULL,NULL,170000.00,1,17000,10,0,NULL,'JPY',NULL,1,'orderitem','12','あり','有料書体1','test','サファイア',11000.00,0.00),(2,101,NULL,NULL,1,2,1,2,2,'送料',NULL,NULL,NULL,NULL,NULL,0.00,0,0,10,0,NULL,'JPY','Eccube\\Service\\PurchaseFlow\\Processor\\DeliveryFeePreprocessor',1,'orderitem',NULL,NULL,NULL,NULL,NULL,0.00,0.00),(3,101,NULL,NULL,NULL,2,1,2,3,'手数料',NULL,NULL,NULL,NULL,NULL,0.00,1,0,10,0,NULL,'JPY','Eccube\\Service\\PurchaseFlow\\Processor\\PaymentChargePreprocessor',1,'orderitem',NULL,NULL,NULL,NULL,NULL,0.00,0.00),(4,102,101,207,2,2,1,1,1,'【照る月も】','C101','素材','ダイヤモンド','ホワイトゴールド','0.20ct,D,VVS1,3E',295000.00,1,29500,10,0,NULL,'JPY',NULL,1,'orderitem','7.5','あり','有料書体1','test','アメシスト',11000.00,0.00),(6,102,NULL,NULL,NULL,2,1,2,3,'手数料',NULL,NULL,NULL,NULL,NULL,0.00,1,0,10,0,NULL,'JPY','Eccube\\Service\\PurchaseFlow\\Processor\\PaymentChargePreprocessor',1,'orderitem',NULL,NULL,NULL,NULL,NULL,0.00,0.00),(8,102,NULL,NULL,2,2,1,2,2,'送料',NULL,NULL,NULL,NULL,NULL,0.00,0,0,10,0,NULL,'JPY','Eccube\\Service\\PurchaseFlow\\Processor\\DeliveryFeePreprocessor',1,'orderitem',NULL,NULL,NULL,NULL,NULL,0.00,0.00),(9,103,110,766,3,2,1,1,1,'【思ふ仲をば】','C110','素材','ダイヤモンド','ホワイトゴールド','0.25ct,F,VS1,3E',433637.00,1,43363,10,0,NULL,'JPY',NULL,1,'orderitem','16','あり','有料書体1','test','ガーネット',11000.00,15000.00),(11,103,NULL,NULL,NULL,2,1,2,3,'手数料',NULL,NULL,NULL,NULL,NULL,0.00,1,0,10,0,NULL,'JPY','Eccube\\Service\\PurchaseFlow\\Processor\\PaymentChargePreprocessor',1,'orderitem',NULL,NULL,NULL,NULL,NULL,0.00,0.00),(13,103,NULL,NULL,3,2,1,2,2,'送料',NULL,NULL,NULL,NULL,NULL,0.00,0,0,10,0,NULL,'JPY','Eccube\\Service\\PurchaseFlow\\Processor\\DeliveryFeePreprocessor',1,'orderitem',NULL,NULL,NULL,NULL,NULL,0.00,0.00),(14,104,10,2072,4,2,1,1,1,'【峰のもみぢ葉】','C010','タイプ','素材','左のリング','ゴールド×ゴールド（備考欄にご記入ください）',200000.00,1,20000,10,0,NULL,'JPY',NULL,1,'orderitem','16.5','あり','有料書体1','test','アクアマリン',11000.00,22000.00),(15,104,10,2073,4,2,1,1,1,'【峰のもみぢ葉】','C010','タイプ','素材','右のリング','プラチナ×ホワイトゴールド',170000.00,1,17000,10,0,NULL,'JPY',NULL,1,'orderitem','16.5','なし',NULL,'','なし',0.00,22000.00),(16,104,NULL,NULL,4,2,1,2,2,'送料',NULL,NULL,NULL,NULL,NULL,0.00,0,0,10,0,NULL,'JPY','Eccube\\Service\\PurchaseFlow\\Processor\\DeliveryFeePreprocessor',1,'orderitem',NULL,NULL,NULL,NULL,NULL,0.00,0.00),(17,104,NULL,NULL,NULL,2,1,2,3,'手数料',NULL,NULL,NULL,NULL,NULL,0.00,1,0,10,0,NULL,'JPY','Eccube\\Service\\PurchaseFlow\\Processor\\PaymentChargePreprocessor',1,'orderitem',NULL,NULL,NULL,NULL,NULL,0.00,0.00),(20,105,NULL,NULL,NULL,2,1,2,3,'手数料',NULL,NULL,NULL,NULL,NULL,0.00,1,0,10,0,NULL,'JPY','Eccube\\Service\\PurchaseFlow\\Processor\\PaymentChargePreprocessor',1,'orderitem',NULL,NULL,NULL,NULL,NULL,0.00,0.00),(30,105,2,1471,7,2,1,1,1,'【恋といふらむ】','C002','タイプ','素材','右のリング','プラチナ',162000.00,1,16200,10,0,NULL,'JPY',NULL,1,'orderitem','8','あり','有料書体4','testtesttesttestあああ','タンザナイト',11000.00,0.00),(37,105,NULL,NULL,7,2,1,2,2,'送料',NULL,NULL,NULL,NULL,NULL,0.00,0,0,10,0,NULL,'JPY','Eccube\\Service\\PurchaseFlow\\Processor\\DeliveryFeePreprocessor',1,'orderitem',NULL,NULL,NULL,NULL,NULL,0.00,0.00),(41,106,NULL,NULL,NULL,2,1,2,3,'手数料',NULL,NULL,NULL,NULL,NULL,0.00,1,0,10,0,NULL,'JPY','Eccube\\Service\\PurchaseFlow\\Processor\\PaymentChargePreprocessor',1,'orderitem',NULL,NULL,NULL,NULL,NULL,0.00,0.00),(43,106,2,1465,9,2,1,1,1,'【恋といふらむ】','C002','タイプ','素材','左のリング','ホワイトゴールド',170000.00,1,17000,10,0,NULL,'JPY',NULL,1,'orderitem','16.5','あり','有料書体1','test test','なし',5500.00,22000.00),(44,106,2,1473,10,2,1,1,1,'【恋といふらむ】','C002','タイプ','素材','右のリング','シャンパンゴールド',167000.00,1,16700,10,0,NULL,'JPY',NULL,1,'orderitem','9','あり','基本書体','ひらがな','ピンクトルマリン',5500.00,0.00),(47,106,NULL,NULL,9,2,1,2,2,'送料',NULL,NULL,NULL,NULL,NULL,0.00,0,0,10,0,NULL,'JPY','Eccube\\Service\\PurchaseFlow\\Processor\\DeliveryFeePreprocessor',1,'orderitem',NULL,NULL,NULL,NULL,NULL,0.00,0.00),(48,106,NULL,NULL,10,2,1,2,2,'送料',NULL,NULL,NULL,NULL,NULL,0.00,0,0,10,0,NULL,'JPY','Eccube\\Service\\PurchaseFlow\\Processor\\DeliveryFeePreprocessor',1,'orderitem',NULL,NULL,NULL,NULL,NULL,0.00,0.00),(53,107,NULL,NULL,NULL,2,1,2,3,'手数料',NULL,NULL,NULL,NULL,NULL,0.00,1,0,10,0,NULL,'JPY','Eccube\\Service\\PurchaseFlow\\Processor\\PaymentChargePreprocessor',1,'orderitem',NULL,NULL,NULL,NULL,NULL,0.00,0.00),(55,107,2,1465,12,2,1,1,1,'【恋といふらむ】','C002','タイプ','素材','左のリング','ホワイトゴールド',170000.00,1,17000,10,0,NULL,'JPY',NULL,1,'orderitem','16.5','あり','有料書体1','test test','なし',5500.00,22000.00),(56,107,2,1473,13,2,1,1,1,'【恋といふらむ】','C002','タイプ','素材','右のリング','シャンパンゴールド',167000.00,1,16700,10,0,NULL,'JPY',NULL,1,'orderitem','9','あり','基本書体','ひらがな','ピンクトルマリン',5500.00,0.00),(57,107,2,1465,13,2,1,1,1,'【恋といふらむ】','C002','タイプ','素材','左のリング','ホワイトゴールド',150000.00,1,15000,10,0,NULL,'JPY',NULL,1,'orderitem','9','なし',NULL,'','ペリドット',5500.00,0.00),(60,107,NULL,NULL,12,2,1,2,2,'送料',NULL,NULL,NULL,NULL,NULL,0.00,0,0,10,0,NULL,'JPY','Eccube\\Service\\PurchaseFlow\\Processor\\DeliveryFeePreprocessor',1,'orderitem',NULL,NULL,NULL,NULL,NULL,0.00,0.00),(61,107,NULL,NULL,13,2,1,2,2,'送料',NULL,NULL,NULL,NULL,NULL,0.00,0,0,10,0,NULL,'JPY','Eccube\\Service\\PurchaseFlow\\Processor\\DeliveryFeePreprocessor',1,'orderitem',NULL,NULL,NULL,NULL,NULL,0.00,0.00),(64,108,NULL,NULL,NULL,2,1,2,3,'手数料',NULL,NULL,NULL,NULL,NULL,0.00,1,0,10,0,NULL,'JPY','Eccube\\Service\\PurchaseFlow\\Processor\\PaymentChargePreprocessor',1,'orderitem',NULL,NULL,NULL,NULL,NULL,0.00,0.00),(65,108,1,1457,14,2,1,1,1,'【光なりける】','C001','タイプ','素材','右のリング','プラチナ',127000.00,1,12700,10,0,NULL,'JPY',NULL,1,'orderitem','9','なし','有料書体1','test test','なし',0.00,0.00),(68,108,NULL,NULL,14,2,1,2,2,'送料',NULL,NULL,NULL,NULL,NULL,0.00,0,0,10,0,NULL,'JPY','Eccube\\Service\\PurchaseFlow\\Processor\\DeliveryFeePreprocessor',1,'orderitem',NULL,NULL,NULL,NULL,NULL,0.00,0.00),(69,109,1,1457,15,2,1,1,1,'【光なりける】','C001','タイプ','素材','右のリング','プラチナ',127000.00,1,12700,10,0,NULL,'JPY',NULL,1,'orderitem','9','なし',NULL,'','なし',0.00,0.00),(71,109,NULL,NULL,NULL,2,1,2,3,'手数料',NULL,NULL,NULL,NULL,NULL,0.00,1,0,10,0,NULL,'JPY','Eccube\\Service\\PurchaseFlow\\Processor\\PaymentChargePreprocessor',1,'orderitem',NULL,NULL,NULL,NULL,NULL,0.00,0.00),(76,109,NULL,NULL,15,2,1,2,2,'送料',NULL,NULL,NULL,NULL,NULL,0.00,0,0,10,0,NULL,'JPY','Eccube\\Service\\PurchaseFlow\\Processor\\DeliveryFeePreprocessor',1,'orderitem',NULL,NULL,NULL,NULL,NULL,0.00,0.00),(79,110,NULL,NULL,NULL,2,1,2,3,'手数料',NULL,NULL,NULL,NULL,NULL,0.00,1,0,10,0,NULL,'JPY','Eccube\\Service\\PurchaseFlow\\Processor\\PaymentChargePreprocessor',1,'orderitem',NULL,NULL,NULL,NULL,NULL,0.00,0.00),(81,110,NULL,NULL,16,2,1,2,2,'送料',NULL,NULL,NULL,NULL,NULL,0.00,0,0,10,0,NULL,'JPY','Eccube\\Service\\PurchaseFlow\\Processor\\DeliveryFeePreprocessor',1,'orderitem',NULL,NULL,NULL,NULL,NULL,0.00,0.00),(82,110,1,1457,16,2,1,1,1,'【光なりける】','C001','タイプ','素材','右のリング','プラチナ',127000.00,1,12700,10,0,NULL,'JPY',NULL,1,'orderitem','9','なし',NULL,'','なし',0.00,0.00),(83,111,1,1457,17,2,1,1,1,'【光なりける】','C001','タイプ','素材','右のリング','プラチナ',127000.00,1,12700,10,0,NULL,'JPY',NULL,1,'orderitem','9','なし',NULL,'','なし',0.00,0.00),(85,111,NULL,NULL,NULL,2,1,2,3,'手数料',NULL,NULL,NULL,NULL,NULL,0.00,1,0,10,0,NULL,'JPY','Eccube\\Service\\PurchaseFlow\\Processor\\PaymentChargePreprocessor',1,'orderitem',NULL,NULL,NULL,NULL,NULL,0.00,0.00),(87,111,NULL,NULL,17,2,1,2,2,'送料',NULL,NULL,NULL,NULL,NULL,0.00,0,0,10,0,NULL,'JPY','Eccube\\Service\\PurchaseFlow\\Processor\\DeliveryFeePreprocessor',1,'orderitem',NULL,NULL,NULL,NULL,NULL,0.00,0.00),(90,112,NULL,NULL,NULL,2,1,2,3,'手数料',NULL,NULL,NULL,NULL,NULL,0.00,1,0,10,0,NULL,'JPY','Eccube\\Service\\PurchaseFlow\\Processor\\PaymentChargePreprocessor',1,'orderitem',NULL,NULL,NULL,NULL,NULL,0.00,0.00),(93,112,1,1457,18,2,1,1,1,'【光なりける】','C001','タイプ','素材','右のリング','プラチナ',127000.00,1,12700,10,0,NULL,'JPY',NULL,1,'orderitem','9','なし',NULL,'','なし',0.00,0.00),(96,112,NULL,NULL,18,2,1,2,2,'送料',NULL,NULL,NULL,NULL,NULL,0.00,0,0,10,0,NULL,'JPY','Eccube\\Service\\PurchaseFlow\\Processor\\DeliveryFeePreprocessor',1,'orderitem',NULL,NULL,NULL,NULL,NULL,0.00,0.00),(99,113,NULL,NULL,NULL,2,1,2,3,'手数料',NULL,NULL,NULL,NULL,NULL,0.00,1,0,10,0,NULL,'JPY','Eccube\\Service\\PurchaseFlow\\Processor\\PaymentChargePreprocessor',1,'orderitem',NULL,NULL,NULL,NULL,NULL,0.00,0.00),(101,113,NULL,NULL,19,2,1,2,2,'送料',NULL,NULL,NULL,NULL,NULL,0.00,0,0,10,0,NULL,'JPY','Eccube\\Service\\PurchaseFlow\\Processor\\DeliveryFeePreprocessor',1,'orderitem',NULL,NULL,NULL,NULL,NULL,0.00,0.00),(102,113,1,1457,19,2,1,1,1,'【光なりける】','C001','タイプ','素材','右のリング','プラチナ',127000.00,1,12700,10,0,NULL,'JPY',NULL,1,'orderitem','9','なし',NULL,'','なし',0.00,0.00),(103,114,1,1457,20,2,1,1,1,'【光なりける】','C001','タイプ','素材','右のリング','プラチナ',127000.00,1,12700,10,0,NULL,'JPY',NULL,1,'orderitem','9','なし',NULL,'','なし',0.00,0.00),(105,114,NULL,NULL,NULL,2,1,2,3,'手数料',NULL,NULL,NULL,NULL,NULL,0.00,1,0,10,0,NULL,'JPY','Eccube\\Service\\PurchaseFlow\\Processor\\PaymentChargePreprocessor',1,'orderitem',NULL,NULL,NULL,NULL,NULL,0.00,0.00),(107,114,NULL,NULL,20,2,1,2,2,'送料',NULL,NULL,NULL,NULL,NULL,0.00,0,0,10,0,NULL,'JPY','Eccube\\Service\\PurchaseFlow\\Processor\\DeliveryFeePreprocessor',1,'orderitem',NULL,NULL,NULL,NULL,NULL,0.00,0.00),(108,115,1,1457,21,2,1,1,1,'【光なりける】','C001','タイプ','素材','右のリング','プラチナ',127000.00,1,12700,10,0,NULL,'JPY',NULL,1,'orderitem','9','なし',NULL,'','なし',0.00,0.00),(109,115,NULL,NULL,21,2,1,2,2,'送料',NULL,NULL,NULL,NULL,NULL,0.00,0,0,10,0,NULL,'JPY','Eccube\\Service\\PurchaseFlow\\Processor\\DeliveryFeePreprocessor',1,'orderitem',NULL,NULL,NULL,NULL,NULL,0.00,0.00),(110,115,NULL,NULL,NULL,2,1,2,3,'手数料',NULL,NULL,NULL,NULL,NULL,0.00,1,0,10,0,NULL,'JPY','Eccube\\Service\\PurchaseFlow\\Processor\\PaymentChargePreprocessor',1,'orderitem',NULL,NULL,NULL,NULL,NULL,0.00,0.00),(111,116,1,1457,22,2,1,1,1,'【光なりける】','C001','タイプ','素材','右のリング','プラチナ',127000.00,1,12700,10,0,NULL,'JPY',NULL,1,'orderitem','9','なし',NULL,'','なし',0.00,0.00),(113,116,NULL,NULL,NULL,2,1,2,3,'手数料',NULL,NULL,NULL,NULL,NULL,0.00,1,0,10,0,NULL,'JPY','Eccube\\Service\\PurchaseFlow\\Processor\\PaymentChargePreprocessor',1,'orderitem',NULL,NULL,NULL,NULL,NULL,0.00,0.00),(115,116,NULL,NULL,22,2,1,2,2,'送料',NULL,NULL,NULL,NULL,NULL,0.00,0,0,10,0,NULL,'JPY','Eccube\\Service\\PurchaseFlow\\Processor\\DeliveryFeePreprocessor',1,'orderitem',NULL,NULL,NULL,NULL,NULL,0.00,0.00),(116,117,1,1457,23,2,1,1,1,'【光なりける】','C001','タイプ','素材','右のリング','プラチナ',132000.00,1,13200,10,0,NULL,'JPY',NULL,1,'orderitem','9','あり','基本書体','test test','ガーネット',5500.00,0.00),(117,117,NULL,NULL,23,2,1,2,2,'送料',NULL,NULL,NULL,NULL,NULL,0.00,0,0,10,0,NULL,'JPY','Eccube\\Service\\PurchaseFlow\\Processor\\DeliveryFeePreprocessor',1,'orderitem',NULL,NULL,NULL,NULL,NULL,0.00,0.00),(118,118,1,1457,24,2,1,1,1,'【光なりける】','C001','タイプ','素材','右のリング','プラチナ',142000.00,1,14200,10,0,NULL,'JPY',NULL,1,'orderitem','12.5','あり','基本書体','test test','ガーネット',5500.00,11000.00),(119,118,NULL,NULL,24,2,1,2,2,'送料',NULL,NULL,NULL,NULL,NULL,0.00,0,0,10,0,NULL,'JPY','Eccube\\Service\\PurchaseFlow\\Processor\\DeliveryFeePreprocessor',1,'orderitem',NULL,NULL,NULL,NULL,NULL,0.00,0.00),(122,119,NULL,NULL,NULL,2,1,2,3,'手数料',NULL,NULL,NULL,NULL,NULL,0.00,1,0,10,0,NULL,'JPY','Eccube\\Service\\PurchaseFlow\\Processor\\PaymentChargePreprocessor',1,'orderitem',NULL,NULL,NULL,NULL,NULL,0.00,0.00),(130,119,NULL,NULL,26,2,1,2,2,'送料',NULL,NULL,NULL,NULL,NULL,0.00,0,0,10,0,NULL,'JPY','Eccube\\Service\\PurchaseFlow\\Processor\\DeliveryFeePreprocessor',1,'orderitem',NULL,NULL,NULL,NULL,NULL,0.00,0.00),(131,119,1,1457,26,2,1,1,1,'【光なりける】','C001','タイプ','素材','右のリング','プラチナ',142000.00,1,14200,10,0,NULL,'JPY',NULL,1,'orderitem','12.5','あり','基本書体','test test','ガーネット',5500.00,11000.00),(134,120,NULL,NULL,NULL,2,1,2,3,'手数料',NULL,NULL,NULL,NULL,NULL,0.00,1,0,10,0,NULL,'JPY','Eccube\\Service\\PurchaseFlow\\Processor\\PaymentChargePreprocessor',1,'orderitem',NULL,NULL,NULL,NULL,NULL,0.00,0.00),(136,120,1,1457,28,2,1,1,1,'【光なりける】','C001','タイプ','素材','右のリング','プラチナ',142000.00,1,14200,10,0,NULL,'JPY',NULL,1,'orderitem','12.5','あり','基本書体','test test','ガーネット',5500.00,11000.00),(140,120,NULL,NULL,28,2,1,2,2,'送料',NULL,NULL,NULL,NULL,NULL,0.00,0,0,10,0,NULL,'JPY','Eccube\\Service\\PurchaseFlow\\Processor\\DeliveryFeePreprocessor',1,'orderitem',NULL,NULL,NULL,NULL,NULL,0.00,0.00),(143,121,NULL,NULL,NULL,2,1,2,3,'手数料',NULL,NULL,NULL,NULL,NULL,0.00,1,0,10,0,NULL,'JPY','Eccube\\Service\\PurchaseFlow\\Processor\\PaymentChargePreprocessor',1,'orderitem',NULL,NULL,NULL,NULL,NULL,0.00,0.00),(151,121,1,1457,30,2,1,1,1,'【光なりける】','C001','タイプ','素材','右のリング','プラチナ',132000.00,1,13200,10,0,NULL,'JPY',NULL,1,'orderitem','9','あり','基本書体','test test','ガーネット',5500.00,0.00),(155,121,NULL,NULL,30,2,1,2,2,'送料',NULL,NULL,NULL,NULL,NULL,0.00,0,0,10,0,NULL,'JPY','Eccube\\Service\\PurchaseFlow\\Processor\\DeliveryFeePreprocessor',1,'orderitem',NULL,NULL,NULL,NULL,NULL,0.00,0.00),(158,122,NULL,NULL,NULL,2,1,2,3,'手数料',NULL,NULL,NULL,NULL,NULL,0.00,1,0,10,0,NULL,'JPY','Eccube\\Service\\PurchaseFlow\\Processor\\PaymentChargePreprocessor',1,'orderitem',NULL,NULL,NULL,NULL,NULL,0.00,0.00),(160,122,1,1457,32,2,1,1,1,'【光なりける】','C001','タイプ','素材','右のリング','プラチナ',132000.00,1,13200,10,0,NULL,'JPY',NULL,1,'orderitem','9','あり','基本書体','test * あA','ガーネット',5500.00,0.00),(168,122,NULL,NULL,32,2,1,2,2,'送料',NULL,NULL,NULL,NULL,NULL,0.00,0,0,10,0,NULL,'JPY','Eccube\\Service\\PurchaseFlow\\Processor\\DeliveryFeePreprocessor',1,'orderitem',NULL,NULL,NULL,NULL,NULL,0.00,0.00),(169,122,NULL,NULL,NULL,NULL,2,1,4,'割引',NULL,NULL,NULL,NULL,NULL,-50000.00,1,0,0,0,NULL,'JPY',NULL,1,'orderitem',NULL,NULL,NULL,NULL,NULL,0.00,0.00),(170,123,1,1457,33,2,1,1,1,'【光なりける】','C001','タイプ','素材','右のリング','プラチナ',132000.00,1,13200,10,0,NULL,'JPY',NULL,1,'orderitem','9','あり','基本書体','test test','ガーネット',5500.00,0.00),(171,123,25,2123,33,2,1,1,1,'【思ふ仲をば】','C025','タイプ','素材','左のリング','プラチナ×シャンパンゴールド',275000.00,1,27500,10,0,NULL,'JPY',NULL,1,'orderitem','16.5','なし',NULL,'','なし',0.00,22000.00),(172,123,25,2133,33,2,1,1,1,'【思ふ仲をば】','C025','タイプ','素材','右のリング','プラチナ×ピンクゴールド',165000.00,1,16500,10,0,NULL,'JPY',NULL,1,'orderitem','10','なし',NULL,'','なし',0.00,0.00),(173,123,NULL,NULL,33,2,1,2,2,'送料',NULL,NULL,NULL,NULL,NULL,0.00,0,0,10,0,NULL,'JPY','Eccube\\Service\\PurchaseFlow\\Processor\\DeliveryFeePreprocessor',1,'orderitem',NULL,NULL,NULL,NULL,NULL,0.00,0.00),(174,123,NULL,NULL,NULL,2,1,2,3,'手数料',NULL,NULL,NULL,NULL,NULL,0.00,1,0,10,0,NULL,'JPY','Eccube\\Service\\PurchaseFlow\\Processor\\PaymentChargePreprocessor',1,'orderitem',NULL,NULL,NULL,NULL,NULL,0.00,0.00),(175,124,25,2123,34,2,1,1,1,'【思ふ仲をば】','C025','タイプ','素材','左のリング','プラチナ×シャンパンゴールド',275000.00,1,27500,10,0,NULL,'JPY',NULL,1,'orderitem','16.5','なし',NULL,'','なし',0.00,22000.00),(176,124,25,2133,34,2,1,1,1,'【思ふ仲をば】','C025','タイプ','素材','右のリング','プラチナ×ピンクゴールド',165000.00,1,16500,10,0,NULL,'JPY',NULL,1,'orderitem','10','なし',NULL,'','なし',0.00,0.00),(178,124,NULL,NULL,NULL,2,1,2,3,'手数料',NULL,NULL,NULL,NULL,NULL,0.00,1,0,10,0,NULL,'JPY','Eccube\\Service\\PurchaseFlow\\Processor\\PaymentChargePreprocessor',1,'orderitem',NULL,NULL,NULL,NULL,NULL,0.00,0.00),(186,124,NULL,NULL,34,2,1,2,2,'送料',NULL,NULL,NULL,NULL,NULL,0.00,0,0,10,0,NULL,'JPY','Eccube\\Service\\PurchaseFlow\\Processor\\DeliveryFeePreprocessor',1,'orderitem',NULL,NULL,NULL,NULL,NULL,0.00,0.00),(189,125,NULL,NULL,NULL,2,1,2,3,'手数料',NULL,NULL,NULL,NULL,NULL,0.00,1,0,10,0,NULL,'JPY','Eccube\\Service\\PurchaseFlow\\Processor\\PaymentChargePreprocessor',1,'orderitem',NULL,NULL,NULL,NULL,NULL,0.00,0.00),(203,125,110,768,36,2,1,1,1,'【思ふ仲をば】','C110','素材','ダイヤモンド','ホワイトゴールド','0.20ct,F,VS1,3E',390000.00,1,39000,10,0,NULL,'JPY',NULL,1,'orderitem','16','あり','有料書体1','test','なし',5500.00,16500.00),(218,125,NULL,NULL,36,2,1,2,2,'送料',NULL,NULL,NULL,NULL,NULL,0.00,0,0,10,0,NULL,'JPY','Eccube\\Service\\PurchaseFlow\\Processor\\DeliveryFeePreprocessor',1,'orderitem',NULL,NULL,NULL,NULL,NULL,0.00,0.00),(219,126,4,1492,37,2,1,1,1,'【ふれる白雪】','C004','タイプ','素材','左のリング','プラチナ',170000.00,1,17000,10,0,NULL,'JPY',NULL,1,'orderitem','16.5','なし',NULL,'','なし',0.00,22000.00),(220,126,4,1501,37,2,1,1,1,'【ふれる白雪】','C004','タイプ','素材','右のリング','シャンパンゴールド',190000.00,1,19000,10,0,NULL,'JPY',NULL,1,'orderitem','9.5','なし',NULL,'','ガーネット',5500.00,0.00),(222,126,NULL,NULL,NULL,2,1,2,3,'手数料',NULL,NULL,NULL,NULL,NULL,0.00,1,0,10,0,NULL,'JPY','Eccube\\Service\\PurchaseFlow\\Processor\\PaymentChargePreprocessor',1,'orderitem',NULL,NULL,NULL,NULL,NULL,0.00,0.00),(234,126,NULL,NULL,37,2,1,2,2,'送料',NULL,NULL,NULL,NULL,NULL,0.00,0,0,10,0,NULL,'JPY','Eccube\\Service\\PurchaseFlow\\Processor\\DeliveryFeePreprocessor',1,'orderitem',NULL,NULL,NULL,NULL,NULL,0.00,0.00),(238,127,NULL,NULL,NULL,2,1,2,3,'手数料',NULL,NULL,NULL,NULL,NULL,0.00,1,0,10,0,NULL,'JPY','Eccube\\Service\\PurchaseFlow\\Processor\\PaymentChargePreprocessor',1,'orderitem',NULL,NULL,NULL,NULL,NULL,0.00,0.00),(244,127,1,1450,39,2,1,1,1,'【光なりける】','C001','タイプ','素材','左のリング','プラチナ',140000.00,1,14000,10,0,NULL,'JPY',NULL,1,'orderitem','16','なし',NULL,'','なし',0.00,11000.00),(245,127,1,1462,40,2,1,1,1,'【光なりける】','C001','タイプ','素材','右のリング','イエローゴールド',137000.00,1,13700,10,0,NULL,'JPY',NULL,1,'orderitem','9','なし',NULL,'','なし',0.00,0.00),(322,127,NULL,NULL,40,2,1,2,2,'送料',NULL,NULL,NULL,NULL,NULL,0.00,0,0,10,0,NULL,'JPY','Eccube\\Service\\PurchaseFlow\\Processor\\DeliveryFeePreprocessor',1,'orderitem',NULL,NULL,NULL,NULL,NULL,0.00,0.00),(323,127,NULL,NULL,39,2,1,2,2,'送料',NULL,NULL,NULL,NULL,NULL,0.00,0,0,10,0,NULL,'JPY','Eccube\\Service\\PurchaseFlow\\Processor\\DeliveryFeePreprocessor',1,'orderitem',NULL,NULL,NULL,NULL,NULL,0.00,0.00),(324,128,1,1450,41,2,1,1,1,'【光なりける】','C001','タイプ','素材','左のリング','プラチナ',160000.00,1,16000,10,0,NULL,'JPY',NULL,1,'orderitem','16.5','あり','有料書体4','2024.7.31 AtoB','エメラルド',11000.00,22000.00),(325,128,1,1459,41,2,1,1,1,'【光なりける】','C001','タイプ','素材','右のリング','シャンパンゴールド',137000.00,1,13700,10,0,NULL,'JPY',NULL,1,'orderitem','10','なし',NULL,'','なし',0.00,0.00),(327,128,NULL,NULL,NULL,2,1,2,3,'手数料',NULL,NULL,NULL,NULL,NULL,0.00,1,0,10,0,NULL,'JPY','Eccube\\Service\\PurchaseFlow\\Processor\\PaymentChargePreprocessor',1,'orderitem',NULL,NULL,NULL,NULL,NULL,0.00,0.00),(329,128,NULL,NULL,41,2,1,2,2,'送料',NULL,NULL,NULL,NULL,NULL,0.00,0,0,10,0,NULL,'JPY','Eccube\\Service\\PurchaseFlow\\Processor\\DeliveryFeePreprocessor',1,'orderitem',NULL,NULL,NULL,NULL,NULL,0.00,0.00),(333,129,NULL,NULL,NULL,2,1,2,3,'手数料',NULL,NULL,NULL,NULL,NULL,0.00,1,0,10,0,NULL,'JPY','Eccube\\Service\\PurchaseFlow\\Processor\\PaymentChargePreprocessor',1,'orderitem',NULL,NULL,NULL,NULL,NULL,0.00,0.00),(336,129,1,1456,43,2,1,1,1,'【光なりける】','C001','タイプ','素材','左のリング','グリーンゴールド',165000.00,1,16500,10,0,NULL,'JPY',NULL,1,'orderitem','18','あり','基本書体','forever  TtoA','エメラルド',5500.00,22000.00),(337,129,4,1499,43,2,1,1,1,'【ふれる白雪】','C004','タイプ','素材','右のリング','プラチナ',180000.00,1,18000,10,0,NULL,'JPY',NULL,1,'orderitem','9.5','あり','基本書体','forever AtoT','ダイヤモンド',5500.00,0.00),(341,129,NULL,NULL,43,2,1,2,2,'送料',NULL,NULL,NULL,NULL,NULL,0.00,0,0,10,0,NULL,'JPY','Eccube\\Service\\PurchaseFlow\\Processor\\DeliveryFeePreprocessor',1,'orderitem',NULL,NULL,NULL,NULL,NULL,0.00,0.00),(342,130,4,1492,44,2,1,1,1,'【ふれる白雪】','C004','タイプ','素材','左のリング','プラチナ',150000.00,1,15000,10,0,NULL,'JPY',NULL,1,'orderitem','9','なし',NULL,'','なし',0.00,0.00),(344,130,NULL,NULL,NULL,2,1,2,3,'手数料',NULL,NULL,NULL,NULL,NULL,0.00,1,0,10,0,NULL,'JPY','Eccube\\Service\\PurchaseFlow\\Processor\\PaymentChargePreprocessor',1,'orderitem',NULL,NULL,NULL,NULL,NULL,0.00,0.00),(347,130,NULL,NULL,44,2,1,2,2,'送料',NULL,NULL,NULL,NULL,NULL,0.00,0,0,10,0,NULL,'JPY','Eccube\\Service\\PurchaseFlow\\Processor\\DeliveryFeePreprocessor',1,'orderitem',NULL,NULL,NULL,NULL,NULL,0.00,0.00),(348,131,110,766,45,2,1,1,1,'【思ふ仲をば】','C110','素材','ダイヤモンド','ホワイトゴールド','0.25ct,F,VS1,3E',425000.00,1,42500,10,0,NULL,'JPY',NULL,1,'orderitem','16','あり','有料書体1','テスト','シトリン',11000.00,16500.00),(349,131,NULL,NULL,45,2,1,2,2,'送料',NULL,NULL,NULL,NULL,NULL,0.00,0,0,10,0,NULL,'JPY','Eccube\\Service\\PurchaseFlow\\Processor\\DeliveryFeePreprocessor',1,'orderitem',NULL,NULL,NULL,NULL,NULL,0.00,0.00),(350,131,NULL,NULL,NULL,2,1,2,3,'手数料',NULL,NULL,NULL,NULL,NULL,0.00,1,0,10,0,NULL,'JPY','Eccube\\Service\\PurchaseFlow\\Processor\\PaymentChargePreprocessor',1,'orderitem',NULL,NULL,NULL,NULL,NULL,0.00,0.00),(351,132,118,1362,46,2,1,1,1,'【燃ゆる思ひを】','C118','素材','ダイヤモンド','イエローゴールド(K18)','0.40ct,F,VS1,3E',460000.00,1,46000,10,0,NULL,'JPY',NULL,1,'orderitem','9','あり','有料書体1','test','ペリドット',11000.00,0.00),(353,132,NULL,NULL,NULL,2,1,2,3,'手数料',NULL,NULL,NULL,NULL,NULL,0.00,1,0,10,0,NULL,'JPY','Eccube\\Service\\PurchaseFlow\\Processor\\PaymentChargePreprocessor',1,'orderitem',NULL,NULL,NULL,NULL,NULL,0.00,0.00),(357,132,NULL,NULL,46,2,1,2,2,'送料',NULL,NULL,NULL,NULL,NULL,0.00,0,0,10,0,NULL,'JPY','Eccube\\Service\\PurchaseFlow\\Processor\\DeliveryFeePreprocessor',1,'orderitem',NULL,NULL,NULL,NULL,NULL,0.00,0.00),(358,133,2,1464,47,2,1,1,1,'【恋といふらむ】','C002','タイプ','素材','左のリング','プラチナ(Pt900)',135000.00,1,13500,10,0,NULL,'JPY',NULL,1,'orderitem','4.5','なし',NULL,'','なし',0.00,0.00),(359,133,2,1474,47,2,1,1,1,'【恋といふらむ】','C002','タイプ','素材','右のリング','コーラルゴールド(K18)',162000.00,1,16200,10,0,NULL,'JPY',NULL,1,'orderitem','5','なし',NULL,'','なし',0.00,0.00),(361,133,NULL,NULL,NULL,2,1,2,3,'手数料',NULL,NULL,NULL,NULL,NULL,0.00,1,0,10,0,NULL,'JPY','Eccube\\Service\\PurchaseFlow\\Processor\\PaymentChargePreprocessor',1,'orderitem',NULL,NULL,NULL,NULL,NULL,0.00,0.00),(363,133,NULL,NULL,47,2,1,2,2,'送料',NULL,NULL,NULL,NULL,NULL,0.00,0,0,10,0,NULL,'JPY','Eccube\\Service\\PurchaseFlow\\Processor\\DeliveryFeePreprocessor',1,'orderitem',NULL,NULL,NULL,NULL,NULL,0.00,0.00),(364,134,119,2293,48,2,1,1,1,'【サプライズプロポーズプラン/１番人気】プロポーズリング付婚約指輪',NULL,'素材','ダイヤモンド','シルバー(SV925)','0.50ct,D,VVS1,3E',720000.00,1,72000,10,0,NULL,'JPY',NULL,1,'orderitem','11','なし',NULL,'','なし',0.00,0.00),(366,134,NULL,NULL,NULL,2,1,2,3,'手数料',NULL,NULL,NULL,NULL,NULL,0.00,1,0,10,0,NULL,'JPY','Eccube\\Service\\PurchaseFlow\\Processor\\PaymentChargePreprocessor',1,'orderitem',NULL,NULL,NULL,NULL,NULL,0.00,0.00),(368,134,NULL,NULL,48,2,1,2,2,'送料',NULL,NULL,NULL,NULL,NULL,0.00,0,0,10,0,NULL,'JPY','Eccube\\Service\\PurchaseFlow\\Processor\\DeliveryFeePreprocessor',1,'orderitem',NULL,NULL,NULL,NULL,NULL,0.00,0.00),(369,135,113,1027,49,2,1,1,1,'【有明の月】','C113','素材','ダイヤモンド','グリーンゴールド(K18)','0.20ct,D,VVS1,3E',322000.00,1,32200,10,0,NULL,'JPY',NULL,1,'orderitem','20','なし',NULL,'','サファイア',5500.00,0.00),(371,135,NULL,NULL,NULL,2,1,2,3,'手数料',NULL,NULL,NULL,NULL,NULL,0.00,1,0,10,0,NULL,'JPY','Eccube\\Service\\PurchaseFlow\\Processor\\PaymentChargePreprocessor',1,'orderitem',NULL,NULL,NULL,NULL,NULL,0.00,0.00),(373,135,NULL,NULL,49,2,1,2,2,'送料',NULL,NULL,NULL,NULL,NULL,0.00,0,0,10,0,NULL,'JPY','Eccube\\Service\\PurchaseFlow\\Processor\\DeliveryFeePreprocessor',1,'orderitem',NULL,NULL,NULL,NULL,NULL,0.00,0.00),(374,136,119,2286,50,2,1,1,1,'【サプライズプロポーズプラン/１番人気】プロポーズリング付婚約指輪',NULL,'素材','ダイヤモンド','シルバー(SV925)','0.25ct,F,VS1,3E',295000.00,1,29500,10,0,NULL,'JPY',NULL,1,'orderitem','11','なし',NULL,'','なし',0.00,0.00),(375,136,NULL,NULL,50,2,1,2,2,'送料',NULL,NULL,NULL,NULL,NULL,0.00,0,0,10,0,NULL,'JPY','Eccube\\Service\\PurchaseFlow\\Processor\\DeliveryFeePreprocessor',1,'orderitem',NULL,NULL,NULL,NULL,NULL,0.00,0.00),(376,136,NULL,NULL,NULL,2,1,2,3,'手数料',NULL,NULL,NULL,NULL,NULL,0.00,1,0,10,0,NULL,'JPY','Eccube\\Service\\PurchaseFlow\\Processor\\PaymentChargePreprocessor',1,'orderitem',NULL,NULL,NULL,NULL,NULL,0.00,0.00),(377,137,5,1506,51,2,1,1,1,'【ふれる白雪】サイドデザインver','C005','タイプ','素材','左のリング','プラチナ(Pt900)',190000.00,1,19000,10,0,NULL,'JPY',NULL,1,'orderitem','8','なし',NULL,'','なし',0.00,0.00),(378,137,5,1516,51,2,1,1,1,'【ふれる白雪】サイドデザインver','C005','タイプ','素材','右のリング','コーラルゴールド(K18)',200000.00,1,20000,10,0,NULL,'JPY',NULL,1,'orderitem','11','なし',NULL,'','なし',0.00,0.00),(380,137,NULL,NULL,NULL,2,1,2,3,'手数料',NULL,NULL,NULL,NULL,NULL,0.00,1,0,10,0,NULL,'JPY','Eccube\\Service\\PurchaseFlow\\Processor\\PaymentChargePreprocessor',1,'orderitem',NULL,NULL,NULL,NULL,NULL,0.00,0.00),(382,137,NULL,NULL,51,2,1,2,2,'送料',NULL,NULL,NULL,NULL,NULL,0.00,0,0,10,0,NULL,'JPY','Eccube\\Service\\PurchaseFlow\\Processor\\DeliveryFeePreprocessor',1,'orderitem',NULL,NULL,NULL,NULL,NULL,0.00,0.00),(383,138,2,1464,52,2,1,1,1,'【恋といふらむ】','C002','タイプ','素材','左のリング','プラチナ(Pt900)',155000.00,1,15500,10,0,NULL,'JPY',NULL,1,'orderitem','17','あり','基本書体','MtoR','なし',0.00,22000.00),(385,138,NULL,NULL,NULL,2,1,2,3,'手数料',NULL,NULL,NULL,NULL,NULL,0.00,1,0,10,0,NULL,'JPY','Eccube\\Service\\PurchaseFlow\\Processor\\PaymentChargePreprocessor',1,'orderitem',NULL,NULL,NULL,NULL,NULL,0.00,0.00),(391,138,NULL,NULL,52,2,1,2,2,'送料',NULL,NULL,NULL,NULL,NULL,0.00,0,0,10,0,NULL,'JPY','Eccube\\Service\\PurchaseFlow\\Processor\\DeliveryFeePreprocessor',1,'orderitem',NULL,NULL,NULL,NULL,NULL,0.00,0.00),(392,139,119,2286,53,2,1,1,1,'【サプライズプロポーズプラン/１番人気】プロポーズリング付婚約指輪',NULL,'素材','ダイヤモンド','シルバー(SV925)','0.25ct,F,VS1,3E',295000.00,1,29500,10,0,NULL,'JPY',NULL,1,'orderitem','11','なし',NULL,'','なし',0.00,0.00),(393,139,NULL,NULL,53,2,1,2,2,'送料',NULL,NULL,NULL,NULL,NULL,0.00,0,0,10,0,NULL,'JPY','Eccube\\Service\\PurchaseFlow\\Processor\\DeliveryFeePreprocessor',1,'orderitem',NULL,NULL,NULL,NULL,NULL,0.00,0.00),(394,139,NULL,NULL,NULL,2,1,2,3,'手数料',NULL,NULL,NULL,NULL,NULL,0.00,1,0,10,0,NULL,'JPY','Eccube\\Service\\PurchaseFlow\\Processor\\PaymentChargePreprocessor',1,'orderitem',NULL,NULL,NULL,NULL,NULL,0.00,0.00),(399,140,NULL,NULL,NULL,2,1,2,3,'手数料',NULL,NULL,NULL,NULL,NULL,0.00,1,0,10,0,NULL,'JPY','Eccube\\Service\\PurchaseFlow\\Processor\\PaymentChargePreprocessor',1,'orderitem',NULL,NULL,NULL,NULL,NULL,0.00,0.00),(401,140,119,2284,55,2,1,1,1,'【サプライズプロポーズプラン/１番人気】プロポーズリング付婚約指輪',NULL,'素材','ダイヤモンド','シルバー(SV925)','0.20ct,F,VS1,3E',255000.00,1,25500,10,0,NULL,'JPY',NULL,1,'orderitem','11','なし',NULL,'','なし',0.00,0.00),(402,140,2,1475,56,2,1,1,1,'【恋といふらむ】','C002','タイプ','素材','右のリング','ピンクゴールド(K18)',172000.00,1,17200,10,0,NULL,'JPY',NULL,1,'orderitem','9','あり','有料書体4','test test','シトリン',11000.00,0.00),(403,140,2,1464,56,2,1,1,1,'【恋といふらむ】','C002','タイプ','素材','左のリング','プラチナ(Pt900)',160000.00,1,16000,10,0,NULL,'JPY',NULL,1,'orderitem','16.5','なし',NULL,'','エメラルド',5500.00,22000.00),(410,140,NULL,NULL,55,2,1,2,2,'送料',NULL,NULL,NULL,NULL,NULL,0.00,0,0,10,0,NULL,'JPY','Eccube\\Service\\PurchaseFlow\\Processor\\DeliveryFeePreprocessor',1,'orderitem',NULL,NULL,NULL,NULL,NULL,0.00,0.00),(411,140,NULL,NULL,56,2,1,2,2,'送料',NULL,NULL,NULL,NULL,NULL,0.00,0,0,10,0,NULL,'JPY','Eccube\\Service\\PurchaseFlow\\Processor\\DeliveryFeePreprocessor',1,'orderitem',NULL,NULL,NULL,NULL,NULL,0.00,0.00),(417,141,NULL,NULL,NULL,2,1,2,3,'手数料',NULL,NULL,NULL,NULL,NULL,0.00,1,0,10,0,NULL,'JPY','Eccube\\Service\\PurchaseFlow\\Processor\\PaymentChargePreprocessor',1,'orderitem',NULL,NULL,NULL,NULL,NULL,0.00,0.00),(419,141,42,1885,58,2,1,1,1,'【やちくさの】スターダストver','C042','タイプ','素材','左のリング','ホワイトゴールド(K18)',190000.00,1,19000,10,0,NULL,'JPY',NULL,1,'orderitem','16.5','あり','有料書体2','テスト','なし',5500.00,22000.00),(420,141,42,1893,58,2,1,1,1,'【やちくさの】スターダストver','C042','タイプ','素材','右のリング','シャンパンゴールド(K18)',160000.00,1,16000,10,0,NULL,'JPY',NULL,1,'orderitem','9','なし',NULL,'','ピンクトルマリン',5500.00,0.00),(421,141,119,2284,58,2,1,1,1,'【サプライズプロポーズプラン/１番人気】プロポーズリング付婚約指輪',NULL,'素材','ダイヤモンド','シルバー(SV925)','0.20ct,F,VS1,3E',255000.00,1,25500,10,0,NULL,'JPY',NULL,1,'orderitem','11','なし',NULL,'','なし',0.00,0.00),(422,141,111,861,59,2,1,1,1,'【しのぶれど】','C111','素材','ダイヤモンド','ピンクゴールド(K18)','0.40ct,D,VVS1,3E',574000.00,1,57400,10,0,NULL,'JPY',NULL,1,'orderitem','9.5','あり','有料書体4','test','エメラルド',11000.00,0.00),(429,141,NULL,NULL,59,2,1,2,2,'送料',NULL,NULL,NULL,NULL,NULL,0.00,0,0,10,0,NULL,'JPY','Eccube\\Service\\PurchaseFlow\\Processor\\DeliveryFeePreprocessor',1,'orderitem',NULL,NULL,NULL,NULL,NULL,0.00,0.00),(430,141,NULL,NULL,58,2,1,2,2,'送料',NULL,NULL,NULL,NULL,NULL,0.00,0,0,10,0,NULL,'JPY','Eccube\\Service\\PurchaseFlow\\Processor\\DeliveryFeePreprocessor',1,'orderitem',NULL,NULL,NULL,NULL,NULL,0.00,0.00),(431,142,27,1730,60,2,1,1,1,'【いにしへに】ダイヤ３石ver','C027','タイプ','素材','左のリング','プラチナ(Pt900)',170000.00,1,17000,10,0,NULL,'JPY',NULL,1,'orderitem','17','あり','有料書体4','2024.12.24 MtoR','なし',5500.00,22000.00),(433,142,NULL,NULL,NULL,2,1,2,3,'手数料',NULL,NULL,NULL,NULL,NULL,0.00,1,0,10,0,NULL,'JPY','Eccube\\Service\\PurchaseFlow\\Processor\\PaymentChargePreprocessor',1,'orderitem',NULL,NULL,NULL,NULL,NULL,0.00,0.00),(437,142,NULL,NULL,60,2,1,2,2,'送料',NULL,NULL,NULL,NULL,NULL,0.00,0,0,10,0,NULL,'JPY','Eccube\\Service\\PurchaseFlow\\Processor\\DeliveryFeePreprocessor',1,'orderitem',NULL,NULL,NULL,NULL,NULL,0.00,0.00),(438,143,1,1457,61,2,1,1,1,'【光なりける】ダイヤ１石ver','C001','タイプ','素材','右のリング','プラチナ(Pt900)',127000.00,1,12700,10,0,NULL,'JPY',NULL,1,'orderitem','9.5','なし',NULL,'','なし',0.00,0.00),(440,143,NULL,NULL,NULL,2,1,2,3,'手数料',NULL,NULL,NULL,NULL,NULL,0.00,1,0,10,0,NULL,'JPY','Eccube\\Service\\PurchaseFlow\\Processor\\PaymentChargePreprocessor',1,'orderitem',NULL,NULL,NULL,NULL,NULL,0.00,0.00),(441,143,NULL,NULL,61,2,1,2,2,'送料',NULL,NULL,NULL,NULL,NULL,0.00,0,0,10,0,NULL,'JPY','Eccube\\Service\\PurchaseFlow\\Processor\\DeliveryFeePreprocessor',1,'orderitem',NULL,NULL,NULL,NULL,NULL,0.00,0.00),(442,144,55,2003,62,2,1,1,1,'【光なりける】ダイヤなしver','C055','タイプ','素材','右のリング','プラチナ(Pt900)',105000.00,1,10500,10,0,NULL,'JPY',NULL,1,'orderitem','8.5','なし',NULL,'','なし',0.00,0.00),(444,144,NULL,NULL,NULL,2,1,2,3,'手数料',NULL,NULL,NULL,NULL,NULL,0.00,1,0,10,0,NULL,'JPY','Eccube\\Service\\PurchaseFlow\\Processor\\PaymentChargePreprocessor',1,'orderitem',NULL,NULL,NULL,NULL,NULL,0.00,0.00),(447,144,NULL,NULL,62,2,1,2,2,'送料',NULL,NULL,NULL,NULL,NULL,0.00,0,0,10,0,NULL,'JPY','Eccube\\Service\\PurchaseFlow\\Processor\\DeliveryFeePreprocessor',1,'orderitem',NULL,NULL,NULL,NULL,NULL,0.00,0.00),(448,145,55,2003,63,2,1,1,1,'【光なりける】ダイヤなしver','C055','タイプ','素材','右のリング','プラチナ(Pt900)',105000.00,1,10500,10,0,NULL,'JPY',NULL,1,'orderitem','8.5','あり','基本書体','MIKA & MOSHE','なし',0.00,0.00),(450,145,NULL,NULL,NULL,2,1,2,3,'手数料',NULL,NULL,NULL,NULL,NULL,0.00,1,0,10,0,NULL,'JPY','Eccube\\Service\\PurchaseFlow\\Processor\\PaymentChargePreprocessor',1,'orderitem',NULL,NULL,NULL,NULL,NULL,0.00,0.00),(452,145,NULL,NULL,63,2,1,2,2,'送料',NULL,NULL,NULL,NULL,NULL,0.00,0,0,10,0,NULL,'JPY','Eccube\\Service\\PurchaseFlow\\Processor\\DeliveryFeePreprocessor',1,'orderitem',NULL,NULL,NULL,NULL,NULL,0.00,0.00),(453,146,117,1285,64,2,1,1,1,'【はるのその】ER','C117','素材','ダイヤモンド','ピンクゴールド(K18)','0.25ct,D,VVS1,3E',415000.00,1,41500,10,0,NULL,'JPY',NULL,1,'orderitem','7.5','あり','有料書体4','R&S615','ムーンストーン',11000.00,0.00),(454,146,NULL,NULL,64,2,1,2,2,'送料',NULL,NULL,NULL,NULL,NULL,0.00,0,0,10,0,NULL,'JPY','Eccube\\Service\\PurchaseFlow\\Processor\\DeliveryFeePreprocessor',1,'orderitem',NULL,NULL,NULL,NULL,NULL,0.00,0.00),(455,146,NULL,NULL,NULL,2,1,2,3,'手数料',NULL,NULL,NULL,NULL,NULL,0.00,1,0,10,0,NULL,'JPY','Eccube\\Service\\PurchaseFlow\\Processor\\PaymentChargePreprocessor',1,'orderitem',NULL,NULL,NULL,NULL,NULL,0.00,0.00),(458,147,NULL,NULL,NULL,2,1,2,3,'手数料',NULL,NULL,NULL,NULL,NULL,0.00,1,0,10,0,NULL,'JPY','Eccube\\Service\\PurchaseFlow\\Processor\\PaymentChargePreprocessor',1,'orderitem',NULL,NULL,NULL,NULL,NULL,0.00,0.00),(463,147,NULL,NULL,65,2,1,2,2,'送料',NULL,NULL,NULL,NULL,NULL,0.00,0,0,10,0,NULL,'JPY','Eccube\\Service\\PurchaseFlow\\Processor\\DeliveryFeePreprocessor',1,'orderitem',NULL,NULL,NULL,NULL,NULL,0.00,0.00),(464,147,117,1285,65,2,1,1,1,'【はるのその】ER','C117','素材','ダイヤモンド','ピンクゴールド(K18)','0.25ct,D,VVS1,3E',415000.00,1,41500,10,0,NULL,'JPY',NULL,1,'orderitem','7.5','あり','有料書体4','R&S615','ムーンストーン',11000.00,0.00),(465,148,117,1285,66,2,1,1,1,'【はるのその】ER','C117','素材','ダイヤモンド','ピンクゴールド(K18)','0.25ct,D,VVS1,3E',415000.00,1,41500,10,0,NULL,'JPY',NULL,1,'orderitem','7.5','あり','有料書体4','R&S615','ムーンストーン',11000.00,0.00),(467,148,NULL,NULL,NULL,2,1,2,3,'手数料',NULL,NULL,NULL,NULL,NULL,0.00,1,0,10,0,NULL,'JPY','Eccube\\Service\\PurchaseFlow\\Processor\\PaymentChargePreprocessor',1,'orderitem',NULL,NULL,NULL,NULL,NULL,0.00,0.00),(475,148,NULL,NULL,66,2,1,2,2,'送料',NULL,NULL,NULL,NULL,NULL,0.00,0,0,10,0,NULL,'JPY','Eccube\\Service\\PurchaseFlow\\Processor\\DeliveryFeePreprocessor',1,'orderitem',NULL,NULL,NULL,NULL,NULL,0.00,0.00),(476,149,117,1285,67,2,1,1,1,'【はるのその】ER','C117','素材','ダイヤモンド','ピンクゴールド(K18)','0.25ct,D,VVS1,3E',415000.00,1,41500,10,0,NULL,'JPY',NULL,1,'orderitem','7.5','あり','有料書体4','R&S615','ムーンストーン',11000.00,0.00),(478,149,NULL,NULL,NULL,2,1,2,3,'手数料',NULL,NULL,NULL,NULL,NULL,0.00,1,0,10,0,NULL,'JPY','Eccube\\Service\\PurchaseFlow\\Processor\\PaymentChargePreprocessor',1,'orderitem',NULL,NULL,NULL,NULL,NULL,0.00,0.00),(480,149,NULL,NULL,67,2,1,2,2,'送料',NULL,NULL,NULL,NULL,NULL,0.00,0,0,10,0,NULL,'JPY','Eccube\\Service\\PurchaseFlow\\Processor\\DeliveryFeePreprocessor',1,'orderitem',NULL,NULL,NULL,NULL,NULL,0.00,0.00),(481,150,117,1285,68,2,1,1,1,'【はるのその】ER','C117','素材','ダイヤモンド','ピンクゴールド(K18)','0.25ct,D,VVS1,3E',415000.00,1,41500,10,0,NULL,'JPY',NULL,1,'orderitem','7.5','あり','有料書体4','R&S615','ムーンストーン',11000.00,0.00),(482,150,NULL,NULL,68,2,1,2,2,'送料',NULL,NULL,NULL,NULL,NULL,0.00,0,0,10,0,NULL,'JPY','Eccube\\Service\\PurchaseFlow\\Processor\\DeliveryFeePreprocessor',1,'orderitem',NULL,NULL,NULL,NULL,NULL,0.00,0.00),(483,150,NULL,NULL,NULL,2,1,2,3,'手数料',NULL,NULL,NULL,NULL,NULL,0.00,1,0,10,0,NULL,'JPY','Eccube\\Service\\PurchaseFlow\\Processor\\PaymentChargePreprocessor',1,'orderitem',NULL,NULL,NULL,NULL,NULL,0.00,0.00),(484,151,117,1285,69,2,1,1,1,'【はるのその】ER','C117','素材','ダイヤモンド','ピンクゴールド(K18)','0.25ct,D,VVS1,3E',415000.00,1,41500,10,0,NULL,'JPY',NULL,1,'orderitem','7.5','あり','有料書体4','R&S615','ムーンストーン',11000.00,0.00),(486,151,NULL,NULL,NULL,2,1,2,3,'手数料',NULL,NULL,NULL,NULL,NULL,0.00,1,0,10,0,NULL,'JPY','Eccube\\Service\\PurchaseFlow\\Processor\\PaymentChargePreprocessor',1,'orderitem',NULL,NULL,NULL,NULL,NULL,0.00,0.00),(488,151,NULL,NULL,69,2,1,2,2,'送料',NULL,NULL,NULL,NULL,NULL,0.00,0,0,10,0,NULL,'JPY','Eccube\\Service\\PurchaseFlow\\Processor\\DeliveryFeePreprocessor',1,'orderitem',NULL,NULL,NULL,NULL,NULL,0.00,0.00);

--
-- Table structure for table `dtb_order_pdf`
--

CREATE TABLE `dtb_order_pdf` (
  `member_id` int(10) unsigned NOT NULL,
  `title` varchar(255) COLLATE utf8mb4_bin DEFAULT NULL,
  `message1` varchar(255) COLLATE utf8mb4_bin DEFAULT NULL,
  `message2` varchar(255) COLLATE utf8mb4_bin DEFAULT NULL,
  `message3` varchar(255) COLLATE utf8mb4_bin DEFAULT NULL,
  `note1` varchar(255) COLLATE utf8mb4_bin DEFAULT NULL,
  `note2` varchar(255) COLLATE utf8mb4_bin DEFAULT NULL,
  `note3` varchar(255) COLLATE utf8mb4_bin DEFAULT NULL,
  `create_date` datetime NOT NULL COMMENT '(DC2Type:datetimetz)',
  `update_date` datetime NOT NULL COMMENT '(DC2Type:datetimetz)',
  `visible` tinyint(1) NOT NULL DEFAULT '1',
  `discriminator_type` varchar(255) COLLATE utf8mb4_bin NOT NULL,
  PRIMARY KEY (`member_id`)
) ENGINE=InnoDB DEFAULT CHARSET=utf8mb4 COLLATE=utf8mb4_bin;

--
-- Dumping data for table `dtb_order_pdf`
--


--
-- Table structure for table `dtb_page`
--

CREATE TABLE `dtb_page` (
  `id` int(10) unsigned NOT NULL AUTO_INCREMENT,
  `master_page_id` int(10) unsigned DEFAULT NULL,
  `page_name` varchar(255) COLLATE utf8mb4_bin DEFAULT NULL,
  `url` varchar(255) COLLATE utf8mb4_bin NOT NULL,
  `file_name` varchar(255) COLLATE utf8mb4_bin DEFAULT NULL,
  `edit_type` smallint(5) unsigned NOT NULL DEFAULT '1',
  `author` varchar(255) COLLATE utf8mb4_bin DEFAULT NULL,
  `description` varchar(255) COLLATE utf8mb4_bin DEFAULT NULL,
  `keyword` varchar(255) COLLATE utf8mb4_bin DEFAULT NULL,
  `create_date` datetime NOT NULL COMMENT '(DC2Type:datetimetz)',
  `update_date` datetime NOT NULL COMMENT '(DC2Type:datetimetz)',
  `meta_robots` varchar(255) COLLATE utf8mb4_bin DEFAULT NULL,
  `meta_tags` varchar(4000) COLLATE utf8mb4_bin DEFAULT NULL,
  `discriminator_type` varchar(255) COLLATE utf8mb4_bin NOT NULL,
  PRIMARY KEY (`id`),
  KEY `IDX_E3951A67D0618E8C` (`master_page_id`),
  KEY `dtb_page_url_idx` (`url`),
  CONSTRAINT `FK_E3951A67D0618E8C` FOREIGN KEY (`master_page_id`) REFERENCES `dtb_page` (`id`)
) ENGINE=InnoDB AUTO_INCREMENT=76 DEFAULT CHARSET=utf8mb4 COLLATE=utf8mb4_bin;

--
-- Dumping data for table `dtb_page`
--

INSERT INTO `dtb_page` VALUES (0,NULL,'プレビューデータ','preview',NULL,1,NULL,NULL,NULL,'2023-12-04 05:31:39','2023-12-04 05:31:39',NULL,NULL,'page'),(1,NULL,'TOPページ','homepage','index',2,NULL,'TANZO.(鍛造指輪)の公式オンラインショップです。“１０年後も、２０年後も、後悔しない指輪をつくりたい”  そんな想いから、私達は “鍛造製法” にこだわった一生モノの指輪を企画・販売しております。',NULL,'2023-12-04 05:31:39','2024-08-23 00:51:35',NULL,NULL,'page'),(2,NULL,'商品一覧ページ','product_list','Product/list',2,NULL,NULL,NULL,'2023-12-04 05:31:39','2023-12-04 05:31:39',NULL,NULL,'page'),(3,NULL,'商品詳細ページ','product_detail','Product/detail',2,NULL,NULL,NULL,'2023-12-04 05:31:39','2023-12-04 05:31:39',NULL,NULL,'page'),(4,NULL,'MYページ','mypage','Mypage/index',2,NULL,NULL,NULL,'2023-12-04 05:31:39','2023-12-04 05:31:39','noindex',NULL,'page'),(5,NULL,'MYページ/会員登録内容変更(入力ページ)','mypage_change','Mypage/change',2,NULL,NULL,NULL,'2023-12-04 05:31:39','2023-12-04 05:31:39','noindex',NULL,'page'),(6,NULL,'MYページ/会員登録内容変更(完了ページ)','mypage_change_complete','Mypage/change_complete',2,NULL,NULL,NULL,'2023-12-04 05:31:39','2023-12-04 05:31:39','noindex',NULL,'page'),(7,NULL,'MYページ/お届け先一覧','mypage_delivery','Mypage/delivery',2,NULL,NULL,NULL,'2023-12-04 05:31:39','2023-12-04 05:31:39','noindex',NULL,'page'),(8,NULL,'MYページ/お届け先追加','mypage_delivery_new','Mypage/delivery_edit',2,NULL,NULL,NULL,'2023-12-04 05:31:39','2023-12-04 05:31:39','noindex',NULL,'page'),(9,NULL,'MYページ/お気に入り一覧','mypage_favorite','Mypage/favorite',2,NULL,NULL,NULL,'2023-12-04 05:31:39','2023-12-04 05:31:39','noindex',NULL,'page'),(10,NULL,'MYページ/購入履歴詳細','mypage_history','Mypage/history',2,NULL,NULL,NULL,'2023-12-04 05:31:39','2023-12-04 05:31:39','noindex',NULL,'page'),(11,NULL,'MYページ/ログイン','mypage_login','Mypage/login',2,NULL,NULL,NULL,'2023-12-04 05:31:39','2023-12-04 05:31:39','noindex',NULL,'page'),(12,NULL,'MYページ/退会手続き(入力ページ)','mypage_withdraw','Mypage/withdraw',2,NULL,NULL,NULL,'2023-12-04 05:31:39','2023-12-04 05:31:39','noindex',NULL,'page'),(13,NULL,'MYページ/退会手続き(完了ページ)','mypage_withdraw_complete','Mypage/withdraw_complete',2,NULL,NULL,NULL,'2023-12-04 05:31:39','2023-12-04 05:31:39','noindex',NULL,'page'),(14,NULL,'当サイトについて','help_about','Help/about',2,NULL,NULL,NULL,'2023-12-04 05:31:39','2023-12-04 05:31:39',NULL,NULL,'page'),(15,NULL,'現在のカゴの中','cart','Cart/index',2,NULL,NULL,NULL,'2023-12-04 05:31:39','2023-12-04 05:31:39','noindex',NULL,'page'),(16,NULL,'お問い合わせ(入力ページ)','contact','Contact/index',2,NULL,NULL,NULL,'2023-12-04 05:31:39','2023-12-04 05:31:39',NULL,NULL,'page'),(17,NULL,'お問い合わせ(完了ページ)','contact_complete','Contact/complete',2,NULL,NULL,NULL,'2023-12-04 05:31:39','2023-12-04 05:31:39','noindex',NULL,'page'),(18,NULL,'会員登録(入力ページ)','entry','Entry/index',2,NULL,NULL,NULL,'2023-12-04 05:31:39','2023-12-04 05:31:39',NULL,NULL,'page'),(19,NULL,'ご利用規約','help_agreement','Help/agreement',2,NULL,NULL,NULL,'2023-12-04 05:31:39','2023-12-04 05:31:39',NULL,NULL,'page'),(20,NULL,'会員登録(完了ページ)','entry_complete','Entry/complete',2,NULL,NULL,NULL,'2023-12-04 05:31:39','2023-12-04 05:31:39','noindex',NULL,'page'),(21,NULL,'特定商取引法に基づく表記','help_tradelaw','Help/tradelaw',2,NULL,NULL,NULL,'2023-12-04 05:31:39','2024-02-22 06:28:13',NULL,NULL,'page'),(22,NULL,'本会員登録(完了ページ)','entry_activate','Entry/activate',2,NULL,NULL,NULL,'2023-12-04 05:31:39','2023-12-04 05:31:39','noindex',NULL,'page'),(23,NULL,'商品購入','shopping','Shopping/index',2,NULL,NULL,NULL,'2023-12-04 05:31:39','2023-12-04 05:31:39','noindex',NULL,'page'),(24,NULL,'商品購入/お届け先の指定','shopping_shipping','Shopping/shipping',2,NULL,NULL,NULL,'2023-12-04 05:31:39','2023-12-04 05:31:39','noindex',NULL,'page'),(25,NULL,'商品購入/お届け先の複数指定','shopping_shipping_multiple','Shopping/shipping_multiple',2,NULL,NULL,NULL,'2023-12-04 05:31:39','2023-12-04 05:31:39','noindex',NULL,'page'),(28,NULL,'商品購入/ご注文完了','shopping_complete','Shopping/complete',2,NULL,NULL,NULL,'2023-12-04 05:31:39','2023-12-04 05:31:39','noindex',NULL,'page'),(29,NULL,'プライバシーポリシー','help_privacy','Help/privacy',2,NULL,NULL,NULL,'2023-12-04 05:31:39','2023-12-04 05:31:39',NULL,NULL,'page'),(30,NULL,'商品購入ログイン','shopping_login','Shopping/login',2,NULL,NULL,NULL,'2023-12-04 05:31:39','2023-12-04 05:31:39','noindex',NULL,'page'),(31,NULL,'非会員購入情報入力','shopping_nonmember','Shopping/nonmember',2,NULL,NULL,NULL,'2023-12-04 05:31:39','2023-12-04 05:31:39','noindex',NULL,'page'),(32,NULL,'商品購入/お届け先の追加','shopping_shipping_edit','Shopping/shipping_edit',2,NULL,NULL,NULL,'2023-12-04 05:31:39','2023-12-04 05:31:39','noindex',NULL,'page'),(33,NULL,'商品購入/お届け先の複数指定(お届け先の追加)','shopping_shipping_multiple_edit','Shopping/shipping_multiple_edit',2,NULL,NULL,NULL,'2023-12-04 05:31:39','2023-12-04 05:31:39','noindex',NULL,'page'),(34,NULL,'商品購入/購入エラー','shopping_error','Shopping/shopping_error',2,NULL,NULL,NULL,'2023-12-04 05:31:39','2023-12-04 05:31:39','noindex',NULL,'page'),(35,NULL,'ご利用ガイド','help_guide','Help/guide',2,NULL,NULL,NULL,'2023-12-04 05:31:39','2023-12-04 05:31:39',NULL,NULL,'page'),(36,NULL,'パスワード再発行(入力ページ)','forgot','Forgot/index',2,NULL,NULL,NULL,'2023-12-04 05:31:39','2023-12-04 05:31:39',NULL,NULL,'page'),(37,NULL,'パスワード再発行(完了ページ)','forgot_complete','Forgot/complete',2,NULL,NULL,NULL,'2023-12-04 05:31:39','2023-12-04 05:31:39','noindex',NULL,'page'),(38,NULL,'パスワード再発行(再設定ページ)','forgot_reset','Forgot/reset',2,NULL,NULL,NULL,'2023-12-04 05:31:39','2023-12-04 05:31:39','noindex',NULL,'page'),(42,NULL,'商品購入/遷移','shopping_redirect_to','Shopping/index',2,NULL,NULL,NULL,'2023-12-04 05:31:39','2023-12-04 05:31:39','noindex',NULL,'page'),(44,8,'MYページ/お届け先編集','mypage_delivery_edit','Mypage/delivery_edit',2,NULL,NULL,NULL,'2023-12-04 05:31:39','2023-12-04 05:31:39','noindex',NULL,'page'),(45,NULL,'商品購入/ご注文確認','shopping_confirm','Shopping/confirm',2,NULL,NULL,NULL,'2023-12-04 05:31:39','2023-12-04 05:31:39','noindex',NULL,'page'),(46,18,'会員登録(確認ページ)','entry_confirm','Entry/confirm',3,NULL,NULL,NULL,'2023-12-04 05:31:39','2023-12-04 05:31:39','noindex',NULL,'page'),(47,12,'MYページ/退会手続き(確認ページ)','mypage_withdraw_confirm','Mypage/withdraw_confirm',3,NULL,NULL,NULL,'2023-12-04 05:31:39','2023-12-04 05:31:39','noindex',NULL,'page'),(48,16,'お問い合わせ(確認ページ)','contact_confirm','Contact/confirm',3,NULL,NULL,NULL,'2023-12-04 05:31:39','2023-12-04 05:31:39','noindex',NULL,'page'),(50,NULL,'お気にいり一覧ページ','favorite','Favorite/favorite',2,NULL,NULL,NULL,'2023-12-07 05:31:39','2023-12-07 05:57:49',NULL,NULL,'page'),(53,NULL,'よくあるご質問','help_faq','Help/faq',2,NULL,NULL,NULL,'2024-04-04 05:31:39','2023-04-04 05:31:39',NULL,NULL,'page'),(68,NULL,'商品購入/クーポン利用','plugin_coupon_shopping','Coupon42/Resource/template/default/shopping_coupon',2,NULL,NULL,NULL,'2024-06-17 08:44:08','2024-06-17 08:44:08','noindex',NULL,'page'),(69,NULL,'ルミーズ決済プラグイン　マイページ/ご注文履歴詳細/定期購買登録カード情報更新','remise_payment4_ac_mypage_card_update','@RemisePayment42/sub_mypage_ac_card_update',2,NULL,NULL,NULL,'2024-07-23 04:31:27','2024-07-23 04:31:27',NULL,NULL,'page'),(70,NULL,'ルミーズ決済プラグイン　マイページ/ご注文履歴詳細/定期購買登録カード情報更新（リダイレクト用）','remise_payment4_ac_mypage_card_update_return','@RemisePayment42/sub_mypage_ac_card_update',2,NULL,NULL,NULL,'2024-07-23 04:31:27','2024-07-23 04:31:27',NULL,NULL,'page'),(71,NULL,'ルミーズ決済プラグイン　マイページ/ご注文履歴詳細/定期購買スキップ','remise_payment4_ac_mypage_skip','@RemisePayment42/sub_mypage_ac_skip',2,NULL,NULL,NULL,'2024-07-23 04:31:27','2024-07-23 04:31:27',NULL,NULL,'page'),(72,NULL,'ルミーズ決済プラグイン　マイページ/ご注文履歴詳細/定期購買解約','remise_payment4_ac_mypage_cancel','@RemisePayment42/sub_mypage_ac_cancel',2,NULL,NULL,NULL,'2024-07-23 04:31:27','2024-07-23 04:31:27',NULL,NULL,'page'),(73,NULL,'ルミーズ決済プラグイン　マイページ/ご注文履歴詳細/定期購買解約（リダイレクト用）','remise_payment4_ac_mypage_cancel_return','@RemisePayment42/sub_mypage_ac_cancel',2,NULL,NULL,NULL,'2024-07-23 04:31:27','2024-07-23 04:31:27',NULL,NULL,'page'),(74,NULL,'ルミーズ決済プラグイン　商品購入（定期購買情報）','remise_shopping','@RemisePayment42/sub_shopping_index_autocharge',2,NULL,NULL,NULL,'2024-07-23 04:31:27','2024-07-23 04:31:27',NULL,NULL,'page'),(75,NULL,'ルミーズ決済プラグイン　商品購入/ご注文完了（定期購買情報）','remise_shopping_complete','@RemisePayment42/sub_shopping_complete_autocharge',2,NULL,NULL,NULL,'2024-07-23 04:31:27','2024-07-23 04:31:27',NULL,NULL,'page');

--
-- Table structure for table `dtb_page_layout`
--

CREATE TABLE `dtb_page_layout` (
  `page_id` int(10) unsigned NOT NULL,
  `layout_id` int(10) unsigned NOT NULL,
  `sort_no` smallint(5) unsigned NOT NULL,
  `discriminator_type` varchar(255) COLLATE utf8mb4_bin NOT NULL,
  PRIMARY KEY (`page_id`,`layout_id`),
  KEY `IDX_F2799941C4663E4` (`page_id`),
  KEY `IDX_F27999418C22AA1A` (`layout_id`),
  CONSTRAINT `FK_F27999418C22AA1A` FOREIGN KEY (`layout_id`) REFERENCES `dtb_layout` (`id`),
  CONSTRAINT `FK_F2799941C4663E4` FOREIGN KEY (`page_id`) REFERENCES `dtb_page` (`id`)
) ENGINE=InnoDB DEFAULT CHARSET=utf8mb4 COLLATE=utf8mb4_bin;

--
