--
-- Host: mysql653.db.sakura.ne.jp    Database: tanzo2_ecc
-- ------------------------------------------------------


--
-- Table structure for table `doctrine_migration_versions`
--

CREATE TABLE `doctrine_migration_versions` (
  `version` varchar(191) COLLATE utf8_unicode_ci NOT NULL,
  `executed_at` datetime DEFAULT NULL COMMENT '(DC2Type:datetime)',
  `execution_time` int(11) DEFAULT NULL,
  PRIMARY KEY (`version`)
) ENGINE=InnoDB DEFAULT CHARSET=utf8 COLLATE=utf8_unicode_ci;

--
-- Dumping data for table `doctrine_migration_versions`
--

INSERT INTO `doctrine_migration_versions` VALUES ('DoctrineMigrations\\Version20181017090225','2023-12-19 10:30:27',14),('DoctrineMigrations\\Version20181109101907','2023-12-19 10:30:27',1),('DoctrineMigrations\\Version20190821081036','2023-12-19 10:30:27',74),('DoctrineMigrations\\Version20200303053716','2023-12-19 10:30:27',0),('DoctrineMigrations\\Version20201127000000','2023-12-19 10:30:27',0),('DoctrineMigrations\\Version20201218044542','2023-12-19 10:30:27',0),('DoctrineMigrations\\Version20210316120000','2023-12-19 10:30:27',0),('DoctrineMigrations\\Version20210319122142','2023-12-19 10:30:27',1),('DoctrineMigrations\\Version20210401120000','2023-12-19 10:30:27',0),('DoctrineMigrations\\Version20210412073123','2023-12-19 10:30:27',69),('DoctrineMigrations\\Version20210831190000','2023-12-19 10:30:27',0),('DoctrineMigrations\\Version20211111050712','2023-12-19 10:30:27',1),('DoctrineMigrations\\Version20230116061053','2023-12-19 10:30:27',67),('DoctrineMigrations\\Version20230515023836','2023-12-19 10:30:27',0),('DoctrineMigrations\\Version20230928014611','2023-12-19 10:30:27',0);

--
-- Table structure for table `dtb_authority_role`
--

CREATE TABLE `dtb_authority_role` (
  `id` int(10) unsigned NOT NULL AUTO_INCREMENT,
  `authority_id` smallint(5) unsigned DEFAULT NULL,
  `creator_id` int(10) unsigned DEFAULT NULL,
  `deny_url` varchar(4000) COLLATE utf8mb4_bin NOT NULL,
  `create_date` datetime NOT NULL COMMENT '(DC2Type:datetimetz)',
  `update_date` datetime NOT NULL COMMENT '(DC2Type:datetimetz)',
  `discriminator_type` varchar(255) COLLATE utf8mb4_bin NOT NULL,
  PRIMARY KEY (`id`),
  KEY `IDX_4A1F70B181EC865B` (`authority_id`),
  KEY `IDX_4A1F70B161220EA6` (`creator_id`),
  CONSTRAINT `FK_4A1F70B161220EA6` FOREIGN KEY (`creator_id`) REFERENCES `dtb_member` (`id`),
  CONSTRAINT `FK_4A1F70B181EC865B` FOREIGN KEY (`authority_id`) REFERENCES `mtb_authority` (`id`)
) ENGINE=InnoDB DEFAULT CHARSET=utf8mb4 COLLATE=utf8mb4_bin;

--
-- Dumping data for table `dtb_authority_role`
--


--
-- Table structure for table `dtb_base_info`
--

CREATE TABLE `dtb_base_info` (
  `id` int(10) unsigned NOT NULL AUTO_INCREMENT,
  `country_id` smallint(5) unsigned DEFAULT NULL,
  `pref_id` smallint(5) unsigned DEFAULT NULL,
  `company_name` varchar(255) COLLATE utf8mb4_bin DEFAULT NULL,
  `company_kana` varchar(255) COLLATE utf8mb4_bin DEFAULT NULL,
  `postal_code` varchar(8) COLLATE utf8mb4_bin DEFAULT NULL,
  `addr01` varchar(255) COLLATE utf8mb4_bin DEFAULT NULL,
  `addr02` varchar(255) COLLATE utf8mb4_bin DEFAULT NULL,
  `phone_number` varchar(14) COLLATE utf8mb4_bin DEFAULT NULL,
  `business_hour` varchar(255) COLLATE utf8mb4_bin DEFAULT NULL,
  `email01` varchar(255) COLLATE utf8mb4_bin DEFAULT NULL,
  `email02` varchar(255) COLLATE utf8mb4_bin DEFAULT NULL,
  `email03` varchar(255) COLLATE utf8mb4_bin DEFAULT NULL,
  `email04` varchar(255) COLLATE utf8mb4_bin DEFAULT NULL,
  `shop_name` varchar(255) COLLATE utf8mb4_bin DEFAULT NULL,
  `shop_kana` varchar(255) COLLATE utf8mb4_bin DEFAULT NULL,
  `shop_name_eng` varchar(255) COLLATE utf8mb4_bin DEFAULT NULL,
  `update_date` datetime NOT NULL COMMENT '(DC2Type:datetimetz)',
  `good_traded` varchar(4000) COLLATE utf8mb4_bin DEFAULT NULL,
  `message` varchar(4000) COLLATE utf8mb4_bin DEFAULT NULL,
  `delivery_free_amount` decimal(12,2) unsigned DEFAULT NULL,
  `delivery_free_quantity` int(10) unsigned DEFAULT NULL,
  `option_mypage_order_status_display` tinyint(1) NOT NULL DEFAULT '1',
  `option_nostock_hidden` tinyint(1) NOT NULL DEFAULT '0',
  `option_favorite_product` tinyint(1) NOT NULL DEFAULT '1',
  `option_product_delivery_fee` tinyint(1) NOT NULL DEFAULT '0',
  `invoice_registration_number` varchar(255) COLLATE utf8mb4_bin DEFAULT NULL,
  `option_product_tax_rule` tinyint(1) NOT NULL DEFAULT '0',
  `option_customer_activate` tinyint(1) NOT NULL DEFAULT '1',
  `option_remember_me` tinyint(1) NOT NULL DEFAULT '1',
  `option_mail_notifier` tinyint(1) NOT NULL DEFAULT '0',
  `authentication_key` varchar(255) COLLATE utf8mb4_bin DEFAULT NULL,
  `php_path` varchar(255) COLLATE utf8mb4_bin DEFAULT NULL,
  `option_point` tinyint(1) NOT NULL DEFAULT '1',
  `basic_point_rate` decimal(10,0) unsigned DEFAULT '1',
  `point_conversion_rate` decimal(10,0) unsigned DEFAULT '1',
  `discriminator_type` varchar(255) COLLATE utf8mb4_bin NOT NULL,
  `site_kit_site_id` varchar(255) COLLATE utf8mb4_bin DEFAULT NULL,
  `site_kit_site_secret` varchar(255) COLLATE utf8mb4_bin DEFAULT NULL,
  PRIMARY KEY (`id`),
  KEY `IDX_1D3655F4F92F3E70` (`country_id`),
  KEY `IDX_1D3655F4E171EF5F` (`pref_id`),
  CONSTRAINT `FK_1D3655F4E171EF5F` FOREIGN KEY (`pref_id`) REFERENCES `mtb_pref` (`id`),
  CONSTRAINT `FK_1D3655F4F92F3E70` FOREIGN KEY (`country_id`) REFERENCES `mtb_country` (`id`)
) ENGINE=InnoDB AUTO_INCREMENT=2 DEFAULT CHARSET=utf8mb4 COLLATE=utf8mb4_bin;

--
-- Dumping data for table `dtb_base_info`
--

INSERT INTO `dtb_base_info` VALUES (1,NULL,13,'鍛造指輪株式会社®',NULL,'1030004','中央区東日本橋','3-6-17',NULL,NULL,'shopinfo@onlineshop.tanzo.jp','shopinfo@onlineshop.tanzo.jp','shopinfo@onlineshop.tanzo.jp','shopinfo@onlineshop.tanzo.jp','TANZO.(鍛造指輪)公式オンラインショップ',NULL,NULL,'2024-08-07 03:54:02','結婚指輪、婚約指輪、エタニティリング、アニバーサリージュエリー','“１０年後も、２０年後も、後悔しない指輪をつくりたい”\r\n\r\nそんな想いから、私達は “鍛造製法” にこだわった一生モノの指輪を企画・販売しております。',30000.00,NULL,0,0,0,0,NULL,0,1,0,1,'f24ff9f0effccc1dcdab39b38ead331b5a673178',NULL,0,1,1,'baseinfo',NULL,NULL);

--
-- Table structure for table `dtb_block`
--

CREATE TABLE `dtb_block` (
  `id` int(10) unsigned NOT NULL AUTO_INCREMENT,
  `device_type_id` smallint(5) unsigned DEFAULT NULL,
  `block_name` varchar(255) COLLATE utf8mb4_bin DEFAULT NULL,
  `file_name` varchar(255) COLLATE utf8mb4_bin NOT NULL,
  `use_controller` tinyint(1) NOT NULL DEFAULT '0',
  `deletable` tinyint(1) NOT NULL DEFAULT '1',
  `create_date` datetime NOT NULL COMMENT '(DC2Type:datetimetz)',
  `update_date` datetime NOT NULL COMMENT '(DC2Type:datetimetz)',
  `discriminator_type` varchar(255) COLLATE utf8mb4_bin NOT NULL,
  PRIMARY KEY (`id`),
  UNIQUE KEY `device_type_id` (`device_type_id`,`file_name`),
  KEY `IDX_6B54DCBD4FFA550E` (`device_type_id`),
  CONSTRAINT `FK_6B54DCBD4FFA550E` FOREIGN KEY (`device_type_id`) REFERENCES `mtb_device_type` (`id`)
) ENGINE=InnoDB AUTO_INCREMENT=24 DEFAULT CHARSET=utf8mb4 COLLATE=utf8mb4_bin;

--
-- Dumping data for table `dtb_block`
--

INSERT INTO `dtb_block` VALUES (1,10,'カート','cart',0,0,'2023-12-04 05:31:39','2023-12-04 05:31:39','block'),(2,10,'カテゴリ','category',0,0,'2023-12-04 05:31:39','2023-12-04 05:31:39','block'),(3,10,'カテゴリナビ(PC)','category_nav_pc',0,0,'2023-12-04 05:31:39','2023-12-04 05:31:39','block'),(4,10,'カテゴリナビ(SP)','category_nav_sp',0,0,'2023-12-04 05:31:39','2023-12-04 05:31:39','block'),(5,10,'新入荷商品特集','eyecatch',0,0,'2023-12-04 05:31:39','2023-12-04 05:31:39','block'),(6,10,'フッター','footer',0,0,'2023-12-04 05:31:39','2023-12-04 05:31:39','block'),(7,10,'ヘッダーメニュー','header',0,0,'2023-12-04 05:31:39','2024-04-04 01:48:08','block'),(8,10,'ログインナビ(共通)','login',0,0,'2023-12-04 05:31:39','2023-12-04 05:31:39','block'),(9,10,'ログインナビ(SP)','login_sp',0,0,'2023-12-04 05:31:39','2023-12-04 05:31:39','block'),(10,10,'ロゴ','logo',0,0,'2023-12-04 05:31:39','2023-12-04 05:31:39','block'),(11,10,'新着商品','new_item',0,0,'2023-12-04 05:31:39','2023-12-04 05:31:39','block'),(12,10,'新着情報','news',0,0,'2023-12-04 05:31:39','2023-12-04 05:31:39','block'),(13,10,'商品検索','search_product',1,0,'2023-12-04 05:31:39','2023-12-04 05:31:39','block'),(14,10,'トピック','topic',0,0,'2023-12-04 05:31:39','2023-12-04 05:31:39','block'),(17,10,'カレンダー','calendar',1,0,'2023-12-04 05:31:39','2023-12-04 05:31:39','block'),(19,10,'Tanzo HPへのリンク','to_hp',0,1,'2024-02-04 07:51:22','2024-02-04 07:51:22','block'),(22,10,'おすすめ商品','recommend_product_block',0,0,'2024-06-17 08:17:43','2024-06-17 08:17:43','block'),(23,10,'Cookie同意管理','cookie',1,0,'2024-07-04 04:01:43','2024-07-04 04:01:43','block');

--
-- Table structure for table `dtb_block_position`
--

CREATE TABLE `dtb_block_position` (
  `section` int(10) unsigned NOT NULL,
  `block_id` int(10) unsigned NOT NULL,
  `layout_id` int(10) unsigned NOT NULL,
  `block_row` int(10) unsigned DEFAULT NULL,
  `discriminator_type` varchar(255) COLLATE utf8mb4_bin NOT NULL,
  PRIMARY KEY (`section`,`block_id`,`layout_id`),
  KEY `IDX_35DCD731E9ED820C` (`block_id`),
  KEY `IDX_35DCD7318C22AA1A` (`layout_id`),
  CONSTRAINT `FK_35DCD7318C22AA1A` FOREIGN KEY (`layout_id`) REFERENCES `dtb_layout` (`id`),
  CONSTRAINT `FK_35DCD731E9ED820C` FOREIGN KEY (`block_id`) REFERENCES `dtb_block` (`id`)
) ENGINE=InnoDB DEFAULT CHARSET=utf8mb4 COLLATE=utf8mb4_bin;

--
-- Dumping data for table `dtb_block_position`
--

INSERT INTO `dtb_block_position` VALUES (2,23,1,0,'blockposition'),(2,23,5,0,'blockposition'),(3,7,1,0,'blockposition'),(3,7,2,0,'blockposition'),(3,7,5,0,'blockposition'),(7,2,1,0,'blockposition'),(7,12,1,2,'blockposition'),(7,19,1,3,'blockposition'),(7,22,1,1,'blockposition'),(10,6,1,0,'blockposition'),(10,6,2,0,'blockposition'),(10,6,5,0,'blockposition'),(11,4,1,1,'blockposition'),(11,4,2,1,'blockposition'),(11,4,5,1,'blockposition'),(11,9,1,2,'blockposition'),(11,9,2,2,'blockposition'),(11,9,5,2,'blockposition'),(11,13,1,0,'blockposition'),(11,13,2,0,'blockposition'),(11,13,5,0,'blockposition');

--
-- Table structure for table `dtb_calendar`
--

CREATE TABLE `dtb_calendar` (
  `id` int(10) unsigned NOT NULL AUTO_INCREMENT,
  `title` varchar(255) COLLATE utf8mb4_bin DEFAULT NULL,
  `holiday` datetime NOT NULL COMMENT '(DC2Type:datetimetz)',
  `create_date` datetime NOT NULL COMMENT '(DC2Type:datetimetz)',
  `update_date` datetime NOT NULL COMMENT '(DC2Type:datetimetz)',
  `discriminator_type` varchar(255) COLLATE utf8mb4_bin NOT NULL,
  PRIMARY KEY (`id`)
) ENGINE=InnoDB DEFAULT CHARSET=utf8mb4 COLLATE=utf8mb4_bin;

--
-- Dumping data for table `dtb_calendar`
--


--
-- Table structure for table `dtb_cart`
--

CREATE TABLE `dtb_cart` (
  `id` int(10) unsigned NOT NULL AUTO_INCREMENT,
  `customer_id` int(10) unsigned DEFAULT NULL,
  `cart_key` varchar(255) COLLATE utf8mb4_bin DEFAULT NULL,
  `pre_order_id` varchar(255) COLLATE utf8mb4_bin DEFAULT NULL,
  `total_price` decimal(12,2) unsigned NOT NULL DEFAULT '0.00',
  `delivery_fee_total` decimal(12,2) unsigned NOT NULL DEFAULT '0.00',
  `sort_no` smallint(5) unsigned DEFAULT NULL,
  `create_date` datetime NOT NULL COMMENT '(DC2Type:datetimetz)',
  `update_date` datetime NOT NULL COMMENT '(DC2Type:datetimetz)',
  `add_point` decimal(12,0) unsigned NOT NULL DEFAULT '0',
  `use_point` decimal(12,0) unsigned NOT NULL DEFAULT '0',
  `discriminator_type` varchar(255) COLLATE utf8mb4_bin NOT NULL,
  PRIMARY KEY (`id`),
  UNIQUE KEY `dtb_cart_pre_order_id_idx` (`pre_order_id`),
  KEY `IDX_FC3C24F09395C3F3` (`customer_id`),
  KEY `dtb_cart_update_date_idx` (`update_date`),
  CONSTRAINT `FK_FC3C24F09395C3F3` FOREIGN KEY (`customer_id`) REFERENCES `dtb_customer` (`id`)
) ENGINE=InnoDB AUTO_INCREMENT=215 DEFAULT CHARSET=utf8mb4 COLLATE=utf8mb4_bin;

--
-- Dumping data for table `dtb_cart`
--

INSERT INTO `dtb_cart` VALUES (1,NULL,'HwXKmDFOFMnTrAIZBKVb0VDYTiyOCwRt_1','44fee9b826ef0283984a232d93bc9d5a0a712b3a',176000.00,0.00,NULL,'2024-07-09 08:43:19','2024-07-09 08:44:34',0,0,'cart'),(9,NULL,'IsgQeGe79cO8K7k0RK1bf4ZZFXi7cR9J_1',NULL,1892000.00,0.00,NULL,'2024-07-11 09:07:26','2024-07-11 09:45:10',0,0,'cart'),(19,NULL,'wVp5q3rbbKjQwQMBxUOLFKRyKqqG0NCM_1','890042b5a59fb4a9d4bf8df95bac56c14ba7f462',451000.00,0.00,NULL,'2024-07-12 03:17:45','2024-07-12 03:18:39',0,0,'cart'),(58,NULL,'T01W7PcIdlMtFfooDP2aiIMRecaYFzGG_1',NULL,293700.00,0.00,NULL,'2024-07-12 09:56:17','2024-07-12 09:56:19',0,0,'cart'),(59,NULL,'BlhGlnOuDO1sl1vwIDs2LKnqsfDHBk2J_1','45b0788c070bf1154d97108b00680f39450df959',352000.00,0.00,NULL,'2024-07-16 09:43:29','2024-07-16 09:45:07',0,0,'cart'),(62,NULL,'JdDxVCD7kRYpoSWnaj4I5bW8ELoib7XU_1','92bcb1a3935623bc4f69a69cd2d4e7c7303ce25b',167200.00,0.00,NULL,'2024-07-19 07:16:09','2024-07-19 10:31:18',0,0,'cart'),(67,NULL,'1bhN3Vwdhf7MunrFJotwFlNNC8Oz3lqI_1','8a9050f46e76b35077da7c1985d199ee29de16a7',139700.00,0.00,NULL,'2024-07-22 07:57:32','2024-07-22 07:57:58',0,0,'cart'),(68,NULL,'dTCVBawHwZ3agNKO1uw9ifK9ldyMTlb3_1','c0ceeb52a86ba1524bfec96aaa734b00406aed1a',139700.00,0.00,NULL,'2024-07-22 07:59:23','2024-07-22 08:40:21',0,0,'cart'),(69,NULL,'e0W0ANkqC5e18NVT0Rh6WNCEeJ8OH6aY_1','6d532b857065fdafb9d71393323d4f651cd5c0ab',139700.00,0.00,NULL,'2024-07-22 08:46:19','2024-07-22 09:06:23',0,0,'cart'),(70,NULL,'TKSSY0iMZpK8lxoTXrE9edSxrHsbWJ8F_1','5f2ce0cd21c387b7b380043fd4854d0c6920bf26',139700.00,0.00,NULL,'2024-07-22 09:30:31','2024-07-22 09:30:47',0,0,'cart'),(72,NULL,'5SmJSmaDrSJ9xex5qcgmFR4vRVeSTwfO_1','668727b9317fe628f9bec6e675caab5cbf858181',139700.00,0.00,NULL,'2024-07-23 04:38:26','2024-07-23 04:55:14',0,0,'cart'),(76,NULL,'4zJ8Z3XKmB1KAfklZHna3mdWCvq6X76D_1','2ed8aebd26bec316a99371c70bfc53f0490b6163',462000.00,0.00,NULL,'2024-07-23 06:58:05','2024-07-23 10:18:10',0,0,'cart'),(77,NULL,'vLDaxNieEU9Utylb903khbpVp9DCY8tm_1','46c5855f555c5c06c4932c02eaf0d7923aed0f53',407000.00,0.00,NULL,'2024-07-29 09:05:15','2024-07-29 09:24:28',0,0,'cart'),(81,NULL,'QjDgWHtKd6iARfQU67t8SOITwqFMSXbK_1','1193951137d9651043f2d6c06f029210dc33bbd0',293700.00,0.00,NULL,'2024-07-30 05:31:45','2024-07-30 05:32:28',0,0,'cart'),(82,NULL,'0p9Alrhp6cmDXuA4TI2oubqCRXj3gko7_1','6bd41fac02c7830416c897fcc84f1e7219992b58',293700.00,0.00,NULL,'2024-07-31 06:27:21','2024-07-31 07:03:35',0,0,'cart'),(84,NULL,'imcdxLhasnhaSnwTZI0w0tjDiBwc3pZi_1','f14f1696bc6e522c826f68b683a89253230fbeaa',346500.00,0.00,NULL,'2024-07-31 06:46:23','2024-07-31 06:50:33',0,0,'cart'),(85,NULL,'O2KBCOfyNVXH5Jsuu2aThjs7t1N7G4eS_1',NULL,178200.00,0.00,NULL,'2024-08-01 08:20:39','2024-08-01 08:20:41',0,0,'cart'),(86,NULL,'Xd5QTe8D6EM4BfWaGczi16yGJ5TudIko_1',NULL,154000.00,0.00,NULL,'2024-08-01 08:42:29','2024-08-01 08:42:31',0,0,'cart'),(88,NULL,'9ZL95EyYlyaocdCPyItvKgj7QdlLrEfO_1',NULL,550000.00,0.00,NULL,'2024-08-05 09:19:25','2024-08-05 09:19:26',0,0,'cart'),(91,NULL,'oPMbLZhYEuXhjXMpWKzxb30gAC0juJQr_1','d2f422a34f1d5041b0da0ba1c599d444792dce42',440000.00,0.00,NULL,'2024-08-08 03:15:15','2024-08-08 03:21:30',0,0,'cart'),(92,NULL,'6InNSi6VlKSHMj931g9BB4ZRWusJHqTi_1',NULL,115500.00,0.00,NULL,'2024-08-15 01:20:17','2024-08-15 01:31:02',0,0,'cart'),(93,NULL,'P9hbDlYcut243l7gxaiP7zIbPT3YFfqY_1',NULL,143000.00,0.00,NULL,'2024-08-16 02:30:47','2024-08-16 02:32:13',0,0,'cart'),(95,NULL,'rKzTOp7AQAc7pUnNrpZmzEpKHHN0552N_1',NULL,346500.00,0.00,NULL,'2024-08-16 02:32:31','2024-08-16 02:32:32',0,0,'cart'),(97,NULL,'UmVrA9bjsj48ty4i3SzuSwkSDuYc4kzK_1',NULL,550000.00,0.00,NULL,'2024-08-20 08:52:50','2024-08-20 08:52:51',0,0,'cart'),(98,NULL,'susD6UnCtGByjqKUuIqLxdDxdBxQTKTY_1',NULL,291500.00,0.00,NULL,'2024-08-20 08:54:02','2024-08-20 08:54:03',0,0,'cart'),(101,NULL,'UqL8LsTDEU73lGxVH0rhul4I7W8KLoae_1',NULL,280500.00,0.00,NULL,'2024-08-22 08:25:35','2024-08-22 08:25:45',0,0,'cart'),(106,NULL,'uSSQyu7abbu6F66C81wtyGK64Q1bmqtK_1',NULL,143000.00,0.00,NULL,'2024-08-23 02:42:19','2024-08-23 02:42:19',0,0,'cart'),(107,NULL,'LuXzKdYKw0ZyCAH8hXQ2lwp3vIDYL8X0_1',NULL,324500.00,0.00,NULL,'2024-08-23 03:36:35','2024-08-23 03:36:37',0,0,'cart'),(108,NULL,'2bzpRjCE988nywI4qbeetREBmB01NAi1_1',NULL,143000.00,0.00,NULL,'2024-08-23 03:36:47','2024-08-23 03:36:49',0,0,'cart'),(109,NULL,'PyuoAAiw9t2AYPVoYebPRpncHERiLhRb_1',NULL,282700.00,0.00,NULL,'2024-08-23 06:24:23','2024-08-23 06:24:25',0,0,'cart'),(110,NULL,'DJ4CNhaSB1mBydcizazWnVn4CzpOprWH_1',NULL,302500.00,0.00,NULL,'2024-08-25 04:45:04','2024-08-25 04:45:05',0,0,'cart'),(111,NULL,'912Kt5iMPLISBiQhcdCxgbqhf5Dv1pUM_1',NULL,324500.00,0.00,NULL,'2024-08-25 19:32:00','2024-08-25 19:32:02',0,0,'cart'),(114,NULL,'mW4ypR5Ez9KhkTcfn4FBM7yGPDv4iGMm_1',NULL,462000.00,0.00,NULL,'2024-08-31 03:50:53','2024-08-31 03:50:55',0,0,'cart'),(116,NULL,'74eSm5rxU6v2CnTcy43EsTtLl1IvbwGV_1',NULL,572000.00,0.00,NULL,'2024-08-31 10:12:26','2024-08-31 10:12:46',0,0,'cart'),(117,NULL,'SRN0U5NLhqxpu9uFrH6Guzuq22XdTYpj_1',NULL,170500.00,0.00,NULL,'2024-09-01 12:01:25','2024-09-01 12:01:27',0,0,'cart'),(118,NULL,'5J94PNOOwp9J41n7Ebld8BECDrIN5nBd_1',NULL,0.00,0.00,NULL,'2024-09-05 07:05:39','2024-09-05 07:05:39',0,0,'cart'),(119,NULL,'tz6n0YJL01O80b17PaGUwEbfL4LIrV5h_1',NULL,264000.00,0.00,NULL,'2024-09-05 21:09:48','2024-09-05 21:09:51',0,0,'cart'),(123,NULL,'LIsjrKoxi18x92J2z2BNaU65JOHRTI7i_1',NULL,907500.00,0.00,NULL,'2024-09-08 03:26:44','2024-09-08 03:26:49',0,0,'cart'),(124,NULL,'Q3kWpzGPe0a9Oo9fKBKXpxnQgHHMHAfO_1',NULL,282700.00,0.00,NULL,'2024-09-09 05:59:05','2024-09-09 05:59:07',0,0,'cart'),(125,NULL,'jfcvL61aaSlH7OvqKiVHZxhoHRgEAZ5o_1',NULL,159500.00,0.00,NULL,'2024-09-09 15:31:01','2024-09-09 15:31:03',0,0,'cart'),(137,NULL,'bwlpgCN6KO4f1gLw6iU8BskGpDeHOjMi_1',NULL,478500.00,0.00,NULL,'2024-09-10 01:12:08','2024-09-10 01:12:11',0,0,'cart'),(138,NULL,'C6zETRSsRU7UUJ1OlWtJ2IFieKyDWLJR_1',NULL,621500.00,0.00,NULL,'2024-09-10 01:27:19','2024-09-10 01:27:20',0,0,'cart'),(139,NULL,'kQ68S2o5ARhaUqACTS9h6fUATKiYavlP_1',NULL,368500.00,0.00,NULL,'2024-09-13 06:54:38','2024-09-13 06:54:48',0,0,'cart'),(140,NULL,'B6vZGfusjCOrjkZUqTMdax6gUdGtmnjX_1',NULL,275000.00,0.00,NULL,'2024-09-15 16:01:16','2024-09-15 16:01:18',0,0,'cart'),(141,NULL,'Ha7YMchap6agqAIWsnLU4t9TWTJ3d1ZZ_1',NULL,302500.00,0.00,NULL,'2024-09-16 07:55:38','2024-09-16 07:55:40',0,0,'cart'),(142,NULL,'hoXGCDqKXdiHd9bbUoDQDfsb0tBOEgHh_1',NULL,357500.00,0.00,NULL,'2024-09-18 04:50:07','2024-09-18 04:50:09',0,0,'cart'),(143,NULL,'RVCvIiDSqDsYVFsOyUMmT19567AJc7bi_1',NULL,192500.00,0.00,NULL,'2024-09-18 15:57:05','2024-09-18 15:57:05',0,0,'cart'),(145,NULL,'eg7jnLMdGdEu5fp2rPWlNWKRkURgpbfV_1',NULL,539000.00,0.00,NULL,'2024-09-19 11:25:16','2024-09-19 11:25:16',0,0,'cart'),(150,NULL,'6VJHpcfN3cAIratbm4zURJlwE88ZKMVl_1',NULL,308000.00,0.00,NULL,'2024-09-24 01:33:37','2024-09-24 01:33:38',0,0,'cart'),(152,NULL,'ZzNf5OscWg2EFVkruFho6DDvgubDoMIp_1',NULL,653400.00,0.00,NULL,'2024-09-28 23:30:04','2024-09-28 23:30:05',0,0,'cart'),(153,NULL,'lc9OnH8FBBWYcUlJzeBly1LzEF67qKbS_1',NULL,178200.00,0.00,NULL,'2024-09-29 14:43:58','2024-09-29 14:44:01',0,0,'cart'),(155,NULL,'n1HH69XVM98rNkUAtAH8R9z11OD8Ycqs_1','d759a9b3a57b6a8f1108deaeefcd1f9196cf484b',792000.00,0.00,NULL,'2024-09-30 06:38:11','2024-09-30 06:38:30',0,0,'cart'),(157,NULL,'XYf7lwK4uAZjXYPnYEG0AYKidio3bS2O_1',NULL,742500.00,0.00,NULL,'2024-10-01 10:09:12','2024-10-01 10:09:13',0,0,'cart'),(160,NULL,'lLkyH0kOE1vqsqNIL4W6tPFrG1itz39V_1',NULL,473000.00,0.00,NULL,'2024-10-16 00:46:40','2024-10-16 00:46:44',0,0,'cart'),(162,NULL,'ML36M9BusYKFidbw4BPR1UEXup9BStms_1',NULL,313500.00,0.00,NULL,'2024-10-20 05:19:51','2024-10-20 05:19:53',0,0,'cart'),(163,NULL,'0pK6IoMlLDJK6Cu7YYKwW4zVPjkToCY4_1',NULL,302500.00,0.00,NULL,'2024-10-20 08:34:01','2024-10-20 08:34:04',0,0,'cart'),(164,NULL,'WoG5drhphIRkqr8VkiiS26rCXPHYDwMo_1',NULL,390500.00,0.00,NULL,'2024-10-21 00:52:54','2024-10-21 00:52:55',0,0,'cart'),(165,NULL,'W10VN5N36ujgTOfwPziqRB6y0eiiyQ48_1','81106f29a0a68649ddad91f321ec6373fe4e7694',324500.00,0.00,NULL,'2024-10-24 06:53:43','2024-10-24 06:55:42',0,0,'cart'),(166,NULL,'6WRdRut17HD04U2rKnJjMplxk9SIP9NG_1',NULL,556600.00,0.00,NULL,'2024-10-24 07:00:41','2024-10-24 07:00:42',0,0,'cart'),(167,NULL,'BcAuoHIHUD7rqmPylYHeQXV0FOZHq9lB_1',NULL,346500.00,0.00,NULL,'2024-11-01 11:46:57','2024-11-01 11:46:59',0,0,'cart'),(168,NULL,'gH8lL7lwxsBgdEs1Fefx00HekrBUsv7f_1',NULL,313500.00,0.00,NULL,'2024-11-02 01:40:10','2024-11-02 01:40:12',0,0,'cart'),(169,NULL,'uGTzFkBzweyHcBLp95Ws8uIlTzwPikz3_1',NULL,350900.00,0.00,NULL,'2024-11-03 09:15:38','2024-11-03 09:15:42',0,0,'cart'),(173,NULL,'wWw9sk2PbTJ5ewgxMDWJ5DP7wsVeGnit_1',NULL,598400.00,0.00,NULL,'2024-11-04 05:25:16','2024-11-04 05:25:35',0,0,'cart'),(174,NULL,'Vzt1FGbMw9WcKCjpIamtTR0lEq8nSWRB_1',NULL,335500.00,0.00,NULL,'2024-11-04 10:12:18','2024-11-04 10:12:20',0,0,'cart'),(175,NULL,'GOzXKusmGGVvdU6LWQPgW7OsoLtwExlm_1','6d04e46e4402980217001f8ab7d19f591c54f6e4',429000.00,0.00,NULL,'2024-11-05 08:40:52','2024-11-05 08:41:39',0,0,'cart'),(176,NULL,'yaFFrbBhDKxMQY2A57gadInOxRVbM7pA_1',NULL,192500.00,0.00,NULL,'2024-11-10 11:24:29','2024-11-10 11:24:32',0,0,'cart'),(177,NULL,'shVtYy9UPjlzVLP72rdYLOkurIh3l1Oa_1',NULL,431200.00,0.00,NULL,'2024-11-13 11:58:53','2024-11-13 11:58:53',0,0,'cart'),(179,NULL,'M7Tkrld8gIum3yc7nORZvoKEYzj7wCI9_1',NULL,324500.00,0.00,NULL,'2024-11-20 01:33:39','2024-11-20 01:33:39',0,0,'cart'),(181,NULL,'sohftwxxaWSmQK2DEtrLg5RLi5lMPGXO_1',NULL,335500.00,0.00,NULL,'2024-11-22 11:59:03','2024-11-22 11:59:04',0,0,'cart'),(182,NULL,'NubpagBxerav8udNvviIiSMuUPdKGDzj_1',NULL,324500.00,0.00,NULL,'2024-11-27 08:02:59','2024-11-27 08:28:16',0,0,'cart'),(183,NULL,'TQBhZ52fXGSrDniqLtq91ipyeuZiHx7a_1',NULL,154000.00,0.00,NULL,'2024-11-27 08:12:28','2024-11-27 08:12:30',0,0,'cart'),(184,NULL,'XHb2AATjmQ8JDXBHKqD3csidjTHswonq_1',NULL,748000.00,0.00,NULL,'2024-11-27 14:20:04','2024-11-27 14:20:04',0,0,'cart'),(185,NULL,'KMknNYzXdjL28OM4C5SwAMWynXA6xxQG_1',NULL,282700.00,0.00,NULL,'2024-11-30 06:10:53','2024-11-30 06:10:56',0,0,'cart'),(186,NULL,'qmgOa5LKqjCkYrHuMMHb7FGrkZyNyZu7_1',NULL,572000.00,0.00,NULL,'2024-12-01 08:06:23','2024-12-01 08:06:25',0,0,'cart'),(187,NULL,'qXkhK0rXVNLIzQrJp1AcMN5BipMvp4nG_1',NULL,170500.00,0.00,NULL,'2024-12-01 13:07:00','2024-12-01 13:07:01',0,0,'cart'),(188,NULL,'ujoDdFb6l9V28fXPeJYEo7lH6JoY6Ady_1','a771bbe7cfc31f07a122927346002c10a9a12438',148500.00,0.00,NULL,'2024-12-01 14:08:58','2024-12-01 14:19:34',0,0,'cart'),(189,NULL,'wXzBt5KKCPUgDLEMeBxH5wVADQwlRpjn_1',NULL,346500.00,0.00,NULL,'2024-12-01 17:19:40','2024-12-01 17:19:42',0,0,'cart'),(194,NULL,'GKPlZduVmteU4cKxtzFgz0foGREwGzkC_1','1b598a295a92d58aa09d4bb379c2bc0e650b80b2',324500.00,0.00,NULL,'2024-12-02 06:41:53','2024-12-02 06:43:15',0,0,'cart'),(200,NULL,'kduVey01sdW6tJGJdERKsOMuhxvzNuAI_1',NULL,352000.00,0.00,NULL,'2024-12-05 14:34:33','2024-12-05 14:34:34',0,0,'cart'),(213,NULL,'RLQIWLl7Z2AZvZD5kzAoGMgWfTFL2BY1_1',NULL,165000.00,0.00,NULL,'2024-12-10 10:21:00','2024-12-10 10:21:01',0,0,'cart'),(214,NULL,'ONkb1t6XaXav5Iwjb8K5Ou0gSqVmje1n_1',NULL,293700.00,0.00,NULL,'2024-12-12 10:29:47','2024-12-12 10:29:51',0,0,'cart');

--
-- Table structure for table `dtb_cart_item`
--

CREATE TABLE `dtb_cart_item` (
  `id` int(10) unsigned NOT NULL AUTO_INCREMENT,
  `product_class_id` int(10) unsigned DEFAULT NULL,
  `cart_id` int(10) unsigned DEFAULT NULL,
  `price` decimal(12,2) NOT NULL DEFAULT '0.00',
  `quantity` decimal(10,0) NOT NULL DEFAULT '0',
  `point_rate` decimal(10,0) unsigned DEFAULT NULL,
  `discriminator_type` varchar(255) COLLATE utf8mb4_bin NOT NULL,
  `size` longtext COLLATE utf8mb4_bin NOT NULL,
  `engraving` varchar(255) COLLATE utf8mb4_bin DEFAULT NULL,
  `engraving_font` varchar(255) COLLATE utf8mb4_bin DEFAULT NULL,
  `engraving_text` varchar(255) COLLATE utf8mb4_bin DEFAULT NULL,
  `stone` varchar(255) COLLATE utf8mb4_bin DEFAULT NULL,
  `option_total_price` decimal(12,2) NOT NULL DEFAULT '0.00',
  `size_price` decimal(12,2) NOT NULL DEFAULT '0.00',
  PRIMARY KEY (`id`),
  KEY `IDX_B0228F7421B06187` (`product_class_id`),
  KEY `IDX_B0228F741AD5CDBF` (`cart_id`),
  CONSTRAINT `FK_B0228F741AD5CDBF` FOREIGN KEY (`cart_id`) REFERENCES `dtb_cart` (`id`) ON DELETE CASCADE,
  CONSTRAINT `FK_B0228F7421B06187` FOREIGN KEY (`product_class_id`) REFERENCES `dtb_product_class` (`id`)
) ENGINE=InnoDB AUTO_INCREMENT=356 DEFAULT CHARSET=utf8mb4 COLLATE=utf8mb4_bin;

--
-- Dumping data for table `dtb_cart_item`
--

INSERT INTO `dtb_cart_item` VALUES (1,30,1,176000.00,1,NULL,'cartitem','12','あり','有料書体1','test','サファイア',11000.00,0.00),(12,902,9,577500.00,1,NULL,'cartitem','16',NULL,NULL,NULL,NULL,0.00,10000.00),(13,890,9,737000.00,1,NULL,'cartitem','11',NULL,NULL,NULL,NULL,0.00,0.00),(14,902,9,577500.00,1,NULL,'cartitem','15.5',NULL,NULL,NULL,NULL,0.00,10000.00),(34,766,19,451000.00,1,NULL,'cartitem','16','あり','有料書体1','test','ガーネット',11000.00,15000.00),(87,1450,58,143000.00,1,NULL,'cartitem','16.5',NULL,NULL,NULL,NULL,0.00,22000.00),(88,1458,58,150700.00,1,NULL,'cartitem','16.5',NULL,NULL,NULL,NULL,0.00,22000.00),(89,2072,59,187000.00,1,NULL,'cartitem','16.5','あり','有料書体1','test','アクアマリン',11000.00,22000.00),(90,2073,59,165000.00,1,NULL,'cartitem','16.5','なし',NULL,'','なし',0.00,22000.00),(94,1471,62,167200.00,1,NULL,'cartitem','8','あり','有料書体4','testtesttesttestあああ','タンザナイト',11000.00,0.00),(103,1457,67,139700.00,1,NULL,'cartitem','9','なし','有料書体1','test test','なし',0.00,0.00),(104,1457,68,139700.00,1,NULL,'cartitem','9','なし',NULL,'','なし',0.00,0.00),(105,1457,69,139700.00,1,NULL,'cartitem','9','なし',NULL,'','なし',0.00,0.00),(106,1457,70,139700.00,1,NULL,'cartitem','9','なし',NULL,'','なし',0.00,0.00),(108,1457,72,139700.00,1,NULL,'cartitem','12.5','あり','基本書体','test test','ガーネット',5500.00,11000.00),(114,2123,76,280500.00,1,NULL,'cartitem','16.5','なし',NULL,'','なし',0.00,22000.00),(115,2133,76,181500.00,1,NULL,'cartitem','10','なし',NULL,'','なし',0.00,0.00),(116,768,77,407000.00,1,NULL,'cartitem','16','あり','有料書体1','test','なし',5500.00,16500.00),(126,1450,81,143000.00,1,NULL,'cartitem','16','なし',NULL,'','なし',0.00,11000.00),(127,1462,81,150700.00,1,NULL,'cartitem','9','なし',NULL,'','なし',0.00,0.00),(128,1450,82,143000.00,1,NULL,'cartitem','16.5','あり','有料書体4','2024.7.31 AtoB','エメラルド',11000.00,22000.00),(129,1459,82,150700.00,1,NULL,'cartitem','10','なし',NULL,'','なし',0.00,0.00),(131,1456,84,154000.00,1,NULL,'cartitem','18','あり','基本書体','forever  TtoA','エメラルド',5500.00,22000.00),(132,1499,84,192500.00,1,NULL,'cartitem','9.5','あり','基本書体','forever AtoT','ダイヤモンド',5500.00,0.00),(133,1472,85,178200.00,1,NULL,'cartitem','9.5',NULL,NULL,NULL,NULL,0.00,0.00),(134,1452,86,154000.00,1,NULL,'cartitem','9',NULL,NULL,NULL,NULL,0.00,0.00),(136,331,88,550000.00,1,NULL,'cartitem','18.5',NULL,NULL,NULL,NULL,0.00,0.00),(140,766,91,440000.00,1,NULL,'cartitem','16','あり','有料書体1','テスト','シトリン',11000.00,16500.00),(141,2003,92,115500.00,1,NULL,'cartitem','20','あり','有料書体10','2024.7.31 AtoB','ピンクトルマリン',11000.00,22000.00),(142,1450,93,143000.00,1,NULL,'cartitem','16.5','あり','有料書体4','2024.7.21','ガーネット',11000.00,22000.00),(144,1455,95,154000.00,1,NULL,'cartitem','18.5','あり','有料書体9','2024.7.31 AtoB','エメラルド',11000.00,22000.00),(145,1535,95,192500.00,1,NULL,'cartitem','3.5',NULL,NULL,NULL,NULL,0.00,0.00),(147,191,97,550000.00,1,NULL,'cartitem','10.5',NULL,NULL,NULL,NULL,0.00,0.00),(148,1318,98,291500.00,1,NULL,'cartitem','8',NULL,NULL,NULL,NULL,0.00,0.00),(152,2108,101,280500.00,1,NULL,'cartitem','7.5','なし',NULL,'','なし',0.00,0.00),(161,1450,106,143000.00,1,NULL,'cartitem','8.5','なし',NULL,'','なし',0.00,0.00),(162,1522,107,170500.00,1,NULL,'cartitem','20','あり','有料書体10','浜野','タンザナイト',11000.00,22000.00),(163,1527,107,154000.00,1,NULL,'cartitem','18','あり','有料書体9','髙屋','ムーンストーン',11000.00,22000.00),(164,1450,108,143000.00,1,NULL,'cartitem','11','あり','有料書体1','koko','アクアマリン',11000.00,0.00),(165,1450,109,143000.00,1,NULL,'cartitem','8.5',NULL,NULL,NULL,NULL,0.00,0.00),(166,1457,109,139700.00,1,NULL,'cartitem','9.5',NULL,NULL,NULL,NULL,0.00,0.00),(167,197,110,302500.00,1,NULL,'cartitem','8.5',NULL,NULL,NULL,NULL,0.00,0.00),(168,1478,111,165000.00,1,NULL,'cartitem','7',NULL,NULL,NULL,NULL,0.00,0.00),(169,1485,111,159500.00,1,NULL,'cartitem','14',NULL,NULL,NULL,NULL,0.00,11000.00),(172,2122,114,280500.00,1,NULL,'cartitem','20',NULL,NULL,NULL,NULL,0.00,22000.00),(173,2133,114,181500.00,1,NULL,'cartitem','9',NULL,NULL,NULL,NULL,0.00,0.00),(175,198,116,264000.00,1,NULL,'cartitem','9',NULL,NULL,NULL,NULL,0.00,0.00),(176,196,116,308000.00,1,NULL,'cartitem','7',NULL,NULL,NULL,NULL,0.00,0.00),(177,1488,117,170500.00,1,NULL,'cartitem','9',NULL,NULL,NULL,NULL,0.00,0.00),(178,338,119,264000.00,1,NULL,'cartitem','9',NULL,NULL,NULL,NULL,0.00,0.00),(183,799,123,907500.00,1,NULL,'cartitem','6',NULL,NULL,NULL,NULL,0.00,0.00),(184,1450,124,143000.00,1,NULL,'cartitem','10.5','あり','有料書体4','2024.11.23','エメラルド',11000.00,0.00),(185,1457,124,139700.00,1,NULL,'cartitem','5.5','あり','有料書体4','2024.11.23','ガーネット',11000.00,0.00),(186,1548,125,159500.00,1,NULL,'cartitem','13.5',NULL,NULL,NULL,NULL,0.00,11000.00),(214,132,137,478500.00,1,NULL,'cartitem','5',NULL,NULL,NULL,NULL,0.00,0.00),(215,2041,138,176000.00,1,NULL,'cartitem','7.5',NULL,NULL,NULL,NULL,0.00,0.00),(216,2041,138,176000.00,1,NULL,'cartitem','14',NULL,NULL,NULL,NULL,0.00,11000.00),(217,1999,138,143000.00,1,NULL,'cartitem','6.5',NULL,NULL,NULL,NULL,0.00,0.00),(218,2006,138,126500.00,1,NULL,'cartitem','14',NULL,NULL,NULL,NULL,0.00,11000.00),(219,1828,139,170500.00,1,NULL,'cartitem','14','あり','基本書体','A&J','なし',0.00,11000.00),(220,1835,139,198000.00,1,NULL,'cartitem','7.5','あり','基本書体','J&A','なし',0.00,0.00),(221,128,140,275000.00,1,NULL,'cartitem','3','なし',NULL,'','なし',0.00,0.00),(222,1674,141,159500.00,1,NULL,'cartitem','10',NULL,NULL,NULL,NULL,0.00,0.00),(223,1681,141,143000.00,1,NULL,'cartitem','10',NULL,NULL,NULL,NULL,0.00,0.00),(224,1492,142,165000.00,1,NULL,'cartitem','15.5',NULL,NULL,NULL,NULL,0.00,11000.00),(225,1499,142,192500.00,1,NULL,'cartitem','8',NULL,NULL,NULL,NULL,0.00,0.00),(226,2057,143,192500.00,1,NULL,'cartitem','6.5',NULL,NULL,NULL,NULL,0.00,0.00),(228,2080,145,181500.00,1,NULL,'cartitem','3',NULL,NULL,NULL,NULL,0.00,0.00),(229,2080,145,181500.00,1,NULL,'cartitem','3',NULL,NULL,NULL,NULL,0.00,0.00),(230,2089,145,176000.00,1,NULL,'cartitem','3',NULL,NULL,NULL,NULL,0.00,0.00),(236,1954,150,143000.00,1,NULL,'cartitem','7',NULL,NULL,NULL,NULL,0.00,0.00),(237,1961,150,165000.00,1,NULL,'cartitem','12',NULL,NULL,NULL,NULL,0.00,0.00),(240,1464,152,148500.00,1,NULL,'cartitem','14',NULL,NULL,NULL,NULL,0.00,11000.00),(241,1476,152,178200.00,1,NULL,'cartitem','11.5',NULL,NULL,NULL,NULL,0.00,0.00),(242,1464,152,148500.00,1,NULL,'cartitem','13',NULL,NULL,NULL,NULL,0.00,11000.00),(243,1476,152,178200.00,1,NULL,'cartitem','11.5',NULL,NULL,NULL,NULL,0.00,0.00),(244,1473,153,178200.00,1,NULL,'cartitem','9',NULL,NULL,NULL,NULL,0.00,0.00),(245,2293,155,792000.00,1,NULL,'cartitem','11','なし',NULL,'','なし',0.00,0.00),(248,1830,157,181500.00,1,NULL,'cartitem','14.5',NULL,NULL,NULL,NULL,0.00,11000.00),(249,1837,157,209000.00,1,NULL,'cartitem','9.5',NULL,NULL,NULL,NULL,0.00,0.00),(250,1886,157,181500.00,1,NULL,'cartitem','14.5',NULL,NULL,NULL,NULL,0.00,11000.00),(251,1893,157,170500.00,1,NULL,'cartitem','9.5',NULL,NULL,NULL,NULL,0.00,0.00),(254,1707,160,269500.00,1,NULL,'cartitem','20',NULL,NULL,NULL,NULL,0.00,22000.00),(255,1504,160,203500.00,1,NULL,'cartitem','6.5',NULL,NULL,NULL,NULL,0.00,0.00),(257,1527,162,154000.00,1,NULL,'cartitem','9',NULL,NULL,NULL,NULL,0.00,0.00),(258,1485,162,159500.00,1,NULL,'cartitem','9',NULL,NULL,NULL,NULL,0.00,0.00),(259,197,163,302500.00,1,NULL,'cartitem','9',NULL,NULL,NULL,NULL,0.00,0.00),(260,1833,164,181500.00,1,NULL,'cartitem','14',NULL,NULL,NULL,NULL,0.00,11000.00),(261,1840,164,209000.00,1,NULL,'cartitem','9',NULL,NULL,NULL,NULL,0.00,0.00),(262,2286,165,324500.00,1,NULL,'cartitem','11','なし',NULL,'','なし',0.00,0.00),(263,2111,166,280500.00,1,NULL,'cartitem','10.5',NULL,NULL,NULL,NULL,0.00,0.00),(264,2119,166,276100.00,1,NULL,'cartitem','6.5',NULL,NULL,NULL,NULL,0.00,0.00),(265,195,167,346500.00,1,NULL,'cartitem','9.5',NULL,NULL,NULL,NULL,0.00,0.00),(266,1520,168,159500.00,1,NULL,'cartitem','18',NULL,NULL,NULL,NULL,0.00,22000.00),(267,1527,168,154000.00,1,NULL,'cartitem','7',NULL,NULL,NULL,NULL,0.00,0.00),(268,1660,169,165000.00,1,NULL,'cartitem','5.5','なし',NULL,'','なし',0.00,0.00),(269,1669,169,185900.00,1,NULL,'cartitem','7.5','なし',NULL,'','なし',0.00,0.00),(275,1450,173,143000.00,1,NULL,'cartitem','13',NULL,NULL,NULL,NULL,0.00,11000.00),(276,1460,173,150700.00,1,NULL,'cartitem','4',NULL,NULL,NULL,NULL,0.00,0.00),(277,1451,173,154000.00,1,NULL,'cartitem','13',NULL,NULL,NULL,NULL,0.00,11000.00),(278,1462,173,150700.00,1,NULL,'cartitem','4',NULL,NULL,NULL,NULL,0.00,0.00),(279,1478,174,165000.00,1,NULL,'cartitem','16',NULL,NULL,NULL,NULL,0.00,11000.00),(280,1488,174,170500.00,1,NULL,'cartitem','8',NULL,NULL,NULL,NULL,0.00,0.00),(281,1506,175,209000.00,1,NULL,'cartitem','8','なし',NULL,'','なし',0.00,0.00),(282,1516,175,220000.00,1,NULL,'cartitem','11','なし',NULL,'','なし',0.00,0.00),(283,1499,176,192500.00,1,NULL,'cartitem','6',NULL,NULL,NULL,NULL,0.00,0.00),(284,1707,177,269500.00,1,NULL,'cartitem','20',NULL,NULL,NULL,NULL,0.00,22000.00),(285,1714,177,161700.00,1,NULL,'cartitem','6',NULL,NULL,NULL,NULL,0.00,0.00),(287,2286,179,324500.00,1,NULL,'cartitem','11',NULL,NULL,NULL,NULL,0.00,0.00),(289,1478,181,165000.00,1,NULL,'cartitem','5','あり','有料書体1','aaa','ピンクトルマリン',11000.00,0.00),(290,1488,181,170500.00,1,NULL,'cartitem','6.5','なし',NULL,'','ピンクトルマリン',5500.00,0.00),(291,1478,182,165000.00,1,NULL,'cartitem','3',NULL,NULL,NULL,NULL,0.00,0.00),(292,1485,182,159500.00,1,NULL,'cartitem','11',NULL,NULL,NULL,NULL,0.00,0.00),(293,1527,183,154000.00,1,NULL,'cartitem','7.5',NULL,NULL,NULL,NULL,0.00,0.00),(294,750,184,748000.00,1,NULL,'cartitem','6',NULL,NULL,NULL,NULL,0.00,0.00),(295,1450,185,143000.00,1,NULL,'cartitem','16','なし',NULL,'','なし',0.00,11000.00),(296,1457,185,139700.00,1,NULL,'cartitem','7','なし',NULL,'','なし',0.00,0.00),(297,2243,186,297000.00,1,NULL,'cartitem','12',NULL,NULL,NULL,NULL,0.00,0.00),(298,2250,186,275000.00,1,NULL,'cartitem','8',NULL,NULL,NULL,NULL,0.00,0.00),(299,1487,187,170500.00,1,NULL,'cartitem','8.5',NULL,NULL,NULL,NULL,0.00,0.00),(300,1464,188,148500.00,1,NULL,'cartitem','17','あり','基本書体','MtoR','なし',0.00,22000.00),(301,1480,189,176000.00,1,NULL,'cartitem','7','あり','有料書体1','456','ダイヤモンド',11000.00,0.00),(302,1487,189,170500.00,1,NULL,'cartitem','10','あり','有料書体10','22','なし',5500.00,0.00),(311,2286,194,324500.00,1,NULL,'cartitem','11','なし',NULL,'','なし',0.00,0.00),(326,2066,200,176000.00,1,NULL,'cartitem','13',NULL,NULL,NULL,NULL,0.00,11000.00),(327,2079,200,176000.00,1,NULL,'cartitem','4',NULL,NULL,NULL,NULL,0.00,0.00),(353,2038,213,165000.00,1,NULL,'cartitem','13','なし',NULL,'','なし',0.00,11000.00),(354,1453,214,154000.00,1,NULL,'cartitem','7','なし',NULL,'','なし',0.00,0.00),(355,1457,214,139700.00,1,NULL,'cartitem','18','なし',NULL,'','なし',0.00,22000.00);

--
-- Table structure for table `dtb_category`
--

CREATE TABLE `dtb_category` (
  `id` int(10) unsigned NOT NULL AUTO_INCREMENT,
  `parent_category_id` int(10) unsigned DEFAULT NULL,
  `creator_id` int(10) unsigned DEFAULT NULL,
  `category_name` varchar(255) COLLATE utf8mb4_bin NOT NULL,
  `hierarchy` int(10) unsigned NOT NULL,
  `sort_no` int(11) NOT NULL,
  `create_date` datetime NOT NULL COMMENT '(DC2Type:datetimetz)',
  `update_date` datetime NOT NULL COMMENT '(DC2Type:datetimetz)',
  `discriminator_type` varchar(255) COLLATE utf8mb4_bin NOT NULL,
  `category_contents_area1` varchar(4000) COLLATE utf8mb4_bin DEFAULT NULL,
  `category_contents_area2` varchar(4000) COLLATE utf8mb4_bin DEFAULT NULL,
  PRIMARY KEY (`id`),
  KEY `IDX_5ED2C2B796A8F92` (`parent_category_id`),
  KEY `IDX_5ED2C2B61220EA6` (`creator_id`),
  CONSTRAINT `FK_5ED2C2B61220EA6` FOREIGN KEY (`creator_id`) REFERENCES `dtb_member` (`id`),
  CONSTRAINT `FK_5ED2C2B796A8F92` FOREIGN KEY (`parent_category_id`) REFERENCES `dtb_category` (`id`)
) ENGINE=InnoDB AUTO_INCREMENT=4 DEFAULT CHARSET=utf8mb4 COLLATE=utf8mb4_bin;

--
-- Dumping data for table `dtb_category`
--

INSERT INTO `dtb_category` VALUES (1,NULL,1,'Marriage ring 結婚指輪',1,3,'2023-12-04 05:31:39','2024-12-10 10:08:37','category','<h2 class=\"text-center pt-4\">日本製鍛造の匠の技で、後悔しない結婚指輪選びを</h2>','<div class=\"row py-4 text-center\">\r\n<p class=\"col-12 fs-4 <!--d-flex align-items-end justify-content-end-->\">”鍛造（たんぞう）フルオーダーメイド”で最高峰の結婚指輪を。</p>\r\n<p class=\"col-12 lh-lg <!--d-flex align-items-center-->\">私達、鍛造指輪株式会社®は、20年以上かけてお客様のお声を聞き<br class=\"d-none d-lg-inline\">\r\n【最高満足のビスポーク結婚指輪】を追い求め、創り続けてきました。<br>\r\n貴方が想い続けて探している結婚指輪、私達ならきっと創れます。</p>\r\n</div>'),(2,NULL,1,'Engagement ring 婚約指輪',1,2,'2023-12-04 05:31:39','2024-12-10 10:08:37','category','<h2 class=\"text-center pt-4\">流行に左右されない一生物の\r\n婚約指輪</h2>','<div class=\"row py-4 text-center\">\r\n<p class=\"col-12 fs-4 <!--d-flex align-items-end justify-content-end--> pb-5\">すべてはあなたの“想いを創る”ため<br>\r\n流行に左右されない一生物の婚約指輪</p>\r\n<p class=\"col-12 lh-lg <!--d-flex align-items-center-->\">婚約指輪は言うもでもなくダイヤモンドと枠でつくられています。<br>\r\nそのダイヤモンドと枠はそれぞれ最高のものでなくてはならないとTANZOは考えます。<br><br>\r\n婚約指輪の枠を軽視していませんか？<br>\r\n実は枠は簡単に変形したり、ダイヤモンドが落ちることもあります。<br>\r\nTANZOは婚約指輪の枠を３つのこだわりで製造しています。</p>\r\n</div>'),(3,NULL,1,'Anniversary Jewelry  アニバーサリージュエリー',1,1,'2024-12-10 10:08:32','2024-12-10 10:08:37','category','<h2 class=\"text-center pt-4\">大切な人に贈る記念品</h2>',NULL);

--
-- Table structure for table `dtb_class_category`
--

CREATE TABLE `dtb_class_category` (
  `id` int(10) unsigned NOT NULL AUTO_INCREMENT,
  `class_name_id` int(10) unsigned DEFAULT NULL,
  `creator_id` int(10) unsigned DEFAULT NULL,
  `backend_name` varchar(255) COLLATE utf8mb4_bin DEFAULT NULL,
  `name` varchar(255) COLLATE utf8mb4_bin NOT NULL,
  `sort_no` int(10) unsigned NOT NULL,
  `visible` tinyint(1) NOT NULL DEFAULT '1',
  `create_date` datetime NOT NULL COMMENT '(DC2Type:datetimetz)',
  `update_date` datetime NOT NULL COMMENT '(DC2Type:datetimetz)',
  `discriminator_type` varchar(255) COLLATE utf8mb4_bin NOT NULL,
  PRIMARY KEY (`id`),
  KEY `IDX_9B0D1DBAB462FB2A` (`class_name_id`),
  KEY `IDX_9B0D1DBA61220EA6` (`creator_id`),
  CONSTRAINT `FK_9B0D1DBA61220EA6` FOREIGN KEY (`creator_id`) REFERENCES `dtb_member` (`id`),
  CONSTRAINT `FK_9B0D1DBAB462FB2A` FOREIGN KEY (`class_name_id`) REFERENCES `dtb_class_name` (`id`)
) ENGINE=InnoDB AUTO_INCREMENT=28 DEFAULT CHARSET=utf8mb4 COLLATE=utf8mb4_bin;

--
-- Dumping data for table `dtb_class_category`
--

INSERT INTO `dtb_class_category` VALUES (1,1,1,'左のリング','左のリング',2,1,'2023-12-04 05:31:39','2024-02-06 07:28:12','classcategory'),(2,1,1,'右のリング','右のリング',1,1,'2023-12-04 05:31:39','2024-02-06 07:28:27','classcategory'),(3,2,1,'プラチナ','プラチナ(Pt900)',13,1,'2023-12-04 05:31:39','2024-08-09 07:17:50','classcategory'),(4,2,1,'ホワイトゴールド','ホワイトゴールド(K18)',12,1,'2023-12-04 05:31:39','2024-08-09 07:18:27','classcategory'),(5,2,1,'シャンパンゴールド','シャンパンゴールド(K18)',11,1,'2023-12-04 05:31:39','2024-08-09 07:18:33','classcategory'),(6,2,1,'コーラルゴールド','コーラルゴールド(K18)',10,1,'2023-12-04 05:31:39','2024-08-09 07:18:40','classcategory'),(7,2,1,'ピンクゴールド','ピンクゴールド(K18)',8,1,'2024-01-23 03:14:43','2024-08-09 07:18:50','classcategory'),(8,2,1,'イエローゴールド','イエローゴールド(K18)',9,1,'2024-01-23 03:14:57','2024-08-09 07:18:45','classcategory'),(9,2,1,'グリーンゴールド','グリーンゴールド(K18)',7,1,'2024-01-23 03:15:11','2024-08-09 07:18:56','classcategory'),(10,3,1,'0.50ct,D,VVS1,3E','0.50ct,D,VVS1,3E',1,1,'2024-03-26 08:51:44','2024-07-11 02:34:48','classcategory'),(11,3,1,'0.50ct,F,VS1,3E','0.50ct,F,VS1,3E',2,1,'2024-03-26 08:51:53','2024-07-11 02:34:48','classcategory'),(12,3,1,'0.40ct,D,VVS1,3E','0.40ct,D,VVS1,3E',3,1,'2024-03-26 08:52:05','2024-07-11 02:34:48','classcategory'),(13,3,1,'0.40ct,F,VS1,3E','0.40ct,F,VS1,3E',4,1,'2024-03-26 08:52:19','2024-07-11 02:34:48','classcategory'),(14,3,1,'0.30ct,D,VVS1,3E','0.30ct,D,VVS1,3E',5,1,'2024-03-26 08:52:36','2024-07-11 02:34:48','classcategory'),(15,3,1,'0.30ct,F,VS1,3E','0.30ct,F,VS1,3E',6,1,'2024-03-26 08:52:43','2024-07-31 06:52:27','classcategory'),(16,3,1,'0.25ct,D,VVS1,3E','0.25ct,D,VVS1,3E',7,1,'2024-05-16 02:32:47','2024-07-11 02:34:48','classcategory'),(17,3,1,'0.25ct,F,VS1,3E','0.25ct,F,VS1,3E',8,1,'2024-05-16 02:32:58','2024-07-11 02:34:48','classcategory'),(18,3,1,'0.20ct,D,VVS1,3E','0.20ct,D,VVS1,3E',9,1,'2024-05-16 02:33:06','2024-07-11 02:34:48','classcategory'),(19,3,1,'0.20ct,F,VS1,3E','0.20ct,F,VS1,3E',10,1,'2024-05-16 02:33:14','2024-07-11 02:34:48','classcategory'),(20,2,1,'プラチナ×ホワイトゴールド','プラチナ(Pt900)×ホワイトゴールド(K18)',6,1,'2024-07-16 02:56:03','2024-08-09 07:21:19','classcategory'),(21,2,1,'プラチナ×シャンパンゴールド','プラチナ(Pt900)×シャンパンゴールド(K18)',5,1,'2024-07-16 02:56:17','2024-08-09 07:21:26','classcategory'),(22,2,1,'プラチナ×コーラルゴールド','プラチナ(Pt900)×コーラルゴールド(K18)',4,1,'2024-07-16 02:56:35','2024-08-09 07:21:32','classcategory'),(23,2,1,'プラチナ×イエローゴールド','プラチナ(Pt900)×イエローゴールド(K18)',3,1,'2024-07-16 02:56:47','2024-08-09 07:21:42','classcategory'),(24,2,1,'プラチナ×ピンクゴールド','プラチナ(Pt900)×ピンクゴールド(K18)',3,1,'2024-07-16 02:56:58','2024-08-09 07:21:47','classcategory'),(25,2,1,'プラチナ×グリーンゴールド','プラチナ(Pt900)×グリーンゴールド(K18)',2,1,'2024-07-16 02:57:14','2024-08-09 07:21:52','classcategory'),(26,2,1,'ゴールド×ゴールド（備考欄にご記入ください）','ゴールド(K18)×ゴールド(K18)（希望のゴールドを備考欄にご記入ください）',1,1,'2024-07-16 02:57:34','2024-08-09 07:20:54','classcategory'),(27,2,1,'シルバー(SV925)','シルバー(SV925)',14,1,'2024-09-27 09:23:19','2024-09-27 09:23:19','classcategory');

--
-- Table structure for table `dtb_class_name`
--

CREATE TABLE `dtb_class_name` (
  `id` int(10) unsigned NOT NULL AUTO_INCREMENT,
  `creator_id` int(10) unsigned DEFAULT NULL,
  `backend_name` varchar(255) COLLATE utf8mb4_bin DEFAULT NULL,
  `name` varchar(255) COLLATE utf8mb4_bin NOT NULL,
  `sort_no` int(10) unsigned NOT NULL,
  `create_date` datetime NOT NULL COMMENT '(DC2Type:datetimetz)',
  `update_date` datetime NOT NULL COMMENT '(DC2Type:datetimetz)',
  `discriminator_type` varchar(255) COLLATE utf8mb4_bin NOT NULL,
  PRIMARY KEY (`id`),
  KEY `IDX_187C95AD61220EA6` (`creator_id`),
  CONSTRAINT `FK_187C95AD61220EA6` FOREIGN KEY (`creator_id`) REFERENCES `dtb_member` (`id`)
) ENGINE=InnoDB AUTO_INCREMENT=4 DEFAULT CHARSET=utf8mb4 COLLATE=utf8mb4_bin;

--
-- Dumping data for table `dtb_class_name`
--

INSERT INTO `dtb_class_name` VALUES (1,1,'タイプ','タイプ',1,'2023-12-04 05:31:39','2024-01-23 02:48:00','classname'),(2,1,'素材','素材',2,'2023-12-04 05:31:39','2024-01-23 03:07:43','classname'),(3,1,'ダイヤモンド','ダイヤモンド',3,'2024-03-26 08:49:14','2024-04-05 05:38:09','classname');

--
-- Table structure for table `dtb_csv`
--

CREATE TABLE `dtb_csv` (
  `id` int(10) unsigned NOT NULL AUTO_INCREMENT,
  `csv_type_id` smallint(5) unsigned DEFAULT NULL,
  `creator_id` int(10) unsigned DEFAULT NULL,
  `entity_name` varchar(255) COLLATE utf8mb4_bin NOT NULL,
  `field_name` varchar(255) COLLATE utf8mb4_bin NOT NULL,
  `reference_field_name` varchar(255) COLLATE utf8mb4_bin DEFAULT NULL,
  `disp_name` varchar(255) COLLATE utf8mb4_bin NOT NULL,
  `sort_no` smallint(5) unsigned NOT NULL,
  `enabled` tinyint(1) NOT NULL DEFAULT '1',
  `create_date` datetime NOT NULL COMMENT '(DC2Type:datetimetz)',
  `update_date` datetime NOT NULL COMMENT '(DC2Type:datetimetz)',
  `discriminator_type` varchar(255) COLLATE utf8mb4_bin NOT NULL,
  PRIMARY KEY (`id`),
  KEY `IDX_F55F48C3E8507796` (`csv_type_id`),
  KEY `IDX_F55F48C361220EA6` (`creator_id`),
  CONSTRAINT `FK_F55F48C361220EA6` FOREIGN KEY (`creator_id`) REFERENCES `dtb_member` (`id`),
  CONSTRAINT `FK_F55F48C3E8507796` FOREIGN KEY (`csv_type_id`) REFERENCES `mtb_csv_type` (`id`)
) ENGINE=InnoDB AUTO_INCREMENT=331 DEFAULT CHARSET=utf8mb4 COLLATE=utf8mb4_bin;

--
-- Dumping data for table `dtb_csv`
--

INSERT INTO `dtb_csv` VALUES (1,1,NULL,'Eccube\\\\Entity\\\\Product','id',NULL,'商品ID',1,1,'2023-12-04 05:31:39','2023-12-04 05:31:39','csv'),(2,1,NULL,'Eccube\\\\Entity\\\\Product','Status','id','公開ステータス(ID)',2,1,'2023-12-04 05:31:39','2023-12-04 05:31:39','csv'),(3,1,NULL,'Eccube\\\\Entity\\\\Product','Status','name','公開ステータス(名称)',3,1,'2023-12-04 05:31:39','2023-12-04 05:31:39','csv'),(4,1,NULL,'Eccube\\\\Entity\\\\Product','name',NULL,'商品名',4,1,'2023-12-04 05:31:39','2023-12-04 05:31:39','csv'),(5,1,NULL,'Eccube\\\\Entity\\\\Product','note',NULL,'ショップ用メモ欄',5,1,'2023-12-04 05:31:39','2023-12-04 05:31:39','csv'),(6,1,NULL,'Eccube\\\\Entity\\\\Product','description_list',NULL,'商品説明(一覧)',6,1,'2023-12-04 05:31:39','2023-12-04 05:31:39','csv'),(7,1,NULL,'Eccube\\\\Entity\\\\Product','description_detail',NULL,'商品説明(詳細)',7,1,'2023-12-04 05:31:39','2023-12-04 05:31:39','csv'),(8,1,NULL,'Eccube\\\\Entity\\\\Product','search_word',NULL,'検索ワード',8,1,'2023-12-04 05:31:39','2023-12-04 05:31:39','csv'),(9,1,NULL,'Eccube\\\\Entity\\\\Product','free_area',NULL,'フリーエリア',9,1,'2023-12-04 05:31:39','2023-12-04 05:31:39','csv'),(10,1,NULL,'Eccube\\\\Entity\\\\ProductClass','id',NULL,'商品規格ID',10,1,'2023-12-04 05:31:39','2023-12-04 05:31:39','csv'),(11,1,NULL,'Eccube\\\\Entity\\\\ProductClass','SaleType','id','販売種別(ID)',11,1,'2023-12-04 05:31:39','2023-12-04 05:31:39','csv'),(12,1,NULL,'Eccube\\\\Entity\\\\ProductClass','SaleType','name','販売種別(名称)',12,1,'2023-12-04 05:31:39','2023-12-04 05:31:39','csv'),(13,1,NULL,'Eccube\\\\Entity\\\\ProductClass','ClassCategory1','id','規格分類1(ID)',13,1,'2023-12-04 05:31:39','2023-12-04 05:31:39','csv'),(14,1,NULL,'Eccube\\\\Entity\\\\ProductClass','ClassCategory1','name','規格分類1(名称)',14,1,'2023-12-04 05:31:39','2023-12-04 05:31:39','csv'),(15,1,NULL,'Eccube\\\\Entity\\\\ProductClass','ClassCategory2','id','規格分類2(ID)',15,1,'2023-12-04 05:31:39','2023-12-04 05:31:39','csv'),(16,1,NULL,'Eccube\\\\Entity\\\\ProductClass','ClassCategory2','name','規格分類2(名称)',16,1,'2023-12-04 05:31:39','2023-12-04 05:31:39','csv'),(17,1,NULL,'Eccube\\\\Entity\\\\ProductClass','DeliveryDuration','id','発送日目安(ID)',17,1,'2023-12-04 05:31:39','2023-12-04 05:31:39','csv'),(18,1,NULL,'Eccube\\\\Entity\\\\ProductClass','DeliveryDuration','name','発送日目安(名称)',18,1,'2023-12-04 05:31:39','2023-12-04 05:31:39','csv'),(19,1,NULL,'Eccube\\\\Entity\\\\ProductClass','code',NULL,'商品コード',19,1,'2023-12-04 05:31:39','2023-12-04 05:31:39','csv'),(20,1,NULL,'Eccube\\\\Entity\\\\ProductClass','stock',NULL,'在庫数',20,1,'2023-12-04 05:31:39','2023-12-04 05:31:39','csv'),(21,1,NULL,'Eccube\\\\Entity\\\\ProductClass','stock_unlimited',NULL,'在庫数無制限フラグ',21,1,'2023-12-04 05:31:39','2023-12-04 05:31:39','csv'),(22,1,NULL,'Eccube\\\\Entity\\\\ProductClass','sale_limit',NULL,'販売制限数',22,1,'2023-12-04 05:31:39','2023-12-04 05:31:39','csv'),(23,1,NULL,'Eccube\\\\Entity\\\\ProductClass','price01',NULL,'通常価格',23,1,'2023-12-04 05:31:39','2023-12-04 05:31:39','csv'),(24,1,NULL,'Eccube\\\\Entity\\\\ProductClass','price02',NULL,'販売価格',24,1,'2023-12-04 05:31:39','2023-12-04 05:31:39','csv'),(25,1,NULL,'Eccube\\\\Entity\\\\ProductClass','delivery_fee',NULL,'送料',25,0,'2023-12-04 05:31:39','2023-12-04 05:31:39','csv'),(26,1,NULL,'Eccube\\\\Entity\\\\Product','ProductImage','file_name','商品画像',26,1,'2023-12-04 05:31:39','2023-12-04 05:31:39','csv'),(27,1,NULL,'Eccube\\\\Entity\\\\Product','ProductCategories','category_id','商品カテゴリ(ID)',27,1,'2023-12-04 05:31:39','2023-12-04 05:31:39','csv'),(28,1,NULL,'Eccube\\\\Entity\\\\Product','ProductCategories','Category','商品カテゴリ(名称)',28,1,'2023-12-04 05:31:39','2023-12-04 05:31:39','csv'),(29,1,NULL,'Eccube\\\\Entity\\\\Product','ProductTag','tag_id','タグ(ID)',29,1,'2023-12-04 05:31:39','2023-12-04 05:31:39','csv'),(30,1,NULL,'Eccube\\\\Entity\\\\Product','ProductTag','Tag','タグ(名称)',30,1,'2023-12-04 05:31:39','2023-12-04 05:31:39','csv'),(31,2,NULL,'Eccube\\\\Entity\\\\Customer','id',NULL,'会員ID',1,1,'2023-12-04 05:31:39','2023-12-04 05:31:39','csv'),(32,2,NULL,'Eccube\\\\Entity\\\\Customer','name01',NULL,'お名前(姓)',2,1,'2023-12-04 05:31:39','2023-12-04 05:31:39','csv'),(33,2,NULL,'Eccube\\\\Entity\\\\Customer','name02',NULL,'お名前(名)',3,1,'2023-12-04 05:31:39','2023-12-04 05:31:39','csv'),(34,2,NULL,'Eccube\\\\Entity\\\\Customer','kana01',NULL,'お名前(セイ)',4,1,'2023-12-04 05:31:39','2023-12-04 05:31:39','csv'),(35,2,NULL,'Eccube\\\\Entity\\\\Customer','kana02',NULL,'お名前(メイ)',5,1,'2023-12-04 05:31:39','2023-12-04 05:31:39','csv'),(36,2,NULL,'Eccube\\\\Entity\\\\Customer','company_name',NULL,'会社名',6,1,'2023-12-04 05:31:39','2023-12-04 05:31:39','csv'),(37,2,NULL,'Eccube\\\\Entity\\\\Customer','postal_code',NULL,'郵便番号',7,1,'2023-12-04 05:31:39','2023-12-04 05:31:39','csv'),(38,2,NULL,'Eccube\\\\Entity\\\\Customer','Pref','id','都道府県(ID)',9,1,'2023-12-04 05:31:39','2023-12-04 05:31:39','csv'),(39,2,NULL,'Eccube\\\\Entity\\\\Customer','Pref','name','都道府県(名称)',10,1,'2023-12-04 05:31:39','2023-12-04 05:31:39','csv'),(40,2,NULL,'Eccube\\\\Entity\\\\Customer','addr01',NULL,'住所1',11,1,'2023-12-04 05:31:39','2023-12-04 05:31:39','csv'),(41,2,NULL,'Eccube\\\\Entity\\\\Customer','addr02',NULL,'住所2',12,1,'2023-12-04 05:31:39','2023-12-04 05:31:39','csv'),(42,2,NULL,'Eccube\\\\Entity\\\\Customer','email',NULL,'メールアドレス',13,1,'2023-12-04 05:31:39','2023-12-04 05:31:39','csv'),(43,2,NULL,'Eccube\\\\Entity\\\\Customer','phone_number',NULL,'TEL',14,1,'2023-12-04 05:31:39','2023-12-04 05:31:39','csv'),(44,2,NULL,'Eccube\\\\Entity\\\\Customer','Sex','id','性別(ID)',20,1,'2023-12-04 05:31:39','2023-12-04 05:31:39','csv'),(45,2,NULL,'Eccube\\\\Entity\\\\Customer','Sex','name','性別(名称)',21,1,'2023-12-04 05:31:39','2023-12-04 05:31:39','csv'),(46,2,NULL,'Eccube\\\\Entity\\\\Customer','Job','id','職業(ID)',22,1,'2023-12-04 05:31:39','2023-12-04 05:31:39','csv'),(47,2,NULL,'Eccube\\\\Entity\\\\Customer','Job','name','職業(名称)',23,1,'2023-12-04 05:31:39','2023-12-04 05:31:39','csv'),(48,2,NULL,'Eccube\\\\Entity\\\\Customer','birth',NULL,'誕生日',24,1,'2023-12-04 05:31:39','2023-12-04 05:31:39','csv'),(49,2,NULL,'Eccube\\\\Entity\\\\Customer','first_buy_date',NULL,'初回購入日',25,1,'2023-12-04 05:31:39','2023-12-04 05:31:39','csv'),(50,2,NULL,'Eccube\\\\Entity\\\\Customer','last_buy_date',NULL,'最終購入日',26,1,'2023-12-04 05:31:39','2023-12-04 05:31:39','csv'),(51,2,NULL,'Eccube\\\\Entity\\\\Customer','buy_times',NULL,'購入回数',27,1,'2023-12-04 05:31:39','2023-12-04 05:31:39','csv'),(52,2,NULL,'Eccube\\\\Entity\\\\Customer','note',NULL,'ショップ用メモ欄',28,1,'2023-12-04 05:31:39','2023-12-04 05:31:39','csv'),(53,2,NULL,'Eccube\\\\Entity\\\\Customer','Status','id','会員ステータス(ID)',29,1,'2023-12-04 05:31:39','2023-12-04 05:31:39','csv'),(54,2,NULL,'Eccube\\\\Entity\\\\Customer','Status','name','会員ステータス(名称)',30,1,'2023-12-04 05:31:39','2023-12-04 05:31:39','csv'),(55,2,NULL,'Eccube\\\\Entity\\\\Customer','create_date',NULL,'登録日',31,1,'2023-12-04 05:31:39','2023-12-04 05:31:39','csv'),(56,2,NULL,'Eccube\\\\Entity\\\\Customer','update_date',NULL,'更新日',32,1,'2023-12-04 05:31:39','2023-12-04 05:31:39','csv'),(57,3,NULL,'Eccube\\\\Entity\\\\Order','id',NULL,'注文ID',1,1,'2023-12-04 05:31:39','2023-12-04 05:31:39','csv'),(58,3,NULL,'Eccube\\\\Entity\\\\Order','order_no',NULL,'注文番号',2,1,'2023-12-04 05:31:39','2023-12-04 05:31:39','csv'),(59,3,NULL,'Eccube\\\\Entity\\\\Order','Customer','id','会員ID',3,1,'2023-12-04 05:31:39','2023-12-04 05:31:39','csv'),(60,3,NULL,'Eccube\\\\Entity\\\\Order','name01',NULL,'お名前(姓)',4,1,'2023-12-04 05:31:39','2023-12-04 05:31:39','csv'),(61,3,NULL,'Eccube\\\\Entity\\\\Order','name02',NULL,'お名前(名)',5,1,'2023-12-04 05:31:39','2023-12-04 05:31:39','csv'),(62,3,NULL,'Eccube\\\\Entity\\\\Order','kana01',NULL,'お名前(セイ)',6,1,'2023-12-04 05:31:39','2023-12-04 05:31:39','csv'),(63,3,NULL,'Eccube\\\\Entity\\\\Order','kana02',NULL,'お名前(メイ)',7,1,'2023-12-04 05:31:39','2023-12-04 05:31:39','csv'),(64,3,NULL,'Eccube\\\\Entity\\\\Order','company_name',NULL,'会社名',8,1,'2023-12-04 05:31:39','2023-12-04 05:31:39','csv'),(65,3,NULL,'Eccube\\\\Entity\\\\Order','postal_code',NULL,'郵便番号',9,1,'2023-12-04 05:31:39','2023-12-04 05:31:39','csv'),(66,3,NULL,'Eccube\\\\Entity\\\\Order','Pref','id','都道府県(ID)',10,1,'2023-12-04 05:31:39','2023-12-04 05:31:39','csv'),(67,3,NULL,'Eccube\\\\Entity\\\\Order','Pref','name','都道府県(名称)',11,1,'2023-12-04 05:31:39','2023-12-04 05:31:39','csv'),(68,3,NULL,'Eccube\\\\Entity\\\\Order','addr01',NULL,'住所1',12,1,'2023-12-04 05:31:39','2023-12-04 05:31:39','csv'),(69,3,NULL,'Eccube\\\\Entity\\\\Order','addr02',NULL,'住所2',13,1,'2023-12-04 05:31:39','2023-12-04 05:31:39','csv'),(70,3,NULL,'Eccube\\\\Entity\\\\Order','email',NULL,'メールアドレス',14,1,'2023-12-04 05:31:39','2023-12-04 05:31:39','csv'),(71,3,NULL,'Eccube\\\\Entity\\\\Order','phone_number',NULL,'TEL',15,1,'2023-12-04 05:31:39','2023-12-04 05:31:39','csv'),(72,3,NULL,'Eccube\\\\Entity\\\\Order','Sex','id','性別(ID)',16,1,'2023-12-04 05:31:39','2023-12-04 05:31:39','csv'),(73,3,NULL,'Eccube\\\\Entity\\\\Order','Sex','name','性別(名称)',17,1,'2023-12-04 05:31:39','2023-12-04 05:31:39','csv'),(74,3,NULL,'Eccube\\\\Entity\\\\Order','Job','id','職業(ID)',18,1,'2023-12-04 05:31:39','2023-12-04 05:31:39','csv'),(75,3,NULL,'Eccube\\\\Entity\\\\Order','Job','name','職業(名称)',19,1,'2023-12-04 05:31:39','2023-12-04 05:31:39','csv'),(76,3,NULL,'Eccube\\\\Entity\\\\Order','birth',NULL,'誕生日',20,1,'2023-12-04 05:31:39','2023-12-04 05:31:39','csv'),(77,3,NULL,'Eccube\\\\Entity\\\\Order','note',NULL,'ショップ用メモ欄',21,1,'2023-12-04 05:31:39','2023-12-04 05:31:39','csv'),(78,3,NULL,'Eccube\\\\Entity\\\\Order','subtotal',NULL,'小計',22,1,'2023-12-04 05:31:39','2023-12-04 05:31:39','csv'),(79,3,NULL,'Eccube\\\\Entity\\\\Order','discount',NULL,'値引き',23,1,'2023-12-04 05:31:39','2023-12-04 05:31:39','csv'),(80,3,NULL,'Eccube\\\\Entity\\\\Order','delivery_fee_total',NULL,'送料',24,1,'2023-12-04 05:31:39','2023-12-04 05:31:39','csv'),(81,3,NULL,'Eccube\\\\Entity\\\\Order','tax',NULL,'税金',25,1,'2023-12-04 05:31:39','2023-12-04 05:31:39','csv'),(82,3,NULL,'Eccube\\\\Entity\\\\Order','total',NULL,'合計',26,1,'2023-12-04 05:31:39','2023-12-04 05:31:39','csv'),(83,3,NULL,'Eccube\\\\Entity\\\\Order','payment_total',NULL,'支払合計',27,1,'2023-12-04 05:31:39','2023-12-04 05:31:39','csv'),(84,3,NULL,'Eccube\\\\Entity\\\\Order','OrderStatus','id','対応状況(ID)',28,1,'2023-12-04 05:31:39','2023-12-04 05:31:39','csv'),(85,3,NULL,'Eccube\\\\Entity\\\\Order','OrderStatus','name','対応状況(名称)',29,1,'2023-12-04 05:31:39','2023-12-04 05:31:39','csv'),(86,3,NULL,'Eccube\\\\Entity\\\\Order','Payment','id','支払方法(ID)',30,1,'2023-12-04 05:31:39','2023-12-04 05:31:39','csv'),(87,3,NULL,'Eccube\\\\Entity\\\\Order','payment_method',NULL,'支払方法(名称)',31,1,'2023-12-04 05:31:39','2023-12-04 05:31:39','csv'),(88,3,NULL,'Eccube\\\\Entity\\\\Order','order_date',NULL,'受注日',32,1,'2023-12-04 05:31:39','2023-12-04 05:31:39','csv'),(89,3,NULL,'Eccube\\\\Entity\\\\Order','payment_date',NULL,'入金日',33,1,'2023-12-04 05:31:39','2023-12-04 05:31:39','csv'),(90,3,NULL,'Eccube\\\\Entity\\\\OrderItem','id',NULL,'注文詳細ID',34,1,'2023-12-04 05:31:39','2023-12-04 05:31:39','csv'),(91,3,NULL,'Eccube\\\\Entity\\\\OrderItem','Product','id','商品ID',35,1,'2023-12-04 05:31:39','2023-12-04 05:31:39','csv'),(92,3,NULL,'Eccube\\\\Entity\\\\OrderItem','ProductClass','id','商品規格ID',36,1,'2023-12-04 05:31:39','2023-12-04 05:31:39','csv'),(93,3,NULL,'Eccube\\\\Entity\\\\OrderItem','product_name',NULL,'商品名',37,1,'2023-12-04 05:31:39','2023-12-04 05:31:39','csv'),(94,3,NULL,'Eccube\\\\Entity\\\\OrderItem','product_code',NULL,'商品コード',38,1,'2023-12-04 05:31:39','2023-12-04 05:31:39','csv'),(95,3,NULL,'Eccube\\\\Entity\\\\OrderItem','class_name1',NULL,'規格名1',39,1,'2023-12-04 05:31:39','2023-12-04 05:31:39','csv'),(96,3,NULL,'Eccube\\\\Entity\\\\OrderItem','class_name2',NULL,'規格名2',40,1,'2023-12-04 05:31:39','2023-12-04 05:31:39','csv'),(97,3,NULL,'Eccube\\\\Entity\\\\OrderItem','class_category_name1',NULL,'規格分類名1',41,1,'2023-12-04 05:31:39','2023-12-04 05:31:39','csv'),(98,3,NULL,'Eccube\\\\Entity\\\\OrderItem','class_category_name2',NULL,'規格分類名2',42,1,'2023-12-04 05:31:39','2023-12-04 05:31:39','csv'),(99,3,1,'Eccube\\\\Entity\\\\OrderItem','price',NULL,'価格(税抜)',48,1,'2023-12-04 05:31:39','2024-03-30 09:19:58','csv'),(100,3,1,'Eccube\\\\Entity\\\\OrderItem','quantity',NULL,'個数',49,1,'2023-12-04 05:31:39','2024-03-30 09:19:58','csv'),(101,3,1,'Eccube\\\\Entity\\\\OrderItem','tax_rate',NULL,'税率',50,1,'2023-12-04 05:31:39','2024-03-30 09:19:58','csv'),(102,3,1,'Eccube\\\\Entity\\\\OrderItem','tax_rule',NULL,'税率ルール(ID)',51,1,'2023-12-04 05:31:39','2024-03-30 09:19:58','csv'),(103,3,1,'Eccube\\\\Entity\\\\OrderItem','OrderItemType','id','明細区分(ID)',52,1,'2023-12-04 05:31:39','2024-03-30 09:19:58','csv'),(104,3,1,'Eccube\\\\Entity\\\\OrderItem','OrderItemType','name','明細区分(名称)',53,1,'2023-12-04 05:31:39','2024-03-30 09:19:58','csv'),(105,3,1,'Eccube\\\\Entity\\\\Shipping','id',NULL,'出荷ID',54,1,'2023-12-04 05:31:39','2024-03-30 09:19:58','csv'),(106,3,1,'Eccube\\\\Entity\\\\Shipping','name01',NULL,'配送先_お名前(姓)',55,1,'2023-12-04 05:31:39','2024-03-30 09:19:58','csv'),(107,3,1,'Eccube\\\\Entity\\\\Shipping','name02',NULL,'配送先_お名前(名)',56,1,'2023-12-04 05:31:39','2024-03-30 09:19:58','csv'),(108,3,1,'Eccube\\\\Entity\\\\Shipping','kana01',NULL,'配送先_お名前(セイ)',57,1,'2023-12-04 05:31:39','2024-03-30 09:19:58','csv'),(109,3,1,'Eccube\\\\Entity\\\\Shipping','kana02',NULL,'配送先_お名前(メイ)',58,1,'2023-12-04 05:31:39','2024-03-30 09:19:58','csv'),(110,3,1,'Eccube\\\\Entity\\\\Shipping','company_name',NULL,'配送先_会社名',59,1,'2023-12-04 05:31:39','2024-03-30 09:19:58','csv'),(111,3,1,'Eccube\\\\Entity\\\\Shipping','postal_code',NULL,'配送先_郵便番号',60,1,'2023-12-04 05:31:39','2024-03-30 09:19:58','csv'),(112,3,1,'Eccube\\\\Entity\\\\Shipping','Pref','id','配送先_都道府県(ID)',61,1,'2023-12-04 05:31:39','2024-03-30 09:19:58','csv'),(113,3,1,'Eccube\\\\Entity\\\\Shipping','Pref','name','配送先_都道府県(名称)',62,1,'2023-12-04 05:31:39','2024-03-30 09:19:58','csv'),(114,3,1,'Eccube\\\\Entity\\\\Shipping','addr01',NULL,'配送先_住所1',63,1,'2023-12-04 05:31:39','2024-03-30 09:19:58','csv'),(115,3,1,'Eccube\\\\Entity\\\\Shipping','addr02',NULL,'配送先_住所2',64,1,'2023-12-04 05:31:39','2024-03-30 09:19:58','csv'),(116,3,1,'Eccube\\\\Entity\\\\Shipping','phone_number',NULL,'配送先_TEL',65,1,'2023-12-04 05:31:39','2024-03-30 09:19:58','csv'),(117,3,1,'Eccube\\\\Entity\\\\Shipping','Delivery','id','配送業者(ID)',66,1,'2023-12-04 05:31:39','2024-03-30 09:19:58','csv'),(118,3,1,'Eccube\\\\Entity\\\\Shipping','shipping_delivery_name',NULL,'配送業者(名称)',67,1,'2023-12-04 05:31:39','2024-03-30 09:19:58','csv'),(119,3,1,'Eccube\\\\Entity\\\\Shipping','time_id',NULL,'お届け時間ID',68,1,'2023-12-04 05:31:39','2024-03-30 09:19:58','csv'),(120,3,1,'Eccube\\\\Entity\\\\Shipping','shipping_delivery_time',NULL,'お届け時間(名称)',69,1,'2023-12-04 05:31:39','2024-03-30 09:19:58','csv'),(121,3,1,'Eccube\\\\Entity\\\\Shipping','shipping_delivery_date',NULL,'お届け希望日',70,1,'2023-12-04 05:31:39','2024-03-30 09:19:58','csv'),(123,3,1,'Eccube\\\\Entity\\\\Shipping','shipping_delivery_fee',NULL,'送料',71,1,'2023-12-04 05:31:39','2024-03-30 09:19:58','csv'),(124,3,1,'Eccube\\\\Entity\\\\Shipping','shipping_date',NULL,'発送日',72,1,'2023-12-04 05:31:39','2024-03-30 09:19:58','csv'),(125,3,1,'Eccube\\\\Entity\\\\Shipping','tracking_number',NULL,'出荷伝票番号',73,1,'2023-12-04 05:31:39','2024-03-30 09:19:58','csv'),(126,3,1,'Eccube\\\\Entity\\\\Shipping','note',NULL,'配達用メモ',74,1,'2023-12-04 05:31:39','2024-03-30 09:19:58','csv'),(127,3,1,'Eccube\\\\Entity\\\\Shipping','mail_send_date',NULL,'出荷メール送信日',75,1,'2023-12-04 05:31:39','2024-03-30 09:19:58','csv'),(128,4,NULL,'Eccube\\\\Entity\\\\Order','id',NULL,'注文ID',1,1,'2023-12-04 05:31:39','2023-12-04 05:31:39','csv'),(129,4,NULL,'Eccube\\\\Entity\\\\Order','order_no',NULL,'注文番号',2,1,'2023-12-04 05:31:39','2023-12-04 05:31:39','csv'),(130,4,NULL,'Eccube\\\\Entity\\\\Order','Customer','id','会員ID',3,1,'2023-12-04 05:31:39','2023-12-04 05:31:39','csv'),(131,4,NULL,'Eccube\\\\Entity\\\\Order','name01',NULL,'お名前(姓)',4,1,'2023-12-04 05:31:39','2023-12-04 05:31:39','csv'),(132,4,NULL,'Eccube\\\\Entity\\\\Order','name02',NULL,'お名前(名)',5,1,'2023-12-04 05:31:39','2023-12-04 05:31:39','csv'),(133,4,NULL,'Eccube\\\\Entity\\\\Order','kana01',NULL,'お名前(セイ)',6,1,'2023-12-04 05:31:39','2023-12-04 05:31:39','csv'),(134,4,NULL,'Eccube\\\\Entity\\\\Order','kana02',NULL,'お名前(メイ)',7,1,'2023-12-04 05:31:39','2023-12-04 05:31:39','csv'),(135,4,NULL,'Eccube\\\\Entity\\\\Order','company_name',NULL,'会社名',8,1,'2023-12-04 05:31:39','2023-12-04 05:31:39','csv'),(136,4,NULL,'Eccube\\\\Entity\\\\Order','postal_code',NULL,'郵便番号',9,1,'2023-12-04 05:31:39','2023-12-04 05:31:39','csv'),(137,4,NULL,'Eccube\\\\Entity\\\\Order','Pref','id','都道府県(ID)',10,1,'2023-12-04 05:31:39','2023-12-04 05:31:39','csv'),(138,4,NULL,'Eccube\\\\Entity\\\\Order','Pref','name','都道府県(名称)',11,1,'2023-12-04 05:31:39','2023-12-04 05:31:39','csv'),(139,4,NULL,'Eccube\\\\Entity\\\\Order','addr01',NULL,'住所1',12,1,'2023-12-04 05:31:39','2023-12-04 05:31:39','csv'),(140,4,NULL,'Eccube\\\\Entity\\\\Order','addr02',NULL,'住所2',13,1,'2023-12-04 05:31:39','2023-12-04 05:31:39','csv'),(141,4,NULL,'Eccube\\\\Entity\\\\Order','email',NULL,'メールアドレス',14,1,'2023-12-04 05:31:39','2023-12-04 05:31:39','csv'),(142,4,NULL,'Eccube\\\\Entity\\\\Order','phone_number',NULL,'TEL',15,1,'2023-12-04 05:31:39','2023-12-04 05:31:39','csv'),(143,4,NULL,'Eccube\\\\Entity\\\\Order','Sex','id','性別(ID)',16,1,'2023-12-04 05:31:39','2023-12-04 05:31:39','csv'),(144,4,NULL,'Eccube\\\\Entity\\\\Order','Sex','name','性別(名称)',17,1,'2023-12-04 05:31:39','2023-12-04 05:31:39','csv'),(145,4,NULL,'Eccube\\\\Entity\\\\Order','Job','id','職業(ID)',18,1,'2023-12-04 05:31:39','2023-12-04 05:31:39','csv'),(146,4,NULL,'Eccube\\\\Entity\\\\Order','Job','name','職業(名称)',19,1,'2023-12-04 05:31:39','2023-12-04 05:31:39','csv'),(147,4,NULL,'Eccube\\\\Entity\\\\Order','birth',NULL,'誕生日',20,1,'2023-12-04 05:31:39','2023-12-04 05:31:39','csv'),(148,4,NULL,'Eccube\\\\Entity\\\\Order','note',NULL,'ショップ用メモ欄',21,1,'2023-12-04 05:31:39','2023-12-04 05:31:39','csv'),(149,4,NULL,'Eccube\\\\Entity\\\\Order','subtotal',NULL,'小計',22,1,'2023-12-04 05:31:39','2023-12-04 05:31:39','csv'),(150,4,NULL,'Eccube\\\\Entity\\\\Order','discount',NULL,'値引き',23,1,'2023-12-04 05:31:39','2023-12-04 05:31:39','csv'),(151,4,NULL,'Eccube\\\\Entity\\\\Order','delivery_fee_total',NULL,'送料',24,1,'2023-12-04 05:31:39','2023-12-04 05:31:39','csv'),(152,4,NULL,'Eccube\\\\Entity\\\\Order','tax',NULL,'税金',25,1,'2023-12-04 05:31:39','2023-12-04 05:31:39','csv'),(153,4,NULL,'Eccube\\\\Entity\\\\Order','total',NULL,'合計',26,1,'2023-12-04 05:31:39','2023-12-04 05:31:39','csv'),(154,4,NULL,'Eccube\\\\Entity\\\\Order','payment_total',NULL,'支払合計',27,1,'2023-12-04 05:31:39','2023-12-04 05:31:39','csv'),(155,4,NULL,'Eccube\\\\Entity\\\\Order','OrderStatus','id','対応状況(ID)',28,1,'2023-12-04 05:31:39','2023-12-04 05:31:39','csv'),(156,4,NULL,'Eccube\\\\Entity\\\\Order','OrderStatus','name','対応状況(名称)',29,1,'2023-12-04 05:31:39','2023-12-04 05:31:39','csv'),(157,4,NULL,'Eccube\\\\Entity\\\\Order','Payment','id','支払方法(ID)',30,1,'2023-12-04 05:31:39','2023-12-04 05:31:39','csv'),(158,4,NULL,'Eccube\\\\Entity\\\\Order','payment_method',NULL,'支払方法(名称)',31,1,'2023-12-04 05:31:39','2023-12-04 05:31:39','csv'),(159,4,NULL,'Eccube\\\\Entity\\\\Order','order_date',NULL,'受注日',32,1,'2023-12-04 05:31:39','2023-12-04 05:31:39','csv'),(160,4,NULL,'Eccube\\\\Entity\\\\Order','payment_date',NULL,'入金日',33,1,'2023-12-04 05:31:39','2023-12-04 05:31:39','csv'),(161,4,NULL,'Eccube\\\\Entity\\\\OrderItem','id',NULL,'注文詳細ID',34,1,'2023-12-04 05:31:39','2023-12-04 05:31:39','csv'),(162,4,NULL,'Eccube\\\\Entity\\\\OrderItem','Product','id','商品ID',35,1,'2023-12-04 05:31:39','2023-12-04 05:31:39','csv'),(163,4,NULL,'Eccube\\\\Entity\\\\OrderItem','ProductClass','id','商品規格ID',36,1,'2023-12-04 05:31:39','2023-12-04 05:31:39','csv'),(164,4,NULL,'Eccube\\\\Entity\\\\OrderItem','product_name',NULL,'商品名',37,1,'2023-12-04 05:31:39','2023-12-04 05:31:39','csv'),(165,4,NULL,'Eccube\\\\Entity\\\\OrderItem','product_code',NULL,'商品コード',38,1,'2023-12-04 05:31:39','2023-12-04 05:31:39','csv'),(166,4,NULL,'Eccube\\\\Entity\\\\OrderItem','class_name1',NULL,'規格名1',39,1,'2023-12-04 05:31:39','2023-12-04 05:31:39','csv'),(167,4,NULL,'Eccube\\\\Entity\\\\OrderItem','class_name2',NULL,'規格名2',40,1,'2023-12-04 05:31:39','2023-12-04 05:31:39','csv'),(168,4,NULL,'Eccube\\\\Entity\\\\OrderItem','class_category_name1',NULL,'規格分類名1',41,1,'2023-12-04 05:31:39','2023-12-04 05:31:39','csv'),(169,4,NULL,'Eccube\\\\Entity\\\\OrderItem','class_category_name2',NULL,'規格分類名2',42,1,'2023-12-04 05:31:39','2023-12-04 05:31:39','csv'),(170,4,NULL,'Eccube\\\\Entity\\\\OrderItem','price',NULL,'価格(税抜)',43,1,'2023-12-04 05:31:39','2023-12-04 05:31:39','csv'),(171,4,1,'Eccube\\\\Entity\\\\OrderItem','quantity',NULL,'個数',49,1,'2023-12-04 05:31:39','2024-03-30 09:23:59','csv'),(172,4,1,'Eccube\\\\Entity\\\\OrderItem','tax_rate',NULL,'税率',50,1,'2023-12-04 05:31:39','2024-03-30 09:23:59','csv'),(173,4,1,'Eccube\\\\Entity\\\\OrderItem','tax_rule',NULL,'税率ルール(ID)',51,1,'2023-12-04 05:31:39','2024-03-30 09:23:59','csv'),(174,4,1,'Eccube\\\\Entity\\\\OrderItem','OrderItemType','id','明細区分(ID)',52,1,'2023-12-04 05:31:39','2024-03-30 09:23:59','csv'),(175,4,1,'Eccube\\\\Entity\\\\OrderItem','OrderItemType','name','明細区分(名称)',53,1,'2023-12-04 05:31:39','2024-03-30 09:23:59','csv'),(176,4,1,'Eccube\\\\Entity\\\\Shipping','id',NULL,'出荷ID',54,1,'2023-12-04 05:31:39','2024-03-30 09:23:59','csv'),(177,4,1,'Eccube\\\\Entity\\\\Shipping','name01',NULL,'配送先_お名前(姓)',55,1,'2023-12-04 05:31:39','2024-03-30 09:23:59','csv'),(178,4,1,'Eccube\\\\Entity\\\\Shipping','name02',NULL,'配送先_お名前(名)',56,1,'2023-12-04 05:31:39','2024-03-30 09:23:59','csv'),(179,4,1,'Eccube\\\\Entity\\\\Shipping','kana01',NULL,'配送先_お名前(セイ)',57,1,'2023-12-04 05:31:39','2024-03-30 09:23:59','csv'),(180,4,1,'Eccube\\\\Entity\\\\Shipping','kana02',NULL,'配送先_お名前(メイ)',58,1,'2023-12-04 05:31:39','2024-03-30 09:23:59','csv'),(181,4,1,'Eccube\\\\Entity\\\\Shipping','company_name',NULL,'配送先_会社名',59,1,'2023-12-04 05:31:39','2024-03-30 09:23:59','csv'),(182,4,1,'Eccube\\\\Entity\\\\Shipping','postal_code',NULL,'配送先_郵便番号',60,1,'2023-12-04 05:31:39','2024-03-30 09:23:59','csv'),(183,4,1,'Eccube\\\\Entity\\\\Shipping','Pref','id','配送先_都道府県(ID)',61,1,'2023-12-04 05:31:39','2024-03-30 09:23:59','csv'),(184,4,1,'Eccube\\\\Entity\\\\Shipping','Pref','name','配送先_都道府県(名称)',62,1,'2023-12-04 05:31:39','2024-03-30 09:23:59','csv'),(185,4,1,'Eccube\\\\Entity\\\\Shipping','addr01',NULL,'配送先_住所1',63,1,'2023-12-04 05:31:39','2024-03-30 09:23:59','csv'),(186,4,1,'Eccube\\\\Entity\\\\Shipping','addr02',NULL,'配送先_住所2',64,1,'2023-12-04 05:31:39','2024-03-30 09:23:59','csv'),(187,4,1,'Eccube\\\\Entity\\\\Shipping','phone_number',NULL,'配送先_TEL',65,1,'2023-12-04 05:31:39','2024-03-30 09:23:59','csv'),(188,4,1,'Eccube\\\\Entity\\\\Shipping','Delivery','id','配送業者(ID)',66,1,'2023-12-04 05:31:39','2024-03-30 09:23:59','csv'),(189,4,1,'Eccube\\\\Entity\\\\Shipping','shipping_delivery_name',NULL,'配送業者(名称)',67,1,'2023-12-04 05:31:39','2024-03-30 09:23:59','csv'),(190,4,1,'Eccube\\\\Entity\\\\Shipping','time_id',NULL,'お届け時間ID',68,1,'2023-12-04 05:31:39','2024-03-30 09:23:59','csv'),(191,4,1,'Eccube\\\\Entity\\\\Shipping','shipping_delivery_time',NULL,'お届け時間(名称)',69,1,'2023-12-04 05:31:39','2024-03-30 09:23:59','csv'),(192,4,1,'Eccube\\\\Entity\\\\Shipping','shipping_delivery_date',NULL,'お届け希望日',70,1,'2023-12-04 05:31:39','2024-03-30 09:23:59','csv'),(194,4,1,'Eccube\\\\Entity\\\\Shipping','shipping_delivery_fee',NULL,'送料',71,1,'2023-12-04 05:31:39','2024-03-30 09:23:59','csv'),(195,4,1,'Eccube\\\\Entity\\\\Shipping','shipping_date',NULL,'発送日',72,1,'2023-12-04 05:31:39','2024-03-30 09:23:59','csv'),(196,4,1,'Eccube\\\\Entity\\\\Shipping','tracking_number',NULL,'出荷伝票番号',73,1,'2023-12-04 05:31:39','2024-03-30 09:23:59','csv'),(197,4,1,'Eccube\\\\Entity\\\\Shipping','note',NULL,'配達用メモ',74,1,'2023-12-04 05:31:39','2024-03-30 09:23:59','csv'),(198,4,1,'Eccube\\\\Entity\\\\Shipping','mail_send_date',NULL,'出荷メール送信日',75,1,'2023-12-04 05:31:39','2024-03-30 09:23:59','csv'),(199,5,NULL,'Eccube\\\\Entity\\\\Category','id',NULL,'カテゴリID',1,1,'2023-12-04 05:31:39','2023-12-04 05:31:39','csv'),(200,5,NULL,'Eccube\\\\Entity\\\\Category','sort_no',NULL,'表示ランク',2,1,'2023-12-04 05:31:39','2023-12-04 05:31:39','csv'),(201,5,NULL,'Eccube\\\\Entity\\\\Category','name',NULL,'カテゴリ名',3,1,'2023-12-04 05:31:39','2023-12-04 05:31:39','csv'),(202,5,NULL,'Eccube\\\\Entity\\\\Category','Parent','id','親カテゴリID',4,1,'2023-12-04 05:31:39','2023-12-04 05:31:39','csv'),(203,5,NULL,'Eccube\\\\Entity\\\\Category','level',NULL,'階層',5,1,'2023-12-04 05:31:39','2023-12-04 05:31:39','csv'),(204,1,NULL,'Eccube\\\\Entity\\\\ProductClass','TaxRule','tax_rate','税率',31,0,'2023-12-04 05:31:39','2023-12-04 05:31:39','csv'),(205,2,NULL,'Eccube\\\\Entity\\\\Customer','point',NULL,'ポイント',33,1,'2023-12-04 05:31:39','2023-12-04 05:31:39','csv'),(206,1,NULL,'Eccube\\\\Entity\\\\ProductClass','visible',NULL,'商品規格表示フラグ',32,0,'2022-11-24 00:00:00','2022-11-24 00:00:00','csv'),(207,3,1,'Eccube\\\\Entity\\\\OrderItem','size',NULL,'サイズ',43,1,'2023-12-04 05:31:39','2024-03-30 09:15:59','csv'),(208,3,1,'Eccube\\\\Entity\\\\OrderItem','engraving',NULL,'刻印有無',44,1,'2023-12-04 05:31:39','2024-03-30 09:19:58','csv'),(209,3,1,'Eccube\\\\Entity\\\\OrderItem','engraving_font',NULL,'刻印字体',45,1,'2023-12-04 05:31:39','2024-03-30 09:19:58','csv'),(210,3,1,'Eccube\\\\Entity\\\\OrderItem','engraving_text',NULL,'刻印内容',46,1,'2023-12-04 05:31:39','2024-03-30 09:20:04','csv'),(211,3,1,'Eccube\\\\Entity\\\\OrderItem','stone',NULL,'インサイド石',47,1,'2023-12-04 05:31:39','2024-03-30 09:20:04','csv'),(212,4,1,'Eccube\\\\Entity\\\\OrderItem','size',NULL,'サイズ',44,1,'2023-12-04 05:31:39','2024-03-30 09:23:59','csv'),(213,4,1,'Eccube\\\\Entity\\\\OrderItem','engraving',NULL,'刻印有無',45,1,'2023-12-04 05:31:39','2024-03-30 09:23:59','csv'),(214,4,1,'Eccube\\\\Entity\\\\OrderItem','engraving_font',NULL,'刻印字体',46,1,'2023-12-04 05:31:39','2024-03-30 09:23:59','csv'),(215,4,1,'Eccube\\\\Entity\\\\OrderItem','engraving_text',NULL,'刻印内容',47,1,'2023-12-04 05:31:39','2024-03-30 09:23:59','csv'),(216,4,1,'Eccube\\\\Entity\\\\OrderItem','stone',NULL,'インサイド石',48,1,'2023-12-04 05:31:39','2024-03-30 09:23:59','csv'),(293,6,1,'Eccube\\Entity\\Customer','customer_id',NULL,'会員番号',1,1,'2024-07-23 04:31:29','2024-07-23 04:31:29','csv'),(294,6,1,'Eccube\\Entity\\Customer','name01',NULL,'お名前(姓)',2,1,'2024-07-23 04:31:30','2024-07-23 04:31:30','csv'),(295,6,1,'Eccube\\Entity\\Customer','name02',NULL,'お名前(名)',3,1,'2024-07-23 04:31:30','2024-07-23 04:31:30','csv'),(296,6,1,'Eccube\\\\Entity\\\\OrderItem','product_name',NULL,'商品名',4,1,'2024-07-23 04:31:30','2024-07-23 04:31:30','csv'),(297,6,1,'Eccube\\Entity\\Order','first_order_id',NULL,'初回注文番号',5,1,'2024-07-23 04:31:30','2024-07-23 04:31:30','csv'),(298,6,1,'Eccube\\Entity\\Order','latest_order_id',NULL,'最新注文番号',6,1,'2024-07-23 04:31:30','2024-07-23 04:31:30','csv'),(299,6,1,'Plugin\\RemisePayment42\\Entity\\RemiseACMember','total',NULL,'定期購買金額',7,1,'2024-07-23 04:31:30','2024-07-23 04:31:30','csv'),(300,6,1,'Plugin\\RemisePayment42\\Entity\\RemiseACMember','next_date',NULL,'次回課金日',8,1,'2024-07-23 04:31:30','2024-07-23 04:31:30','csv'),(301,6,1,'Plugin\\RemisePayment42\\Entity\\RemiseACMember','status',NULL,'状態',9,1,'2024-07-23 04:31:30','2024-07-23 04:31:30','csv'),(302,6,1,'Plugin\\RemisePayment42\\Entity\\RemiseACMember','member_id',NULL,'メンバーID',10,1,'2024-07-23 04:31:30','2024-07-23 04:31:30','csv'),(303,6,1,'Plugin\\RemisePayment42\\Entity\\RemiseACMember','note',NULL,'備考',11,1,'2024-07-23 04:31:30','2024-07-23 04:31:30','csv'),(304,6,1,'Eccube\\Entity\\Customer','kana01',NULL,'お名前(セイ)',1,0,'2024-07-23 04:31:31','2024-07-23 04:31:31','csv'),(305,6,1,'Eccube\\Entity\\Customer','kana02',NULL,'お名前(メイ)',2,0,'2024-07-23 04:31:31','2024-07-23 04:31:31','csv'),(306,6,1,'Eccube\\Entity\\Customer','company_name',NULL,'会社名',3,0,'2024-07-23 04:31:31','2024-07-23 04:31:31','csv'),(307,6,1,'Eccube\\Entity\\Customer','postal_code',NULL,'郵便番号',4,0,'2024-07-23 04:31:31','2024-07-23 04:31:31','csv'),(308,6,1,'Eccube\\Entity\\Customer','pref','name','都道府県',5,0,'2024-07-23 04:31:31','2024-07-23 04:31:31','csv'),(309,6,1,'Eccube\\Entity\\Customer','addr01',NULL,'住所1',6,0,'2024-07-23 04:31:31','2024-07-23 04:31:31','csv'),(310,6,1,'Eccube\\Entity\\Customer','addr02',NULL,'住所2',7,0,'2024-07-23 04:31:31','2024-07-23 04:31:31','csv'),(311,6,1,'Eccube\\Entity\\Customer','email',NULL,'メールアドレス',8,0,'2024-07-23 04:31:31','2024-07-23 04:31:31','csv'),(312,6,1,'Eccube\\Entity\\Customer','phone_number',NULL,'TEL',9,0,'2024-07-23 04:31:31','2024-07-23 04:31:31','csv'),(313,6,1,'Plugin\\RemisePayment42\\Entity\\RemiseACMember','count',NULL,'課金回数',10,0,'2024-07-23 04:31:32','2024-07-23 04:31:32','csv'),(314,6,1,'Plugin\\RemisePayment42\\Entity\\RemiseACMember','interval',NULL,'課金間隔',11,0,'2024-07-23 04:31:32','2024-07-23 04:31:32','csv'),(315,6,1,'Plugin\\RemisePayment42\\Entity\\RemiseACMember','day_of_month',NULL,'課金日',12,0,'2024-07-23 04:31:32','2024-07-23 04:31:32','csv'),(316,6,1,'Plugin\\RemisePayment42\\Entity\\RemiseACMember','after',NULL,'開始時期',13,0,'2024-07-23 04:31:32','2024-07-23 04:31:32','csv'),(317,6,1,'Plugin\\RemisePayment42\\Entity\\RemiseACMember','skip_flg',NULL,'スキップ',14,0,'2024-07-23 04:31:32','2024-07-23 04:31:32','csv'),(318,6,1,'Plugin\\RemisePayment42\\Entity\\RemiseACMember','stop_flg',NULL,'解約',15,0,'2024-07-23 04:31:32','2024-07-23 04:31:32','csv'),(319,6,1,'Plugin\\RemisePayment42\\Entity\\RemiseACMember','usage',NULL,'最低利用期間',16,0,'2024-07-23 04:31:32','2024-07-23 04:31:32','csv'),(320,6,1,'Plugin\\RemisePayment42\\Entity\\RemiseACMember','start_date',NULL,'課金開始日',17,0,'2024-07-23 04:31:32','2024-07-23 04:31:32','csv'),(321,6,1,'Plugin\\RemisePayment42\\Entity\\RemiseACMember','stop_date',NULL,'課金停止予定日',18,0,'2024-07-23 04:31:32','2024-07-23 04:31:32','csv'),(322,6,1,'Plugin\\RemisePayment42\\Entity\\RemiseACMember','create_date',NULL,'作成日時',19,0,'2024-07-23 04:31:32','2024-07-23 04:31:32','csv'),(323,6,1,'Plugin\\RemisePayment42\\Entity\\RemiseACMember','update_date',NULL,'更新日時',20,0,'2024-07-23 04:31:33','2024-07-23 04:31:33','csv'),(324,7,1,'Plugin\\RemisePayment42\\Entity\\RemiseACImportInfo','order_id',NULL,'注文番号',1,1,'2024-07-23 04:31:33','2024-07-23 04:31:33','csv'),(325,7,1,'Plugin\\RemisePayment42\\Entity\\RemiseACImportInfo','member_id',NULL,'メンバーID',2,1,'2024-07-23 04:31:33','2024-07-23 04:31:33','csv'),(326,7,1,'Plugin\\RemisePayment42\\Entity\\RemiseACImportInfo','s_kaiin_no',NULL,'会員番号',3,1,'2024-07-23 04:31:33','2024-07-23 04:31:33','csv'),(327,7,1,'Plugin\\RemisePayment42\\Entity\\RemiseACImportInfo','ac_amount',NULL,'定期購買金額',4,1,'2024-07-23 04:31:33','2024-07-23 04:31:33','csv'),(328,7,1,'Plugin\\RemisePayment42\\Entity\\RemiseACImportInfo','ac_result',NULL,'課金結果',5,1,'2024-07-23 04:31:33','2024-07-23 04:31:33','csv'),(329,7,1,'Plugin\\RemisePayment42\\Entity\\RemiseACImportInfo','status',NULL,'取込状況',6,1,'2024-07-23 04:31:33','2024-07-23 04:31:33','csv'),(330,7,1,'Plugin\\RemisePayment42\\Entity\\RemiseACImportInfo','note',NULL,'備考',7,1,'2024-07-23 04:31:33','2024-07-23 04:31:33','csv');

--
-- Table structure for table `dtb_customer`
--

CREATE TABLE `dtb_customer` (
  `id` int(10) unsigned NOT NULL AUTO_INCREMENT,
  `customer_status_id` smallint(5) unsigned DEFAULT NULL,
  `sex_id` smallint(5) unsigned DEFAULT NULL,
  `job_id` smallint(5) unsigned DEFAULT NULL,
  `country_id` smallint(5) unsigned DEFAULT NULL,
  `pref_id` smallint(5) unsigned DEFAULT NULL,
  `name01` varchar(255) COLLATE utf8mb4_bin NOT NULL,
  `name02` varchar(255) COLLATE utf8mb4_bin NOT NULL,
  `kana01` varchar(255) COLLATE utf8mb4_bin DEFAULT NULL,
  `kana02` varchar(255) COLLATE utf8mb4_bin DEFAULT NULL,
  `company_name` varchar(255) COLLATE utf8mb4_bin DEFAULT NULL,
  `postal_code` varchar(8) COLLATE utf8mb4_bin DEFAULT NULL,
  `addr01` varchar(255) COLLATE utf8mb4_bin DEFAULT NULL,
  `addr02` varchar(255) COLLATE utf8mb4_bin DEFAULT NULL,
  `email` varchar(255) COLLATE utf8mb4_bin NOT NULL,
  `phone_number` varchar(14) COLLATE utf8mb4_bin DEFAULT NULL,
  `birth` datetime DEFAULT NULL COMMENT '(DC2Type:datetimetz)',
  `password` varchar(255) COLLATE utf8mb4_bin NOT NULL,
  `salt` varchar(255) COLLATE utf8mb4_bin DEFAULT NULL,
  `secret_key` varchar(255) COLLATE utf8mb4_bin NOT NULL,
  `first_buy_date` datetime DEFAULT NULL COMMENT '(DC2Type:datetimetz)',
  `last_buy_date` datetime DEFAULT NULL COMMENT '(DC2Type:datetimetz)',
  `buy_times` decimal(10,0) unsigned DEFAULT '0',
  `buy_total` decimal(12,2) unsigned DEFAULT '0.00',
  `note` varchar(4000) COLLATE utf8mb4_bin DEFAULT NULL,
  `reset_key` varchar(255) COLLATE utf8mb4_bin DEFAULT NULL,
  `reset_expire` datetime DEFAULT NULL COMMENT '(DC2Type:datetimetz)',
  `point` decimal(12,0) NOT NULL DEFAULT '0',
  `create_date` datetime NOT NULL COMMENT '(DC2Type:datetimetz)',
  `update_date` datetime NOT NULL COMMENT '(DC2Type:datetimetz)',
  `discriminator_type` varchar(255) COLLATE utf8mb4_bin NOT NULL,
  `plg_mailmagazine_flg` smallint(5) unsigned DEFAULT '0',
  PRIMARY KEY (`id`),
  UNIQUE KEY `secret_key` (`secret_key`),
  KEY `IDX_8298BBE3C00AF8A7` (`customer_status_id`),
  KEY `IDX_8298BBE35A2DB2A0` (`sex_id`),
  KEY `IDX_8298BBE3BE04EA9` (`job_id`),
  KEY `IDX_8298BBE3F92F3E70` (`country_id`),
  KEY `IDX_8298BBE3E171EF5F` (`pref_id`),
  KEY `dtb_customer_buy_times_idx` (`buy_times`),
  KEY `dtb_customer_buy_total_idx` (`buy_total`),
  KEY `dtb_customer_create_date_idx` (`create_date`),
  KEY `dtb_customer_update_date_idx` (`update_date`),
  KEY `dtb_customer_last_buy_date_idx` (`last_buy_date`),
  KEY `dtb_customer_email_idx` (`email`),
  CONSTRAINT `FK_8298BBE35A2DB2A0` FOREIGN KEY (`sex_id`) REFERENCES `mtb_sex` (`id`),
  CONSTRAINT `FK_8298BBE3BE04EA9` FOREIGN KEY (`job_id`) REFERENCES `mtb_job` (`id`),
  CONSTRAINT `FK_8298BBE3C00AF8A7` FOREIGN KEY (`customer_status_id`) REFERENCES `mtb_customer_status` (`id`),
  CONSTRAINT `FK_8298BBE3E171EF5F` FOREIGN KEY (`pref_id`) REFERENCES `mtb_pref` (`id`),
  CONSTRAINT `FK_8298BBE3F92F3E70` FOREIGN KEY (`country_id`) REFERENCES `mtb_country` (`id`)
) ENGINE=InnoDB DEFAULT CHARSET=utf8mb4 COLLATE=utf8mb4_bin;

--
-- Dumping data for table `dtb_customer`
--


--
-- Table structure for table `dtb_customer_address`
--

CREATE TABLE `dtb_customer_address` (
  `id` int(10) unsigned NOT NULL AUTO_INCREMENT,
  `customer_id` int(10) unsigned DEFAULT NULL,
  `country_id` smallint(5) unsigned DEFAULT NULL,
  `pref_id` smallint(5) unsigned DEFAULT NULL,
  `name01` varchar(255) COLLATE utf8mb4_bin NOT NULL,
  `name02` varchar(255) COLLATE utf8mb4_bin NOT NULL,
  `kana01` varchar(255) COLLATE utf8mb4_bin DEFAULT NULL,
  `kana02` varchar(255) COLLATE utf8mb4_bin DEFAULT NULL,
  `company_name` varchar(255) COLLATE utf8mb4_bin DEFAULT NULL,
  `postal_code` varchar(8) COLLATE utf8mb4_bin DEFAULT NULL,
  `addr01` varchar(255) COLLATE utf8mb4_bin DEFAULT NULL,
  `addr02` varchar(255) COLLATE utf8mb4_bin DEFAULT NULL,
  `phone_number` varchar(14) COLLATE utf8mb4_bin DEFAULT NULL,
  `create_date` datetime NOT NULL COMMENT '(DC2Type:datetimetz)',
  `update_date` datetime NOT NULL COMMENT '(DC2Type:datetimetz)',
  `discriminator_type` varchar(255) COLLATE utf8mb4_bin NOT NULL,
  PRIMARY KEY (`id`),
  KEY `IDX_6C38C0F89395C3F3` (`customer_id`),
  KEY `IDX_6C38C0F8F92F3E70` (`country_id`),
  KEY `IDX_6C38C0F8E171EF5F` (`pref_id`),
  CONSTRAINT `FK_6C38C0F89395C3F3` FOREIGN KEY (`customer_id`) REFERENCES `dtb_customer` (`id`),
  CONSTRAINT `FK_6C38C0F8E171EF5F` FOREIGN KEY (`pref_id`) REFERENCES `mtb_pref` (`id`),
  CONSTRAINT `FK_6C38C0F8F92F3E70` FOREIGN KEY (`country_id`) REFERENCES `mtb_country` (`id`)
) ENGINE=InnoDB DEFAULT CHARSET=utf8mb4 COLLATE=utf8mb4_bin;

--
-- Dumping data for table `dtb_customer_address`
--


--
-- Table structure for table `dtb_customer_favorite_product`
--

CREATE TABLE `dtb_customer_favorite_product` (
  `id` int(10) unsigned NOT NULL AUTO_INCREMENT,
  `customer_id` int(10) unsigned DEFAULT NULL,
  `product_id` int(10) unsigned DEFAULT NULL,
  `create_date` datetime NOT NULL COMMENT '(DC2Type:datetimetz)',
  `update_date` datetime NOT NULL COMMENT '(DC2Type:datetimetz)',
  `discriminator_type` varchar(255) COLLATE utf8mb4_bin NOT NULL,
  PRIMARY KEY (`id`),
  KEY `IDX_ED6313839395C3F3` (`customer_id`),
  KEY `IDX_ED6313834584665A` (`product_id`),
  CONSTRAINT `FK_ED6313834584665A` FOREIGN KEY (`product_id`) REFERENCES `dtb_product` (`id`),
  CONSTRAINT `FK_ED6313839395C3F3` FOREIGN KEY (`customer_id`) REFERENCES `dtb_customer` (`id`)
) ENGINE=InnoDB DEFAULT CHARSET=utf8mb4 COLLATE=utf8mb4_bin;

--
-- Dumping data for table `dtb_customer_favorite_product`
--


--
-- Table structure for table `dtb_delivery`
--

CREATE TABLE `dtb_delivery` (
  `id` int(10) unsigned NOT NULL AUTO_INCREMENT,
  `creator_id` int(10) unsigned DEFAULT NULL,
  `sale_type_id` smallint(5) unsigned DEFAULT NULL,
  `name` varchar(255) COLLATE utf8mb4_bin DEFAULT NULL,
  `service_name` varchar(255) COLLATE utf8mb4_bin DEFAULT NULL,
  `description` varchar(4000) COLLATE utf8mb4_bin DEFAULT NULL,
  `confirm_url` varchar(4000) COLLATE utf8mb4_bin DEFAULT NULL,
  `sort_no` int(10) unsigned DEFAULT NULL,
  `visible` tinyint(1) NOT NULL DEFAULT '1',
  `create_date` datetime NOT NULL COMMENT '(DC2Type:datetimetz)',
  `update_date` datetime NOT NULL COMMENT '(DC2Type:datetimetz)',
  `discriminator_type` varchar(255) COLLATE utf8mb4_bin NOT NULL,
  PRIMARY KEY (`id`),
  KEY `IDX_3420D9FA61220EA6` (`creator_id`),
  KEY `IDX_3420D9FAB0524E01` (`sale_type_id`),
  CONSTRAINT `FK_3420D9FA61220EA6` FOREIGN KEY (`creator_id`) REFERENCES `dtb_member` (`id`),
  CONSTRAINT `FK_3420D9FAB0524E01` FOREIGN KEY (`sale_type_id`) REFERENCES `mtb_sale_type` (`id`)
) ENGINE=InnoDB AUTO_INCREMENT=4 DEFAULT CHARSET=utf8mb4 COLLATE=utf8mb4_bin;

--
-- Dumping data for table `dtb_delivery`
--

INSERT INTO `dtb_delivery` VALUES (1,1,1,'宅配便','宅配便',NULL,NULL,2,1,'2023-12-04 05:31:39','2024-04-08 08:37:54','delivery'),(3,1,1,'店舗受け取り','店舗受け取り',NULL,NULL,1,1,'2024-04-05 04:44:02','2024-04-08 08:37:54','delivery');

--
-- Table structure for table `dtb_delivery_duration`
--

CREATE TABLE `dtb_delivery_duration` (
  `id` int(10) unsigned NOT NULL AUTO_INCREMENT,
  `name` varchar(255) COLLATE utf8mb4_bin DEFAULT NULL,
  `duration` smallint(6) NOT NULL DEFAULT '0',
  `sort_no` int(10) unsigned NOT NULL,
  `discriminator_type` varchar(255) COLLATE utf8mb4_bin NOT NULL,
  PRIMARY KEY (`id`)
) ENGINE=InnoDB AUTO_INCREMENT=12 DEFAULT CHARSET=utf8mb4 COLLATE=utf8mb4_bin;

--
-- Dumping data for table `dtb_delivery_duration`
--

INSERT INTO `dtb_delivery_duration` VALUES (1,'即日',0,9,'deliveryduration'),(2,'1～2日後',1,8,'deliveryduration'),(3,'3～4日後',3,7,'deliveryduration'),(4,'1週間以降',7,6,'deliveryduration'),(5,'2週間以降',14,5,'deliveryduration'),(6,'3週間以降',21,4,'deliveryduration'),(7,'1ヶ月以降',30,3,'deliveryduration'),(8,'2ヶ月以降',60,2,'deliveryduration'),(9,'お取り寄せ(商品入荷後)',-1,10,'deliveryduration'),(10,'3ヶ月以降',90,1,'deliveryduration'),(11,'3ヶ月半以降',105,0,'deliveryduration');

--
-- Table structure for table `dtb_delivery_fee`
--

CREATE TABLE `dtb_delivery_fee` (
  `id` int(10) unsigned NOT NULL AUTO_INCREMENT,
  `delivery_id` int(10) unsigned DEFAULT NULL,
  `pref_id` smallint(5) unsigned DEFAULT NULL,
  `fee` decimal(12,2) unsigned NOT NULL,
  `discriminator_type` varchar(255) COLLATE utf8mb4_bin NOT NULL,
  PRIMARY KEY (`id`),
  KEY `IDX_491552412136921` (`delivery_id`),
  KEY `IDX_4915524E171EF5F` (`pref_id`),
  CONSTRAINT `FK_491552412136921` FOREIGN KEY (`delivery_id`) REFERENCES `dtb_delivery` (`id`),
  CONSTRAINT `FK_4915524E171EF5F` FOREIGN KEY (`pref_id`) REFERENCES `mtb_pref` (`id`)
) ENGINE=InnoDB AUTO_INCREMENT=142 DEFAULT CHARSET=utf8mb4 COLLATE=utf8mb4_bin;

--
-- Dumping data for table `dtb_delivery_fee`
--

INSERT INTO `dtb_delivery_fee` VALUES (1,1,1,0.00,'deliveryfee'),(2,1,2,0.00,'deliveryfee'),(3,1,3,0.00,'deliveryfee'),(4,1,4,0.00,'deliveryfee'),(5,1,5,0.00,'deliveryfee'),(6,1,6,0.00,'deliveryfee'),(7,1,7,0.00,'deliveryfee'),(8,1,8,0.00,'deliveryfee'),(9,1,9,0.00,'deliveryfee'),(10,1,10,0.00,'deliveryfee'),(11,1,11,0.00,'deliveryfee'),(12,1,12,0.00,'deliveryfee'),(13,1,13,0.00,'deliveryfee'),(14,1,14,0.00,'deliveryfee'),(15,1,15,0.00,'deliveryfee'),(16,1,16,0.00,'deliveryfee'),(17,1,17,0.00,'deliveryfee'),(18,1,18,0.00,'deliveryfee'),(19,1,19,0.00,'deliveryfee'),(20,1,20,0.00,'deliveryfee'),(21,1,21,0.00,'deliveryfee'),(22,1,22,0.00,'deliveryfee'),(23,1,23,0.00,'deliveryfee'),(24,1,24,0.00,'deliveryfee'),(25,1,25,0.00,'deliveryfee'),(26,1,26,0.00,'deliveryfee'),(27,1,27,0.00,'deliveryfee'),(28,1,28,0.00,'deliveryfee'),(29,1,29,0.00,'deliveryfee'),(30,1,30,0.00,'deliveryfee'),(31,1,31,0.00,'deliveryfee'),(32,1,32,0.00,'deliveryfee'),(33,1,33,0.00,'deliveryfee'),(34,1,34,0.00,'deliveryfee'),(35,1,35,0.00,'deliveryfee'),(36,1,36,0.00,'deliveryfee'),(37,1,37,0.00,'deliveryfee'),(38,1,38,0.00,'deliveryfee'),(39,1,39,0.00,'deliveryfee'),(40,1,40,0.00,'deliveryfee'),(41,1,41,0.00,'deliveryfee'),(42,1,42,0.00,'deliveryfee'),(43,1,43,0.00,'deliveryfee'),(44,1,44,0.00,'deliveryfee'),(45,1,45,0.00,'deliveryfee'),(46,1,46,0.00,'deliveryfee'),(47,1,47,0.00,'deliveryfee'),(95,3,1,0.00,'deliveryfee'),(96,3,2,0.00,'deliveryfee'),(97,3,3,0.00,'deliveryfee'),(98,3,4,0.00,'deliveryfee'),(99,3,5,0.00,'deliveryfee'),(100,3,6,0.00,'deliveryfee'),(101,3,7,0.00,'deliveryfee'),(102,3,8,0.00,'deliveryfee'),(103,3,9,0.00,'deliveryfee'),(104,3,10,0.00,'deliveryfee'),(105,3,11,0.00,'deliveryfee'),(106,3,12,0.00,'deliveryfee'),(107,3,13,0.00,'deliveryfee'),(108,3,14,0.00,'deliveryfee'),(109,3,15,0.00,'deliveryfee'),(110,3,16,0.00,'deliveryfee'),(111,3,17,0.00,'deliveryfee'),(112,3,18,0.00,'deliveryfee'),(113,3,19,0.00,'deliveryfee'),(114,3,20,0.00,'deliveryfee'),(115,3,21,0.00,'deliveryfee'),(116,3,22,0.00,'deliveryfee'),(117,3,23,0.00,'deliveryfee'),(118,3,24,0.00,'deliveryfee'),(119,3,25,0.00,'deliveryfee'),(120,3,26,0.00,'deliveryfee'),(121,3,27,0.00,'deliveryfee'),(122,3,28,0.00,'deliveryfee'),(123,3,29,0.00,'deliveryfee'),(124,3,30,0.00,'deliveryfee'),(125,3,31,0.00,'deliveryfee'),(126,3,32,0.00,'deliveryfee'),(127,3,33,0.00,'deliveryfee'),(128,3,34,0.00,'deliveryfee'),(129,3,35,0.00,'deliveryfee'),(130,3,36,0.00,'deliveryfee'),(131,3,37,0.00,'deliveryfee'),(132,3,38,0.00,'deliveryfee'),(133,3,39,0.00,'deliveryfee'),(134,3,40,0.00,'deliveryfee'),(135,3,41,0.00,'deliveryfee'),(136,3,42,0.00,'deliveryfee'),(137,3,43,0.00,'deliveryfee'),(138,3,44,0.00,'deliveryfee'),(139,3,45,0.00,'deliveryfee'),(140,3,46,0.00,'deliveryfee'),(141,3,47,0.00,'deliveryfee');

--
-- Table structure for table `dtb_delivery_time`
--

CREATE TABLE `dtb_delivery_time` (
  `id` int(10) unsigned NOT NULL AUTO_INCREMENT,
  `delivery_id` int(10) unsigned DEFAULT NULL,
  `delivery_time` varchar(255) COLLATE utf8mb4_bin NOT NULL,
  `sort_no` smallint(5) unsigned NOT NULL,
  `visible` tinyint(1) NOT NULL DEFAULT '1',
  `create_date` datetime NOT NULL COMMENT '(DC2Type:datetimetz)',
  `update_date` datetime NOT NULL COMMENT '(DC2Type:datetimetz)',
  `discriminator_type` varchar(255) COLLATE utf8mb4_bin NOT NULL,
  PRIMARY KEY (`id`),
  KEY `IDX_E80EE3A612136921` (`delivery_id`),
  CONSTRAINT `FK_E80EE3A612136921` FOREIGN KEY (`delivery_id`) REFERENCES `dtb_delivery` (`id`)
) ENGINE=InnoDB AUTO_INCREMENT=7 DEFAULT CHARSET=utf8mb4 COLLATE=utf8mb4_bin;

--
-- Dumping data for table `dtb_delivery_time`
--

INSERT INTO `dtb_delivery_time` VALUES (1,1,'午前中',1,1,'2023-12-04 05:31:39','2024-07-23 04:39:43','deliverytime'),(2,1,'12時~14時',2,1,'2023-12-04 05:31:39','2024-07-23 04:39:43','deliverytime'),(3,1,'14時~16時',3,1,'2024-05-16 07:20:47','2024-07-23 04:39:43','deliverytime'),(4,1,'16時~18時',4,1,'2024-05-16 07:20:47','2024-07-23 04:39:43','deliverytime'),(5,1,'18時~20時',5,1,'2024-05-16 07:20:47','2024-07-23 04:39:43','deliverytime'),(6,1,'19時~21時',6,1,'2024-05-16 07:20:47','2024-07-23 04:39:43','deliverytime');

--
-- Table structure for table `dtb_layout`
--

CREATE TABLE `dtb_layout` (
  `id` int(10) unsigned NOT NULL AUTO_INCREMENT,
  `device_type_id` smallint(5) unsigned DEFAULT NULL,
  `layout_name` varchar(255) COLLATE utf8mb4_bin DEFAULT NULL,
  `create_date` datetime NOT NULL COMMENT '(DC2Type:datetimetz)',
  `update_date` datetime NOT NULL COMMENT '(DC2Type:datetimetz)',
  `discriminator_type` varchar(255) COLLATE utf8mb4_bin NOT NULL,
  PRIMARY KEY (`id`),
  KEY `IDX_5A62AA7C4FFA550E` (`device_type_id`),
  CONSTRAINT `FK_5A62AA7C4FFA550E` FOREIGN KEY (`device_type_id`) REFERENCES `mtb_device_type` (`id`)
) ENGINE=InnoDB AUTO_INCREMENT=6 DEFAULT CHARSET=utf8mb4 COLLATE=utf8mb4_bin;

--
-- Dumping data for table `dtb_layout`
--

INSERT INTO `dtb_layout` VALUES (0,10,'プレビュー用レイアウト','2023-12-04 05:31:39','2023-12-04 05:31:39','layout'),(1,10,'トップページ用レイアウト','2023-12-04 05:31:39','2023-12-04 05:31:39','layout'),(2,10,'下層ページ用レイアウト','2023-12-04 05:31:39','2023-12-04 05:31:39','layout'),(5,10,'下層ページ用レイアウト（クッキーアラートあり）','2024-07-04 04:12:45','2024-07-04 04:15:28','layout');

--
-- Table structure for table `dtb_login_history`
--

CREATE TABLE `dtb_login_history` (
  `id` int(10) unsigned NOT NULL AUTO_INCREMENT,
  `login_history_status_id` smallint(5) unsigned NOT NULL,
  `member_id` int(10) unsigned DEFAULT NULL,
  `user_name` longtext COLLATE utf8mb4_bin,
  `client_ip` longtext COLLATE utf8mb4_bin,
  `create_date` datetime NOT NULL COMMENT '(DC2Type:datetimetz)',
  `update_date` datetime NOT NULL COMMENT '(DC2Type:datetimetz)',
  `discriminator_type` varchar(255) COLLATE utf8mb4_bin NOT NULL,
  PRIMARY KEY (`id`),
  KEY `IDX_6191DD4F9FA62FDD` (`login_history_status_id`),
  KEY `IDX_6191DD4F7597D3FE` (`member_id`),
  CONSTRAINT `FK_6191DD4F7597D3FE` FOREIGN KEY (`member_id`) REFERENCES `dtb_member` (`id`) ON DELETE SET NULL,
  CONSTRAINT `FK_6191DD4F9FA62FDD` FOREIGN KEY (`login_history_status_id`) REFERENCES `mtb_login_history_status` (`id`)
) ENGINE=InnoDB AUTO_INCREMENT=188 DEFAULT CHARSET=utf8mb4 COLLATE=utf8mb4_bin;

--
-- Dumping data for table `dtb_login_history`
--

INSERT INTO `dtb_login_history` VALUES (1,0,1,'shopTadmin','14.3.18.112','2023-12-04 05:32:41','2023-12-04 05:32:41','loginhistory'),(2,0,1,'shopTadmin','14.3.18.112','2023-12-04 05:36:14','2023-12-04 05:36:14','loginhistory'),(3,1,1,'shopTadmin','14.3.18.112','2023-12-04 05:38:47','2023-12-04 05:38:47','loginhistory'),(4,1,1,'shopTadmin','14.3.18.112','2023-12-04 05:40:27','2023-12-04 05:40:27','loginhistory'),(5,1,1,'shopTadmin','14.3.18.112','2023-12-04 05:43:37','2023-12-04 05:43:37','loginhistory'),(6,1,1,'shopTadmin','14.3.18.112','2023-12-04 05:45:19','2023-12-04 05:45:19','loginhistory'),(7,1,1,'shopTadmin','14.3.18.112','2023-12-04 05:57:19','2023-12-04 05:57:19','loginhistory'),(8,1,1,'shopTadmin','14.3.18.112','2023-12-04 07:35:56','2023-12-04 07:35:56','loginhistory'),(9,0,1,'shopTadmin','106.180.200.129','2023-12-05 09:10:15','2023-12-05 09:10:15','loginhistory'),(10,1,1,'shopTadmin','106.180.200.129','2023-12-05 09:10:32','2023-12-05 09:10:32','loginhistory'),(11,1,1,'shopTadmin','14.3.18.112','2023-12-07 02:20:45','2023-12-07 02:20:45','loginhistory'),(12,1,1,'shopTadmin','106.180.200.129','2023-12-08 07:03:25','2023-12-08 07:03:25','loginhistory'),(13,1,1,'shopTadmin','14.3.18.112','2023-12-11 02:57:55','2023-12-11 02:57:55','loginhistory'),(14,1,1,'shopTadmin','106.180.200.129','2023-12-12 02:55:09','2023-12-12 02:55:09','loginhistory'),(15,0,NULL,'shopTanzoAdmin','106.180.200.129','2023-12-18 07:18:43','2023-12-18 07:18:43','loginhistory'),(16,1,1,'shopTadmin','106.180.200.129','2023-12-18 07:19:05','2023-12-18 07:19:05','loginhistory'),(17,1,1,'shopTadmin','106.180.200.129','2023-12-19 01:20:05','2023-12-19 01:20:05','loginhistory'),(18,1,1,'shopTadmin','106.180.200.129','2023-12-19 02:36:16','2023-12-19 02:36:16','loginhistory'),(19,1,1,'shopTadmin','106.180.200.129','2023-12-20 01:16:31','2023-12-20 01:16:31','loginhistory'),(20,1,1,'shopTadmin','106.180.200.129','2023-12-21 01:49:23','2023-12-21 01:49:23','loginhistory'),(21,1,1,'shopTadmin','106.180.200.129','2023-12-22 00:46:36','2023-12-22 00:46:36','loginhistory'),(22,1,1,'shopTadmin','106.180.200.129','2023-12-23 07:03:40','2023-12-23 07:03:40','loginhistory'),(23,1,1,'shopTadmin','14.3.18.112','2023-12-25 07:48:21','2023-12-25 07:48:21','loginhistory'),(24,1,1,'shopTadmin','106.180.200.129','2023-12-26 06:22:45','2023-12-26 06:22:45','loginhistory'),(25,1,1,'shopTadmin','106.180.200.129','2023-12-28 07:24:08','2023-12-28 07:24:08','loginhistory'),(26,1,1,'shopTadmin','106.180.200.129','2024-01-05 06:02:17','2024-01-05 06:02:17','loginhistory'),(27,1,1,'shopTadmin','14.3.18.112','2024-01-15 03:27:24','2024-01-15 03:27:24','loginhistory'),(28,1,1,'shopTadmin','14.3.18.112','2024-01-15 05:17:00','2024-01-15 05:17:00','loginhistory'),(29,1,1,'shopTadmin','106.180.200.129','2024-01-16 01:49:45','2024-01-16 01:49:45','loginhistory'),(30,1,1,'shopTadmin','106.180.200.129','2024-01-17 00:50:32','2024-01-17 00:50:32','loginhistory'),(31,1,1,'shopTadmin','14.3.18.112','2024-01-18 01:08:03','2024-01-18 01:08:03','loginhistory'),(32,1,1,'shopTadmin','106.180.200.129','2024-01-19 06:24:40','2024-01-19 06:24:40','loginhistory'),(33,1,1,'shopTadmin','106.180.200.129','2024-01-21 05:20:35','2024-01-21 05:20:35','loginhistory'),(34,1,1,'shopTadmin','106.180.200.129','2024-01-23 01:44:29','2024-01-23 01:44:29','loginhistory'),(35,1,1,'shopTadmin','106.180.200.129','2024-01-24 01:20:37','2024-01-24 01:20:37','loginhistory'),(36,1,1,'shopTadmin','14.3.18.112','2024-01-25 07:02:14','2024-01-25 07:02:14','loginhistory'),(37,1,1,'shopTadmin','106.180.200.129','2024-01-27 02:39:41','2024-01-27 02:39:41','loginhistory'),(38,1,1,'shopTadmin','106.180.200.129','2024-01-28 05:02:33','2024-01-28 05:02:33','loginhistory'),(39,1,1,'shopTadmin','106.180.200.129','2024-01-28 10:08:06','2024-01-28 10:08:06','loginhistory'),(40,1,1,'shopTadmin','14.3.18.112','2024-01-29 09:10:26','2024-01-29 09:10:26','loginhistory'),(41,1,1,'shopTadmin','106.180.200.129','2024-01-30 01:23:33','2024-01-30 01:23:33','loginhistory'),(42,1,1,'shopTadmin','106.180.200.129','2024-01-31 02:21:55','2024-01-31 02:21:55','loginhistory'),(43,1,1,'shopTadmin','106.180.200.129','2024-02-01 06:28:51','2024-02-01 06:28:51','loginhistory'),(44,1,1,'shopTadmin','106.180.200.129','2024-02-02 02:26:06','2024-02-02 02:26:06','loginhistory'),(45,1,1,'shopTadmin','106.180.200.129','2024-02-03 00:41:55','2024-02-03 00:41:55','loginhistory'),(46,1,1,'shopTadmin','106.180.200.129','2024-02-04 07:49:56','2024-02-04 07:49:56','loginhistory'),(47,1,1,'shopTadmin','14.3.18.112','2024-02-05 01:34:21','2024-02-05 01:34:21','loginhistory'),(48,1,1,'shopTadmin','106.180.200.129','2024-02-05 04:55:27','2024-02-05 04:55:27','loginhistory'),(49,1,1,'shopTadmin','106.180.200.129','2024-02-06 02:37:21','2024-02-06 02:37:21','loginhistory'),(50,1,1,'shopTadmin','106.180.200.129','2024-02-07 01:28:33','2024-02-07 01:28:33','loginhistory'),(51,1,1,'shopTadmin','14.3.18.112','2024-02-08 06:58:24','2024-02-08 06:58:24','loginhistory'),(52,1,1,'shopTadmin','106.180.200.129','2024-02-09 06:06:58','2024-02-09 06:06:58','loginhistory'),(53,1,1,'shopTadmin','106.180.200.129','2024-02-10 01:53:28','2024-02-10 01:53:28','loginhistory'),(54,1,1,'shopTadmin','106.180.200.129','2024-02-11 02:54:02','2024-02-11 02:54:02','loginhistory'),(55,1,1,'shopTadmin','106.180.200.129','2024-02-12 01:15:31','2024-02-12 01:15:31','loginhistory'),(56,1,1,'shopTadmin','106.180.200.129','2024-02-12 13:29:14','2024-02-12 13:29:14','loginhistory'),(57,1,1,'shopTadmin','106.180.200.129','2024-02-13 00:56:25','2024-02-13 00:56:25','loginhistory'),(58,1,1,'shopTadmin','106.180.200.129','2024-02-14 03:23:17','2024-02-14 03:23:17','loginhistory'),(59,1,1,'shopTadmin','106.180.200.129','2024-02-14 07:07:43','2024-02-14 07:07:43','loginhistory'),(60,1,1,'shopTadmin','14.3.18.112','2024-02-15 02:34:42','2024-02-15 02:34:42','loginhistory'),(61,1,1,'shopTadmin','14.3.18.112','2024-02-15 06:52:43','2024-02-15 06:52:43','loginhistory'),(62,1,1,'shopTadmin','106.180.200.129','2024-02-16 01:28:03','2024-02-16 01:28:03','loginhistory'),(63,1,1,'shopTadmin','106.180.200.129','2024-02-17 06:27:00','2024-02-17 06:27:00','loginhistory'),(64,1,1,'shopTadmin','14.3.18.112','2024-02-19 02:26:10','2024-02-19 02:26:10','loginhistory'),(65,1,1,'shopTadmin','106.180.200.129','2024-02-20 01:55:31','2024-02-20 01:55:31','loginhistory'),(66,1,1,'shopTadmin','106.180.200.129','2024-02-21 04:52:13','2024-02-21 04:52:13','loginhistory'),(67,1,1,'shopTadmin','14.3.18.112','2024-02-22 05:08:40','2024-02-22 05:08:40','loginhistory'),(68,1,1,'shopTadmin','106.180.200.129','2024-03-08 04:30:25','2024-03-08 04:30:25','loginhistory'),(69,1,1,'shopTadmin','14.3.18.112','2024-03-14 01:57:28','2024-03-14 01:57:28','loginhistory'),(70,1,1,'shopTadmin','14.3.18.112','2024-03-21 08:01:37','2024-03-21 08:01:37','loginhistory'),(71,1,1,'shopTadmin','106.180.200.129','2024-03-24 07:31:18','2024-03-24 07:31:18','loginhistory'),(72,1,1,'shopTadmin','106.180.200.129','2024-03-24 10:29:13','2024-03-24 10:29:13','loginhistory'),(73,1,1,'shopTadmin','106.180.200.129','2024-03-26 06:59:01','2024-03-26 06:59:01','loginhistory'),(74,1,1,'shopTadmin','106.180.200.129','2024-03-30 02:59:02','2024-03-30 02:59:02','loginhistory'),(75,1,1,'shopTadmin','106.180.200.129','2024-04-02 03:03:03','2024-04-02 03:03:03','loginhistory'),(76,1,1,'shopTadmin','106.180.200.129','2024-04-03 05:39:20','2024-04-03 05:39:20','loginhistory'),(77,1,1,'shopTadmin','14.3.18.112','2024-04-04 01:43:11','2024-04-04 01:43:11','loginhistory'),(78,1,1,'shopTadmin','106.180.200.129','2024-04-05 01:25:44','2024-04-05 01:25:44','loginhistory'),(79,1,1,'shopTadmin','14.3.18.112','2024-04-08 03:05:37','2024-04-08 03:05:37','loginhistory'),(80,1,1,'shopTadmin','14.3.18.112','2024-04-08 08:50:34','2024-04-08 08:50:34','loginhistory'),(81,1,1,'shopTadmin','106.180.200.129','2024-04-09 03:57:31','2024-04-09 03:57:31','loginhistory'),(82,1,1,'shopTadmin','106.180.200.129','2024-04-09 05:45:48','2024-04-09 05:45:48','loginhistory'),(83,1,1,'shopTadmin','106.180.200.129','2024-04-09 08:34:14','2024-04-09 08:34:14','loginhistory'),(84,1,1,'shopTadmin','14.3.18.112','2024-04-11 06:44:21','2024-04-11 06:44:21','loginhistory'),(85,1,1,'shopTadmin','106.180.200.129','2024-04-14 05:35:56','2024-04-14 05:35:56','loginhistory'),(86,1,1,'shopTadmin','106.180.200.129','2024-04-14 07:10:28','2024-04-14 07:10:28','loginhistory'),(87,1,1,'shopTadmin','106.180.200.129','2024-04-14 07:33:52','2024-04-14 07:33:52','loginhistory'),(88,1,1,'shopTadmin','106.180.200.129','2024-04-26 06:34:48','2024-04-26 06:34:48','loginhistory'),(89,1,1,'shopTadmin','14.3.18.112','2024-05-10 08:45:42','2024-05-10 08:45:42','loginhistory'),(90,1,1,'shopTadmin','14.3.64.72','2024-05-16 02:27:00','2024-05-16 02:27:00','loginhistory'),(91,1,1,'shopTadmin','106.180.200.129','2024-05-17 02:41:08','2024-05-17 02:41:08','loginhistory'),(92,1,1,'shopTadmin','14.3.64.72','2024-05-20 06:00:55','2024-05-20 06:00:55','loginhistory'),(93,1,1,'shopTadmin','106.180.200.129','2024-05-21 02:06:54','2024-05-21 02:06:54','loginhistory'),(94,1,1,'shopTadmin','106.180.200.129','2024-05-21 06:23:12','2024-05-21 06:23:12','loginhistory'),(95,1,1,'shopTadmin','106.180.200.129','2024-05-24 08:07:44','2024-05-24 08:07:44','loginhistory'),(96,1,1,'shopTadmin','14.3.64.72','2024-06-17 05:04:11','2024-06-17 05:04:11','loginhistory'),(97,1,1,'shopTadmin','14.3.64.72','2024-06-17 08:08:58','2024-06-17 08:08:58','loginhistory'),(98,1,1,'shopTadmin','106.180.200.129','2024-06-18 02:51:51','2024-06-18 02:51:51','loginhistory'),(99,1,1,'shopTadmin','106.180.200.129','2024-06-20 08:52:07','2024-06-20 08:52:07','loginhistory'),(100,1,1,'shopTadmin','14.3.64.72','2024-06-21 03:07:43','2024-06-21 03:07:43','loginhistory'),(101,1,1,'shopTadmin','106.180.200.129','2024-06-28 02:36:09','2024-06-28 02:36:09','loginhistory'),(102,1,1,'shopTadmin','106.180.200.129','2024-06-28 08:48:28','2024-06-28 08:48:28','loginhistory'),(103,1,1,'shopTadmin','106.180.200.129','2024-06-28 08:49:34','2024-06-28 08:49:34','loginhistory'),(104,1,1,'shopTadmin','106.180.200.129','2024-06-30 08:54:50','2024-06-30 08:54:50','loginhistory'),(105,1,1,'shopTadmin','106.180.200.129','2024-07-02 07:47:00','2024-07-02 07:47:00','loginhistory'),(106,1,1,'shopTadmin','14.3.64.72','2024-07-04 02:06:59','2024-07-04 02:06:59','loginhistory'),(107,1,1,'shopTadmin','14.3.64.72','2024-07-04 03:19:31','2024-07-04 03:19:31','loginhistory'),(108,1,1,'shopTadmin','14.3.64.72','2024-07-04 03:55:36','2024-07-04 03:55:36','loginhistory'),(109,1,1,'shopTadmin','106.180.200.129','2024-07-05 09:14:09','2024-07-05 09:14:09','loginhistory'),(110,1,1,'shopTadmin','14.3.64.72','2024-07-08 03:33:49','2024-07-08 03:33:49','loginhistory'),(111,1,1,'shopTadmin','14.3.64.72','2024-07-11 01:45:21','2024-07-11 01:45:21','loginhistory'),(112,1,1,'shopTadmin','106.180.200.129','2024-07-12 08:44:25','2024-07-12 08:44:25','loginhistory'),(113,1,1,'shopTadmin','106.180.200.129','2024-07-16 02:55:30','2024-07-16 02:55:30','loginhistory'),(114,0,1,'shopTadmin','106.180.200.129','2024-07-16 09:46:19','2024-07-16 09:46:19','loginhistory'),(115,0,1,'shopTadmin','106.180.200.129','2024-07-16 09:46:41','2024-07-16 09:46:41','loginhistory'),(116,0,1,'shopTadmin','106.180.200.129','2024-07-16 09:46:52','2024-07-16 09:46:52','loginhistory'),(117,1,1,'shopTadmin','106.180.200.129','2024-07-16 09:48:55','2024-07-16 09:48:55','loginhistory'),(118,0,NULL,'shopTAdmin','106.180.200.129','2024-07-19 02:37:37','2024-07-19 02:37:37','loginhistory'),(119,0,NULL,'shopTAdmin','106.180.200.129','2024-07-19 02:38:09','2024-07-19 02:38:09','loginhistory'),(120,0,1,'shopTadmin','106.180.200.129','2024-07-19 02:38:46','2024-07-19 02:38:46','loginhistory'),(121,0,1,'shopTadmin','106.180.200.129','2024-07-19 02:42:21','2024-07-19 02:42:21','loginhistory'),(122,0,1,'shopTadmin','106.180.200.129','2024-07-19 02:43:20','2024-07-19 02:43:20','loginhistory'),(123,1,1,'shopTadmin','106.180.200.129','2024-07-19 02:46:19','2024-07-19 02:46:19','loginhistory'),(124,1,1,'shopTadmin','106.180.200.129','2024-07-19 03:03:19','2024-07-19 03:03:19','loginhistory'),(125,1,1,'shopTadmin','14.3.64.72','2024-07-22 03:58:28','2024-07-22 03:58:28','loginhistory'),(126,1,1,'shopTadmin','106.180.200.129','2024-07-23 00:29:16','2024-07-23 00:29:16','loginhistory'),(127,1,1,'shopTadmin','106.180.200.129','2024-07-23 05:06:10','2024-07-23 05:06:10','loginhistory'),(128,1,1,'shopTadmin','106.180.200.129','2024-07-23 05:49:54','2024-07-23 05:49:54','loginhistory'),(129,1,1,'shopTadmin','106.180.200.129','2024-07-23 06:08:48','2024-07-23 06:08:48','loginhistory'),(130,1,1,'shopTadmin','14.3.64.72','2024-07-29 09:21:28','2024-07-29 09:21:28','loginhistory'),(131,1,1,'shopTadmin','106.180.200.129','2024-07-30 03:01:39','2024-07-30 03:01:39','loginhistory'),(132,1,1,'shopTadmin','106.180.200.129','2024-07-31 02:05:49','2024-07-31 02:05:49','loginhistory'),(133,1,1,'shopTadmin','106.180.200.129','2024-07-31 03:53:29','2024-07-31 03:53:29','loginhistory'),(134,1,1,'shopTadmin','106.180.200.129','2024-07-31 09:18:23','2024-07-31 09:18:23','loginhistory'),(135,1,1,'shopTadmin','106.180.200.129','2024-07-31 09:24:51','2024-07-31 09:24:51','loginhistory'),(136,1,1,'shopTadmin','14.3.64.72','2024-08-01 08:18:26','2024-08-01 08:18:26','loginhistory'),(137,1,1,'shopTadmin','106.180.200.129','2024-08-02 01:50:11','2024-08-02 01:50:11','loginhistory'),(138,1,1,'shopTadmin','106.180.200.129','2024-08-06 02:58:06','2024-08-06 02:58:06','loginhistory'),(139,1,1,'shopTadmin','220.210.132.198','2024-08-07 03:20:21','2024-08-07 03:20:21','loginhistory'),(140,1,1,'shopTadmin','14.3.64.72','2024-08-08 03:04:13','2024-08-08 03:04:13','loginhistory'),(141,1,1,'shopTadmin','14.3.64.72','2024-08-08 07:46:16','2024-08-08 07:46:16','loginhistory'),(142,1,1,'shopTadmin','220.210.132.198','2024-08-09 07:17:03','2024-08-09 07:17:03','loginhistory'),(143,1,1,'shopTadmin','106.180.200.129','2024-08-13 06:21:28','2024-08-13 06:21:28','loginhistory'),(144,1,1,'shopTadmin','220.210.132.198','2024-08-15 00:55:19','2024-08-15 00:55:19','loginhistory'),(145,1,1,'shopTadmin','14.3.64.72','2024-08-15 01:30:42','2024-08-15 01:30:42','loginhistory'),(146,1,1,'shopTadmin','220.210.132.198','2024-08-16 01:48:01','2024-08-16 01:48:01','loginhistory'),(147,1,1,'shopTadmin','220.210.132.198','2024-08-16 03:48:47','2024-08-16 03:48:47','loginhistory'),(148,1,1,'shopTadmin','106.180.200.129','2024-08-16 07:59:48','2024-08-16 07:59:48','loginhistory'),(149,1,1,'shopTadmin','14.3.64.72','2024-08-19 02:29:49','2024-08-19 02:29:49','loginhistory'),(150,1,1,'shopTadmin','14.3.64.72','2024-08-19 05:22:12','2024-08-19 05:22:12','loginhistory'),(151,1,1,'shopTadmin','220.210.132.198','2024-08-19 07:14:37','2024-08-19 07:14:37','loginhistory'),(152,1,1,'shopTadmin','220.210.132.198','2024-08-19 08:25:53','2024-08-19 08:25:53','loginhistory'),(153,0,1,'shopTadmin','220.210.132.198','2024-08-19 08:27:19','2024-08-19 08:27:19','loginhistory'),(154,1,1,'shopTadmin','106.180.200.129','2024-08-20 02:20:09','2024-08-20 02:20:09','loginhistory'),(155,1,1,'shopTadmin','106.180.200.129','2024-08-23 00:30:28','2024-08-23 00:30:28','loginhistory'),(156,1,1,'shopTadmin','106.180.200.129','2024-08-23 04:06:03','2024-08-23 04:06:03','loginhistory'),(157,1,1,'shopTadmin','14.3.59.94','2024-08-26 08:12:08','2024-08-26 08:12:08','loginhistory'),(158,1,1,'shopTadmin','220.210.132.198','2024-08-28 01:39:48','2024-08-28 01:39:48','loginhistory'),(159,1,1,'shopTadmin','14.3.52.117','2024-08-29 05:13:16','2024-08-29 05:13:16','loginhistory'),(160,1,1,'shopTadmin','14.3.52.117','2024-09-02 01:28:50','2024-09-02 01:28:50','loginhistory'),(161,1,1,'shopTadmin','220.210.132.198','2024-09-05 06:16:56','2024-09-05 06:16:56','loginhistory'),(162,1,1,'shopTadmin','14.3.52.117','2024-09-05 06:21:01','2024-09-05 06:21:01','loginhistory'),(163,1,1,'shopTadmin','106.180.200.129','2024-09-06 10:02:10','2024-09-06 10:02:10','loginhistory'),(164,1,1,'shopTadmin','106.180.200.129','2024-09-10 04:28:36','2024-09-10 04:28:36','loginhistory'),(165,1,1,'shopTadmin','106.180.200.129','2024-09-24 07:39:28','2024-09-24 07:39:28','loginhistory'),(166,1,1,'shopTadmin','220.210.132.198','2024-09-25 07:53:34','2024-09-25 07:53:34','loginhistory'),(167,1,1,'shopTadmin','106.180.200.129','2024-09-27 09:22:20','2024-09-27 09:22:20','loginhistory'),(168,1,1,'shopTadmin','14.3.52.117','2024-09-30 03:58:47','2024-09-30 03:58:47','loginhistory'),(169,1,1,'shopTadmin','220.210.132.198','2024-09-30 06:25:25','2024-09-30 06:25:25','loginhistory'),(170,1,1,'shopTadmin','220.210.132.198','2024-10-08 04:04:07','2024-10-08 04:04:07','loginhistory'),(171,1,1,'shopTadmin','14.3.52.117','2024-10-28 01:49:30','2024-10-28 01:49:30','loginhistory'),(172,1,1,'shopTadmin','14.3.52.117','2024-10-28 02:03:07','2024-10-28 02:03:07','loginhistory'),(173,1,1,'shopTadmin','220.210.132.198','2024-10-28 09:30:01','2024-10-28 09:30:01','loginhistory'),(174,1,1,'shopTadmin','106.180.200.129','2024-10-29 01:46:00','2024-10-29 01:46:00','loginhistory'),(175,1,1,'shopTadmin','106.180.200.129','2024-10-29 03:47:44','2024-10-29 03:47:44','loginhistory'),(176,1,1,'shopTadmin','220.210.132.198','2024-10-30 01:53:30','2024-10-30 01:53:30','loginhistory'),(177,1,1,'shopTadmin','14.3.52.117','2024-10-31 01:56:11','2024-10-31 01:56:11','loginhistory'),(178,1,1,'shopTadmin','113.197.145.11','2024-11-05 01:10:24','2024-11-05 01:10:24','loginhistory'),(179,1,1,'shopTadmin','106.180.200.129','2024-11-12 05:04:47','2024-11-12 05:04:47','loginhistory'),(180,1,1,'shopTadmin','106.180.200.129','2024-11-12 05:06:06','2024-11-12 05:06:06','loginhistory'),(181,1,1,'shopTadmin','106.180.200.129','2024-11-29 06:09:16','2024-11-29 06:09:16','loginhistory'),(182,1,1,'shopTadmin','113.197.145.11','2024-12-02 01:29:51','2024-12-02 01:29:51','loginhistory'),(183,1,1,'shopTadmin','113.197.145.11','2024-12-05 07:12:24','2024-12-05 07:12:24','loginhistory'),(184,1,1,'shopTadmin','14.3.28.67','2024-12-05 08:44:11','2024-12-05 08:44:11','loginhistory'),(185,1,1,'shopTadmin','113.197.145.11','2024-12-10 07:44:06','2024-12-10 07:44:06','loginhistory'),(186,1,1,'shopTadmin','106.180.200.129','2024-12-10 09:02:50','2024-12-10 09:02:50','loginhistory'),(187,1,1,'shopTadmin','106.180.200.129','2024-12-10 10:02:15','2024-12-10 10:02:15','loginhistory');

--
-- Table structure for table `dtb_mail_history`
--

CREATE TABLE `dtb_mail_history` (
  `id` int(10) unsigned NOT NULL AUTO_INCREMENT,
  `order_id` int(10) unsigned DEFAULT NULL,
  `creator_id` int(10) unsigned DEFAULT NULL,
  `send_date` datetime DEFAULT NULL COMMENT '(DC2Type:datetimetz)',
  `mail_subject` varchar(255) COLLATE utf8mb4_bin DEFAULT NULL,
  `mail_body` longtext COLLATE utf8mb4_bin,
  `mail_html_body` longtext COLLATE utf8mb4_bin,
  `discriminator_type` varchar(255) COLLATE utf8mb4_bin NOT NULL,
  PRIMARY KEY (`id`),
  KEY `IDX_4870AB118D9F6D38` (`order_id`),
  KEY `IDX_4870AB1161220EA6` (`creator_id`),
  CONSTRAINT `FK_4870AB1161220EA6` FOREIGN KEY (`creator_id`) REFERENCES `dtb_member` (`id`),
  CONSTRAINT `FK_4870AB118D9F6D38` FOREIGN KEY (`order_id`) REFERENCES `dtb_order` (`id`)
) ENGINE=InnoDB AUTO_INCREMENT=24 DEFAULT CHARSET=utf8mb4 COLLATE=utf8mb4_bin;

--
-- Dumping data for table `dtb_mail_history`
--

INSERT INTO `dtb_mail_history` VALUES (22,122,NULL,'2024-07-23 05:28:05','[TANZO.(鍛造指輪)オンラインショップ] ご注文ありがとうございます','あぷてっく てすと 様\n\nこの度はご注文いただき誠にありがとうございます。下記ご注文内容にお間違えがないかご確認下さい。\n\n************************************************\n　ご請求金額\n************************************************\n\nご注文日時：2024/07/23 14:28:04\nご注文番号：122\nお支払い合計：￥145,200\nお支払い方法：クレジットカード決済\nお問い合わせ：カード決済テスト\n\n\n************************************************\n　ご注文商品明細\n************************************************\n\n商品コード：C001\n商品名：【光なりける】  右のリング  プラチナ サイズ：9\nオプション：刻印あり刻印字体(基本書体) 刻印内容(test * あA) インサイド石(ガーネット)\n単価：￥145,200\n数量：1\n\n-------------------------------------------------\n小　計：￥145,200\n手数料：￥0\n送　料：￥0\n-------------------------------------------------\n合　計：￥145,200\n============================================\nお支払い合計：￥145,200\n    (10 %対象：￥145,200 内消費税：￥13,200)\n  \n************************************************\n　ご注文者情報\n************************************************\nお名前：あぷてっく てすと 様\nお名前(カナ)：アプテック テスト 様\n郵便番号：〒2220033\n住所：神奈川県横浜市港北区新横浜2-15-10 YS新横浜ビル５F\n電話番号：0454751511\nメールアドレス：ito@apteq.jp\n\n************************************************\n　配送情報\n************************************************\n\n◎お届け先\nお名前：お届け先 別 様\nお名前(カナ)：オオドケサキ ベツ 様\n郵便番号：〒1040055\n住所：東京都中央区豊海町11111\n電話番号：111111111\n\n配送方法：宅配便\nお届け日：指定なし\nお届け時間：指定なし\n\n商品コード：C001\n商品名：【光なりける】  右のリング  プラチナ\nサイズ：9\nオプション：刻印あり・刻印字体(基本書体)・刻印内容(test * あA)・インサイド石(ガーネット)\n数量：1\n\n\n\n============================================\n\nこのメッセージはお客様へのお知らせ専用ですので、\nこのメッセージへの返信としてご質問をお送りいただいても回答できません。\nご了承ください。\n','<!DOCTYPE html PUBLIC \"-//W3C//DTD HTML 4.01 Transitional//EN\" \"http://www.w3.org/TR/html4/loose.dtd\">\n<html xmlns=\"http://www.w3.org/1999/xhtml\">\n\n<body bgcolor=\"#F0F0F0\" leftmargin=\"0\" topmargin=\"0\" marginwidth=\"0\" marginheight=\"0\" style=\"margin-top:0;margin-bottom:0;margin-right:0;margin-left:0;padding-top:0;padding-bottom:0;padding-right:0;padding-left:0;-ms-text-size-adjust:100%;-webkit-text-size-adjust:100%;\">\n<br>\n<br>\n<div align=\"center\"><a href=\"https://onlineshop.tanzo.jp/\" style=\"font-family:Helvetica, Arial, sans-serif;font-size:30px;color:#333333;text-decoration:none;\">TANZO.(鍛造指輪)オンラインショップ</a></div>\n<!-- 100% background wrapper (grey background) -->\n<table border=\"0\" width=\"100%\" height=\"100%\" cellpadding=\"0\" cellspacing=\"0\" bgcolor=\"#F0F0F0\" style=\"border-spacing:0;mso-table-lspace:0pt;mso-table-rspace:0pt;\">\n    <tr>\n        <td align=\"center\" valign=\"top\" bgcolor=\"#F0F0F0\" style=\"background-color:#F0F0F0;border-collapse:collapse;\">\n            <br>\n            <!-- 600px container (white background) -->\n            <table id=\"html-mail-table1\" border=\"0\" width=\"600px\" cellpadding=\"10\" cellspacing=\"0\" class=\"container\" style=\"border-spacing:0;mso-table-lspace:0pt;mso-table-rspace:0pt;\">\n                <tr>\n                    <td class=\"container-padding content\" align=\"left\" style=\"border-collapse:collapse;padding-left:24px;padding-right:24px;padding-top:12px;padding-bottom:12px;background-color:#ffffff;\">\n                        <br>\n                        <div class=\"title\" style=\"font-family:Helvetica, Arial, sans-serif;font-size:18px;font-weight:600;color:#374550;\">この度はご注文いただき誠にありがとうございます。</div>\n                        <br>\n                        <div class=\"body-text\" style=\"font-family:Helvetica, Arial, sans-serif;font-size:14px;line-height:20px;text-align:left;color:#333333;\">\n                            あぷてっく てすと 様<br/>\n                            <br/>\n                            下記ご注文内容にお間違えがないかご確認下さい。<br/>\n                            <br/>\n                            <hr style=\"border-top: 3px double #8c8b8b;\">\n                            　ご請求金額<br/>\n                            <hr style=\"border-top: 3px double #8c8b8b;\">\n                            ご注文日時：2024/07/23 14:28:04<br/>\n                            ご注文番号：122<br/>\n                            お支払い合計：￥145,200<br/>\n                            お支払い方法：クレジットカード決済<br/>\n                                                        お問い合わせ：カード決済テスト<br/>\n                            <br/>\n                            <hr style=\"border-top: 3px double #8c8b8b;\">\n                            　ご注文商品明細<br/>\n                            <hr style=\"border-top: 3px double #8c8b8b;\">\n                                                                                                                                                                                                                    商品コード：C001<br/>\n                                    商品名：【光なりける】  右のリング  プラチナ<br/>\n                                    サイズ：9<br/>\n                                    オプション：刻印あり・刻印字体(基本書体)・刻印内容(test * あA)・インサイド石(ガーネット)<br/>\n                                    <br/>\n                                    単価：￥145,200<br/>\n                                    数量：1<br/>\n                                    <br/>\n                                                                                                                                                                                <hr style=\"border-top: 2px dashed #8c8b8b;\">\n                            小　計：￥145,200<br/>\n                            手数料：￥0<br/>\n                            送　料：￥0<br/>\n                                                        <hr style=\"border-top: 1px dotted #8c8b8b;\">\n                            合　計：￥145,200<br/>\n                                                        <hr style=\"border-top: 1px dotted #8c8b8b;\">\n                            お支払い合計：￥145,200\n                                                            (10 %対象：￥145,200 内消費税： ￥13,200)<br/>\n                                                        <br/>\n                            <hr style=\"border-top: 3px double #8c8b8b;\">\n                            ご注文者情報<br/>\n                            <hr style=\"border-top: 3px double #8c8b8b;\">\n                            お名前：あぷてっく てすと 様<br/>\n                            お名前(カナ)：アプテック テスト 様<br/>\n                                                        郵便番号：〒2220033<br/>\n                            住所：神奈川県横浜市港北区新横浜2-15-10 YS新横浜ビル５F<br/>\n                            電話番号：0454751511<br/>\n                            メールアドレス：ito@apteq.jp<br/>\n                            <br/>\n                            <hr style=\"border-top: 3px double #8c8b8b;\">\n                            　配送情報<br/>\n                            <hr style=\"border-top: 3px double #8c8b8b;\">\n\n                                                            ◎お届け先<br/>\n                                <br/>\n                                お名前：お届け先 別 様<br/>\n                                お名前(カナ)：オオドケサキ ベツ 様<br/>\n                                                                                                郵便番号：〒1040055<br/>\n                                住所：東京都中央区豊海町11111<br/>\n                                電話番号：111111111<br/>\n                                                                <br/>\n                                配送方法：宅配便<br/>\n                                                                お届け日：指定なし<br/>\n                                お届け時間：指定なし<br/>\n                                <br/>\n                                                                                                    商品コード：C001<br/>\n                                    商品名：【光なりける】  右のリング  プラチナ<br/>\n                                    サイズ：9<br/>\n                                    オプション：刻印あり・刻印字体(基本書体)・刻印内容(test * あA)・インサイド石(ガーネット)<br/>\n\n                                    数量：1<br/>\n                                    <br/>\n                                                                                                                    <hr style=\"border-top: 2px dotted #8c8b8b;\">\n                            このメッセージはお客様へのお知らせ専用ですので、<br/>\n                            このメッセージへの返信としてご質問をお送りいただいても回答できません。<br/>\n                            ご了承ください。<br/>\n                        </div>\n                    </td>\n                </tr>\n            </table>\n            <!--/600px container -->\n            <br>\n            <br>\n            <table id=\"html-mail-table2\" border=\"0\" width=\"600px\" cellpadding=\"10\" cellspacing=\"0\" class=\"container\" style=\"border-spacing:0;mso-table-lspace:0pt;mso-table-rspace:0pt;\">\n                <tr>\n                    <td class=\"container-padding content footer-text\" align=\"left\" style=\"border-collapse:collapse;font-family:Helvetica, Arial, sans-serif;font-size:12px;line-height:16px;color:#aaaaaa;padding-left:24px;padding-right:24px;padding-top:12px;padding-bottom:12px;background-color:#ffffff;\">\n                        本メールは、TANZO.(鍛造指輪)オンラインショップより送信しております。<br/>\n                        もしお心当たりが無い場合は、その旨 <a href=\"mailto:ito@apteq.jp\" style=\"text-decoration:none;\">ito@apteq.jp</a> までご連絡いただければ幸いです。<br/>\n                        <br/>\n                        <div class=\"title\" style=\"font-size:14px;font-family:Helvetica, Arial, sans-serif;font-weight:600;color:#374550;\"><a href=\"https://onlineshop.tanzo.jp/\" style=\"color:#aaaaaa;text-decoration:none;\">TANZO.(鍛造指輪)オンラインショップ</a></div>\n                        <div>copyright &copy; TANZO.(鍛造指輪)オンラインショップ all rights reserved.</div>\n                    </td>\n                </tr>\n            </table>\n        </td>\n    </tr>\n</table>\n<!--/100% background wrapper-->\n<br>\n<br>\n</body>\n\n</html>','mailhistory'),(23,135,NULL,'2024-10-08 03:58:52','[TANZO.(鍛造指輪)公式オンラインショップ] ご注文ありがとうございます','高橋 桂太 様\n\nこの度はご注文いただき誠にありがとうございます。下記ご注文内容にお間違えがないかご確認下さい。\n\n************************************************\n　ご請求金額\n************************************************\n\nご注文日時：2024/10/08 12:58:50\nご注文番号：135\nお支払い合計：￥354,200\nお支払い方法：クレジットカード決済\nお問い合わせ：クリスマスに合わせて納品は可能でしょうか？(2024.12.24〜2024.12.25)\nなるべくこの日に近い日で納品して頂けたら幸いです。\n宜しくお願い致します。\n\n\n************************************************\n　ご注文商品明細\n************************************************\n\n商品コード：C113\n商品名：【有明の月】  グリーンゴールド(K18)  0.20ct,D,VVS1,3E サイズ：20\nオプション：刻印なし インサイド石(サファイア)単価：￥354,200\n数量：1\n\n-------------------------------------------------\n小　計：￥354,200\n手数料：￥0\n送　料：￥0\n-------------------------------------------------\n合　計：￥354,200\n============================================\nお支払い合計：￥354,200\n    (10 %対象：￥354,200 内消費税：￥32,200)\n  \n************************************************\n　ご注文者情報\n************************************************\nお名前：高橋 桂太 様\nお名前(カナ)：タカハシ ケイタ 様\n郵便番号：〒3780033\n住所：群馬県沼田市白岩町57-11\n電話番号：09043924344\nメールアドレス：chami1438@ymail.ne.jp\n\n************************************************\n　配送情報\n************************************************\n\n◎お届け先\nお名前：高橋 桂太 様\nお名前(カナ)：タカハシ ケイタ 様\n郵便番号：〒3780033\n住所：群馬県沼田市白岩町57-11\n電話番号：09043924344\n\n配送方法：宅配便\nお届け日：指定なし\nお届け時間：指定なし\n\n商品コード：C113\n商品名：【有明の月】  グリーンゴールド(K18)  0.20ct,D,VVS1,3E\nサイズ：20\nオプション：刻印なし・インサイド石(サファイア)数量：1\n\n\n\n============================================\n\nこのメッセージはお客様へのお知らせ専用ですので、\nこのメッセージへの返信としてご質問をお送りいただいても回答できません。\nご了承ください。\n','<!DOCTYPE html PUBLIC \"-//W3C//DTD HTML 4.01 Transitional//EN\" \"http://www.w3.org/TR/html4/loose.dtd\">\n<html xmlns=\"http://www.w3.org/1999/xhtml\">\n\n<body bgcolor=\"#F0F0F0\" leftmargin=\"0\" topmargin=\"0\" marginwidth=\"0\" marginheight=\"0\" style=\"margin-top:0;margin-bottom:0;margin-right:0;margin-left:0;padding-top:0;padding-bottom:0;padding-right:0;padding-left:0;-ms-text-size-adjust:100%;-webkit-text-size-adjust:100%;\">\n<br>\n<br>\n<div align=\"center\"><a href=\"https://onlineshop.tanzo.jp/\" style=\"font-family:Helvetica, Arial, sans-serif;font-size:30px;color:#333333;text-decoration:none;\">TANZO.(鍛造指輪)公式オンラインショップ</a></div>\n<!-- 100% background wrapper (grey background) -->\n<table border=\"0\" width=\"100%\" height=\"100%\" cellpadding=\"0\" cellspacing=\"0\" bgcolor=\"#F0F0F0\" style=\"border-spacing:0;mso-table-lspace:0pt;mso-table-rspace:0pt;\">\n    <tr>\n        <td align=\"center\" valign=\"top\" bgcolor=\"#F0F0F0\" style=\"background-color:#F0F0F0;border-collapse:collapse;\">\n            <br>\n            <!-- 600px container (white background) -->\n            <table id=\"html-mail-table1\" border=\"0\" width=\"600px\" cellpadding=\"10\" cellspacing=\"0\" class=\"container\" style=\"border-spacing:0;mso-table-lspace:0pt;mso-table-rspace:0pt;\">\n                <tr>\n                    <td class=\"container-padding content\" align=\"left\" style=\"border-collapse:collapse;padding-left:24px;padding-right:24px;padding-top:12px;padding-bottom:12px;background-color:#ffffff;\">\n                        <br>\n                        <div class=\"title\" style=\"font-family:Helvetica, Arial, sans-serif;font-size:18px;font-weight:600;color:#374550;\">この度はご注文いただき誠にありがとうございます。</div>\n                        <br>\n                        <div class=\"body-text\" style=\"font-family:Helvetica, Arial, sans-serif;font-size:14px;line-height:20px;text-align:left;color:#333333;\">\n                            高橋 桂太 様<br/>\n                            <br/>\n                            下記ご注文内容にお間違えがないかご確認下さい。<br/>\n                            <br/>\n                            <hr style=\"border-top: 3px double #8c8b8b;\">\n                            　ご請求金額<br/>\n                            <hr style=\"border-top: 3px double #8c8b8b;\">\n                            ご注文日時：2024/10/08 12:58:50<br/>\n                            ご注文番号：135<br/>\n                            お支払い合計：￥354,200<br/>\n                            お支払い方法：クレジットカード決済<br/>\n                                                        お問い合わせ：クリスマスに合わせて納品は可能でしょうか？(2024.12.24〜2024.12.25)\nなるべくこの日に近い日で納品して頂けたら幸いです。\n宜しくお願い致します。<br/>\n                            <br/>\n                            <hr style=\"border-top: 3px double #8c8b8b;\">\n                            　ご注文商品明細<br/>\n                            <hr style=\"border-top: 3px double #8c8b8b;\">\n                                                                                                                                                        商品コード：C113<br/>\n                                    商品名：【有明の月】  グリーンゴールド(K18)  0.20ct,D,VVS1,3E<br/>\n                                    サイズ：20<br/>\n                                    オプション：刻印なし・インサイド石(サファイア)<br/>                                    <br/>\n                                    単価：￥354,200<br/>\n                                    数量：1<br/>\n                                    <br/>\n                                                                                                                                                                                                                                            <hr style=\"border-top: 2px dashed #8c8b8b;\">\n                            小　計：￥354,200<br/>\n                            手数料：￥0<br/>\n                            送　料：￥0<br/>\n                                                        <hr style=\"border-top: 1px dotted #8c8b8b;\">\n                            合　計：￥354,200<br/>\n                                                        <hr style=\"border-top: 1px dotted #8c8b8b;\">\n                            お支払い合計：￥354,200\n                                                            (10 %対象：￥354,200 内消費税： ￥32,200)<br/>\n                                                        <br/>\n                            <hr style=\"border-top: 3px double #8c8b8b;\">\n                            ご注文者情報<br/>\n                            <hr style=\"border-top: 3px double #8c8b8b;\">\n                            お名前：高橋 桂太 様<br/>\n                            お名前(カナ)：タカハシ ケイタ 様<br/>\n                                                        郵便番号：〒3780033<br/>\n                            住所：群馬県沼田市白岩町57-11<br/>\n                            電話番号：09043924344<br/>\n                            メールアドレス：chami1438@ymail.ne.jp<br/>\n                            <br/>\n                            <hr style=\"border-top: 3px double #8c8b8b;\">\n                            　配送情報<br/>\n                            <hr style=\"border-top: 3px double #8c8b8b;\">\n\n                                                            ◎お届け先<br/>\n                                <br/>\n                                お名前：高橋 桂太 様<br/>\n                                お名前(カナ)：タカハシ ケイタ 様<br/>\n                                                                                                郵便番号：〒3780033<br/>\n                                住所：群馬県沼田市白岩町57-11<br/>\n                                電話番号：09043924344<br/>\n                                                                <br/>\n                                配送方法：宅配便<br/>\n                                                                お届け日：指定なし<br/>\n                                お届け時間：指定なし<br/>\n                                <br/>\n                                                                                                    商品コード：C113<br/>\n                                    商品名：【有明の月】  グリーンゴールド(K18)  0.20ct,D,VVS1,3E<br/>\n                                    サイズ：20<br/>\n                                    オプション：刻印なし・インサイド石(サファイア)<br/>\n                                    数量：1<br/>\n                                    <br/>\n                                                                                                                    <hr style=\"border-top: 2px dotted #8c8b8b;\">\n                            このメッセージはお客様へのお知らせ専用ですので、<br/>\n                            このメッセージへの返信としてご質問をお送りいただいても回答できません。<br/>\n                            ご了承ください。<br/>\n                        </div>\n                    </td>\n                </tr>\n            </table>\n            <!--/600px container -->\n            <br>\n            <br>\n            <table id=\"html-mail-table2\" border=\"0\" width=\"600px\" cellpadding=\"10\" cellspacing=\"0\" class=\"container\" style=\"border-spacing:0;mso-table-lspace:0pt;mso-table-rspace:0pt;\">\n                <tr>\n                    <td class=\"container-padding content footer-text\" align=\"left\" style=\"border-collapse:collapse;font-family:Helvetica, Arial, sans-serif;font-size:12px;line-height:16px;color:#aaaaaa;padding-left:24px;padding-right:24px;padding-top:12px;padding-bottom:12px;background-color:#ffffff;\">\n                        本メールは、TANZO.(鍛造指輪)公式オンラインショップより送信しております。<br/>\n                        もしお心当たりが無い場合は、その旨 <a href=\"mailto:shopinfo@onlineshop.tanzo.jp\" style=\"text-decoration:none;\">shopinfo@onlineshop.tanzo.jp</a> までご連絡いただければ幸いです。<br/>\n                        <br/>\n                        <div class=\"title\" style=\"font-size:14px;font-family:Helvetica, Arial, sans-serif;font-weight:600;color:#374550;\"><a href=\"https://onlineshop.tanzo.jp/\" style=\"color:#aaaaaa;text-decoration:none;\">TANZO.(鍛造指輪)公式オンラインショップ</a></div>\n                        <div>copyright &copy; TANZO.(鍛造指輪)公式オンラインショップ all rights reserved.</div>\n                    </td>\n                </tr>\n            </table>\n        </td>\n    </tr>\n</table>\n<!--/100% background wrapper-->\n<br>\n<br>\n</body>\n\n</html>','mailhistory');

--
-- Table structure for table `dtb_mail_template`
--

CREATE TABLE `dtb_mail_template` (
  `id` int(10) unsigned NOT NULL AUTO_INCREMENT,
  `creator_id` int(10) unsigned DEFAULT NULL,
  `name` varchar(255) COLLATE utf8mb4_bin DEFAULT NULL,
  `file_name` varchar(255) COLLATE utf8mb4_bin DEFAULT NULL,
  `mail_subject` varchar(255) COLLATE utf8mb4_bin DEFAULT NULL,
  `create_date` datetime NOT NULL COMMENT '(DC2Type:datetimetz)',
  `update_date` datetime NOT NULL COMMENT '(DC2Type:datetimetz)',
  `discriminator_type` varchar(255) COLLATE utf8mb4_bin NOT NULL,
  PRIMARY KEY (`id`),
  KEY `IDX_1CB16DB261220EA6` (`creator_id`),
  CONSTRAINT `FK_1CB16DB261220EA6` FOREIGN KEY (`creator_id`) REFERENCES `dtb_member` (`id`)
) ENGINE=InnoDB AUTO_INCREMENT=37 DEFAULT CHARSET=utf8mb4 COLLATE=utf8mb4_bin;

--
-- Dumping data for table `dtb_mail_template`
--

INSERT INTO `dtb_mail_template` VALUES (1,NULL,'注文受付メール','Mail/order.twig','ご注文ありがとうございます','2023-12-04 05:31:39','2023-12-04 05:31:39','mailtemplate'),(2,NULL,'会員仮登録メール','Mail/entry_confirm.twig','会員登録のご確認','2023-12-04 05:31:39','2023-12-04 05:31:39','mailtemplate'),(3,NULL,'会員本登録メール','Mail/entry_complete.twig','会員登録が完了しました。','2023-12-04 05:31:39','2023-12-04 05:31:39','mailtemplate'),(4,NULL,'会員退会メール','Mail/customer_withdraw_mail.twig','退会手続きのご完了','2023-12-04 05:31:39','2023-12-04 05:31:39','mailtemplate'),(5,NULL,'問合受付メール','Mail/contact_mail.twig','お問い合わせを受け付けました。','2023-12-04 05:31:39','2023-12-04 05:31:39','mailtemplate'),(6,NULL,'パスワードリセット','Mail/forgot_mail.twig','パスワード変更のご確認','2023-12-04 05:31:39','2023-12-04 05:31:39','mailtemplate'),(7,NULL,'パスワードリマインダー','Mail/reset_complete_mail.twig','パスワード変更のお知らせ','2023-12-04 05:31:39','2023-12-04 05:31:39','mailtemplate'),(8,NULL,'出荷通知メール','Mail/shipping_notify.twig','商品出荷のお知らせ','2023-12-04 05:31:39','2023-12-04 05:31:39','mailtemplate'),(9,NULL,'会員情報変更通知メール','Mail/customer_change_notify.twig','会員情報変更のお知らせ','2023-12-04 05:31:39','2023-12-04 05:31:39','mailtemplate'),(28,1,'入金お知らせメール（REMISEマルチ決済）','RemisePayment42/Resource/template/mail/order_acpt.twig','ご入金が確認できました','2024-07-23 04:31:28','2024-07-23 04:31:28','mailtemplate'),(29,1,'定期購買注文受付メール（REMISE定期購買）','RemisePayment42/Resource/template/mail/ac_order.twig','ご注文ありがとうございます','2024-07-23 04:31:28','2024-07-23 04:31:28','mailtemplate'),(30,1,'定期購買カード情報更新通知メール（REMISE定期購買）','RemisePayment42/Resource/template/mail/ac_card_update_complete.twig','ご登録カードの更新が完了しました','2024-07-23 04:31:28','2024-07-23 04:31:28','mailtemplate'),(31,1,'定期購買解約通知メール（REMISE定期購買）','RemisePayment42/Resource/template/mail/ac_cancel_complete.twig','定期購買の解約処理が完了しました','2024-07-23 04:31:28','2024-07-23 04:31:28','mailtemplate'),(32,1,'定期購買スキップ通知メール（REMISE定期購買）','RemisePayment42/Resource/template/mail/ac_skip_complete.twig','定期購買のスキップ処理が完了しました','2024-07-23 04:31:28','2024-07-23 04:31:28','mailtemplate'),(33,1,'定期購買結果取込通知メール（REMISE定期購買）','RemisePayment42/Resource/template/mail/ac_result_import_complete.twig','定期購買の結果取込処理が完了しました','2024-07-23 04:31:28','2024-07-23 04:31:28','mailtemplate'),(34,1,'定期購買結果取込エラー通知メール（REMISE定期購買）','RemisePayment42/Resource/template/mail/ac_result_import_error.twig','定期購買の結果取込処理でエラーが発生しました','2024-07-23 04:31:29','2024-07-23 04:31:29','mailtemplate'),(35,1,'定期購買結果バッチ取込受付通知メール（REMISE定期購買）','RemisePayment42/Resource/template/mail/ac_result_import_stack_accept.twig','定期購買の結果取込処理を受付しました','2024-07-23 04:31:29','2024-07-23 04:31:29','mailtemplate'),(36,1,'定期購買結果バッチ取込エラー通知メール（REMISE定期購買）','RemisePayment42/Resource/template/mail/ac_result_import_stack_error.twig','定期購買の結果取込処理でエラーが発生しました','2024-07-23 04:31:29','2024-07-23 04:31:29','mailtemplate');

--
-- Table structure for table `dtb_member`
--

CREATE TABLE `dtb_member` (
  `id` int(10) unsigned NOT NULL AUTO_INCREMENT,
  `work_id` smallint(5) unsigned DEFAULT NULL,
  `authority_id` smallint(5) unsigned DEFAULT NULL,
  `creator_id` int(10) unsigned DEFAULT NULL,
  `name` varchar(255) COLLATE utf8mb4_bin DEFAULT NULL,
  `department` varchar(255) COLLATE utf8mb4_bin DEFAULT NULL,
  `login_id` varchar(255) COLLATE utf8mb4_bin NOT NULL,
  `password` varchar(255) COLLATE utf8mb4_bin NOT NULL,
  `salt` varchar(255) COLLATE utf8mb4_bin DEFAULT NULL,
  `sort_no` smallint(5) unsigned NOT NULL,
  `two_factor_auth_key` varchar(255) COLLATE utf8mb4_bin DEFAULT NULL,
  `two_factor_auth_enabled` tinyint(1) NOT NULL DEFAULT '0',
  `create_date` datetime NOT NULL COMMENT '(DC2Type:datetimetz)',
  `update_date` datetime NOT NULL COMMENT '(DC2Type:datetimetz)',
  `login_date` datetime DEFAULT NULL COMMENT '(DC2Type:datetimetz)',
  `discriminator_type` varchar(255) COLLATE utf8mb4_bin NOT NULL,
  PRIMARY KEY (`id`),
  KEY `IDX_10BC3BE6BB3453DB` (`work_id`),
  KEY `IDX_10BC3BE681EC865B` (`authority_id`),
  KEY `IDX_10BC3BE661220EA6` (`creator_id`),
  CONSTRAINT `FK_10BC3BE661220EA6` FOREIGN KEY (`creator_id`) REFERENCES `dtb_member` (`id`),
  CONSTRAINT `FK_10BC3BE681EC865B` FOREIGN KEY (`authority_id`) REFERENCES `mtb_authority` (`id`),
  CONSTRAINT `FK_10BC3BE6BB3453DB` FOREIGN KEY (`work_id`) REFERENCES `mtb_work` (`id`)
) ENGINE=InnoDB AUTO_INCREMENT=2 DEFAULT CHARSET=utf8mb4 COLLATE=utf8mb4_bin;

--
-- Dumping data for table `dtb_member`
--

INSERT INTO `dtb_member` VALUES (1,1,0,1,'管理者','鍛造指輪EC','shopTadmin','f1bc5900c2fac3dfe7f1d84249745f05027e73d250cb57486fb53a290b920798','vS0zGevORxRJMOA',1,NULL,0,'2023-12-04 05:31:39','2024-12-10 10:02:15','2024-12-10 10:02:15','member');

--
-- Table structure for table `dtb_news`
--

CREATE TABLE `dtb_news` (
  `id` int(10) unsigned NOT NULL AUTO_INCREMENT,
  `creator_id` int(10) unsigned DEFAULT NULL,
  `publish_date` datetime DEFAULT NULL COMMENT '(DC2Type:datetimetz)',
  `title` varchar(255) COLLATE utf8mb4_bin NOT NULL,
  `description` longtext COLLATE utf8mb4_bin,
  `url` varchar(4000) COLLATE utf8mb4_bin DEFAULT NULL,
  `link_method` tinyint(1) NOT NULL DEFAULT '0',
  `create_date` datetime NOT NULL COMMENT '(DC2Type:datetimetz)',
  `update_date` datetime NOT NULL COMMENT '(DC2Type:datetimetz)',
  `visible` tinyint(1) NOT NULL DEFAULT '1',
  `discriminator_type` varchar(255) COLLATE utf8mb4_bin NOT NULL,
  PRIMARY KEY (`id`),
  KEY `IDX_EA4C351761220EA6` (`creator_id`),
  CONSTRAINT `FK_EA4C351761220EA6` FOREIGN KEY (`creator_id`) REFERENCES `dtb_member` (`id`)
) ENGINE=InnoDB AUTO_INCREMENT=2 DEFAULT CHARSET=utf8mb4 COLLATE=utf8mb4_bin;

--
-- Dumping data for table `dtb_news`
--

INSERT INTO `dtb_news` VALUES (1,1,'2024-08-22 00:00:00','オンラインショップをオープンしました','鍛造の結婚指輪と婚約指輪ブランド TANZO（鍛造指輪）のオンラインショップをオープンしました。',NULL,0,'2023-12-04 05:31:39','2024-08-16 07:44:39',1,'news');

--
-- Table structure for table `dtb_order`
--

CREATE TABLE `dtb_order` (
  `id` int(10) unsigned NOT NULL AUTO_INCREMENT,
  `customer_id` int(10) unsigned DEFAULT NULL,
  `country_id` smallint(5) unsigned DEFAULT NULL,
  `pref_id` smallint(5) unsigned DEFAULT NULL,
  `sex_id` smallint(5) unsigned DEFAULT NULL,
  `job_id` smallint(5) unsigned DEFAULT NULL,
  `payment_id` int(10) unsigned DEFAULT NULL,
  `device_type_id` smallint(5) unsigned DEFAULT NULL,
  `pre_order_id` varchar(255) COLLATE utf8mb4_bin DEFAULT NULL,
  `order_no` varchar(255) COLLATE utf8mb4_bin DEFAULT NULL,
  `message` varchar(4000) COLLATE utf8mb4_bin DEFAULT NULL,
  `name01` varchar(255) COLLATE utf8mb4_bin NOT NULL,
  `name02` varchar(255) COLLATE utf8mb4_bin NOT NULL,
  `kana01` varchar(255) COLLATE utf8mb4_bin DEFAULT NULL,
  `kana02` varchar(255) COLLATE utf8mb4_bin DEFAULT NULL,
  `company_name` varchar(255) COLLATE utf8mb4_bin DEFAULT NULL,
  `email` varchar(255) COLLATE utf8mb4_bin DEFAULT NULL,
  `phone_number` varchar(14) COLLATE utf8mb4_bin DEFAULT NULL,
  `postal_code` varchar(8) COLLATE utf8mb4_bin DEFAULT NULL,
  `addr01` varchar(255) COLLATE utf8mb4_bin DEFAULT NULL,
  `addr02` varchar(255) COLLATE utf8mb4_bin DEFAULT NULL,
  `birth` datetime DEFAULT NULL COMMENT '(DC2Type:datetimetz)',
  `subtotal` decimal(12,2) unsigned NOT NULL DEFAULT '0.00',
  `discount` decimal(12,2) unsigned NOT NULL DEFAULT '0.00',
  `delivery_fee_total` decimal(12,2) unsigned NOT NULL DEFAULT '0.00',
  `charge` decimal(12,2) unsigned NOT NULL DEFAULT '0.00',
  `tax` decimal(12,2) unsigned NOT NULL DEFAULT '0.00',
  `total` decimal(12,2) unsigned NOT NULL DEFAULT '0.00',
  `payment_total` decimal(12,2) unsigned NOT NULL DEFAULT '0.00',
  `payment_method` varchar(255) COLLATE utf8mb4_bin DEFAULT NULL,
  `note` varchar(4000) COLLATE utf8mb4_bin DEFAULT NULL,
  `create_date` datetime NOT NULL COMMENT '(DC2Type:datetimetz)',
  `update_date` datetime NOT NULL COMMENT '(DC2Type:datetimetz)',
  `order_date` datetime DEFAULT NULL COMMENT '(DC2Type:datetimetz)',
  `payment_date` datetime DEFAULT NULL COMMENT '(DC2Type:datetimetz)',
  `currency_code` varchar(255) COLLATE utf8mb4_bin DEFAULT NULL,
  `complete_message` longtext COLLATE utf8mb4_bin,
  `complete_mail_message` longtext COLLATE utf8mb4_bin,
  `add_point` decimal(12,0) unsigned NOT NULL DEFAULT '0',
  `use_point` decimal(12,0) unsigned NOT NULL DEFAULT '0',
  `order_status_id` smallint(5) unsigned DEFAULT NULL,
  `discriminator_type` varchar(255) COLLATE utf8mb4_bin NOT NULL,
  PRIMARY KEY (`id`),
  UNIQUE KEY `dtb_order_pre_order_id_idx` (`pre_order_id`),
  KEY `IDX_1D66D8079395C3F3` (`customer_id`),
  KEY `IDX_1D66D807F92F3E70` (`country_id`),
  KEY `IDX_1D66D807E171EF5F` (`pref_id`),
  KEY `IDX_1D66D8075A2DB2A0` (`sex_id`),
  KEY `IDX_1D66D807BE04EA9` (`job_id`),
  KEY `IDX_1D66D8074C3A3BB` (`payment_id`),
  KEY `IDX_1D66D8074FFA550E` (`device_type_id`),
  KEY `IDX_1D66D807D7707B45` (`order_status_id`),
  KEY `dtb_order_email_idx` (`email`),
  KEY `dtb_order_order_date_idx` (`order_date`),
  KEY `dtb_order_payment_date_idx` (`payment_date`),
  KEY `dtb_order_update_date_idx` (`update_date`),
  KEY `dtb_order_order_no_idx` (`order_no`),
  CONSTRAINT `FK_1D66D8074C3A3BB` FOREIGN KEY (`payment_id`) REFERENCES `dtb_payment` (`id`),
  CONSTRAINT `FK_1D66D8074FFA550E` FOREIGN KEY (`device_type_id`) REFERENCES `mtb_device_type` (`id`),
  CONSTRAINT `FK_1D66D8075A2DB2A0` FOREIGN KEY (`sex_id`) REFERENCES `mtb_sex` (`id`),
  CONSTRAINT `FK_1D66D8079395C3F3` FOREIGN KEY (`customer_id`) REFERENCES `dtb_customer` (`id`),
  CONSTRAINT `FK_1D66D807BE04EA9` FOREIGN KEY (`job_id`) REFERENCES `mtb_job` (`id`),
  CONSTRAINT `FK_1D66D807E171EF5F` FOREIGN KEY (`pref_id`) REFERENCES `mtb_pref` (`id`),
  CONSTRAINT `FK_1D66D807F92F3E70` FOREIGN KEY (`country_id`) REFERENCES `mtb_country` (`id`)
) ENGINE=InnoDB AUTO_INCREMENT=142 DEFAULT CHARSET=utf8mb4 COLLATE=utf8mb4_bin;

--
-- Dumping data for table `dtb_order`
--

INSERT INTO `dtb_order` VALUES (101,NULL,NULL,14,NULL,NULL,5,10,'44fee9b826ef0283984a232d93bc9d5a0a712b3a',NULL,NULL,'てすと','てすと','テスト','テスト',NULL,'a@a.a','09099999999','2220033','横浜市港北区新横浜','1',NULL,187000.00,0.00,0.00,0.00,17000.00,187000.00,187000.00,'クレジットカード決済',NULL,'2024-07-09 08:44:34','2024-07-09 08:44:34',NULL,NULL,'JPY',NULL,NULL,0,0,8,'order'),(102,NULL,NULL,14,NULL,NULL,5,10,'9a9f7ab949811243bfbc81bdb9d7890e8fa46eef','102',NULL,'テスト','テスト','テスト','テスト',NULL,'a@a.a','0451112222','2220032','横浜市港北区大豆戸町','22',NULL,324500.00,0.00,0.00,0.00,29500.00,324500.00,324500.00,'クレジットカード決済',NULL,'2024-07-11 03:25:59','2024-07-11 03:26:26',NULL,NULL,'JPY',NULL,NULL,0,0,8,'order'),(103,NULL,NULL,14,NULL,NULL,5,10,'890042b5a59fb4a9d4bf8df95bac56c14ba7f462','103',NULL,'テスト','テスト','テスト','テスト',NULL,'p@p.p','1111111','2220033','横浜市港北区新横浜','1',NULL,477000.00,0.00,0.00,0.00,43363.00,477000.00,477000.00,'クレジットカード決済',NULL,'2024-07-12 03:18:39','2024-07-12 03:20:17',NULL,NULL,'JPY',NULL,NULL,0,0,8,'order'),(104,NULL,NULL,13,NULL,NULL,5,10,'45b0788c070bf1154d97108b00680f39450df959',NULL,NULL,'てすと','てすと','テスト','テスト',NULL,'a@a.a','09099999999','1060043','港区麻布永坂町','1',NULL,407000.00,0.00,0.00,0.00,37000.00,407000.00,407000.00,'クレジットカード決済',NULL,'2024-07-16 09:45:07','2024-07-16 09:45:07',NULL,NULL,'JPY',NULL,NULL,0,0,8,'order'),(105,NULL,NULL,14,NULL,NULL,5,10,'92bcb1a3935623bc4f69a69cd2d4e7c7303ce25b','105',NULL,'テスト','テスト','テスト','テスト',NULL,'a@a.a','0451111111','2220033','横浜市港北区新横浜','1',NULL,178200.00,0.00,0.00,0.00,16200.00,178200.00,178200.00,'クレジットカード決済',NULL,'2024-07-19 07:17:31','2024-07-19 10:26:24',NULL,NULL,'JPY',NULL,NULL,0,0,8,'order'),(106,NULL,NULL,13,NULL,NULL,5,10,'b14c5ee1026ab40d1b8b34104d0a618a929d6342','106',NULL,'てすと','てすと','テスト','テスト',NULL,'test@t.t','09099999999','1060043','港区麻布永坂町','1',NULL,370700.00,0.00,0.00,0.00,33700.00,370700.00,370700.00,'クレジットカード決済',NULL,'2024-07-22 04:04:10','2024-07-22 06:36:56',NULL,NULL,'JPY',NULL,NULL,0,0,8,'order'),(107,NULL,NULL,13,NULL,NULL,5,10,'e2e759884a6a11efeda3afb8c927604c7ca8ae62','107',NULL,'てすと','てすと','テスト','テスト',NULL,'test@t.t','09099999999','1060043','港区麻布永坂町','1',NULL,535700.00,0.00,0.00,0.00,48700.00,535700.00,535700.00,'クレジットカード決済',NULL,'2024-07-22 06:38:21','2024-07-22 06:38:50',NULL,NULL,'JPY',NULL,NULL,0,0,8,'order'),(108,NULL,NULL,13,NULL,NULL,5,10,'8a9050f46e76b35077da7c1985d199ee29de16a7','108',NULL,'てすと','てすと','テスト','テスト',NULL,'test@t.t','09099999999','1060043','港区麻布永坂町','1',NULL,139700.00,0.00,0.00,0.00,12700.00,139700.00,139700.00,'クレジットカード決済',NULL,'2024-07-22 07:57:54','2024-07-22 07:58:47',NULL,NULL,'JPY',NULL,NULL,0,0,8,'order'),(109,NULL,NULL,14,NULL,NULL,5,10,'4d6e8bcb5816cc375208c8aed5f8deab9d3395b0','109','カード決済テスト','アプテック','テスト','アプテック','テスト',NULL,'ito@apteq.jp','0454751511','2220033','横浜市港北区新横浜2-15-10','YS新横浜ビル５F',NULL,139700.00,0.00,0.00,0.00,12700.00,139700.00,139700.00,'クレジットカード決済',NULL,'2024-07-22 08:00:49','2024-07-22 08:02:06',NULL,NULL,'JPY',NULL,NULL,0,0,7,'order'),(110,NULL,NULL,14,NULL,NULL,5,10,'1208fd853a61d46525fbd04bf056acae1a633c85','110','カード決済テスト','アプテック','テスト','アプテック','テスト',NULL,'ito@apteq.jp','0454751511','2220033','横浜市港北区新横浜2-15-10','YS新横浜ビル５F',NULL,139700.00,0.00,0.00,0.00,12700.00,139700.00,139700.00,'クレジットカード決済',NULL,'2024-07-22 08:03:28','2024-07-22 08:04:02',NULL,NULL,'JPY',NULL,NULL,0,0,7,'order'),(111,NULL,NULL,14,NULL,NULL,5,10,'4a0ffad3835e767f7a91349b296959377902cd83','111',NULL,'アプテック','テスト','アプテック','テスト',NULL,'ito@apteq.jp','0454751511','2220033','横浜市港北区新横浜2-15-10','YS新横浜ビル５F',NULL,139700.00,0.00,0.00,0.00,12700.00,139700.00,139700.00,'クレジットカード決済',NULL,'2024-07-22 08:34:19','2024-07-22 08:34:30',NULL,NULL,'JPY',NULL,NULL,0,0,7,'order'),(112,NULL,NULL,14,NULL,NULL,5,10,'c0ceeb52a86ba1524bfec96aaa734b00406aed1a','112',NULL,'アプテック','テスト','アプテック','テスト',NULL,'ito@apteq.jp','0454751511','2220033','横浜市港北区新横浜2-15-10','YS新横浜ビル５F',NULL,139700.00,0.00,0.00,0.00,12700.00,139700.00,139700.00,'クレジットカード決済',NULL,'2024-07-22 08:34:50','2024-07-22 08:40:42',NULL,NULL,'JPY',NULL,NULL,0,0,7,'order'),(113,NULL,NULL,14,NULL,NULL,5,10,'59c7952586bcb8ef5a0664b835dee767c2c6cee2','113',NULL,'アプテック','テスト','アプテック','テスト',NULL,'ito@apteq.jp','0454751511','2220033','横浜市港北区新横浜','2-15-10 YSビル５F',NULL,139700.00,0.00,0.00,0.00,12700.00,139700.00,139700.00,'クレジットカード決済',NULL,'2024-07-22 08:47:32','2024-07-22 08:49:40',NULL,NULL,'JPY',NULL,NULL,0,0,7,'order'),(114,NULL,NULL,14,NULL,NULL,5,10,'6d532b857065fdafb9d71393323d4f651cd5c0ab','114',NULL,'アプテック','テスト','アプテック','テスト',NULL,'ito@apteq.jp','0454751511','2220033','横浜市港北区新横浜','2-15-10 YSビル５F',NULL,139700.00,0.00,0.00,0.00,12700.00,139700.00,139700.00,'クレジットカード決済',NULL,'2024-07-22 09:06:23','2024-07-22 09:07:09',NULL,NULL,'JPY',NULL,NULL,0,0,7,'order'),(115,NULL,NULL,14,NULL,NULL,5,10,'5f2ce0cd21c387b7b380043fd4854d0c6920bf26',NULL,NULL,'アプテック','テスト','アプテック','テスト',NULL,'ito@apteq.jp','0454751511','2220033','横浜市港北区新横浜','2-15-10 YSビル５F',NULL,139700.00,0.00,0.00,0.00,12700.00,139700.00,139700.00,'クレジットカード決済',NULL,'2024-07-22 09:30:47','2024-07-22 09:30:47',NULL,NULL,'JPY',NULL,NULL,0,0,8,'order'),(116,NULL,NULL,14,NULL,NULL,5,10,'377fedc92f47de67f97a2248a5261b66b0be22c6','116',NULL,'あぷてっく','てすと','アプテック','テスト',NULL,'ito@apteq.jp','0454751511','2220033','横浜市港北区新横浜','2-15-10 YS新横浜ビル５F',NULL,139700.00,0.00,0.00,0.00,12700.00,139700.00,139700.00,'クレジットカード決済',NULL,'2024-07-23 02:09:50','2024-07-23 02:10:04',NULL,NULL,'JPY',NULL,NULL,0,0,7,'order'),(117,NULL,NULL,14,NULL,NULL,NULL,10,'d1dd992a4a9f8faa1b2ab453bb65d43d0a2016c6',NULL,NULL,'あぷてっく','てすと','アプテック','テスト',NULL,'ito@apteq.jp','0454751511','2220033','横浜市港北区新横浜','2-15-10 YS新横浜ビル５F',NULL,145200.00,0.00,0.00,0.00,13200.00,145200.00,145200.00,NULL,NULL,'2024-07-23 04:34:54','2024-07-23 04:34:54',NULL,NULL,'JPY',NULL,NULL,0,0,8,'order'),(118,NULL,NULL,14,NULL,NULL,NULL,10,'3df5e1cae2115d9222f95b1f2d219b5dbf770ae0',NULL,NULL,'あぷてっく','てすと','アプテック','テスト',NULL,'ito@apteq.jp','0454751511','2220033','横浜市港北区新横浜','2-15-10 YS新横浜ビル５F',NULL,156200.00,0.00,0.00,0.00,14200.00,156200.00,156200.00,NULL,NULL,'2024-07-23 04:38:55','2024-07-23 04:38:55',NULL,NULL,'JPY',NULL,NULL,0,0,8,'order'),(119,NULL,NULL,14,NULL,NULL,5,10,'400b3dd05112415167c8a9ecea98081610c81d50','119','テスト購入','あぷてっく','てすと','アプテック','テスト',NULL,'ito@apteq.jp','0454751511','2220033','横浜市港北区新横浜','2-15-10 YS新横浜ビル５F',NULL,156200.00,0.00,0.00,0.00,14200.00,156200.00,156200.00,'クレジットカード決済',NULL,'2024-07-23 04:40:11','2024-07-23 04:42:53',NULL,NULL,'JPY',NULL,NULL,0,0,7,'order'),(120,NULL,NULL,14,NULL,NULL,5,10,'668727b9317fe628f9bec6e675caab5cbf858181','120','購入テスト','あぷてっく','てすと','アプテック','テスト',NULL,'ito@apteq.jp','0454751511','2220033','横浜市港北区新横浜','2-15-10 YS新横浜ビル５F',NULL,156200.00,0.00,0.00,0.00,14200.00,156200.00,156200.00,'クレジットカード決済',NULL,'2024-07-23 04:55:00','2024-07-23 04:55:48',NULL,NULL,'JPY',NULL,NULL,0,0,7,'order'),(121,NULL,NULL,14,NULL,NULL,5,10,'becd09123e9381dd2d57dd0cabf5b0e8c0c8da7b','121','購入テスト','あぷてっく','てすと','アプテック','テスト',NULL,'ito@apteq.jp','0454751511','2220033','横浜市港北区新横浜','2-15-10 YS新横浜ビル５F',NULL,145200.00,0.00,0.00,0.00,13200.00,145200.00,145200.00,'クレジットカード決済',NULL,'2024-07-23 05:07:49','2024-07-23 05:15:37',NULL,NULL,'JPY',NULL,NULL,0,0,8,'order'),(122,NULL,NULL,14,NULL,NULL,5,10,'87522e034d2f9ed48c583279ab7622ec4bed79ce','122','カード決済テスト','あぷてっく','てすと','アプテック','テスト',NULL,'ito@apteq.jp','0454751511','2220033','横浜市港北区新横浜','2-15-10 YS新横浜ビル５F',NULL,145200.00,50000.00,0.00,0.00,13200.00,95200.00,95200.00,'クレジットカード決済',NULL,'2024-07-23 05:18:22','2024-07-23 06:36:26','2024-07-23 05:28:04',NULL,'JPY',NULL,NULL,0,0,3,'order'),(123,NULL,NULL,14,NULL,NULL,5,10,'3e32c2483fe3799e0ea837cc453887e3b839a7aa',NULL,NULL,'あぷてっく','てすと','アプテック','テスト',NULL,'ito@apteq.jp','0454751511','2220033','横浜市港北区新横浜','2-15-10 YS新横浜ビル５F',NULL,629200.00,0.00,0.00,0.00,57200.00,629200.00,629200.00,'クレジットカード決済',NULL,'2024-07-23 06:57:51','2024-07-23 06:57:51',NULL,NULL,'JPY',NULL,NULL,0,0,8,'order'),(124,NULL,NULL,14,NULL,NULL,5,10,'2ed8aebd26bec316a99371c70bfc53f0490b6163','124',NULL,'あぷてっく','てすと','アプテック','テスト',NULL,'ito@apteq.jp','0454751511','2220033','横浜市港北区新横浜','2-15-10 YS新横浜ビル５F',NULL,484000.00,0.00,0.00,0.00,44000.00,484000.00,484000.00,'クレジットカード決済',NULL,'2024-07-23 06:58:10','2024-07-23 06:59:31',NULL,NULL,'JPY',NULL,NULL,0,0,8,'order'),(125,NULL,NULL,14,NULL,NULL,5,10,'46c5855f555c5c06c4932c02eaf0d7923aed0f53','125',NULL,'test','test','テスト','テスト',NULL,'a@a.a','1111111111','2220033','横浜市港北区新横浜','1',NULL,429000.00,0.00,0.00,0.00,39000.00,429000.00,429000.00,'クレジットカード決済',NULL,'2024-07-29 09:06:18','2024-07-29 09:28:30',NULL,NULL,'JPY',NULL,NULL,0,0,8,'order'),(126,NULL,NULL,14,NULL,NULL,5,10,'09266287a0a3156b9b74850f25c0ac81e9a585fc','126','横浜店','あぷてっく','てすと','アプテック','テスト',NULL,'ito@apteq.jp','0454751511','2220033','横浜市港北区新横浜','2-15-10 YS新横浜ビル５F',NULL,396000.00,0.00,0.00,0.00,36000.00,396000.00,396000.00,'クレジットカード決済',NULL,'2024-07-30 03:03:19','2024-07-30 03:04:08',NULL,NULL,'JPY',NULL,NULL,0,0,8,'order'),(127,NULL,NULL,14,NULL,NULL,5,10,'1193951137d9651043f2d6c06f029210dc33bbd0','127',NULL,'あぷてっく','てすと','アプテック','テスト',NULL,'ito@apteq.jp','0454751511','2220033','横浜市港北区新横浜','2-15-10 YS新横浜ビル５F',NULL,304700.00,0.00,0.00,0.00,27700.00,304700.00,304700.00,'クレジットカード決済',NULL,'2024-07-30 05:31:48','2024-07-30 05:41:15',NULL,NULL,'JPY',NULL,NULL,0,0,8,'order'),(128,NULL,NULL,13,NULL,NULL,5,10,'6bd41fac02c7830416c897fcc84f1e7219992b58','128',NULL,'曽我石','龍之介','ソガイシ','リュウノスケ',NULL,'ryu.s@tanzo.jp','0336633691','1030004','中央区東日本橋','３－６－１７',NULL,326700.00,0.00,0.00,0.00,29700.00,326700.00,326700.00,'クレジットカード決済',NULL,'2024-07-31 06:30:02','2024-07-31 06:30:47',NULL,NULL,'JPY',NULL,NULL,0,0,7,'order'),(129,NULL,NULL,13,NULL,NULL,5,10,'f14f1696bc6e522c826f68b683a89253230fbeaa','129',NULL,'曽我石','太郎','ソガイシ','タロウ',NULL,'sogaishi@gmail.com','09034050374','1030004','中央区東日本橋','3-6-17',NULL,379500.00,0.00,0.00,0.00,34500.00,379500.00,379500.00,'クレジットカード決済',NULL,'2024-07-31 06:49:23','2024-07-31 06:51:17',NULL,NULL,'JPY',NULL,NULL,0,0,7,'order'),(130,NULL,NULL,14,NULL,NULL,5,10,'8bf61b666472f7a612110a57f7e7eabf31ca674a','130',NULL,'あぷてっく','てすと','アプテック','テスト',NULL,'ito@apteq.jp','0454751511','2220033','横浜市港北区新横浜','2-15-10 YS新横浜ビル５F',NULL,165000.00,0.00,0.00,0.00,15000.00,165000.00,165000.00,'クレジットカード決済',NULL,'2024-08-02 01:51:05','2024-08-02 01:51:30',NULL,NULL,'JPY',NULL,NULL,0,0,8,'order'),(131,NULL,NULL,14,NULL,NULL,5,10,'d2f422a34f1d5041b0da0ba1c599d444792dce42',NULL,NULL,'テスト','テスト','テスト','テスト',NULL,'q@q.q','0000000000','2220033','横浜市港北区新横浜','10',NULL,467500.00,0.00,0.00,0.00,42500.00,467500.00,467500.00,'クレジットカード決済',NULL,'2024-08-08 03:16:20','2024-08-08 03:16:20',NULL,NULL,'JPY',NULL,NULL,0,0,8,'order'),(132,NULL,NULL,14,NULL,NULL,5,10,'356ddd0ee035af41f9ddc271ef747fa0dc84a8a8','132',NULL,'あぷてっく','てすと','アプテック','テスト',NULL,'q@q.q','0454751511','2220033','横浜市港北区新横浜','1',NULL,506000.00,0.00,0.00,0.00,46000.00,506000.00,506000.00,'クレジットカード決済',NULL,'2024-08-20 04:12:38','2024-08-20 04:17:52',NULL,NULL,'JPY',NULL,NULL,0,0,8,'order'),(133,NULL,NULL,35,NULL,NULL,5,2,'9ad71db96927172dc1bcdf0b50d808486f48ffb0','133',NULL,'朋','之','トモユキ','イシバシ',NULL,'yellow.sky0424@gmail.com','08029472997','7550072','宇部市中村','セジュール',NULL,326700.00,0.00,0.00,0.00,29700.00,326700.00,326700.00,'クレジットカード決済',NULL,'2024-09-21 08:04:42','2024-09-21 08:05:15',NULL,NULL,'JPY',NULL,NULL,0,0,7,'order'),(134,NULL,NULL,13,NULL,NULL,5,10,'d759a9b3a57b6a8f1108deaeefcd1f9196cf484b','134',NULL,'曽我石','龍之介','ソガイシ','リュウノスケ',NULL,'ryu.s@tanzo.jp','0336633691','1030004','中央区東日本橋','３－６－１７',NULL,792000.00,0.00,0.00,0.00,72000.00,792000.00,792000.00,'クレジットカード決済',NULL,'2024-09-30 06:38:30','2024-09-30 06:38:45',NULL,NULL,'JPY',NULL,NULL,0,0,7,'order'),(135,NULL,NULL,10,NULL,NULL,5,2,'8236f61198e9ce6318fb72ababa13abd64102ea7','135','クリスマスに合わせて納品は可能でしょうか？(2024.12.24〜2024.12.25)\r\nなるべくこの日に近い日で納品して頂けたら幸いです。\r\n宜しくお願い致します。','高橋','桂太','タカハシ','ケイタ',NULL,'chami1438@ymail.ne.jp','09043924344','3780033','沼田市白岩町','57-11',NULL,354200.00,0.00,0.00,0.00,32200.00,354200.00,354200.00,'クレジットカード決済','10/16 バックヤードシステムより売上処理済み','2024-10-08 03:47:43','2024-10-30 01:53:54','2024-10-08 03:58:50',NULL,'JPY',NULL,NULL,0,0,1,'order'),(136,NULL,NULL,35,NULL,NULL,5,10,'81106f29a0a68649ddad91f321ec6373fe4e7694',NULL,NULL,'森山','祐揮','モリヤマ','ユウキ',NULL,'synapse.mori9608@gmail.com','08027889705','7501135','下関市小月西の台','2-10-202',NULL,324500.00,0.00,0.00,0.00,29500.00,324500.00,324500.00,'クレジットカード決済',NULL,'2024-10-24 06:55:42','2024-10-24 06:55:42',NULL,NULL,'JPY',NULL,NULL,0,0,8,'order'),(137,NULL,NULL,21,NULL,NULL,5,2,'6d04e46e4402980217001f8ab7d19f591c54f6e4','137',NULL,'古川','大騎','フルカワ','ダイキ',NULL,'daiki9585@icloud.com','08069408511','5016244','羽島市竹鼻町丸の内','11-57',NULL,429000.00,0.00,0.00,0.00,39000.00,429000.00,429000.00,'クレジットカード決済',NULL,'2024-11-05 08:41:39','2024-11-05 08:41:57',NULL,NULL,'JPY',NULL,NULL,0,0,7,'order'),(138,NULL,NULL,6,NULL,NULL,5,2,'a771bbe7cfc31f07a122927346002c10a9a12438','138',NULL,'高橋','真利子','タカハシ','マリコ',NULL,'tsr05867a@gmail.com','08055095404','9970813','鶴岡市千石町','14-7-1',NULL,170500.00,0.00,0.00,0.00,15500.00,170500.00,170500.00,'クレジットカード決済',NULL,'2024-12-01 14:19:34','2024-12-01 14:19:56',NULL,NULL,'JPY',NULL,NULL,0,0,8,'order'),(139,NULL,NULL,35,NULL,NULL,5,10,'1b598a295a92d58aa09d4bb379c2bc0e650b80b2',NULL,NULL,'森山','祐揮','モリヤマ','ユウキ',NULL,'synapse.mori9608@gmail.com','08027889705','7501135','下関市小月西の台','2-10-202',NULL,324500.00,0.00,0.00,0.00,29500.00,324500.00,324500.00,'クレジットカード決済',NULL,'2024-12-02 06:43:15','2024-12-02 06:43:15',NULL,NULL,'JPY',NULL,NULL,0,0,8,'order'),(140,NULL,NULL,14,NULL,NULL,5,10,'501f5d22d5329dee679e895b4a5156055a796deb','140',NULL,'テスト','テスト','テスト','テスト',NULL,'a@a.a','0454751511','2220033','横浜市港北区新横浜','2-15-10 YS新横浜ビル５F',NULL,645700.00,0.00,0.00,0.00,58700.00,645700.00,645700.00,'クレジットカード決済',NULL,'2024-12-10 09:53:52','2024-12-10 09:55:29',NULL,NULL,'JPY',NULL,NULL,0,0,8,'order'),(141,NULL,NULL,14,NULL,NULL,5,10,'c756c046073ff2b5f0ed5322cd8babc41fed4ae2','141',NULL,'テスト','テスト','テスト','テスト',NULL,'a@a.a','0454751511','2220033','横浜市港北区新横浜','2-15-10 YS新横浜ビル５F',NULL,1296900.00,0.00,0.00,0.00,117900.00,1296900.00,1296900.00,'クレジットカード決済',NULL,'2024-12-10 09:58:59','2024-12-10 10:00:14',NULL,NULL,'JPY',NULL,NULL,0,0,8,'order');

--
-- Table structure for table `dtb_order_item`
--

CREATE TABLE `dtb_order_item` (
  `id` int(10) unsigned NOT NULL AUTO_INCREMENT,
  `order_id` int(10) unsigned DEFAULT NULL,
  `product_id` int(10) unsigned DEFAULT NULL,
  `product_class_id` int(10) unsigned DEFAULT NULL,
  `shipping_id` int(10) unsigned DEFAULT NULL,
  `rounding_type_id` smallint(5) unsigned DEFAULT NULL,
  `tax_type_id` smallint(5) unsigned DEFAULT NULL,
  `tax_display_type_id` smallint(5) unsigned DEFAULT NULL,
  `order_item_type_id` smallint(5) unsigned DEFAULT NULL,
  `product_name` varchar(255) COLLATE utf8mb4_bin NOT NULL,
  `product_code` varchar(255) COLLATE utf8mb4_bin DEFAULT NULL,
  `class_name1` varchar(255) COLLATE utf8mb4_bin DEFAULT NULL,
  `class_name2` varchar(255) COLLATE utf8mb4_bin DEFAULT NULL,
  `class_category_name1` varchar(255) COLLATE utf8mb4_bin DEFAULT NULL,
  `class_category_name2` varchar(255) COLLATE utf8mb4_bin DEFAULT NULL,
  `price` decimal(12,2) NOT NULL DEFAULT '0.00',
  `quantity` decimal(10,0) NOT NULL DEFAULT '0',
  `tax` decimal(10,0) NOT NULL DEFAULT '0',
  `tax_rate` decimal(10,0) unsigned NOT NULL DEFAULT '0',
  `tax_adjust` decimal(10,0) unsigned NOT NULL DEFAULT '0',
  `tax_rule_id` smallint(5) unsigned DEFAULT NULL,
  `currency_code` varchar(255) COLLATE utf8mb4_bin DEFAULT NULL,
  `processor_name` varchar(255) COLLATE utf8mb4_bin DEFAULT NULL,
  `point_rate` decimal(10,0) unsigned DEFAULT NULL,
  `discriminator_type` varchar(255) COLLATE utf8mb4_bin NOT NULL,
  `size` longtext COLLATE utf8mb4_bin,
  `engraving` varchar(255) COLLATE utf8mb4_bin DEFAULT NULL,
  `engraving_font` varchar(255) COLLATE utf8mb4_bin DEFAULT NULL,
  `engraving_text` varchar(255) COLLATE utf8mb4_bin DEFAULT NULL,
  `stone` varchar(255) COLLATE utf8mb4_bin DEFAULT NULL,
  `option_total_price` decimal(12,2) NOT NULL DEFAULT '0.00',
  `size_price` decimal(12,2) NOT NULL DEFAULT '0.00',
  PRIMARY KEY (`id`),
  KEY `IDX_A0C8C3ED8D9F6D38` (`order_id`),
  KEY `IDX_A0C8C3ED4584665A` (`product_id`),
  KEY `IDX_A0C8C3ED21B06187` (`product_class_id`),
  KEY `IDX_A0C8C3ED4887F3F8` (`shipping_id`),
  KEY `IDX_A0C8C3ED1BD5C574` (`rounding_type_id`),
  KEY `IDX_A0C8C3ED84042C99` (`tax_type_id`),
  KEY `IDX_A0C8C3EDA2505856` (`tax_display_type_id`),
  KEY `IDX_A0C8C3EDCAD13EAD` (`order_item_type_id`),
  CONSTRAINT `FK_A0C8C3ED1BD5C574` FOREIGN KEY (`rounding_type_id`) REFERENCES `mtb_rounding_type` (`id`),
  CONSTRAINT `FK_A0C8C3ED21B06187` FOREIGN KEY (`product_class_id`) REFERENCES `dtb_product_class` (`id`),
  CONSTRAINT `FK_A0C8C3ED4584665A` FOREIGN KEY (`product_id`) REFERENCES `dtb_product` (`id`),
  CONSTRAINT `FK_A0C8C3ED4887F3F8` FOREIGN KEY (`shipping_id`) REFERENCES `dtb_shipping` (`id`),
  CONSTRAINT `FK_A0C8C3ED84042C99` FOREIGN KEY (`tax_type_id`) REFERENCES `mtb_tax_type` (`id`),
  CONSTRAINT `FK_A0C8C3ED8D9F6D38` FOREIGN KEY (`order_id`) REFERENCES `dtb_order` (`id`),
  CONSTRAINT `FK_A0C8C3EDA2505856` FOREIGN KEY (`tax_display_type_id`) REFERENCES `mtb_tax_display_type` (`id`),
  CONSTRAINT `FK_A0C8C3EDCAD13EAD` FOREIGN KEY (`order_item_type_id`) REFERENCES `mtb_order_item_type` (`id`)
) ENGINE=InnoDB AUTO_INCREMENT=431 DEFAULT CHARSET=utf8mb4 COLLATE=utf8mb4_bin;

--
-- Dumping data for table `dtb_order_item`
--

INSERT INTO `dtb_order_item` VALUES (1,101,30,30,1,2,1,1,1,'【若菜つむ】','C030',NULL,NULL,NULL,NULL,170000.00,1,17000,10,0,NULL,'JPY',NULL,1,'orderitem','12','あり','有料書体1','test','サファイア',11000.00,0.00),(2,101,NULL,NULL,1,2,1,2,2,'送料',NULL,NULL,NULL,NULL,NULL,0.00,0,0,10,0,NULL,'JPY','Eccube\\Service\\PurchaseFlow\\Processor\\DeliveryFeePreprocessor',1,'orderitem',NULL,NULL,NULL,NULL,NULL,0.00,0.00),(3,101,NULL,NULL,NULL,2,1,2,3,'手数料',NULL,NULL,NULL,NULL,NULL,0.00,1,0,10,0,NULL,'JPY','Eccube\\Service\\PurchaseFlow\\Processor\\PaymentChargePreprocessor',1,'orderitem',NULL,NULL,NULL,NULL,NULL,0.00,0.00),(4,102,101,207,2,2,1,1,1,'【照る月も】','C101','素材','ダイヤモンド','ホワイトゴールド','0.20ct,D,VVS1,3E',295000.00,1,29500,10,0,NULL,'JPY',NULL,1,'orderitem','7.5','あり','有料書体1','test','アメシスト',11000.00,0.00),(6,102,NULL,NULL,NULL,2,1,2,3,'手数料',NULL,NULL,NULL,NULL,NULL,0.00,1,0,10,0,NULL,'JPY','Eccube\\Service\\PurchaseFlow\\Processor\\PaymentChargePreprocessor',1,'orderitem',NULL,NULL,NULL,NULL,NULL,0.00,0.00),(8,102,NULL,NULL,2,2,1,2,2,'送料',NULL,NULL,NULL,NULL,NULL,0.00,0,0,10,0,NULL,'JPY','Eccube\\Service\\PurchaseFlow\\Processor\\DeliveryFeePreprocessor',1,'orderitem',NULL,NULL,NULL,NULL,NULL,0.00,0.00),(9,103,110,766,3,2,1,1,1,'【思ふ仲をば】','C110','素材','ダイヤモンド','ホワイトゴールド','0.25ct,F,VS1,3E',433637.00,1,43363,10,0,NULL,'JPY',NULL,1,'orderitem','16','あり','有料書体1','test','ガーネット',11000.00,15000.00),(11,103,NULL,NULL,NULL,2,1,2,3,'手数料',NULL,NULL,NULL,NULL,NULL,0.00,1,0,10,0,NULL,'JPY','Eccube\\Service\\PurchaseFlow\\Processor\\PaymentChargePreprocessor',1,'orderitem',NULL,NULL,NULL,NULL,NULL,0.00,0.00),(13,103,NULL,NULL,3,2,1,2,2,'送料',NULL,NULL,NULL,NULL,NULL,0.00,0,0,10,0,NULL,'JPY','Eccube\\Service\\PurchaseFlow\\Processor\\DeliveryFeePreprocessor',1,'orderitem',NULL,NULL,NULL,NULL,NULL,0.00,0.00),(14,104,10,2072,4,2,1,1,1,'【峰のもみぢ葉】','C010','タイプ','素材','左のリング','ゴールド×ゴールド（備考欄にご記入ください）',200000.00,1,20000,10,0,NULL,'JPY',NULL,1,'orderitem','16.5','あり','有料書体1','test','アクアマリン',11000.00,22000.00),(15,104,10,2073,4,2,1,1,1,'【峰のもみぢ葉】','C010','タイプ','素材','右のリング','プラチナ×ホワイトゴールド',170000.00,1,17000,10,0,NULL,'JPY',NULL,1,'orderitem','16.5','なし',NULL,'','なし',0.00,22000.00),(16,104,NULL,NULL,4,2,1,2,2,'送料',NULL,NULL,NULL,NULL,NULL,0.00,0,0,10,0,NULL,'JPY','Eccube\\Service\\PurchaseFlow\\Processor\\DeliveryFeePreprocessor',1,'orderitem',NULL,NULL,NULL,NULL,NULL,0.00,0.00),(17,104,NULL,NULL,NULL,2,1,2,3,'手数料',NULL,NULL,NULL,NULL,NULL,0.00,1,0,10,0,NULL,'JPY','Eccube\\Service\\PurchaseFlow\\Processor\\PaymentChargePreprocessor',1,'orderitem',NULL,NULL,NULL,NULL,NULL,0.00,0.00),(20,105,NULL,NULL,NULL,2,1,2,3,'手数料',NULL,NULL,NULL,NULL,NULL,0.00,1,0,10,0,NULL,'JPY','Eccube\\Service\\PurchaseFlow\\Processor\\PaymentChargePreprocessor',1,'orderitem',NULL,NULL,NULL,NULL,NULL,0.00,0.00),(30,105,2,1471,7,2,1,1,1,'【恋といふらむ】','C002','タイプ','素材','右のリング','プラチナ',162000.00,1,16200,10,0,NULL,'JPY',NULL,1,'orderitem','8','あり','有料書体4','testtesttesttestあああ','タンザナイト',11000.00,0.00),(37,105,NULL,NULL,7,2,1,2,2,'送料',NULL,NULL,NULL,NULL,NULL,0.00,0,0,10,0,NULL,'JPY','Eccube\\Service\\PurchaseFlow\\Processor\\DeliveryFeePreprocessor',1,'orderitem',NULL,NULL,NULL,NULL,NULL,0.00,0.00),(41,106,NULL,NULL,NULL,2,1,2,3,'手数料',NULL,NULL,NULL,NULL,NULL,0.00,1,0,10,0,NULL,'JPY','Eccube\\Service\\PurchaseFlow\\Processor\\PaymentChargePreprocessor',1,'orderitem',NULL,NULL,NULL,NULL,NULL,0.00,0.00),(43,106,2,1465,9,2,1,1,1,'【恋といふらむ】','C002','タイプ','素材','左のリング','ホワイトゴールド',170000.00,1,17000,10,0,NULL,'JPY',NULL,1,'orderitem','16.5','あり','有料書体1','test test','なし',5500.00,22000.00),(44,106,2,1473,10,2,1,1,1,'【恋といふらむ】','C002','タイプ','素材','右のリング','シャンパンゴールド',167000.00,1,16700,10,0,NULL,'JPY',NULL,1,'orderitem','9','あり','基本書体','ひらがな','ピンクトルマリン',5500.00,0.00),(47,106,NULL,NULL,9,2,1,2,2,'送料',NULL,NULL,NULL,NULL,NULL,0.00,0,0,10,0,NULL,'JPY','Eccube\\Service\\PurchaseFlow\\Processor\\DeliveryFeePreprocessor',1,'orderitem',NULL,NULL,NULL,NULL,NULL,0.00,0.00),(48,106,NULL,NULL,10,2,1,2,2,'送料',NULL,NULL,NULL,NULL,NULL,0.00,0,0,10,0,NULL,'JPY','Eccube\\Service\\PurchaseFlow\\Processor\\DeliveryFeePreprocessor',1,'orderitem',NULL,NULL,NULL,NULL,NULL,0.00,0.00),(53,107,NULL,NULL,NULL,2,1,2,3,'手数料',NULL,NULL,NULL,NULL,NULL,0.00,1,0,10,0,NULL,'JPY','Eccube\\Service\\PurchaseFlow\\Processor\\PaymentChargePreprocessor',1,'orderitem',NULL,NULL,NULL,NULL,NULL,0.00,0.00),(55,107,2,1465,12,2,1,1,1,'【恋といふらむ】','C002','タイプ','素材','左のリング','ホワイトゴールド',170000.00,1,17000,10,0,NULL,'JPY',NULL,1,'orderitem','16.5','あり','有料書体1','test test','なし',5500.00,22000.00),(56,107,2,1473,13,2,1,1,1,'【恋といふらむ】','C002','タイプ','素材','右のリング','シャンパンゴールド',167000.00,1,16700,10,0,NULL,'JPY',NULL,1,'orderitem','9','あり','基本書体','ひらがな','ピンクトルマリン',5500.00,0.00),(57,107,2,1465,13,2,1,1,1,'【恋といふらむ】','C002','タイプ','素材','左のリング','ホワイトゴールド',150000.00,1,15000,10,0,NULL,'JPY',NULL,1,'orderitem','9','なし',NULL,'','ペリドット',5500.00,0.00),(60,107,NULL,NULL,12,2,1,2,2,'送料',NULL,NULL,NULL,NULL,NULL,0.00,0,0,10,0,NULL,'JPY','Eccube\\Service\\PurchaseFlow\\Processor\\DeliveryFeePreprocessor',1,'orderitem',NULL,NULL,NULL,NULL,NULL,0.00,0.00),(61,107,NULL,NULL,13,2,1,2,2,'送料',NULL,NULL,NULL,NULL,NULL,0.00,0,0,10,0,NULL,'JPY','Eccube\\Service\\PurchaseFlow\\Processor\\DeliveryFeePreprocessor',1,'orderitem',NULL,NULL,NULL,NULL,NULL,0.00,0.00),(64,108,NULL,NULL,NULL,2,1,2,3,'手数料',NULL,NULL,NULL,NULL,NULL,0.00,1,0,10,0,NULL,'JPY','Eccube\\Service\\PurchaseFlow\\Processor\\PaymentChargePreprocessor',1,'orderitem',NULL,NULL,NULL,NULL,NULL,0.00,0.00),(65,108,1,1457,14,2,1,1,1,'【光なりける】','C001','タイプ','素材','右のリング','プラチナ',127000.00,1,12700,10,0,NULL,'JPY',NULL,1,'orderitem','9','なし','有料書体1','test test','なし',0.00,0.00),(68,108,NULL,NULL,14,2,1,2,2,'送料',NULL,NULL,NULL,NULL,NULL,0.00,0,0,10,0,NULL,'JPY','Eccube\\Service\\PurchaseFlow\\Processor\\DeliveryFeePreprocessor',1,'orderitem',NULL,NULL,NULL,NULL,NULL,0.00,0.00),(69,109,1,1457,15,2,1,1,1,'【光なりける】','C001','タイプ','素材','右のリング','プラチナ',127000.00,1,12700,10,0,NULL,'JPY',NULL,1,'orderitem','9','なし',NULL,'','なし',0.00,0.00),(71,109,NULL,NULL,NULL,2,1,2,3,'手数料',NULL,NULL,NULL,NULL,NULL,0.00,1,0,10,0,NULL,'JPY','Eccube\\Service\\PurchaseFlow\\Processor\\PaymentChargePreprocessor',1,'orderitem',NULL,NULL,NULL,NULL,NULL,0.00,0.00),(76,109,NULL,NULL,15,2,1,2,2,'送料',NULL,NULL,NULL,NULL,NULL,0.00,0,0,10,0,NULL,'JPY','Eccube\\Service\\PurchaseFlow\\Processor\\DeliveryFeePreprocessor',1,'orderitem',NULL,NULL,NULL,NULL,NULL,0.00,0.00),(79,110,NULL,NULL,NULL,2,1,2,3,'手数料',NULL,NULL,NULL,NULL,NULL,0.00,1,0,10,0,NULL,'JPY','Eccube\\Service\\PurchaseFlow\\Processor\\PaymentChargePreprocessor',1,'orderitem',NULL,NULL,NULL,NULL,NULL,0.00,0.00),(81,110,NULL,NULL,16,2,1,2,2,'送料',NULL,NULL,NULL,NULL,NULL,0.00,0,0,10,0,NULL,'JPY','Eccube\\Service\\PurchaseFlow\\Processor\\DeliveryFeePreprocessor',1,'orderitem',NULL,NULL,NULL,NULL,NULL,0.00,0.00),(82,110,1,1457,16,2,1,1,1,'【光なりける】','C001','タイプ','素材','右のリング','プラチナ',127000.00,1,12700,10,0,NULL,'JPY',NULL,1,'orderitem','9','なし',NULL,'','なし',0.00,0.00),(83,111,1,1457,17,2,1,1,1,'【光なりける】','C001','タイプ','素材','右のリング','プラチナ',127000.00,1,12700,10,0,NULL,'JPY',NULL,1,'orderitem','9','なし',NULL,'','なし',0.00,0.00),(85,111,NULL,NULL,NULL,2,1,2,3,'手数料',NULL,NULL,NULL,NULL,NULL,0.00,1,0,10,0,NULL,'JPY','Eccube\\Service\\PurchaseFlow\\Processor\\PaymentChargePreprocessor',1,'orderitem',NULL,NULL,NULL,NULL,NULL,0.00,0.00),(87,111,NULL,NULL,17,2,1,2,2,'送料',NULL,NULL,NULL,NULL,NULL,0.00,0,0,10,0,NULL,'JPY','Eccube\\Service\\PurchaseFlow\\Processor\\DeliveryFeePreprocessor',1,'orderitem',NULL,NULL,NULL,NULL,NULL,0.00,0.00),(90,112,NULL,NULL,NULL,2,1,2,3,'手数料',NULL,NULL,NULL,NULL,NULL,0.00,1,0,10,0,NULL,'JPY','Eccube\\Service\\PurchaseFlow\\Processor\\PaymentChargePreprocessor',1,'orderitem',NULL,NULL,NULL,NULL,NULL,0.00,0.00),(93,112,1,1457,18,2,1,1,1,'【光なりける】','C001','タイプ','素材','右のリング','プラチナ',127000.00,1,12700,10,0,NULL,'JPY',NULL,1,'orderitem','9','なし',NULL,'','なし',0.00,0.00),(96,112,NULL,NULL,18,2,1,2,2,'送料',NULL,NULL,NULL,NULL,NULL,0.00,0,0,10,0,NULL,'JPY','Eccube\\Service\\PurchaseFlow\\Processor\\DeliveryFeePreprocessor',1,'orderitem',NULL,NULL,NULL,NULL,NULL,0.00,0.00),(99,113,NULL,NULL,NULL,2,1,2,3,'手数料',NULL,NULL,NULL,NULL,NULL,0.00,1,0,10,0,NULL,'JPY','Eccube\\Service\\PurchaseFlow\\Processor\\PaymentChargePreprocessor',1,'orderitem',NULL,NULL,NULL,NULL,NULL,0.00,0.00),(101,113,NULL,NULL,19,2,1,2,2,'送料',NULL,NULL,NULL,NULL,NULL,0.00,0,0,10,0,NULL,'JPY','Eccube\\Service\\PurchaseFlow\\Processor\\DeliveryFeePreprocessor',1,'orderitem',NULL,NULL,NULL,NULL,NULL,0.00,0.00),(102,113,1,1457,19,2,1,1,1,'【光なりける】','C001','タイプ','素材','右のリング','プラチナ',127000.00,1,12700,10,0,NULL,'JPY',NULL,1,'orderitem','9','なし',NULL,'','なし',0.00,0.00),(103,114,1,1457,20,2,1,1,1,'【光なりける】','C001','タイプ','素材','右のリング','プラチナ',127000.00,1,12700,10,0,NULL,'JPY',NULL,1,'orderitem','9','なし',NULL,'','なし',0.00,0.00),(105,114,NULL,NULL,NULL,2,1,2,3,'手数料',NULL,NULL,NULL,NULL,NULL,0.00,1,0,10,0,NULL,'JPY','Eccube\\Service\\PurchaseFlow\\Processor\\PaymentChargePreprocessor',1,'orderitem',NULL,NULL,NULL,NULL,NULL,0.00,0.00),(107,114,NULL,NULL,20,2,1,2,2,'送料',NULL,NULL,NULL,NULL,NULL,0.00,0,0,10,0,NULL,'JPY','Eccube\\Service\\PurchaseFlow\\Processor\\DeliveryFeePreprocessor',1,'orderitem',NULL,NULL,NULL,NULL,NULL,0.00,0.00),(108,115,1,1457,21,2,1,1,1,'【光なりける】','C001','タイプ','素材','右のリング','プラチナ',127000.00,1,12700,10,0,NULL,'JPY',NULL,1,'orderitem','9','なし',NULL,'','なし',0.00,0.00),(109,115,NULL,NULL,21,2,1,2,2,'送料',NULL,NULL,NULL,NULL,NULL,0.00,0,0,10,0,NULL,'JPY','Eccube\\Service\\PurchaseFlow\\Processor\\DeliveryFeePreprocessor',1,'orderitem',NULL,NULL,NULL,NULL,NULL,0.00,0.00),(110,115,NULL,NULL,NULL,2,1,2,3,'手数料',NULL,NULL,NULL,NULL,NULL,0.00,1,0,10,0,NULL,'JPY','Eccube\\Service\\PurchaseFlow\\Processor\\PaymentChargePreprocessor',1,'orderitem',NULL,NULL,NULL,NULL,NULL,0.00,0.00),(111,116,1,1457,22,2,1,1,1,'【光なりける】','C001','タイプ','素材','右のリング','プラチナ',127000.00,1,12700,10,0,NULL,'JPY',NULL,1,'orderitem','9','なし',NULL,'','なし',0.00,0.00),(113,116,NULL,NULL,NULL,2,1,2,3,'手数料',NULL,NULL,NULL,NULL,NULL,0.00,1,0,10,0,NULL,'JPY','Eccube\\Service\\PurchaseFlow\\Processor\\PaymentChargePreprocessor',1,'orderitem',NULL,NULL,NULL,NULL,NULL,0.00,0.00),(115,116,NULL,NULL,22,2,1,2,2,'送料',NULL,NULL,NULL,NULL,NULL,0.00,0,0,10,0,NULL,'JPY','Eccube\\Service\\PurchaseFlow\\Processor\\DeliveryFeePreprocessor',1,'orderitem',NULL,NULL,NULL,NULL,NULL,0.00,0.00),(116,117,1,1457,23,2,1,1,1,'【光なりける】','C001','タイプ','素材','右のリング','プラチナ',132000.00,1,13200,10,0,NULL,'JPY',NULL,1,'orderitem','9','あり','基本書体','test test','ガーネット',5500.00,0.00),(117,117,NULL,NULL,23,2,1,2,2,'送料',NULL,NULL,NULL,NULL,NULL,0.00,0,0,10,0,NULL,'JPY','Eccube\\Service\\PurchaseFlow\\Processor\\DeliveryFeePreprocessor',1,'orderitem',NULL,NULL,NULL,NULL,NULL,0.00,0.00),(118,118,1,1457,24,2,1,1,1,'【光なりける】','C001','タイプ','素材','右のリング','プラチナ',142000.00,1,14200,10,0,NULL,'JPY',NULL,1,'orderitem','12.5','あり','基本書体','test test','ガーネット',5500.00,11000.00),(119,118,NULL,NULL,24,2,1,2,2,'送料',NULL,NULL,NULL,NULL,NULL,0.00,0,0,10,0,NULL,'JPY','Eccube\\Service\\PurchaseFlow\\Processor\\DeliveryFeePreprocessor',1,'orderitem',NULL,NULL,NULL,NULL,NULL,0.00,0.00),(122,119,NULL,NULL,NULL,2,1,2,3,'手数料',NULL,NULL,NULL,NULL,NULL,0.00,1,0,10,0,NULL,'JPY','Eccube\\Service\\PurchaseFlow\\Processor\\PaymentChargePreprocessor',1,'orderitem',NULL,NULL,NULL,NULL,NULL,0.00,0.00),(130,119,NULL,NULL,26,2,1,2,2,'送料',NULL,NULL,NULL,NULL,NULL,0.00,0,0,10,0,NULL,'JPY','Eccube\\Service\\PurchaseFlow\\Processor\\DeliveryFeePreprocessor',1,'orderitem',NULL,NULL,NULL,NULL,NULL,0.00,0.00),(131,119,1,1457,26,2,1,1,1,'【光なりける】','C001','タイプ','素材','右のリング','プラチナ',142000.00,1,14200,10,0,NULL,'JPY',NULL,1,'orderitem','12.5','あり','基本書体','test test','ガーネット',5500.00,11000.00),(134,120,NULL,NULL,NULL,2,1,2,3,'手数料',NULL,NULL,NULL,NULL,NULL,0.00,1,0,10,0,NULL,'JPY','Eccube\\Service\\PurchaseFlow\\Processor\\PaymentChargePreprocessor',1,'orderitem',NULL,NULL,NULL,NULL,NULL,0.00,0.00),(136,120,1,1457,28,2,1,1,1,'【光なりける】','C001','タイプ','素材','右のリング','プラチナ',142000.00,1,14200,10,0,NULL,'JPY',NULL,1,'orderitem','12.5','あり','基本書体','test test','ガーネット',5500.00,11000.00),(140,120,NULL,NULL,28,2,1,2,2,'送料',NULL,NULL,NULL,NULL,NULL,0.00,0,0,10,0,NULL,'JPY','Eccube\\Service\\PurchaseFlow\\Processor\\DeliveryFeePreprocessor',1,'orderitem',NULL,NULL,NULL,NULL,NULL,0.00,0.00),(143,121,NULL,NULL,NULL,2,1,2,3,'手数料',NULL,NULL,NULL,NULL,NULL,0.00,1,0,10,0,NULL,'JPY','Eccube\\Service\\PurchaseFlow\\Processor\\PaymentChargePreprocessor',1,'orderitem',NULL,NULL,NULL,NULL,NULL,0.00,0.00),(151,121,1,1457,30,2,1,1,1,'【光なりける】','C001','タイプ','素材','右のリング','プラチナ',132000.00,1,13200,10,0,NULL,'JPY',NULL,1,'orderitem','9','あり','基本書体','test test','ガーネット',5500.00,0.00),(155,121,NULL,NULL,30,2,1,2,2,'送料',NULL,NULL,NULL,NULL,NULL,0.00,0,0,10,0,NULL,'JPY','Eccube\\Service\\PurchaseFlow\\Processor\\DeliveryFeePreprocessor',1,'orderitem',NULL,NULL,NULL,NULL,NULL,0.00,0.00),(158,122,NULL,NULL,NULL,2,1,2,3,'手数料',NULL,NULL,NULL,NULL,NULL,0.00,1,0,10,0,NULL,'JPY','Eccube\\Service\\PurchaseFlow\\Processor\\PaymentChargePreprocessor',1,'orderitem',NULL,NULL,NULL,NULL,NULL,0.00,0.00),(160,122,1,1457,32,2,1,1,1,'【光なりける】','C001','タイプ','素材','右のリング','プラチナ',132000.00,1,13200,10,0,NULL,'JPY',NULL,1,'orderitem','9','あり','基本書体','test * あA','ガーネット',5500.00,0.00),(168,122,NULL,NULL,32,2,1,2,2,'送料',NULL,NULL,NULL,NULL,NULL,0.00,0,0,10,0,NULL,'JPY','Eccube\\Service\\PurchaseFlow\\Processor\\DeliveryFeePreprocessor',1,'orderitem',NULL,NULL,NULL,NULL,NULL,0.00,0.00),(169,122,NULL,NULL,NULL,NULL,2,1,4,'割引',NULL,NULL,NULL,NULL,NULL,-50000.00,1,0,0,0,NULL,'JPY',NULL,1,'orderitem',NULL,NULL,NULL,NULL,NULL,0.00,0.00),(170,123,1,1457,33,2,1,1,1,'【光なりける】','C001','タイプ','素材','右のリング','プラチナ',132000.00,1,13200,10,0,NULL,'JPY',NULL,1,'orderitem','9','あり','基本書体','test test','ガーネット',5500.00,0.00),(171,123,25,2123,33,2,1,1,1,'【思ふ仲をば】','C025','タイプ','素材','左のリング','プラチナ×シャンパンゴールド',275000.00,1,27500,10,0,NULL,'JPY',NULL,1,'orderitem','16.5','なし',NULL,'','なし',0.00,22000.00),(172,123,25,2133,33,2,1,1,1,'【思ふ仲をば】','C025','タイプ','素材','右のリング','プラチナ×ピンクゴールド',165000.00,1,16500,10,0,NULL,'JPY',NULL,1,'orderitem','10','なし',NULL,'','なし',0.00,0.00),(173,123,NULL,NULL,33,2,1,2,2,'送料',NULL,NULL,NULL,NULL,NULL,0.00,0,0,10,0,NULL,'JPY','Eccube\\Service\\PurchaseFlow\\Processor\\DeliveryFeePreprocessor',1,'orderitem',NULL,NULL,NULL,NULL,NULL,0.00,0.00),(174,123,NULL,NULL,NULL,2,1,2,3,'手数料',NULL,NULL,NULL,NULL,NULL,0.00,1,0,10,0,NULL,'JPY','Eccube\\Service\\PurchaseFlow\\Processor\\PaymentChargePreprocessor',1,'orderitem',NULL,NULL,NULL,NULL,NULL,0.00,0.00),(175,124,25,2123,34,2,1,1,1,'【思ふ仲をば】','C025','タイプ','素材','左のリング','プラチナ×シャンパンゴールド',275000.00,1,27500,10,0,NULL,'JPY',NULL,1,'orderitem','16.5','なし',NULL,'','なし',0.00,22000.00),(176,124,25,2133,34,2,1,1,1,'【思ふ仲をば】','C025','タイプ','素材','右のリング','プラチナ×ピンクゴールド',165000.00,1,16500,10,0,NULL,'JPY',NULL,1,'orderitem','10','なし',NULL,'','なし',0.00,0.00),(178,124,NULL,NULL,NULL,2,1,2,3,'手数料',NULL,NULL,NULL,NULL,NULL,0.00,1,0,10,0,NULL,'JPY','Eccube\\Service\\PurchaseFlow\\Processor\\PaymentChargePreprocessor',1,'orderitem',NULL,NULL,NULL,NULL,NULL,0.00,0.00),(186,124,NULL,NULL,34,2,1,2,2,'送料',NULL,NULL,NULL,NULL,NULL,0.00,0,0,10,0,NULL,'JPY','Eccube\\Service\\PurchaseFlow\\Processor\\DeliveryFeePreprocessor',1,'orderitem',NULL,NULL,NULL,NULL,NULL,0.00,0.00),(189,125,NULL,NULL,NULL,2,1,2,3,'手数料',NULL,NULL,NULL,NULL,NULL,0.00,1,0,10,0,NULL,'JPY','Eccube\\Service\\PurchaseFlow\\Processor\\PaymentChargePreprocessor',1,'orderitem',NULL,NULL,NULL,NULL,NULL,0.00,0.00),(203,125,110,768,36,2,1,1,1,'【思ふ仲をば】','C110','素材','ダイヤモンド','ホワイトゴールド','0.20ct,F,VS1,3E',390000.00,1,39000,10,0,NULL,'JPY',NULL,1,'orderitem','16','あり','有料書体1','test','なし',5500.00,16500.00),(218,125,NULL,NULL,36,2,1,2,2,'送料',NULL,NULL,NULL,NULL,NULL,0.00,0,0,10,0,NULL,'JPY','Eccube\\Service\\PurchaseFlow\\Processor\\DeliveryFeePreprocessor',1,'orderitem',NULL,NULL,NULL,NULL,NULL,0.00,0.00),(219,126,4,1492,37,2,1,1,1,'【ふれる白雪】','C004','タイプ','素材','左のリング','プラチナ',170000.00,1,17000,10,0,NULL,'JPY',NULL,1,'orderitem','16.5','なし',NULL,'','なし',0.00,22000.00),(220,126,4,1501,37,2,1,1,1,'【ふれる白雪】','C004','タイプ','素材','右のリング','シャンパンゴールド',190000.00,1,19000,10,0,NULL,'JPY',NULL,1,'orderitem','9.5','なし',NULL,'','ガーネット',5500.00,0.00),(222,126,NULL,NULL,NULL,2,1,2,3,'手数料',NULL,NULL,NULL,NULL,NULL,0.00,1,0,10,0,NULL,'JPY','Eccube\\Service\\PurchaseFlow\\Processor\\PaymentChargePreprocessor',1,'orderitem',NULL,NULL,NULL,NULL,NULL,0.00,0.00),(234,126,NULL,NULL,37,2,1,2,2,'送料',NULL,NULL,NULL,NULL,NULL,0.00,0,0,10,0,NULL,'JPY','Eccube\\Service\\PurchaseFlow\\Processor\\DeliveryFeePreprocessor',1,'orderitem',NULL,NULL,NULL,NULL,NULL,0.00,0.00),(238,127,NULL,NULL,NULL,2,1,2,3,'手数料',NULL,NULL,NULL,NULL,NULL,0.00,1,0,10,0,NULL,'JPY','Eccube\\Service\\PurchaseFlow\\Processor\\PaymentChargePreprocessor',1,'orderitem',NULL,NULL,NULL,NULL,NULL,0.00,0.00),(244,127,1,1450,39,2,1,1,1,'【光なりける】','C001','タイプ','素材','左のリング','プラチナ',140000.00,1,14000,10,0,NULL,'JPY',NULL,1,'orderitem','16','なし',NULL,'','なし',0.00,11000.00),(245,127,1,1462,40,2,1,1,1,'【光なりける】','C001','タイプ','素材','右のリング','イエローゴールド',137000.00,1,13700,10,0,NULL,'JPY',NULL,1,'orderitem','9','なし',NULL,'','なし',0.00,0.00),(322,127,NULL,NULL,40,2,1,2,2,'送料',NULL,NULL,NULL,NULL,NULL,0.00,0,0,10,0,NULL,'JPY','Eccube\\Service\\PurchaseFlow\\Processor\\DeliveryFeePreprocessor',1,'orderitem',NULL,NULL,NULL,NULL,NULL,0.00,0.00),(323,127,NULL,NULL,39,2,1,2,2,'送料',NULL,NULL,NULL,NULL,NULL,0.00,0,0,10,0,NULL,'JPY','Eccube\\Service\\PurchaseFlow\\Processor\\DeliveryFeePreprocessor',1,'orderitem',NULL,NULL,NULL,NULL,NULL,0.00,0.00),(324,128,1,1450,41,2,1,1,1,'【光なりける】','C001','タイプ','素材','左のリング','プラチナ',160000.00,1,16000,10,0,NULL,'JPY',NULL,1,'orderitem','16.5','あり','有料書体4','2024.7.31 AtoB','エメラルド',11000.00,22000.00),(325,128,1,1459,41,2,1,1,1,'【光なりける】','C001','タイプ','素材','右のリング','シャンパンゴールド',137000.00,1,13700,10,0,NULL,'JPY',NULL,1,'orderitem','10','なし',NULL,'','なし',0.00,0.00),(327,128,NULL,NULL,NULL,2,1,2,3,'手数料',NULL,NULL,NULL,NULL,NULL,0.00,1,0,10,0,NULL,'JPY','Eccube\\Service\\PurchaseFlow\\Processor\\PaymentChargePreprocessor',1,'orderitem',NULL,NULL,NULL,NULL,NULL,0.00,0.00),(329,128,NULL,NULL,41,2,1,2,2,'送料',NULL,NULL,NULL,NULL,NULL,0.00,0,0,10,0,NULL,'JPY','Eccube\\Service\\PurchaseFlow\\Processor\\DeliveryFeePreprocessor',1,'orderitem',NULL,NULL,NULL,NULL,NULL,0.00,0.00),(333,129,NULL,NULL,NULL,2,1,2,3,'手数料',NULL,NULL,NULL,NULL,NULL,0.00,1,0,10,0,NULL,'JPY','Eccube\\Service\\PurchaseFlow\\Processor\\PaymentChargePreprocessor',1,'orderitem',NULL,NULL,NULL,NULL,NULL,0.00,0.00),(336,129,1,1456,43,2,1,1,1,'【光なりける】','C001','タイプ','素材','左のリング','グリーンゴールド',165000.00,1,16500,10,0,NULL,'JPY',NULL,1,'orderitem','18','あり','基本書体','forever  TtoA','エメラルド',5500.00,22000.00),(337,129,4,1499,43,2,1,1,1,'【ふれる白雪】','C004','タイプ','素材','右のリング','プラチナ',180000.00,1,18000,10,0,NULL,'JPY',NULL,1,'orderitem','9.5','あり','基本書体','forever AtoT','ダイヤモンド',5500.00,0.00),(341,129,NULL,NULL,43,2,1,2,2,'送料',NULL,NULL,NULL,NULL,NULL,0.00,0,0,10,0,NULL,'JPY','Eccube\\Service\\PurchaseFlow\\Processor\\DeliveryFeePreprocessor',1,'orderitem',NULL,NULL,NULL,NULL,NULL,0.00,0.00),(342,130,4,1492,44,2,1,1,1,'【ふれる白雪】','C004','タイプ','素材','左のリング','プラチナ',150000.00,1,15000,10,0,NULL,'JPY',NULL,1,'orderitem','9','なし',NULL,'','なし',0.00,0.00),(344,130,NULL,NULL,NULL,2,1,2,3,'手数料',NULL,NULL,NULL,NULL,NULL,0.00,1,0,10,0,NULL,'JPY','Eccube\\Service\\PurchaseFlow\\Processor\\PaymentChargePreprocessor',1,'orderitem',NULL,NULL,NULL,NULL,NULL,0.00,0.00),(347,130,NULL,NULL,44,2,1,2,2,'送料',NULL,NULL,NULL,NULL,NULL,0.00,0,0,10,0,NULL,'JPY','Eccube\\Service\\PurchaseFlow\\Processor\\DeliveryFeePreprocessor',1,'orderitem',NULL,NULL,NULL,NULL,NULL,0.00,0.00),(348,131,110,766,45,2,1,1,1,'【思ふ仲をば】','C110','素材','ダイヤモンド','ホワイトゴールド','0.25ct,F,VS1,3E',425000.00,1,42500,10,0,NULL,'JPY',NULL,1,'orderitem','16','あり','有料書体1','テスト','シトリン',11000.00,16500.00),(349,131,NULL,NULL,45,2,1,2,2,'送料',NULL,NULL,NULL,NULL,NULL,0.00,0,0,10,0,NULL,'JPY','Eccube\\Service\\PurchaseFlow\\Processor\\DeliveryFeePreprocessor',1,'orderitem',NULL,NULL,NULL,NULL,NULL,0.00,0.00),(350,131,NULL,NULL,NULL,2,1,2,3,'手数料',NULL,NULL,NULL,NULL,NULL,0.00,1,0,10,0,NULL,'JPY','Eccube\\Service\\PurchaseFlow\\Processor\\PaymentChargePreprocessor',1,'orderitem',NULL,NULL,NULL,NULL,NULL,0.00,0.00),(351,132,118,1362,46,2,1,1,1,'【燃ゆる思ひを】','C118','素材','ダイヤモンド','イエローゴールド(K18)','0.40ct,F,VS1,3E',460000.00,1,46000,10,0,NULL,'JPY',NULL,1,'orderitem','9','あり','有料書体1','test','ペリドット',11000.00,0.00),(353,132,NULL,NULL,NULL,2,1,2,3,'手数料',NULL,NULL,NULL,NULL,NULL,0.00,1,0,10,0,NULL,'JPY','Eccube\\Service\\PurchaseFlow\\Processor\\PaymentChargePreprocessor',1,'orderitem',NULL,NULL,NULL,NULL,NULL,0.00,0.00),(357,132,NULL,NULL,46,2,1,2,2,'送料',NULL,NULL,NULL,NULL,NULL,0.00,0,0,10,0,NULL,'JPY','Eccube\\Service\\PurchaseFlow\\Processor\\DeliveryFeePreprocessor',1,'orderitem',NULL,NULL,NULL,NULL,NULL,0.00,0.00),(358,133,2,1464,47,2,1,1,1,'【恋といふらむ】','C002','タイプ','素材','左のリング','プラチナ(Pt900)',135000.00,1,13500,10,0,NULL,'JPY',NULL,1,'orderitem','4.5','なし',NULL,'','なし',0.00,0.00),(359,133,2,1474,47,2,1,1,1,'【恋といふらむ】','C002','タイプ','素材','右のリング','コーラルゴールド(K18)',162000.00,1,16200,10,0,NULL,'JPY',NULL,1,'orderitem','5','なし',NULL,'','なし',0.00,0.00),(361,133,NULL,NULL,NULL,2,1,2,3,'手数料',NULL,NULL,NULL,NULL,NULL,0.00,1,0,10,0,NULL,'JPY','Eccube\\Service\\PurchaseFlow\\Processor\\PaymentChargePreprocessor',1,'orderitem',NULL,NULL,NULL,NULL,NULL,0.00,0.00),(363,133,NULL,NULL,47,2,1,2,2,'送料',NULL,NULL,NULL,NULL,NULL,0.00,0,0,10,0,NULL,'JPY','Eccube\\Service\\PurchaseFlow\\Processor\\DeliveryFeePreprocessor',1,'orderitem',NULL,NULL,NULL,NULL,NULL,0.00,0.00),(364,134,119,2293,48,2,1,1,1,'【サプライズプロポーズプラン/１番人気】プロポーズリング付婚約指輪',NULL,'素材','ダイヤモンド','シルバー(SV925)','0.50ct,D,VVS1,3E',720000.00,1,72000,10,0,NULL,'JPY',NULL,1,'orderitem','11','なし',NULL,'','なし',0.00,0.00),(366,134,NULL,NULL,NULL,2,1,2,3,'手数料',NULL,NULL,NULL,NULL,NULL,0.00,1,0,10,0,NULL,'JPY','Eccube\\Service\\PurchaseFlow\\Processor\\PaymentChargePreprocessor',1,'orderitem',NULL,NULL,NULL,NULL,NULL,0.00,0.00),(368,134,NULL,NULL,48,2,1,2,2,'送料',NULL,NULL,NULL,NULL,NULL,0.00,0,0,10,0,NULL,'JPY','Eccube\\Service\\PurchaseFlow\\Processor\\DeliveryFeePreprocessor',1,'orderitem',NULL,NULL,NULL,NULL,NULL,0.00,0.00),(369,135,113,1027,49,2,1,1,1,'【有明の月】','C113','素材','ダイヤモンド','グリーンゴールド(K18)','0.20ct,D,VVS1,3E',322000.00,1,32200,10,0,NULL,'JPY',NULL,1,'orderitem','20','なし',NULL,'','サファイア',5500.00,0.00),(371,135,NULL,NULL,NULL,2,1,2,3,'手数料',NULL,NULL,NULL,NULL,NULL,0.00,1,0,10,0,NULL,'JPY','Eccube\\Service\\PurchaseFlow\\Processor\\PaymentChargePreprocessor',1,'orderitem',NULL,NULL,NULL,NULL,NULL,0.00,0.00),(373,135,NULL,NULL,49,2,1,2,2,'送料',NULL,NULL,NULL,NULL,NULL,0.00,0,0,10,0,NULL,'JPY','Eccube\\Service\\PurchaseFlow\\Processor\\DeliveryFeePreprocessor',1,'orderitem',NULL,NULL,NULL,NULL,NULL,0.00,0.00),(374,136,119,2286,50,2,1,1,1,'【サプライズプロポーズプラン/１番人気】プロポーズリング付婚約指輪',NULL,'素材','ダイヤモンド','シルバー(SV925)','0.25ct,F,VS1,3E',295000.00,1,29500,10,0,NULL,'JPY',NULL,1,'orderitem','11','なし',NULL,'','なし',0.00,0.00),(375,136,NULL,NULL,50,2,1,2,2,'送料',NULL,NULL,NULL,NULL,NULL,0.00,0,0,10,0,NULL,'JPY','Eccube\\Service\\PurchaseFlow\\Processor\\DeliveryFeePreprocessor',1,'orderitem',NULL,NULL,NULL,NULL,NULL,0.00,0.00),(376,136,NULL,NULL,NULL,2,1,2,3,'手数料',NULL,NULL,NULL,NULL,NULL,0.00,1,0,10,0,NULL,'JPY','Eccube\\Service\\PurchaseFlow\\Processor\\PaymentChargePreprocessor',1,'orderitem',NULL,NULL,NULL,NULL,NULL,0.00,0.00),(377,137,5,1506,51,2,1,1,1,'【ふれる白雪】サイドデザインver','C005','タイプ','素材','左のリング','プラチナ(Pt900)',190000.00,1,19000,10,0,NULL,'JPY',NULL,1,'orderitem','8','なし',NULL,'','なし',0.00,0.00),(378,137,5,1516,51,2,1,1,1,'【ふれる白雪】サイドデザインver','C005','タイプ','素材','右のリング','コーラルゴールド(K18)',200000.00,1,20000,10,0,NULL,'JPY',NULL,1,'orderitem','11','なし',NULL,'','なし',0.00,0.00),(380,137,NULL,NULL,NULL,2,1,2,3,'手数料',NULL,NULL,NULL,NULL,NULL,0.00,1,0,10,0,NULL,'JPY','Eccube\\Service\\PurchaseFlow\\Processor\\PaymentChargePreprocessor',1,'orderitem',NULL,NULL,NULL,NULL,NULL,0.00,0.00),(382,137,NULL,NULL,51,2,1,2,2,'送料',NULL,NULL,NULL,NULL,NULL,0.00,0,0,10,0,NULL,'JPY','Eccube\\Service\\PurchaseFlow\\Processor\\DeliveryFeePreprocessor',1,'orderitem',NULL,NULL,NULL,NULL,NULL,0.00,0.00),(383,138,2,1464,52,2,1,1,1,'【恋といふらむ】','C002','タイプ','素材','左のリング','プラチナ(Pt900)',155000.00,1,15500,10,0,NULL,'JPY',NULL,1,'orderitem','17','あり','基本書体','MtoR','なし',0.00,22000.00),(385,138,NULL,NULL,NULL,2,1,2,3,'手数料',NULL,NULL,NULL,NULL,NULL,0.00,1,0,10,0,NULL,'JPY','Eccube\\Service\\PurchaseFlow\\Processor\\PaymentChargePreprocessor',1,'orderitem',NULL,NULL,NULL,NULL,NULL,0.00,0.00),(391,138,NULL,NULL,52,2,1,2,2,'送料',NULL,NULL,NULL,NULL,NULL,0.00,0,0,10,0,NULL,'JPY','Eccube\\Service\\PurchaseFlow\\Processor\\DeliveryFeePreprocessor',1,'orderitem',NULL,NULL,NULL,NULL,NULL,0.00,0.00),(392,139,119,2286,53,2,1,1,1,'【サプライズプロポーズプラン/１番人気】プロポーズリング付婚約指輪',NULL,'素材','ダイヤモンド','シルバー(SV925)','0.25ct,F,VS1,3E',295000.00,1,29500,10,0,NULL,'JPY',NULL,1,'orderitem','11','なし',NULL,'','なし',0.00,0.00),(393,139,NULL,NULL,53,2,1,2,2,'送料',NULL,NULL,NULL,NULL,NULL,0.00,0,0,10,0,NULL,'JPY','Eccube\\Service\\PurchaseFlow\\Processor\\DeliveryFeePreprocessor',1,'orderitem',NULL,NULL,NULL,NULL,NULL,0.00,0.00),(394,139,NULL,NULL,NULL,2,1,2,3,'手数料',NULL,NULL,NULL,NULL,NULL,0.00,1,0,10,0,NULL,'JPY','Eccube\\Service\\PurchaseFlow\\Processor\\PaymentChargePreprocessor',1,'orderitem',NULL,NULL,NULL,NULL,NULL,0.00,0.00),(399,140,NULL,NULL,NULL,2,1,2,3,'手数料',NULL,NULL,NULL,NULL,NULL,0.00,1,0,10,0,NULL,'JPY','Eccube\\Service\\PurchaseFlow\\Processor\\PaymentChargePreprocessor',1,'orderitem',NULL,NULL,NULL,NULL,NULL,0.00,0.00),(401,140,119,2284,55,2,1,1,1,'【サプライズプロポーズプラン/１番人気】プロポーズリング付婚約指輪',NULL,'素材','ダイヤモンド','シルバー(SV925)','0.20ct,F,VS1,3E',255000.00,1,25500,10,0,NULL,'JPY',NULL,1,'orderitem','11','なし',NULL,'','なし',0.00,0.00),(402,140,2,1475,56,2,1,1,1,'【恋といふらむ】','C002','タイプ','素材','右のリング','ピンクゴールド(K18)',172000.00,1,17200,10,0,NULL,'JPY',NULL,1,'orderitem','9','あり','有料書体4','test test','シトリン',11000.00,0.00),(403,140,2,1464,56,2,1,1,1,'【恋といふらむ】','C002','タイプ','素材','左のリング','プラチナ(Pt900)',160000.00,1,16000,10,0,NULL,'JPY',NULL,1,'orderitem','16.5','なし',NULL,'','エメラルド',5500.00,22000.00),(410,140,NULL,NULL,55,2,1,2,2,'送料',NULL,NULL,NULL,NULL,NULL,0.00,0,0,10,0,NULL,'JPY','Eccube\\Service\\PurchaseFlow\\Processor\\DeliveryFeePreprocessor',1,'orderitem',NULL,NULL,NULL,NULL,NULL,0.00,0.00),(411,140,NULL,NULL,56,2,1,2,2,'送料',NULL,NULL,NULL,NULL,NULL,0.00,0,0,10,0,NULL,'JPY','Eccube\\Service\\PurchaseFlow\\Processor\\DeliveryFeePreprocessor',1,'orderitem',NULL,NULL,NULL,NULL,NULL,0.00,0.00),(417,141,NULL,NULL,NULL,2,1,2,3,'手数料',NULL,NULL,NULL,NULL,NULL,0.00,1,0,10,0,NULL,'JPY','Eccube\\Service\\PurchaseFlow\\Processor\\PaymentChargePreprocessor',1,'orderitem',NULL,NULL,NULL,NULL,NULL,0.00,0.00),(419,141,42,1885,58,2,1,1,1,'【やちくさの】スターダストver','C042','タイプ','素材','左のリング','ホワイトゴールド(K18)',190000.00,1,19000,10,0,NULL,'JPY',NULL,1,'orderitem','16.5','あり','有料書体2','テスト','なし',5500.00,22000.00),(420,141,42,1893,58,2,1,1,1,'【やちくさの】スターダストver','C042','タイプ','素材','右のリング','シャンパンゴールド(K18)',160000.00,1,16000,10,0,NULL,'JPY',NULL,1,'orderitem','9','なし',NULL,'','ピンクトルマリン',5500.00,0.00),(421,141,119,2284,58,2,1,1,1,'【サプライズプロポーズプラン/１番人気】プロポーズリング付婚約指輪',NULL,'素材','ダイヤモンド','シルバー(SV925)','0.20ct,F,VS1,3E',255000.00,1,25500,10,0,NULL,'JPY',NULL,1,'orderitem','11','なし',NULL,'','なし',0.00,0.00),(422,141,111,861,59,2,1,1,1,'【しのぶれど】','C111','素材','ダイヤモンド','ピンクゴールド(K18)','0.40ct,D,VVS1,3E',574000.00,1,57400,10,0,NULL,'JPY',NULL,1,'orderitem','9.5','あり','有料書体4','test','エメラルド',11000.00,0.00),(429,141,NULL,NULL,59,2,1,2,2,'送料',NULL,NULL,NULL,NULL,NULL,0.00,0,0,10,0,NULL,'JPY','Eccube\\Service\\PurchaseFlow\\Processor\\DeliveryFeePreprocessor',1,'orderitem',NULL,NULL,NULL,NULL,NULL,0.00,0.00),(430,141,NULL,NULL,58,2,1,2,2,'送料',NULL,NULL,NULL,NULL,NULL,0.00,0,0,10,0,NULL,'JPY','Eccube\\Service\\PurchaseFlow\\Processor\\DeliveryFeePreprocessor',1,'orderitem',NULL,NULL,NULL,NULL,NULL,0.00,0.00);

--
-- Table structure for table `dtb_order_pdf`
--

CREATE TABLE `dtb_order_pdf` (
  `member_id` int(10) unsigned NOT NULL,
  `title` varchar(255) COLLATE utf8mb4_bin DEFAULT NULL,
  `message1` varchar(255) COLLATE utf8mb4_bin DEFAULT NULL,
  `message2` varchar(255) COLLATE utf8mb4_bin DEFAULT NULL,
  `message3` varchar(255) COLLATE utf8mb4_bin DEFAULT NULL,
  `note1` varchar(255) COLLATE utf8mb4_bin DEFAULT NULL,
  `note2` varchar(255) COLLATE utf8mb4_bin DEFAULT NULL,
  `note3` varchar(255) COLLATE utf8mb4_bin DEFAULT NULL,
  `create_date` datetime NOT NULL COMMENT '(DC2Type:datetimetz)',
  `update_date` datetime NOT NULL COMMENT '(DC2Type:datetimetz)',
  `visible` tinyint(1) NOT NULL DEFAULT '1',
  `discriminator_type` varchar(255) COLLATE utf8mb4_bin NOT NULL,
  PRIMARY KEY (`member_id`)
) ENGINE=InnoDB DEFAULT CHARSET=utf8mb4 COLLATE=utf8mb4_bin;

--
-- Dumping data for table `dtb_order_pdf`
--


--
-- Table structure for table `dtb_page`
--

CREATE TABLE `dtb_page` (
  `id` int(10) unsigned NOT NULL AUTO_INCREMENT,
  `master_page_id` int(10) unsigned DEFAULT NULL,
  `page_name` varchar(255) COLLATE utf8mb4_bin DEFAULT NULL,
  `url` varchar(255) COLLATE utf8mb4_bin NOT NULL,
  `file_name` varchar(255) COLLATE utf8mb4_bin DEFAULT NULL,
  `edit_type` smallint(5) unsigned NOT NULL DEFAULT '1',
  `author` varchar(255) COLLATE utf8mb4_bin DEFAULT NULL,
  `description` varchar(255) COLLATE utf8mb4_bin DEFAULT NULL,
  `keyword` varchar(255) COLLATE utf8mb4_bin DEFAULT NULL,
  `create_date` datetime NOT NULL COMMENT '(DC2Type:datetimetz)',
  `update_date` datetime NOT NULL COMMENT '(DC2Type:datetimetz)',
  `meta_robots` varchar(255) COLLATE utf8mb4_bin DEFAULT NULL,
  `meta_tags` varchar(4000) COLLATE utf8mb4_bin DEFAULT NULL,
  `discriminator_type` varchar(255) COLLATE utf8mb4_bin NOT NULL,
  PRIMARY KEY (`id`),
  KEY `IDX_E3951A67D0618E8C` (`master_page_id`),
  KEY `dtb_page_url_idx` (`url`),
  CONSTRAINT `FK_E3951A67D0618E8C` FOREIGN KEY (`master_page_id`) REFERENCES `dtb_page` (`id`)
) ENGINE=InnoDB AUTO_INCREMENT=76 DEFAULT CHARSET=utf8mb4 COLLATE=utf8mb4_bin;

--
-- Dumping data for table `dtb_page`
--

INSERT INTO `dtb_page` VALUES (0,NULL,'プレビューデータ','preview',NULL,1,NULL,NULL,NULL,'2023-12-04 05:31:39','2023-12-04 05:31:39',NULL,NULL,'page'),(1,NULL,'TOPページ','homepage','index',2,NULL,'TANZO.(鍛造指輪)の公式オンラインショップです。“１０年後も、２０年後も、後悔しない指輪をつくりたい”  そんな想いから、私達は “鍛造製法” にこだわった一生モノの指輪を企画・販売しております。',NULL,'2023-12-04 05:31:39','2024-08-23 00:51:35',NULL,NULL,'page'),(2,NULL,'商品一覧ページ','product_list','Product/list',2,NULL,NULL,NULL,'2023-12-04 05:31:39','2023-12-04 05:31:39',NULL,NULL,'page'),(3,NULL,'商品詳細ページ','product_detail','Product/detail',2,NULL,NULL,NULL,'2023-12-04 05:31:39','2023-12-04 05:31:39',NULL,NULL,'page'),(4,NULL,'MYページ','mypage','Mypage/index',2,NULL,NULL,NULL,'2023-12-04 05:31:39','2023-12-04 05:31:39','noindex',NULL,'page'),(5,NULL,'MYページ/会員登録内容変更(入力ページ)','mypage_change','Mypage/change',2,NULL,NULL,NULL,'2023-12-04 05:31:39','2023-12-04 05:31:39','noindex',NULL,'page'),(6,NULL,'MYページ/会員登録内容変更(完了ページ)','mypage_change_complete','Mypage/change_complete',2,NULL,NULL,NULL,'2023-12-04 05:31:39','2023-12-04 05:31:39','noindex',NULL,'page'),(7,NULL,'MYページ/お届け先一覧','mypage_delivery','Mypage/delivery',2,NULL,NULL,NULL,'2023-12-04 05:31:39','2023-12-04 05:31:39','noindex',NULL,'page'),(8,NULL,'MYページ/お届け先追加','mypage_delivery_new','Mypage/delivery_edit',2,NULL,NULL,NULL,'2023-12-04 05:31:39','2023-12-04 05:31:39','noindex',NULL,'page'),(9,NULL,'MYページ/お気に入り一覧','mypage_favorite','Mypage/favorite',2,NULL,NULL,NULL,'2023-12-04 05:31:39','2023-12-04 05:31:39','noindex',NULL,'page'),(10,NULL,'MYページ/購入履歴詳細','mypage_history','Mypage/history',2,NULL,NULL,NULL,'2023-12-04 05:31:39','2023-12-04 05:31:39','noindex',NULL,'page'),(11,NULL,'MYページ/ログイン','mypage_login','Mypage/login',2,NULL,NULL,NULL,'2023-12-04 05:31:39','2023-12-04 05:31:39','noindex',NULL,'page'),(12,NULL,'MYページ/退会手続き(入力ページ)','mypage_withdraw','Mypage/withdraw',2,NULL,NULL,NULL,'2023-12-04 05:31:39','2023-12-04 05:31:39','noindex',NULL,'page'),(13,NULL,'MYページ/退会手続き(完了ページ)','mypage_withdraw_complete','Mypage/withdraw_complete',2,NULL,NULL,NULL,'2023-12-04 05:31:39','2023-12-04 05:31:39','noindex',NULL,'page'),(14,NULL,'当サイトについて','help_about','Help/about',2,NULL,NULL,NULL,'2023-12-04 05:31:39','2023-12-04 05:31:39',NULL,NULL,'page'),(15,NULL,'現在のカゴの中','cart','Cart/index',2,NULL,NULL,NULL,'2023-12-04 05:31:39','2023-12-04 05:31:39','noindex',NULL,'page'),(16,NULL,'お問い合わせ(入力ページ)','contact','Contact/index',2,NULL,NULL,NULL,'2023-12-04 05:31:39','2023-12-04 05:31:39',NULL,NULL,'page'),(17,NULL,'お問い合わせ(完了ページ)','contact_complete','Contact/complete',2,NULL,NULL,NULL,'2023-12-04 05:31:39','2023-12-04 05:31:39','noindex',NULL,'page'),(18,NULL,'会員登録(入力ページ)','entry','Entry/index',2,NULL,NULL,NULL,'2023-12-04 05:31:39','2023-12-04 05:31:39',NULL,NULL,'page'),(19,NULL,'ご利用規約','help_agreement','Help/agreement',2,NULL,NULL,NULL,'2023-12-04 05:31:39','2023-12-04 05:31:39',NULL,NULL,'page'),(20,NULL,'会員登録(完了ページ)','entry_complete','Entry/complete',2,NULL,NULL,NULL,'2023-12-04 05:31:39','2023-12-04 05:31:39','noindex',NULL,'page'),(21,NULL,'特定商取引法に基づく表記','help_tradelaw','Help/tradelaw',2,NULL,NULL,NULL,'2023-12-04 05:31:39','2024-02-22 06:28:13',NULL,NULL,'page'),(22,NULL,'本会員登録(完了ページ)','entry_activate','Entry/activate',2,NULL,NULL,NULL,'2023-12-04 05:31:39','2023-12-04 05:31:39','noindex',NULL,'page'),(23,NULL,'商品購入','shopping','Shopping/index',2,NULL,NULL,NULL,'2023-12-04 05:31:39','2023-12-04 05:31:39','noindex',NULL,'page'),(24,NULL,'商品購入/お届け先の指定','shopping_shipping','Shopping/shipping',2,NULL,NULL,NULL,'2023-12-04 05:31:39','2023-12-04 05:31:39','noindex',NULL,'page'),(25,NULL,'商品購入/お届け先の複数指定','shopping_shipping_multiple','Shopping/shipping_multiple',2,NULL,NULL,NULL,'2023-12-04 05:31:39','2023-12-04 05:31:39','noindex',NULL,'page'),(28,NULL,'商品購入/ご注文完了','shopping_complete','Shopping/complete',2,NULL,NULL,NULL,'2023-12-04 05:31:39','2023-12-04 05:31:39','noindex',NULL,'page'),(29,NULL,'プライバシーポリシー','help_privacy','Help/privacy',2,NULL,NULL,NULL,'2023-12-04 05:31:39','2023-12-04 05:31:39',NULL,NULL,'page'),(30,NULL,'商品購入ログイン','shopping_login','Shopping/login',2,NULL,NULL,NULL,'2023-12-04 05:31:39','2023-12-04 05:31:39','noindex',NULL,'page'),(31,NULL,'非会員購入情報入力','shopping_nonmember','Shopping/nonmember',2,NULL,NULL,NULL,'2023-12-04 05:31:39','2023-12-04 05:31:39','noindex',NULL,'page'),(32,NULL,'商品購入/お届け先の追加','shopping_shipping_edit','Shopping/shipping_edit',2,NULL,NULL,NULL,'2023-12-04 05:31:39','2023-12-04 05:31:39','noindex',NULL,'page'),(33,NULL,'商品購入/お届け先の複数指定(お届け先の追加)','shopping_shipping_multiple_edit','Shopping/shipping_multiple_edit',2,NULL,NULL,NULL,'2023-12-04 05:31:39','2023-12-04 05:31:39','noindex',NULL,'page'),(34,NULL,'商品購入/購入エラー','shopping_error','Shopping/shopping_error',2,NULL,NULL,NULL,'2023-12-04 05:31:39','2023-12-04 05:31:39','noindex',NULL,'page'),(35,NULL,'ご利用ガイド','help_guide','Help/guide',2,NULL,NULL,NULL,'2023-12-04 05:31:39','2023-12-04 05:31:39',NULL,NULL,'page'),(36,NULL,'パスワード再発行(入力ページ)','forgot','Forgot/index',2,NULL,NULL,NULL,'2023-12-04 05:31:39','2023-12-04 05:31:39',NULL,NULL,'page'),(37,NULL,'パスワード再発行(完了ページ)','forgot_complete','Forgot/complete',2,NULL,NULL,NULL,'2023-12-04 05:31:39','2023-12-04 05:31:39','noindex',NULL,'page'),(38,NULL,'パスワード再発行(再設定ページ)','forgot_reset','Forgot/reset',2,NULL,NULL,NULL,'2023-12-04 05:31:39','2023-12-04 05:31:39','noindex',NULL,'page'),(42,NULL,'商品購入/遷移','shopping_redirect_to','Shopping/index',2,NULL,NULL,NULL,'2023-12-04 05:31:39','2023-12-04 05:31:39','noindex',NULL,'page'),(44,8,'MYページ/お届け先編集','mypage_delivery_edit','Mypage/delivery_edit',2,NULL,NULL,NULL,'2023-12-04 05:31:39','2023-12-04 05:31:39','noindex',NULL,'page'),(45,NULL,'商品購入/ご注文確認','shopping_confirm','Shopping/confirm',2,NULL,NULL,NULL,'2023-12-04 05:31:39','2023-12-04 05:31:39','noindex',NULL,'page'),(46,18,'会員登録(確認ページ)','entry_confirm','Entry/confirm',3,NULL,NULL,NULL,'2023-12-04 05:31:39','2023-12-04 05:31:39','noindex',NULL,'page'),(47,12,'MYページ/退会手続き(確認ページ)','mypage_withdraw_confirm','Mypage/withdraw_confirm',3,NULL,NULL,NULL,'2023-12-04 05:31:39','2023-12-04 05:31:39','noindex',NULL,'page'),(48,16,'お問い合わせ(確認ページ)','contact_confirm','Contact/confirm',3,NULL,NULL,NULL,'2023-12-04 05:31:39','2023-12-04 05:31:39','noindex',NULL,'page'),(50,NULL,'お気にいり一覧ページ','favorite','Favorite/favorite',2,NULL,NULL,NULL,'2023-12-07 05:31:39','2023-12-07 05:57:49',NULL,NULL,'page'),(53,NULL,'よくあるご質問','help_faq','Help/faq',2,NULL,NULL,NULL,'2024-04-04 05:31:39','2023-04-04 05:31:39',NULL,NULL,'page'),(68,NULL,'商品購入/クーポン利用','plugin_coupon_shopping','Coupon42/Resource/template/default/shopping_coupon',2,NULL,NULL,NULL,'2024-06-17 08:44:08','2024-06-17 08:44:08','noindex',NULL,'page'),(69,NULL,'ルミーズ決済プラグイン　マイページ/ご注文履歴詳細/定期購買登録カード情報更新','remise_payment4_ac_mypage_card_update','@RemisePayment42/sub_mypage_ac_card_update',2,NULL,NULL,NULL,'2024-07-23 04:31:27','2024-07-23 04:31:27',NULL,NULL,'page'),(70,NULL,'ルミーズ決済プラグイン　マイページ/ご注文履歴詳細/定期購買登録カード情報更新（リダイレクト用）','remise_payment4_ac_mypage_card_update_return','@RemisePayment42/sub_mypage_ac_card_update',2,NULL,NULL,NULL,'2024-07-23 04:31:27','2024-07-23 04:31:27',NULL,NULL,'page'),(71,NULL,'ルミーズ決済プラグイン　マイページ/ご注文履歴詳細/定期購買スキップ','remise_payment4_ac_mypage_skip','@RemisePayment42/sub_mypage_ac_skip',2,NULL,NULL,NULL,'2024-07-23 04:31:27','2024-07-23 04:31:27',NULL,NULL,'page'),(72,NULL,'ルミーズ決済プラグイン　マイページ/ご注文履歴詳細/定期購買解約','remise_payment4_ac_mypage_cancel','@RemisePayment42/sub_mypage_ac_cancel',2,NULL,NULL,NULL,'2024-07-23 04:31:27','2024-07-23 04:31:27',NULL,NULL,'page'),(73,NULL,'ルミーズ決済プラグイン　マイページ/ご注文履歴詳細/定期購買解約（リダイレクト用）','remise_payment4_ac_mypage_cancel_return','@RemisePayment42/sub_mypage_ac_cancel',2,NULL,NULL,NULL,'2024-07-23 04:31:27','2024-07-23 04:31:27',NULL,NULL,'page'),(74,NULL,'ルミーズ決済プラグイン　商品購入（定期購買情報）','remise_shopping','@RemisePayment42/sub_shopping_index_autocharge',2,NULL,NULL,NULL,'2024-07-23 04:31:27','2024-07-23 04:31:27',NULL,NULL,'page'),(75,NULL,'ルミーズ決済プラグイン　商品購入/ご注文完了（定期購買情報）','remise_shopping_complete','@RemisePayment42/sub_shopping_complete_autocharge',2,NULL,NULL,NULL,'2024-07-23 04:31:27','2024-07-23 04:31:27',NULL,NULL,'page');

--
-- Table structure for table `dtb_page_layout`
--

CREATE TABLE `dtb_page_layout` (
  `page_id` int(10) unsigned NOT NULL,
  `layout_id` int(10) unsigned NOT NULL,
  `sort_no` smallint(5) unsigned NOT NULL,
  `discriminator_type` varchar(255) COLLATE utf8mb4_bin NOT NULL,
  PRIMARY KEY (`page_id`,`layout_id`),
  KEY `IDX_F2799941C4663E4` (`page_id`),
  KEY `IDX_F27999418C22AA1A` (`layout_id`),
  CONSTRAINT `FK_F27999418C22AA1A` FOREIGN KEY (`layout_id`) REFERENCES `dtb_layout` (`id`),
  CONSTRAINT `FK_F2799941C4663E4` FOREIGN KEY (`page_id`) REFERENCES `dtb_page` (`id`)
) ENGINE=InnoDB DEFAULT CHARSET=utf8mb4 COLLATE=utf8mb4_bin;

--
-- Dumping data for table `dtb_page_layout`
--

INSERT INTO `dtb_page_layout` VALUES (0,0,2,'pagelayout'),(1,1,44,'pagelayout'),(2,2,44,'pagelayout'),(3,5,44,'pagelayout'),(4,2,6,'pagelayout'),(5,2,7,'pagelayout'),(6,2,8,'pagelayout'),(7,2,36,'pagelayout'),(8,2,37,'pagelayout'),(9,2,9,'pagelayout'),(10,2,10,'pagelayout'),(11,2,11,'pagelayout'),(12,2,12,'pagelayout'),(13,2,14,'pagelayout'),(14,2,44,'pagelayout'),(15,2,44,'pagelayout'),(16,2,16,'pagelayout'),(17,2,17,'pagelayout'),(18,2,18,'pagelayout'),(19,2,33,'pagelayout'),(20,2,19,'pagelayout'),(21,2,44,'pagelayout'),(22,2,21,'pagelayout'),(23,2,44,'pagelayout'),(24,2,22,'pagelayout'),(25,2,44,'pagelayout'),(28,2,23,'pagelayout'),(29,2,44,'pagelayout'),(30,2,25,'pagelayout'),(31,2,44,'pagelayout'),(32,2,44,'pagelayout'),(33,2,44,'pagelayout'),(34,2,29,'pagelayout'),(35,2,44,'pagelayout'),(36,2,31,'pagelayout'),(37,2,32,'pagelayout'),(38,2,39,'pagelayout'),(42,2,38,'pagelayout'),(44,2,40,'pagelayout'),(45,2,44,'pagelayout'),(46,2,42,'pagelayout'),(47,2,43,'pagelayout'),(48,2,44,'pagelayout'),(50,2,44,'pagelayout'),(53,2,44,'pagelayout'),(68,2,0,'pagelayout'),(69,2,0,'pagelayout'),(70,2,0,'pagelayout'),(71,2,0,'pagelayout'),(72,2,0,'pagelayout'),(73,2,0,'pagelayout'),(74,2,0,'pagelayout'),(75,2,0,'pagelayout');

--
-- Table structure for table `dtb_payment`
--

CREATE TABLE `dtb_payment` (
  `id` int(10) unsigned NOT NULL AUTO_INCREMENT,
  `creator_id` int(10) unsigned DEFAULT NULL,
  `payment_method` varchar(255) COLLATE utf8mb4_bin DEFAULT NULL,
  `charge` decimal(12,2) unsigned DEFAULT '0.00',
  `rule_max` decimal(12,2) unsigned DEFAULT NULL,
  `sort_no` smallint(5) unsigned DEFAULT NULL,
  `fixed` tinyint(1) NOT NULL DEFAULT '1',
  `payment_image` varchar(255) COLLATE utf8mb4_bin DEFAULT NULL,
  `rule_min` decimal(12,2) unsigned DEFAULT NULL,
  `method_class` varchar(255) COLLATE utf8mb4_bin DEFAULT NULL,
  `visible` tinyint(1) NOT NULL DEFAULT '1',
  `create_date` datetime NOT NULL COMMENT '(DC2Type:datetimetz)',
  `update_date` datetime NOT NULL COMMENT '(DC2Type:datetimetz)',
  `discriminator_type` varchar(255) COLLATE utf8mb4_bin NOT NULL,
  PRIMARY KEY (`id`),
  KEY `IDX_7AFF628F61220EA6` (`creator_id`),
  CONSTRAINT `FK_7AFF628F61220EA6` FOREIGN KEY (`creator_id`) REFERENCES `dtb_member` (`id`)
) ENGINE=InnoDB AUTO_INCREMENT=6 DEFAULT CHARSET=utf8mb4 COLLATE=utf8mb4_bin;

--
-- Dumping data for table `dtb_payment`
--

INSERT INTO `dtb_payment` VALUES (1,1,'郵便振替',0.00,NULL,4,1,NULL,0.00,'Eccube\\Service\\Payment\\Method\\Cash',0,'2023-12-04 05:31:39','2024-04-04 09:47:00','payment'),(2,1,'現金書留',0.00,NULL,3,1,NULL,0.00,'Eccube\\Service\\Payment\\Method\\Cash',0,'2023-12-04 05:31:39','2024-04-04 09:47:02','payment'),(3,1,'銀行振込',0.00,NULL,2,1,NULL,0.00,'Eccube\\Service\\Payment\\Method\\Cash',0,'2023-12-04 05:31:39','2024-04-04 09:47:03','payment'),(4,1,'代金引換',330.00,NULL,1,1,NULL,0.00,'Eccube\\Service\\Payment\\Method\\Cash',0,'2023-12-04 05:31:39','2024-04-09 05:35:15','payment'),(5,1,'クレジットカード決済',0.00,NULL,5,1,NULL,0.00,'Plugin\\RemisePayment42\\Service\\PaymentService',1,'2024-04-04 09:46:44','2024-08-02 01:51:46','payment');

--
-- Table structure for table `dtb_payment_option`
--

CREATE TABLE `dtb_payment_option` (
  `delivery_id` int(10) unsigned NOT NULL,
  `payment_id` int(10) unsigned NOT NULL,
  `discriminator_type` varchar(255) COLLATE utf8mb4_bin NOT NULL,
  PRIMARY KEY (`delivery_id`,`payment_id`),
  KEY `IDX_5631540D12136921` (`delivery_id`),
  KEY `IDX_5631540D4C3A3BB` (`payment_id`),
  CONSTRAINT `FK_5631540D12136921` FOREIGN KEY (`delivery_id`) REFERENCES `dtb_delivery` (`id`),
  CONSTRAINT `FK_5631540D4C3A3BB` FOREIGN KEY (`payment_id`) REFERENCES `dtb_payment` (`id`)
) ENGINE=InnoDB DEFAULT CHARSET=utf8mb4 COLLATE=utf8mb4_bin;

--
-- Dumping data for table `dtb_payment_option`
--

INSERT INTO `dtb_payment_option` VALUES (1,5,'paymentoption'),(3,5,'paymentoption');

--
-- Table structure for table `dtb_plugin`
--

CREATE TABLE `dtb_plugin` (
  `id` int(10) unsigned NOT NULL AUTO_INCREMENT,
  `name` varchar(255) COLLATE utf8mb4_bin NOT NULL,
  `code` varchar(255) COLLATE utf8mb4_bin NOT NULL,
  `enabled` tinyint(1) NOT NULL DEFAULT '0',
  `version` varchar(255) COLLATE utf8mb4_bin NOT NULL,
  `source` varchar(255) COLLATE utf8mb4_bin NOT NULL,
  `initialized` tinyint(1) NOT NULL DEFAULT '0',
  `create_date` datetime NOT NULL COMMENT '(DC2Type:datetimetz)',
  `update_date` datetime NOT NULL COMMENT '(DC2Type:datetimetz)',
  `discriminator_type` varchar(255) COLLATE utf8mb4_bin NOT NULL,
  PRIMARY KEY (`id`)
) ENGINE=InnoDB AUTO_INCREMENT=19 DEFAULT CHARSET=utf8mb4 COLLATE=utf8mb4_bin;

--
-- Dumping data for table `dtb_plugin`
--

INSERT INTO `dtb_plugin` VALUES (1,'おすすめ商品管理プラグイン','Recommend42',1,'4.3.0','2403',1,'2023-12-04 05:31:39','2024-06-17 08:17:43','plugin'),(2,'Coupon Plugin for EC-CUBE42','Coupon42',1,'4.3.0','2401',1,'2023-12-04 05:31:39','2024-06-17 08:44:19','plugin'),(3,'メールマガジンプラグイン','MailMagazine42',0,'4.3.0','2404',1,'2023-12-04 05:31:39','2024-06-17 08:09:33','plugin'),(4,'売上集計プラグイン','SalesReport42',0,'4.3.0','2406',1,'2023-12-04 05:31:39','2024-06-17 08:11:54','plugin'),(5,'関連商品プラグイン','RelatedProduct42',1,'4.3.0','2398',1,'2023-12-04 05:31:39','2024-06-17 08:44:37','plugin'),(6,'Securitychecker42','Securitychecker42',1,'4.3.0','2402',1,'2023-12-04 05:31:39','2024-06-17 08:15:45','plugin'),(7,'商品レビュー管理プラグイン','ProductReview42',0,'4.3.0','2405',1,'2023-12-04 05:31:39','2024-06-17 08:10:31','plugin'),(9,'Site Kit プラグイン','SiteKit42',0,'4.3.0','2399',1,'2023-12-04 05:31:39','2024-06-17 08:12:39','plugin'),(10,'EC-CUBEアップデートプラグイン','EccubeUpdater422to423',1,'1.0.1','2843',1,'2023-12-19 01:22:20','2023-12-19 01:27:19','plugin'),(14,'商品一覧バナー追加プラグイン','AddBanner',1,'1.0.0','0',1,'2024-01-18 01:19:18','2024-01-18 01:19:26','plugin'),(17,'Cookie同意管理プラグイン(4.2系)','RefineCookie42',1,'4.2.2','2800',1,'2024-07-04 04:00:54','2024-07-04 04:01:43','plugin'),(18,'ルミーズ決済プラグイン','RemisePayment42',1,'1.4.4','2669',1,'2024-07-23 04:14:46','2024-07-23 04:31:34','plugin');

--
-- Table structure for table `dtb_product`
--

CREATE TABLE `dtb_product` (
  `id` int(10) unsigned NOT NULL AUTO_INCREMENT,
  `creator_id` int(10) unsigned DEFAULT NULL,
  `product_status_id` smallint(5) unsigned DEFAULT NULL,
  `name` varchar(255) COLLATE utf8mb4_bin NOT NULL,
  `note` longtext COLLATE utf8mb4_bin,
  `description_list` longtext COLLATE utf8mb4_bin,
  `description_detail` longtext COLLATE utf8mb4_bin,
  `search_word` longtext COLLATE utf8mb4_bin,
  `free_area` longtext COLLATE utf8mb4_bin,
  `create_date` datetime NOT NULL COMMENT '(DC2Type:datetimetz)',
  `update_date` datetime NOT NULL COMMENT '(DC2Type:datetimetz)',
  `discriminator_type` varchar(255) COLLATE utf8mb4_bin NOT NULL,
  PRIMARY KEY (`id`),
  KEY `IDX_C49DE22F61220EA6` (`creator_id`),
  KEY `IDX_C49DE22F557B630` (`product_status_id`),
  CONSTRAINT `FK_C49DE22F557B630` FOREIGN KEY (`product_status_id`) REFERENCES `mtb_product_status` (`id`),
  CONSTRAINT `FK_C49DE22F61220EA6` FOREIGN KEY (`creator_id`) REFERENCES `dtb_member` (`id`)
) ENGINE=InnoDB AUTO_INCREMENT=120 DEFAULT CHARSET=utf8mb4 COLLATE=utf8mb4_bin;

--
-- Dumping data for table `dtb_product`
--

INSERT INTO `dtb_product` VALUES (1,1,1,'【光なりける】ダイヤ１石ver','','ひかりなりけるダイヤ９石ver','照る月も　雲のよそにぞ　ゆきめぐる　花ぞこの世の　光なりける\n\n新古今和歌集：藤原俊成\n\n≪通釈≫\n遠くの空をめぐる月よりも、近くにある花こそが真の美しさを持っており、「わたしの光」なのです。\n\n≪指輪への想い≫\nそばで見守ってくれているあなたこそが真に大切な存在です。\nあなたが私の人生を今後も照らしてくれるでしょう。\n鍛造製法で美しく輝く鏡面仕上げは特別な光を象徴しています。\n\n<div class=\"additional\">素材\n    プラチナ\n石\n    ダイヤモンド</div>\n■左のリング（男性リング）幅：3.0mm、厚み：1.7mm、表面加工：鏡面仕上げ\n■右のリング（女性リング）幅：2.5mm、厚み：1.7mm、表面加工：鏡面仕上げ・ダイヤ1石セッティング\n■素材：７種類から自由に選択できます\n■鍛造リング（強度：鋳造リングの約３～５倍、硬度：鋳造リングの約２倍）\n■世界三大銘木のウォールナットケースでのご納品\n■紛失保証　（２０％OFF）\n■石落ち保証（２０％OFF）\n■再加工保証（２０％OFF）\n■サイズ直し保証（初回サイズ直し無料（±３号以内）。２回目以降は有料。）\n■新品仕上げご優待（１本5,000円＋TAX）\n■無料メンテナンス（無期限/手磨き洗浄・石揺れチェック）\n※郵送でのメンテナンスの場合は、送料はお客様ご負担となります',NULL,NULL,'2024-06-28 07:48:04','2024-08-20 08:02:22','product'),(2,1,1,'【恋といふらむ】',NULL,'こひといふらむ','君により　思ひならひぬ　世の中の　人はこれを　恋といふらむ\n\n伊勢物語：在原業平\n\n≪通釈≫\nあなたによって思い知った。この気持ちを世間の人は恋と言うのだろうか。人はこれを恋というのです。\n\n≪指輪への想い≫\nあなたと出会って本当の恋を知ることが出来ました。これからも恋する気持ちをダイヤモンドにも宿します。\n\n<div class=\"additional\">素材\n    シャンパンゴールド, コーラルゴールド\n石\n    ダイヤモンド</div>\n■左のリング（男性リング）幅：3.0mm、厚み：1.7mm、表面加工：ヘアライン加工(右斜め上がり)\n■右のリング（女性リング）幅：3.0mm、厚み：1.7mm、表面加工：鏡面仕上げ・ダイヤ１石セッティング・両側面スターダスト加工\n■素材：７種類から自由に選択できます\n■鍛造リング（強度：鋳造リングの約３～５倍、硬度：鋳造リングの約２倍）\n■世界三大銘木のウォールナットケースでのご納品\n■紛失保証　（２０％OFF）\n■石落ち保証（２０％OFF）\n■再加工保証（２０％OFF）\n■サイズ直し保証（初回サイズ直し無料（±３号以内）。２回目以降は有料。）\n■新品仕上げご優待（１本5,000円＋TAX）\n■無料メンテナンス（無期限/手磨き洗浄・石揺れチェック）\n※郵送でのメンテナンスの場合は、送料はお客様ご負担となります',NULL,NULL,'2024-06-28 07:48:03','2024-08-19 07:43:44','product'),(3,1,1,'【からくれなゐに】スターダストver',NULL,'からくれなゐにスターダストver','千早ぶる　神代もきかず　竜田川　からくれなゐに　水くくるとは\n\n古今和歌集・伊勢物語：在原業平\n\n≪通釈≫\n竜田川の一面に紅葉が浮いて真っ赤な紅色に、水をしぼり染めにしているとは。さまざまな不思議なことが起こっていたという神代の昔でさえも、こんなことは聞いたことがない。\n\n≪指輪への想い≫\n遥か昔から運命の紅い糸で結ばれたお二人には、これからの人生も鮮やかな素晴らしい景色が待っていることでしょう。凛としたエッジが紅い糸を象徴しています。\n\n<div class=\"additional\">素材\n    シャンパンゴールド, コーラルゴールド\n石\n    ダイヤなし</div>\n■左のリング（男性リング）幅：3.0mm、厚み：1.7mm、表面加工：面取り加工・鏡面仕上げ・アイスマット加工（フェードアウト）\n■右のリング（女性リング）幅：2.5mm、厚み：1.7mm、表面加工：面取り加工・鏡面仕上げ・スターダスト加工（フェードアウト）\n■素材：７種類から自由に選択できます\n■鍛造リング（強度：鋳造リングの約３～５倍、硬度：鋳造リングの約２倍）\n■世界三大銘木のウォールナットケースでのご納品\n■紛失保証　（２０％OFF）\n■石落ち保証（２０％OFF）\n■再加工保証（２０％OFF）\n■サイズ直し保証（初回サイズ直し無料（±３号以内）。２回目以降は有料。）\n■新品仕上げご優待（１本5,000円＋TAX）\n■無料メンテナンス（無期限/手磨き洗浄・石揺れチェック）\n※郵送でのメンテナンスの場合は、送料はお客様ご負担となります',NULL,NULL,'2024-06-28 07:48:02','2024-08-20 07:56:50','product'),(4,1,1,'【ふれる白雪】ダイヤ９石ver',NULL,'ふれるしらゆきダイヤ９石ver','朝ぼらけ　有明の月と　みるまでに　吉野の里に　ふれる白雪\n\n古今集：坂上是則\n\n≪通釈≫\n明け方、空がほのかに明るくなってきた頃、有明の月かと思うほど明るく、吉野の里に雪が降っている景色がなんと素敵なものか。\n\n≪指輪への想い≫\n有明の月の光がお二人を優しく照らします。これから迎えるたくさんの朝は二人の輝かしい日々の始まりです。二つのエッジが山の稜線を、ダイヤモンドとヘアラインが白い雪をイメージしています。\n\n<div class=\"additional\">素材\n    プラチナ\n石\n    ダイヤモンド</div>\n■左のリング（男性リング）幅：3.0mm、厚み：1.7mm、表面加工：面取り加工・鏡面仕上げ・縦ヘアライン加工\n■右のリング（女性リング）幅：2.5mm、厚み：1.7mm、表面加工：面取り加工・鏡面仕上げ・ダイヤ９石セッティング\n■素材：７種類から自由に選択できます\n■鍛造リング（強度：鋳造リングの約３～５倍、硬度：鋳造リングの約２倍）\n■世界三大銘木のウォールナットケースでのご納品\n■紛失保証　（２０％OFF）\n■石落ち保証（２０％OFF）\n■再加工保証（２０％OFF）\n■サイズ直し保証（初回サイズ直し無料（±３号以内）。２回目以降は有料。）\n■新品仕上げご優待（１本5,000円＋TAX）\n■無料メンテナンス（無期限/手磨き洗浄・石揺れチェック）\n※郵送でのメンテナンスの場合は、送料はお客様ご負担となります',NULL,NULL,'2024-06-28 07:48:01','2024-08-20 07:59:40','product'),(5,1,1,'【ふれる白雪】サイドデザインver',NULL,'ふれるしらゆきサイドデザインver','朝ぼらけ　有明の月と　みるまでに　吉野の里に　ふれる白雪\n\n古今集：坂上是則\n\n≪通釈≫\n明け方、空がほのかに明るくなってきた頃、有明の月かと思うほど明るく、吉野の里に雪が降っている景色がなんと素敵なものか。\n\n≪指輪への想い≫\n有明の月の光がお二人を優しく照らします。これから迎えるたくさんの朝は二人の輝かしい日々の始まりです。二つのエッジが山の稜線を、ダイヤモンドとヘアラインが白い雪をイメージしています。\n\n<div class=\"additional\">素材\n    ホワイトゴールド, シャンパンゴールド\n石\n    ダイヤモンド</div>\n■左のリング（男性リング）幅：4.0mm、厚み：1.7mm、表面加工：面取り加工・鏡面仕上げ・右斜め上がりヘアライン加工（フェードアウト）\n■右のリング（女性リング）幅：2.5mm、厚み：1.7mm、表面加工：面取り加工・鏡面仕上げ・ダイヤ７石＋ダイヤ７石セッティング\n■素材：７種類から自由に選択できます\n■鍛造リング（強度：鋳造リングの約３～５倍、硬度：鋳造リングの約２倍）\n■世界三大銘木のウォールナットケースでのご納品\n■紛失保証　（２０％OFF）\n■石落ち保証（２０％OFF）\n■再加工保証（２０％OFF）\n■サイズ直し保証（初回サイズ直し無料（±３号以内）。２回目以降は有料。）\n■新品仕上げご優待（１本5,000円＋TAX）\n■無料メンテナンス（無期限/手磨き洗浄・石揺れチェック）\n※郵送でのメンテナンスの場合は、送料はお客様ご負担となります',NULL,NULL,'2024-06-28 07:48:00','2024-08-20 07:58:22','product'),(7,1,1,'【かささぎの】スターダストver',NULL,'かささぎのスターダストver','かささぎの　渡せる橋に　おく霜の　白きを見れば　夜ぞ更けにける\n\n新古今集：中納言家持\n\n≪通釈≫\n七夕の日、織姫と彦星を逢わせるために、たくさんのかささぎが天の川に翼を広げ橋となり、彦星が織姫の元へ渡って行けるようにしました。\n\n≪指輪への想い≫\n二本のラインがお二人をつなぐかささぎの橋を象徴し、天の川がまばゆく輝いている情景をダイヤモンドやスターダストで表現しました。運命的なお二人を描写しています。\n\n<div class=\"additional\">素材\n    プラチナ, シャンパンゴールド\n石\n    ダイヤなし</div>\n■左のリング（男性リング）幅：3.0mm、厚み：1.7mm、表面加工：ライン加工・マット加工・鏡面仕上げ\n■右のリング（女性リング）幅：2.5mm、厚み：1.7mm、表面加工：ライン加工・スターダスト加工・鏡面仕上げ\n■素材：７種類から自由に選択できます\n■鍛造リング（強度：鋳造リングの約３～５倍、硬度：鋳造リングの約２倍）\n■世界三大銘木のウォールナットケースでのご納品\n■紛失保証　（２０％OFF）\n■石落ち保証（２０％OFF）\n■再加工保証（２０％OFF）\n■サイズ直し保証（初回サイズ直し無料（±３号以内）。２回目以降は有料。）\n■新品仕上げご優待（１本5,000円＋TAX）\n■無料メンテナンス（無期限/手磨き洗浄・石揺れチェック）\n※郵送でのメンテナンスの場合は、送料はお客様ご負担となります',NULL,NULL,'2024-06-28 07:47:59','2024-08-20 07:55:50','product'),(8,1,1,'【ちとせふる】',NULL,'ちとせふる','千歳ふる　尾上の松は　秋風の　声こそ変れ　色は変わらず\n\n古今集：藤原敏行\n\n≪通釈≫\n千年もの時を経てきた有名な尾上の松よ。その美しき色は決して変わることがありません。あなたの繁栄、慶びも変わることがなく、永遠に続くでしょう。\n\n≪指輪への想い≫\n時を経ても変わらぬ松の美しさのように、お二人の愛がずっと続くことを表現しています。一周続くラインが永遠の愛を象徴しています。\n\n<div class=\"additional\">素材\n    プラチナ\n石\n    ダイヤなし</div>\n■左のリング（男性リング）幅：3.5mm、厚み：1.7mm、表面加工：ライン加工・鏡面仕上げ・マット加工\n■右のリング（女性リング）幅：3.0mm、厚み：1.7mm、表面加工：ライン加工・鏡面仕上げ・粗めマット加工\n■素材：７種類から自由に選択できます\n■鍛造リング（強度：鋳造リングの約３～５倍、硬度：鋳造リングの約２倍）\n■世界三大銘木のウォールナットケースでのご納品\n■紛失保証　（２０％OFF）\n■石落ち保証（２０％OFF）\n■再加工保証（２０％OFF）\n■サイズ直し保証（初回サイズ直し無料（±３号以内）。２回目以降は有料。）\n■新品仕上げご優待（１本5,000円＋TAX）\n■無料メンテナンス（無期限/手磨き洗浄・石揺れチェック）\n※郵送でのメンテナンスの場合は、送料はお客様ご負担となります',NULL,NULL,'2024-06-28 07:47:58','2024-08-19 07:36:28','product'),(9,1,1,'【わが恋は】',NULL,'わがこひは','しのぶれど　色に出でにけり　わが恋は　ものや思ふと　人の問ふまで\n\n拾遺集：平兼盛\n\n≪通釈≫\n心に秘めてきたけれど、顔や表情に出てしまっていたようだ。私の恋は、「恋の想いごとでもしているのですか。」と、人に尋ねられるほどになってしまった。\n\n≪指輪への想い≫\nミルを施した二本の指輪はお揃い感があり、他人に「恋」を隠せません。男性の恋心がにじみ出てしまった様子をアイスマットで、それを見て愛おしく思う女性の気持ちをダイヤモンドで表現しています。\n\n<div class=\"additional\">素材\n    プラチナ\n石\n    ダイヤモンド</div>\n■左のリング（男性リング）幅：3.0mm、厚み：1.7mm、表面加工：上下ミル加工・アイスマット加工\n■右のリング（女性リング）幅：3.0mm、厚み：1.7mm、表面加工：上下ミル加工・鏡面仕上げ・ダイヤ７石セッティング\n■素材：７種類から自由に選択できます\n■鍛造リング（強度：鋳造リングの約３～５倍、硬度：鋳造リングの約２倍）\n■世界三大銘木のウォールナットケースでのご納品\n■紛失保証　（２０％OFF）\n■石落ち保証（２０％OFF）\n■再加工保証（２０％OFF）\n■サイズ直し保証（初回サイズ直し無料（±３号以内）。２回目以降は有料。）\n■新品仕上げご優待（１本5,000円＋TAX）\n■無料メンテナンス（無期限/手磨き洗浄・石揺れチェック）\n※郵送でのメンテナンスの場合は、送料はお客様ご負担となります',NULL,NULL,'2024-06-28 07:47:57','2024-08-19 07:38:40','product'),(10,1,1,'【峰のもみぢ葉】カッティングなしver',NULL,'みねのもみぢばカッティングなしver','小倉山　峰のもみぢ葉　心あらば　今ひとたびの　みゆき待たなむ\n\n拾遺集：貞信公（藤原忠平）\n\n≪通釈≫\n小倉山の峰の紅葉よ。お前に人間の情がわかる心があるなら、もう一度天皇がおいでになるまで、散らずに待っていてくれないか。\n\n≪指輪への想い≫\n紅葉の色が変わるのと同じように私たちの絆も深まり色濃く変わっていくのです。\n美しい紅葉の景色をクラシカルなミルグレインでデザインしました。\n\n<div class=\"additional\">素材\n    プラチナ, ピンクゴールド, イエローゴールド, コンビ\n石\n    ダイヤなし</div>\n■左のリング（男性リング）幅：3.0mm、厚み：2.0mm、表面加工：コンビミル加工・鏡面仕上げ\n■右のリング（女性リング）幅：2.5mm、厚み：2.0mm、表面加工：コンビミル加工・鏡面仕上げ\n■素材：７種類から自由に選択できます\n※ご指定頂かない場合は、中央がプラチナ・上下がゴールドとなります。場所にご希望があられる場合は、備考欄に＜ご希望の２色の場所＞をご記載ください\n※金額はプラチナの有無で変動します\n■鍛造リング（強度：鋳造リングの約３～５倍、硬度：鋳造リングの約２倍）\n■世界三大銘木のウォールナットケースでのご納品\n■紛失保証　（２０％OFF）\n■石落ち保証（２０％OFF）\n■再加工保証（２０％OFF）\n■こちらの商品はサイズ直し不可となります。ご注意ください。\n■新品仕上げご優待（１本5,000円＋TAX）\n■無料メンテナンス（無期限/手磨き洗浄・石揺れチェック）\n※郵送でのメンテナンスの場合は、送料はお客様ご負担となります',NULL,NULL,'2024-06-28 07:47:56','2024-08-20 08:04:48','product'),(11,1,1,'【天の原】',NULL,'あまのはら','天の原　ふりさけ見れば　春日なる　三笠の山に　出でし月かも\n\n古今集:安倍仲麿\n\n≪通釈≫\n天を仰いではるか遠くを眺めれば、月が昇っている。あの月は奈良の春日にある、三笠山に昇っていた月と同じなのかなあ。\n\n≪指輪への想い≫\nどれだけ離れていたとしても二人の心は一緒。永遠を意味するミルグレインに加え、真ん中に輝くダイヤモンドが永遠の象徴である“月”を表現しています。\n\n<div class=\"additional\">素材\n    プラチナ, シャンパンゴールド\n石\n    ダイヤモンド</div>\n■左のリング（男性リング）幅：4.5mm、厚み：1.7mm、表面加工：上下ミル加工・鏡面仕上げ\n■右のリング（女性リング）幅：3.0mm、厚み：1.7mm、表面加工：上下ミル加工・鏡面仕上げ・ダイヤ１石セッティング\n■素材：７種類から自由に選択できます\n■鍛造リング（強度：鋳造リングの約３～５倍、硬度：鋳造リングの約２倍）\n■世界三大銘木のウォールナットケースでのご納品\n■紛失保証　（２０％OFF）\n■石落ち保証（２０％OFF）\n■再加工保証（２０％OFF）\n■サイズ直し保証（初回サイズ直し無料（±３号以内）。２回目以降は有料。）\n■新品仕上げご優待（１本5,000円＋TAX）\n■無料メンテナンス（無期限/手磨き洗浄・石揺れチェック）\n※郵送でのメンテナンスの場合は、送料はお客様ご負担となります',NULL,NULL,'2024-06-28 07:47:55','2024-08-19 07:42:57','product'),(12,1,1,'【思ひそめしか】',NULL,'おもひそめしか','恋すてふ　わが名はまだき　立ちにけり　人知れずこそ　思ひそめしか\n\n拾遺集：壬生忠見\n\n≪通釈≫\nわたしがあなたに「恋している」という噂がもう立ってしまった。誰にも知られないように心ひそかに思いはじめたばかりなのに。\n\n≪指輪への想い≫\n「恋している」気持ちを隠し、平静を装っている姿を男性のマット加工で表現し、時折見える上下のゴールドはお相手様への気持ちを隠しきれない姿を描写しています。女性は横顔まで輝いている様子が側面までのスターダスト加工に象徴されています。\n\n<div class=\"additional\">素材\n    プラチナ, シャンパンゴールド, コーラルゴールド, コンビ\n石\n    ダイヤなし</div>\n■左のリング（男性リング）幅：3.0mm、厚み：2.0mm、表面加工：マット加工・鏡面仕上げ\n■右のリング（女性リング）幅：2.5mm、厚み：2.0mm、表面加工：鏡面仕上げ・スターダスト加工\n■素材：７種類から自由に選択できます\n※ご指定頂かない場合は、中央がプラチナ・上下がゴールドとなります。場所にご希望があられる場合は、備考欄に＜ご希望の２色の場所＞をご記載ください\n■鍛造リング（強度：鋳造リングの約３～５倍、硬度：鋳造リングの約２倍）\n■世界三大銘木のウォールナットケースでのご納品\n■紛失保証　（２０％OFF）\n■石落ち保証（２０％OFF）\n■再加工保証（２０％OFF）\n■こちらの商品はサイズ直し不可となります。ご注意ください。\n■新品仕上げご優待（１本5,000円＋TAX）\n■無料メンテナンス（無期限/手磨き洗浄・石揺れチェック）\n※郵送でのメンテナンスの場合は、送料はお客様ご負担となります',NULL,NULL,'2024-06-28 07:47:54','2024-08-19 08:14:04','product'),(13,1,1,'【ちぎりきな】',NULL,'ちぎりきな','契りきな　かたみに袖を　しぼりつつ　末の松山　波越さじとは\n\n後拾遺和歌集：清原元輔\n\n≪通釈≫\n互いに泣いて涙に濡れた着物の袖を絞りながら約束しました。末の松山を波が越すことなんてあり得ないように、何があっても変わらず一生愛し続けますと。\n\n≪指輪への想い≫\n互いに「永遠に愛し続けること」を約束し、誓うこと表現したリング。それぞれにあるミゾ加工が契りを刻んでいることを象徴しています。\n\n<div class=\"additional\">素材\n    プラチナ, コーラルゴールド\n石\n    ダイヤなし</div>\n■左のリング（男性リング）幅：3.0mm、厚み：1.7mm、表面加工：ミゾ加工・鏡面仕上げ・マット加工\n■右のリング（女性リング）幅：3.0mm、厚み：1.7mm、表面加工：ミゾ加工・鏡面仕上げ・マット加工\n■素材：７種類から自由に選択できます\n■鍛造リング（強度：鋳造リングの約３～５倍、硬度：鋳造リングの約２倍）\n■世界三大銘木のウォールナットケースでのご納品\n■紛失保証　（２０％OFF）\n■石落ち保証（２０％OFF）\n■再加工保証（２０％OFF）\n■サイズ直し保証（初回サイズ直し無料（±３号以内）。２回目以降は有料。）\n■新品仕上げご優待（１本5,000円＋TAX）\n■無料メンテナンス（無期限/手磨き洗浄・石揺れチェック）\n※郵送でのメンテナンスの場合は、送料はお客様ご負担となります',NULL,NULL,'2024-06-28 07:47:53','2024-08-19 07:51:29','product'),(14,1,1,'【天より雪の】ダイヤなしver',NULL,'あめよりゆきのダイヤなしver','わが園に　梅の花散る　ひさかたの　天より雪の　流れ来るかも\n\n万葉集：大伴旅人\n\n≪通釈≫\nまだ寒い時期に、庭の梅の花が舞う様子が、まるで天から雪が流れ落ちて来るのかなあと錯覚してしまう程、白く美しいです。\n\n≪指輪への想い≫\n舞っている梅の花を綺麗に輝く鏡面の槌目加工で表現しています。あなたがあまりにも美しくて、天から舞い降りてきたのではないかと思う心情がリングに込められています。\n\n<div class=\"additional\">素材\n    プラチナ, コーラルゴールド\n石\n    ダイヤなし</div>\n■左のリング（男性リング）幅：3.0mm、厚み：1.7mm、表面加工：槌目加工・鏡面仕上げ\n■右のリング（女性リング）幅：2.0mm、厚み：1.7mm、表面加工：槌目加工・鏡面仕上げ\n■素材：７種類から自由に選択できます\n■鍛造リング（強度：鋳造リングの約３～５倍、硬度：鋳造リングの約２倍）\n■世界三大銘木のウォールナットケースでのご納品\n■紛失保証　（２０％OFF）\n■石落ち保証（２０％OFF）\n■再加工保証（２０％OFF）\n■サイズ直し保証（初回サイズ直し無料（±３号以内）。２回目以降は有料。）\n■新品仕上げご優待（１本5,000円＋TAX）\n■無料メンテナンス（無期限/手磨き洗浄・石揺れチェック）\n※郵送でのメンテナンスの場合は、送料はお客様ご負担となります',NULL,NULL,'2024-06-28 07:47:52','2024-08-20 08:03:09','product'),(15,1,1,'【天より雪の】ダイヤ５石ver',NULL,'あめよりゆきのダイヤ５石ver','わが園に　梅の花散る　ひさかたの　天より雪の　流れ来るかも\n\n万葉集：大伴旅人\n\n≪通釈≫\nまだ寒い時期に、庭の梅の花が舞う様子が、まるで天から雪が流れ落ちて来るのかなあと錯覚してしまう程、白く美しいです。\n\n≪指輪への想い≫\n舞っている梅の花を綺麗に輝く鏡面の槌目加工で表現しています。あなたがあまりにも美しくて、天から舞い降りてきたのではないかと思う心情がリングに込められています。\n\n<div class=\"additional\">素材\n    プラチナ, シャンパンゴールド\n石\n    ダイヤモンド</div>\n■左のリング（男性リング）幅：3.5mm、厚み：1.7mm、表面加工：槌目加工・横ヘアライン加工\n■右のリング（女性リング）幅：2.5mm、厚み：1.7mm、表面加工：槌目加工・鏡面仕上げ・ダイヤ5石セッティング\n■素材：７種類から自由に選択できます\n■鍛造リング（強度：鋳造リングの約３～５倍、硬度：鋳造リングの約２倍）\n■世界三大銘木のウォールナットケースでのご納品\n■紛失保証　（２０％OFF）\n■石落ち保証（２０％OFF）\n■再加工保証（２０％OFF）\n■サイズ直し保証（初回サイズ直し無料（±３号以内）。２回目以降は有料。）\n■新品仕上げご優待（１本5,000円＋TAX）\n■無料メンテナンス（無期限/手磨き洗浄・石揺れチェック）\n※郵送でのメンテナンスの場合は、送料はお客様ご負担となります',NULL,NULL,'2024-06-28 07:47:51','2024-08-20 08:02:56','product'),(16,1,1,'【もちづきの】２色カラーver',NULL,'もちづきの２色カラーver','この世をば　わが世とぞ思ふ　望月の　欠けたることも　なしと思へば\n\n小右記：藤原道長\n\n≪通釈≫\n満月が欠けるところのないように、この世の中で自分ののぞむ所のものは何でも叶わぬものはない。此の世の中は、すべてが満足にそろって、自分の世のように感ずる。\n\n≪指輪への想い≫\nあなたと一緒にいられる私は一番の幸せ者で、この世のすべてを手に入れられたのと同じです。素材を複数使ったデザインは、すべてが満足に揃ったような大変豪華な仕上がりです。\n\n<div class=\"additional\">素材\n    プラチナ, ピンクゴールド, イエローゴールド, コンビ\n石\n    ダイヤなし</div>\n■左のリング（男性リング）幅：4.0mm、厚み：1.7mm、表面加工：ライン加工・鏡面仕上げ（上側）・横ヘアライン加工（下側）\n■右のリング（女性リング）幅：3.0mm、厚み：1.7mm、表面加工：ライン加工・鏡面仕上げ（上側）・横ヘアライン加工（下側）\n■素材：７種類から自由に選択できます\n※備考欄に＜ご希望の２色の素材と上・下の場所＞をご記載ください\n※金額はプラチナの有無で変動します\n■鍛造リング（強度：鋳造リングの約３～５倍、硬度：鋳造リングの約２倍）\n■世界三大銘木のウォールナットケースでのご納品\n■紛失保証　（２０％OFF）\n■石落ち保証（２０％OFF）\n■再加工保証（２０％OFF）\n■こちらの商品はサイズ直し不可となります。ご注意ください。\n■新品仕上げご優待（１本5,000円＋TAX）\n■無料メンテナンス（無期限/手磨き洗浄・石揺れチェック）\n※郵送でのメンテナンスの場合は、送料はお客様ご負担となります',NULL,NULL,'2024-06-28 07:47:50','2024-08-20 08:00:32','product'),(17,1,1,'【もちづきの】３色カラーver',NULL,'もちづきの３色カラーver','この世をば　わが世とぞ思ふ　望月の　欠けたることも　なしと思へば\n\n小右記：藤原道長\n\n≪通釈≫\n満月が欠けるところのないように、この世の中で自分ののぞむ所のものは何でも叶わぬものはない。此の世の中は、すべてが満足にそろって、自分の世のように感ずる。\n\n≪指輪への想い≫\nあなたと一緒にいられる私は一番の幸せ者で、この世のすべてを手に入れられたのと同じです。素材を複数使ったデザインは、すべてが満足に揃ったような大変豪華な仕上がりです。\n\n<div class=\"additional\">素材\n    プラチナ, シャンパンゴールド, コーラルゴールド, ピンクゴールド, イエローゴールド, コンビ\n石\n    ダイヤモンド</div>\n■左のリング（男性リング）幅：4.5mm、厚み：1.7mm、表面加工：横ヘアライン加工\n■右のリング（女性リング）幅：3.9mm、厚み：1.7mm、表面加工：横ヘアライン加工・ダイヤ３石セッティング\n■素材：７種類から自由に選択できます\n※備考欄に＜ご希望の３色の素材と上・中・下の場所＞をご記載ください\n※金額はプラチナの有無で変動します\n■鍛造リング（強度：鋳造リングの約３～５倍、硬度：鋳造リングの約２倍）\n■世界三大銘木のウォールナットケースでのご納品\n■紛失保証　（２０％OFF）\n■石落ち保証（２０％OFF）\n■再加工保証（２０％OFF）\n■こちらの商品はサイズ直し不可となります。ご注意ください。\n■新品仕上げご優待（１本5,000円＋TAX）\n■無料メンテナンス（無期限/手磨き洗浄・石揺れチェック）\n※郵送でのメンテナンスの場合は、送料はお客様ご負担となります',NULL,NULL,'2024-06-28 07:47:49','2024-08-20 08:00:40','product'),(18,1,1,'【はるのその】MR',NULL,'はるのそのMR','春の園　紅にほふ　桃の花　下照る道に　出で立つをとめ\n\n万葉集：大伴家持\n\n≪通釈≫\n春の園の、紅に色づいた桃の花の下は照り輝くばかり。その花の下の道にたたずむ乙女はなんて美しいのか。\n\n≪指輪への想い≫\n春のそよ風をウェーブの形状でイメージ。そよ風によって桃の花の香りが届いてきます。\n\n「桃の花のようなかわいらしいあなたとこれからも一緒に歩んでいく」ことを表現しました。\n\n<div class=\"additional\">素材\n    コーラルゴールド, ピンクゴールド\n石\n    ダイヤなし</div>\n■左のリング（男性リング）幅：3.0mm、厚み：1.7mm、S字ウェーブ、表面加工：鏡面仕上げ\n■右のリング（女性リング）幅：2.5mm、厚み：1.7mm、S字ウェーブ、表面加工：鏡面仕上げ\n■素材：７種類から自由に選択できます\n■鍛造リング（強度：鋳造リングの約３～５倍、硬度：鋳造リングの約２倍）\n■世界三大銘木のウォールナットケースでのご納品\n■紛失保証　（２０％OFF）\n■石落ち保証（２０％OFF）\n■再加工保証（２０％OFF）\n■サイズ直し保証（初回サイズ直し無料（±３号以内）。２回目以降は有料。）\n■新品仕上げご優待（１本5,000円＋TAX）\n■無料メンテナンス（無期限/手磨き洗浄・石揺れチェック）\n※郵送でのメンテナンスの場合は、送料はお客様ご負担となります',NULL,NULL,'2024-06-28 07:47:48','2024-08-20 09:36:21','product'),(19,1,1,'【雲の通ひ路】センターデザインver',NULL,'くものかよひぢセンターデザインver','天津風　雲の通ひ路　吹き閉ぢよ　をとめの姿　しばしとどめむ\n\n古今集：僧正遍照\n\n≪通釈≫\n天を吹く風よ、天女が帰っていく雲の中の通り道を吹き閉ざしてくれ。乙女の美しい舞姿を、もうしばらく地上に留めておきたいのだ。\n\n≪指輪への想い≫\n美しいあなたと時を止めたいくらいずっと一緒にいたい。この時間がずっと続いてほしいのです。\n斜めのラインが雲の通ひ路（天上と地上を結んでいる通路のこと）を表現しています。\n\n<div class=\"additional\">素材\n    プラチナ, コーラルゴールド\n石\n    ダイヤモンド</div>\n■左のリング（男性リング）幅：3.5mm、厚み：1.7mm、S字ウェーブ、表面加工：面取り加工・マット加工・鏡面仕上げ\n■右のリング（女性リング）幅：2.5mm、厚み：1.7mm、S字ウェーブ、表面加工：面取り加工・鏡面仕上げ・ダイヤ７石セッティング\n■素材：７種類から自由に選択できます\n■鍛造リング（強度：鋳造リングの約３～５倍、硬度：鋳造リングの約２倍）\n■世界三大銘木のウォールナットケースでのご納品\n■紛失保証　（２０％OFF）\n■石落ち保証（２０％OFF）\n■再加工保証（２０％OFF）\n■サイズ直し保証（初回サイズ直し無料（±３号以内）。２回目以降は有料。）\n■新品仕上げご優待（１本5,000円＋TAX）\n■無料メンテナンス（無期限/手磨き洗浄・石揺れチェック）\n※郵送でのメンテナンスの場合は、送料はお客様ご負担となります',NULL,NULL,'2024-06-28 07:47:47','2024-08-20 08:08:39','product'),(20,1,1,'【雲の通ひ路】サイドデザインver',NULL,'くものかよひぢサイドデザインver','天津風　雲の通ひ路　吹き閉ぢよ　をとめの姿　しばしとどめむ\n\n古今集：僧正遍照\n\n≪通釈≫\n天を吹く風よ、天女が帰っていく雲の中の通り道を吹き閉ざしてくれ。乙女の美しい舞姿を、もうしばらく地上に留めておきたいのだ。\n\n≪指輪への想い≫\n美しいあなたと時を止めたいくらいずっと一緒にいたい。この時間がずっと続いてほしいのです。\n斜めのラインが雲の通ひ路（天上と地上を結んでいる通路のこと）を表現しています。\n\n<div class=\"additional\">素材\n    プラチナ\n石\n    ダイヤモンド</div>\n■左のリング（男性リング）幅：3.0mm、厚み：1.7mm、S字ウェーブ、表面加工：面取り加工・鏡面仕上げ・マット加工（サイドフェードアウト）\n■右のリング（女性リング）幅：2.5mm、厚み：1.7mm、S字ウェーブ、表面加工：面取り加工・鏡面仕上げ・ダイヤ５石＋５石セッティング\n■素材：７種類から自由に選択できます\n■鍛造リング（強度：鋳造リングの約３～５倍、硬度：鋳造リングの約２倍）\n■世界三大銘木のウォールナットケースでのご納品\n■紛失保証　（２０％OFF）\n■石落ち保証（２０％OFF）\n■再加工保証（２０％OFF）\n■サイズ直し保証（初回サイズ直し無料（±３号以内）。２回目以降は有料。）\n■新品仕上げご優待（１本5,000円＋TAX）\n■無料メンテナンス（無期限/手磨き洗浄・石揺れチェック）\n※郵送でのメンテナンスの場合は、送料はお客様ご負担となります',NULL,NULL,'2024-06-28 07:47:46','2024-08-20 08:08:31','product'),(21,1,1,'【せをはやみ】ダイヤ１石ver',NULL,'せをはやみダイヤ１石ver','瀬を早み　岩にせかるる　滝川の　われても末に　逢はむとぞ思ふ\n\n詞花集：崇徳院\n\n≪通釈≫\n川の瀬の流れが速く、岩にせき止められて邪魔をされたとしても、川がまた合流するように、どんなことがあっても、愛しいあなたには会いたいと常に思っています。\n\n≪指輪への想い≫\nどんなことも乗り越えて、あなたの傍にいるという気持ちが込められています。二人の固い絆を強いウェーブで表現し、二本のラインが同じ方向を見て共に歩んでいくことを描写しています。\n\n<div class=\"additional\">素材\n    プラチナ, ホワイトゴールド\n石\n    ダイヤモンド</div>\n■左のリング（男性リング）幅：3.0mm、厚み：1.7mm、S字ウェーブ(強)、表面加工：ライン加工・鏡面仕上げ\n■右のリング（女性リング）幅：3.0mm、厚み：1.7mm、S字ウェーブ(強)、表面加工：ライン加工・鏡面仕上げ・ダイヤ１石セッティング\n■素材：７種類から自由に選択できます\n■鍛造リング（強度：鋳造リングの約３～５倍、硬度：鋳造リングの約２倍）\n■世界三大銘木のウォールナットケースでのご納品\n■紛失保証　（２０％OFF）\n■石落ち保証（２０％OFF）\n■再加工保証（２０％OFF）\n■サイズ直し保証（初回サイズ直し無料（±３号以内）。２回目以降は有料。）\n■新品仕上げご優待（１本5,000円＋TAX）\n■無料メンテナンス（無期限/手磨き洗浄・石揺れチェック）\n※郵送でのメンテナンスの場合は、送料はお客様ご負担となります',NULL,NULL,'2024-06-28 07:47:45','2024-08-20 07:57:55','product'),(22,1,1,'【恋ぞつもりて】ダイヤなしver',NULL,'こひぞつもりてダイヤなしver','つくばねの　峰より落つる　みなのがは　恋ぞつもりて　淵となりぬる\n\n後撰集：陽成院\n\n≪通釈≫\n筑波のいただきから流れ落ちてくる川が最初は細々とした流れから次第に水かさを増して深い淵となるように、恋心も次第につのって今では大変深くなっています。\n\n≪指輪への想い≫\nあなたへの想いはどんどん深くなっていきます。\nこの想いは今後もより一層深くなっていくことでしょう。お相手様への積もる想いをＶ字の深さで表現しています。\n\n<div class=\"additional\">素材\n    シャンパンゴールド\n石\n    ダイヤなし</div>\n■左のリング（男性リング）幅：3.0mm、厚み：1.7mm、V字ウェーブ(強)、表面加工：マット加工\n■右のリング（女性リング）幅：2.5mm、厚み：1.7mm、V字ウェーブ(強)、表面加工：鏡面仕上げ\n■素材：７種類から自由に選択できます\n■鍛造リング（強度：鋳造リングの約３～５倍、硬度：鋳造リングの約２倍）\n■世界三大銘木のウォールナットケースでのご納品\n■紛失保証　（２０％OFF）\n■石落ち保証（２０％OFF）\n■再加工保証（２０％OFF）\n■サイズ直し保証（初回サイズ直し無料（±３号以内）。２回目以降は有料。）\n■新品仕上げご優待（１本5,000円＋TAX）\n■無料メンテナンス（無期限/手磨き洗浄・石揺れチェック）\n※郵送でのメンテナンスの場合は、送料はお客様ご負担となります',NULL,NULL,'2024-06-28 07:47:44','2024-08-20 08:07:24','product'),(23,1,1,'【恋ぞつもりて】ダイヤ７石ver',NULL,'こひぞつもりてダイヤ７石ver','つくばねの　峰より落つる　みなのがは　恋ぞつもりて　淵となりぬる\n\n後撰集：陽成院\n\n≪通釈≫\n筑波のいただきから流れ落ちてくる川が最初は細々とした流れから次第に水かさを増して深い淵となるように、恋心も次第につのって今では大変深くなっています。\n\n≪指輪への想い≫\nあなたへの想いはどんどん深くなっていきます。\nこの想いは今後もより一層深くなっていくことでしょう。お相手様への積もる想いをＶ字の深さで表現しています。\n\n<div class=\"additional\">素材\n    イエローゴールド\n石\n    ダイヤモンド</div>\n■左のリング（男性リング）幅：3.0mm、厚み：1.7mm、V字ウェーブ(強)、表面加工：面取り加工・右斜め上がりヘアライン加工・鏡面仕上げ\n■右のリング（女性リング）幅：2.5mm、厚み：1.7mm、V字ウェーブ(強)、表面加工：面取り加工・鏡面仕上げ・ダイヤ７石セッティング\n■素材：７種類から自由に選択できます\n■鍛造リング（強度：鋳造リングの約３～５倍、硬度：鋳造リングの約２倍）\n■世界三大銘木のウォールナットケースでのご納品\n■紛失保証　（２０％OFF）\n■石落ち保証（２０％OFF）\n■再加工保証（２０％OFF）\n■サイズ直し保証（初回サイズ直し無料（±３号以内）。２回目以降は有料。）\n■新品仕上げご優待（１本5,000円＋TAX）\n■無料メンテナンス（無期限/手磨き洗浄・石揺れチェック）\n※郵送でのメンテナンスの場合は、送料はお客様ご負担となります',NULL,NULL,'2024-06-28 07:47:43','2024-08-20 08:07:32','product'),(24,1,1,'【いにしへに】ダイヤ１石ver',NULL,'いにしへにダイヤ１石ver','いにしへに　ありけむ人も　わがごとか　妹に恋ひつつ　寝(い)ねかてずけむ\n\n万葉集：柿本朝臣人麿\n\n≪通釈≫\n愛しい人を想うあまり、寝付くことが出来ない夜を過ごしながら、「こんなふうに昔の人も恋に思い悩んだのかなあ」と、思い巡らせています。\n\n≪指輪への想い≫\nいつもあなたの事を愛してやまないという気持ちを表現。昔から変わらぬ王道の形状に、眠れないほど相手を愛しく思う気持ちをダイヤモンドで表現しています。\n\n<div class=\"additional\">素材\n    プラチナ, コーラルゴールド\n石\n    ダイヤモンド, 色石</div>\n■左のリング（男性リング）幅：5.0mm、厚み：1.7mm、表面加工：角丸加工・鏡面仕上げ・ブラックダイヤ１石セッティング\n■右のリング（女性リング）幅：2.5mm、厚み：1.7mm、表面加工：角丸加工・鏡面仕上げ・ダイヤ１石セッティング\n■素材：７種類から自由に選択できます\n■鍛造リング（強度：鋳造リングの約３～５倍、硬度：鋳造リングの約２倍）\n■世界三大銘木のウォールナットケースでのご納品\n■紛失保証　（２０％OFF）\n■石落ち保証（２０％OFF）\n■再加工保証（２０％OFF）\n■サイズ直し保証（初回サイズ直し無料（±３号以内）。２回目以降は有料。）\n■新品仕上げご優待（１本5,000円＋TAX）\n■無料メンテナンス（無期限/手磨き洗浄・石揺れチェック）\n※郵送でのメンテナンスの場合は、送料はお客様ご負担となります',NULL,NULL,'2024-06-28 07:47:42','2024-08-20 07:53:37','product'),(25,1,1,'【思ふ仲をば】MR',NULL,'おもふなかをばMR','天の原　踏み轟かし　鳴る神も　思ふ仲をば　裂くるものかは\n\n古今和歌集：よみひとしらず\n\n≪通釈≫\n天空を鳴り響きわたっている雷でさえも、互いに思い合っている二人の仲を裂くことはできるでしょうか。できはしませんよ。\n\n≪指輪への想い≫\n二色が重なっている素材は、これからご夫婦になられるお二人を表しています。\n雷光でさえも仲を裂けない、固い絆で結ばれています。\n\n<div class=\"additional\">素材\n    プラチナ, ピンクゴールド, グリーンゴールド, コンビ\n石\n    ダイヤなし</div>\n■左のリング（男性リング）幅：5.0mm、厚み：2.0mm、表面加工：横ヘアライン加工（中央）・鏡面仕上げ（上下）\n■右のリング（女性リング）幅：3.0mm、厚み：2.0mm、表面加工：鏡面仕上げ\n■素材：７種類から自由に選択できます\n※ご指定頂かない場合は、中央がプラチナ・上下がゴールドとなります。場所にご希望があられる場合は、備考欄に＜ご希望の２色の場所＞をご記載ください\n■鍛造リング（強度：鋳造リングの約３～５倍、硬度：鋳造リングの約２倍）\n■世界三大銘木のウォールナットケースでのご納品\n■紛失保証　（２０％OFF）\n■石落ち保証（２０％OFF）\n■再加工保証（２０％OFF）\n■こちらの商品はサイズ直し不可となります。ご注意ください。\n■新品仕上げご優待（１本5,000円＋TAX）\n■無料メンテナンス（無期限/手磨き洗浄・石揺れチェック）\n※郵送でのメンテナンスの場合は、送料はお客様ご負担となります',NULL,NULL,'2024-06-28 07:47:41','2024-08-20 08:06:13','product'),(26,1,1,'【八雲たつ】',NULL,'やくもたつ','八雲立つ　出雲八重垣　妻籠みに　八重垣作る　その八重垣を\n\n古事記・日本書紀：須佐之男命\n\n≪通釈≫\n何重にも重なりあう雲が立ち上る…ここ出雲に立ち上るのは八重垣のような雲だ。妻と住む宮にも八重垣を作っているよ。そう八重垣を。\n\n≪指輪への想い≫\n大切な家庭を二人で守り抜きます。\n何重にも重なりあう雲をヘアラインで表現しました。八重垣を作りたい程のあなたへの真っ直ぐな思いを一周引かれたラインで表現しています。\n\n<div class=\"additional\">素材\n    プラチナ, ホワイトゴールド\n石\n    ダイヤモンド</div>\n■左のリング（男性リング）幅：4.0mm、厚み：1.7mm、表面加工：ライン加工（横１周＋縦２本）、横ヘアライン加工\n■右のリング（女性リング）幅：2.5mm、厚み：1.7mm、表面加工：ライン加工（横１周＋縦１本）、横ヘアライン加工、ダイヤ２石セッティング\n■素材：７種類から自由に選択できます\n■鍛造リング（強度：鋳造リングの約３～５倍、硬度：鋳造リングの約２倍）\n■世界三大銘木のウォールナットケースでのご納品\n■紛失保証　（２０％OFF）\n■石落ち保証（２０％OFF）\n■再加工保証（２０％OFF）\n■サイズ直し保証（初回サイズ直し無料（±３号以内）。２回目以降は有料。）\n■新品仕上げご優待（１本5,000円＋TAX）\n■無料メンテナンス（無期限/手磨き洗浄・石揺れチェック）\n※郵送でのメンテナンスの場合は、送料はお客様ご負担となります',NULL,NULL,'2024-06-28 07:47:40','2024-08-19 08:56:37','product'),(27,1,1,'【いにしへに】ダイヤ３石ver',NULL,'いにしへにダイヤ３石ver','いにしへに　ありけむ人も　わがごとか　妹に恋ひつつ　寝(い)ねかてずけむ\n\n万葉集：柿本朝臣人麿\n\n≪通釈≫\n愛しい人を想うあまり、寝付くことが出来ない夜を過ごしながら、「こんなふうに昔の人も恋に思い悩んだのかなあ」と、思い巡らせています。\n\n≪指輪への想い≫\nいつもあなたの事を愛してやまないという気持ちを表現。昔から変わらぬ王道の形状に、眠れないほど相手を愛しく思う気持ちをダイヤモンドで表現しています。\n\n<div class=\"additional\">素材\n    プラチナ\n石\n    ダイヤモンド</div>\n■左のリング（男性リング）幅：3.0mm、厚み：1.7mm、表面加工：角落とし加工・横ヘアライン加工\n■右のリング（女性リング）幅：2.5mm、厚み：1.7mm、表面加工：角落とし加工、横ヘアライン加工、ダイヤ３石セッティング\n■素材：７種類から自由に選択できます\n■鍛造リング（強度：鋳造リングの約３～５倍、硬度：鋳造リングの約２倍）\n■世界三大銘木のウォールナットケースでのご納品\n■紛失保証　（２０％OFF）\n■石落ち保証（２０％OFF）\n■再加工保証（２０％OFF）\n■サイズ直し保証（初回サイズ直し無料（±３号以内）。２回目以降は有料。）\n■新品仕上げご優待（１本5,000円＋TAX）\n■無料メンテナンス（無期限/手磨き洗浄・石揺れチェック）\n※郵送でのメンテナンスの場合は、送料はお客様ご負担となります',NULL,NULL,'2024-06-28 07:47:39','2024-08-20 07:54:11','product'),(28,1,1,'【わたのはら】',NULL,'わたのはら','わたの原　八十島かけて漕ぎ出でぬと　人には告げよ　海人の釣り舟\n\n古今集：参議篁\n\n≪通釈≫\n広い海を、たくさんの島々を目指して漕ぎ出して行ったよ、と都にいる人々には告げてくれ、漁師の釣り船よ。\n\n≪指輪への想い≫\nこれからお二人は新しい人生という航海を始めます。\n幅広の指輪に平槌目を入れることで広い海原を、ミルグレインやダイヤモンドは八十島をイメージしてデザインしました。\n\n<div class=\"additional\">素材\n    プラチナ\n石\n    ダイヤモンド</div>\n■左のリング（男性リング）幅：4.0mm、厚み：1.7mm、表面加工：槌目加工・鏡面仕上げ\n■右のリング（女性リング）幅：3.5mm、厚み：1.7mm、表面加工：槌目加工・鏡面仕上げ・手打ちミル加工・ダイヤ１石セッティング\n■素材：７種類から自由に選択できます\n■鍛造リング（強度：鋳造リングの約３～５倍、硬度：鋳造リングの約２倍）\n■世界三大銘木のウォールナットケースでのご納品\n■紛失保証　（２０％OFF）\n■石落ち保証（２０％OFF）\n■再加工保証（２０％OFF）\n■サイズ直し保証（初回サイズ直し無料（±３号以内）。２回目以降は有料。）\n■新品仕上げご優待（１本5,000円＋TAX）\n■無料メンテナンス（無期限/手磨き洗浄・石揺れチェック）\n※郵送でのメンテナンスの場合は、送料はお客様ご負担となります',NULL,NULL,'2024-06-28 07:47:38','2024-08-20 05:31:24','product'),(29,1,1,'【思ひしこころ】',NULL,'おもひしこころ','紅の　初花染めの　色深く　思ひし心　我忘れめや\n\n古今集：よみひとしらず\n\n≪通釈≫\n紅花の初花で染めた色がとても深いように、深くあなたのことを思うこの心を私が忘れることはあるだろうか、いや決して忘れはしません。\n\n≪指輪への想い≫\nあなたの事を深く思う心を私は忘れることはありません。\n絆を結んだようなひねりのあるデザインで、思いが増していく姿を表現しました。\n\n<div class=\"additional\">素材\n    プラチナ, コーラルゴールド\n石\n    ダイヤモンド</div>\n■左のリング（男性リング）幅：3.5mm、厚み：1.7mm、表面加工：削り加工・マット加工・粗めマット加工・鏡面仕上げ\n■右のリング（女性リング）幅：2.5mm、厚み：1.7mm、表面加工：削り加工・ダイヤ５石セッティング・スターダスト加工・鏡面仕上げ\n■素材：７種類から自由に選択できます\n■鍛造リング（強度：鋳造リングの約３～５倍、硬度：鋳造リングの約２倍）\n■世界三大銘木のウォールナットケースでのご納品\n■紛失保証　（２０％OFF）\n■石落ち保証（２０％OFF）\n■再加工保証（２０％OFF）\n■サイズ直し保証（初回サイズ直し無料（±３号以内）。２回目以降は有料。）\n■新品仕上げご優待（１本5,000円＋TAX）\n■無料メンテナンス（無期限/手磨き洗浄・石揺れチェック）\n※郵送でのメンテナンスの場合は、送料はお客様ご負担となります',NULL,NULL,'2024-06-28 07:47:37','2024-08-20 04:22:21','product'),(30,1,1,'【若菜つむ】金面ver',NULL,'わかなつむ金面ver','君がため　春の野に出でて　若菜つむ　我が衣手に　　雪は降りつつ\n\n古今集：光孝天皇\n\n≪通釈≫\n私の着物の袖に、雪がしきりに降りかかってきますが、春の野原に出かけて若菜を摘んでいます。あなたにさしあげるために。\n\n≪指輪への想い≫\nなにをする時も常にあなたのことを考え、いつもあなたの為に行動します。プラチナで純粋無垢なお二人を、ゴールドで若菜を表現し春をイメージしました。\n\n<div class=\"additional\">素材\n    プラチナ, コーラルゴールド, イエローゴールド, コンビ\n石\n    ダイヤモンド</div>\n■左のリング（男性リング）幅：2.5mm、厚み：1.7mm、S字ウェーブ、表面加工：面取り加工・金面加工・斜めヘアライン加工・鏡面仕上げ\n■右のリング（女性リング）幅：2.5mm、厚み：1.7mm、S字ウェーブ、表面加工：面取り加工・金面加工・ダイヤ５石セッティング・鏡面仕上げ\n■素材：７種類から自由に選択できます\n※ご指定頂かない場合は、プラチナベースの指輪に、ゴールドの面貼り加工となります。ゴールドベースの指輪にプラチナ面貼り加工をご希望される場合は、備考欄にご記載ください\n■鍛造リング（強度：鋳造リングの約３～５倍、硬度：鋳造リングの約２倍）\n■世界三大銘木のウォールナットケースでのご納品\n■紛失保証　（２０％OFF）\n■石落ち保証（２０％OFF）\n■再加工保証（２０％OFF）\n■サイズ直し保証（初回サイズ直し無料（±３号以内）。２回目以降は有料。）\n■新品仕上げご優待（１本5,000円＋TAX）\n■無料メンテナンス（無期限/手磨き洗浄・石揺れチェック）\n※郵送でのメンテナンスの場合は、送料はお客様ご負担となります',NULL,NULL,'2024-06-28 07:47:36','2024-08-20 08:08:19','product'),(31,1,1,'【はるやなぎ】',NULL,'はるやなぎ','春柳　葛城山に　たつ雲の　立ちてもゐても　妹をしそ思う\n\n万葉集：よみひとしらず\n\n≪通釈≫\n葛城山に立つ雲のように立っても座ってもあなたのことが思われます。\n\n≪指輪への想い≫\n常に絶えずあなたのことを想っています。\nウェーブの指輪は柳が風に揺れている風景や柳で編んだ花冠をイメージしています。\n葛城山の近くに雲がずっといるように、あなたの存在もずっと私の中にいます。\n\n<div class=\"additional\">素材\n    プラチナ, イエローゴールド, グリーンゴールド, コンビ\n石\n    ダイヤモンド</div>\n■左のリング（男性リング）幅：3.0mm、厚み：1.7mm、S字ウェーブ(強)、表面加工：金線加工・斜めヘアライン加工・鏡面仕上げ\n■右のリング（女性リング）幅：2.5mm、厚み：1.7mm、S字ウェーブ(強)、表面加工：金線加工・ダイヤ９石セッティング・鏡面仕上げ\n■素材：７種類から自由に選択できます\n※ご指定頂かない場合は、プラチナベースの指輪に、ゴールドの金線加工となります。ゴールドベースの指輪にプラチナ線加工をご希望される場合は、備考欄にご記載ください\n■鍛造リング（強度：鋳造リングの約３～５倍、硬度：鋳造リングの約２倍）\n■世界三大銘木のウォールナットケースでのご納品\n■紛失保証　（２０％OFF）\n■石落ち保証（２０％OFF）\n■再加工保証（２０％OFF）\n■サイズ直し保証（初回サイズ直し無料（±３号以内）。２回目以降は有料。）\n■新品仕上げご優待（１本5,000円＋TAX）\n■無料メンテナンス（無期限/手磨き洗浄・石揺れチェック）\n※郵送でのメンテナンスの場合は、送料はお客様ご負担となります',NULL,NULL,'2024-06-28 07:47:35','2024-08-20 04:42:54','product'),(32,1,1,'【いづみがは】',NULL,'いづみがは','みかの原　わきて流るる　泉川　いつ見きとてか　恋しかるらむ\n\n新古今集：中納言兼輔\n\n≪通釈≫\nみかの原から湧き出て、流れる泉川ではないが、いったいいつ逢ったといって、こんなに恋しいのだろうか。\n\n≪指輪への想い≫\n純粋にあなたを恋しく想っています。泉川を流れる水流をえぐり加工で表現しています。\nお二人の寄り添う姿や決して離れないという手をイメージしました。\n\n<div class=\"additional\">素材\n    プラチナ, ピンクゴールド\n石\n    ダイヤなし</div>\n■左のリング（男性リング）幅：3.5mm、厚み：1.7mm、V字ウェーブ(強)、表面加工：えぐり加工・削り加工・マット加工（フェードアウト）・鏡面仕上げ\n■右のリング（女性リング）幅：2.5mm、厚み：1.7mm、V字ウェーブ(強)、表面加工：えぐり加工・削り加工・マット加工（フェードアウト）・鏡面仕上げ\n■素材：７種類から自由に選択できます\n■鍛造リング（強度：鋳造リングの約３～５倍、硬度：鋳造リングの約２倍）\n■世界三大銘木のウォールナットケースでのご納品\n■紛失保証　（２０％OFF）\n■石落ち保証（２０％OFF）\n■再加工保証（２０％OFF）\n■サイズ直し保証（初回サイズ直し無料（±３号以内）。２回目以降は有料。）\n■新品仕上げご優待（１本5,000円＋TAX）\n■無料メンテナンス（無期限/手磨き洗浄・石揺れチェック）\n※郵送でのメンテナンスの場合は、送料はお客様ご負担となります',NULL,NULL,'2024-06-28 07:47:34','2024-08-20 04:46:21','product'),(33,1,1,'【からくれなゐに】金線ver',NULL,'からくれなゐに金線ver','千早ぶる　神代もきかず　竜田川  からくれなゐに　水くくるとは\n\n古今和歌集・伊勢物語：在原業平\n\n≪通釈≫\n竜田川の一面に紅葉が浮いて真っ赤な紅色に、水をしぼり染めにしているとは。さまざまな不思議なことが起こっていたという神代の昔でさえも、こんなことは聞いたことがない。\n\n≪指輪への想い≫\n遥か昔から運命の紅い糸で結ばれたお二人には、これからの人生も鮮やかな素晴らしい景色が待っていることでしょう。凛としたエッジが紅い糸を象徴しています。\n\n<div class=\"additional\">素材\n    プラチナ, ピンクゴールド, イエローゴールド, コンビ\n石\n    ダイヤなし</div>\n■左のリング（男性リング）幅：3.5mm、厚み：1.7mm、表面加工：面取り加工・金線加工・鏡面仕上げ・両側面スターダスト加工\n■右のリング（女性リング）幅：3.0mm、厚み：1.7mm、表面加工：面取り加工・金線加工・鏡面仕上げ・両側面スターダスト加工\n■素材：７種類から自由に選択できます\n※ご指定頂かない場合は、プラチナベースの指輪に、ゴールドの金線加工となります。ゴールドベースの指輪にプラチナ線加工をご希望される場合は、備考欄にご記載ください\n■鍛造リング（強度：鋳造リングの約３～５倍、硬度：鋳造リングの約２倍）\n■世界三大銘木のウォールナットケースでのご納品\n■紛失保証　（２０％OFF）\n■石落ち保証（２０％OFF）\n■再加工保証（２０％OFF）\n■サイズ直し保証（初回サイズ直し無料（±３号以内）。２回目以降は有料。）\n■新品仕上げご優待（１本5,000円＋TAX）\n■無料メンテナンス（無期限/手磨き洗浄・石揺れチェック）\n※郵送でのメンテナンスの場合は、送料はお客様ご負担となります',NULL,NULL,'2024-06-28 07:47:33','2024-08-20 07:56:15','product'),(34,1,1,'【なつのゆく】',NULL,'なつのゆく','夏野ゆく　牡鹿の角の　束の間も　妹が心を　忘れて思へや\n\n万葉集：柿本朝臣人麿\n\n≪通釈≫\n夏野をゆく牡鹿の角が生え変わるまでの束の間もあなたへの思いを忘れたことなどありません。\n\n≪指輪への想い≫\n片時もあなたへの想いを忘れることはない・・・\n澄んだ空や真っ白な雲をアイスブルーダイヤモンドとホワイトのダイヤモンドで表現しました。ワンポイントでエッジを入れて、キリッとしたアクセントをつけました。\n\n<div class=\"additional\">素材\n    プラチナ, ホワイトゴールド\n石\n    ダイヤモンド, ブルーダイヤモンド, 色石</div>\n■左のリング（男性リング）幅：2.5mm、厚み：1.7mm、表面加工：面取り加工・粗めマット加工（フェードアウト）・鏡面仕上げ\n■右のリング（女性リング）幅：2.5mm、厚み：1.7mm、表面加工：面取り加工・粗めマット加工（フェードアウト）・鏡面仕上げ・ダイヤ２石＋ブルーダイヤ１石セッティング\n■素材：７種類から自由に選択できます\n■鍛造リング（強度：鋳造リングの約３～５倍、硬度：鋳造リングの約２倍）\n■世界三大銘木のウォールナットケースでのご納品\n■紛失保証　（２０％OFF）\n■石落ち保証（２０％OFF）\n■再加工保証（２０％OFF）\n■サイズ直し保証（初回サイズ直し無料（±３号以内）。２回目以降は有料。）\n■新品仕上げご優待（１本5,000円＋TAX）\n■無料メンテナンス（無期限/手磨き洗浄・石揺れチェック）\n※郵送でのメンテナンスの場合は、送料はお客様ご負担となります',NULL,NULL,'2024-06-28 07:47:32','2024-08-20 04:54:42','product'),(35,1,1,'【あまりてなどか】',NULL,'あまりてなどか','浅茅生の　小野の篠原　しのぶれど　あまりてなどか　人の恋しき\n\n後撰集：参議等\n\n≪通釈≫\n人に隠して忍んでいても、想いがあふれてこぼれそうになる。どうしてあの人のことがこんなに恋しいのだろう。\n\n≪指輪への想い≫\nあなたへの思いが溢れていて、抑えきれない思いが指輪に詰まっています。\n「栄光」や「輝ける未来」という花言葉を持つ縁起の良い月桂樹を中央にデザインしました。\n\n<div class=\"additional\">素材\n    シャンパンゴールド, コーラルゴールド\n石\n    ダイヤなし</div>\n■左のリング（男性リング）幅：3.0mm、厚み：1.7mm、S字ウェーブ、表面加工：面取り加工・手彫り加工・鏡面仕上げ\n■右のリング（女性リング）幅：2.5mm、厚み：1.7mm、S字ウェーブ、表面加工：面取り加工・手彫り加工・鏡面仕上げ\n■素材：７種類から自由に選択できます\n■鍛造リング（強度：鋳造リングの約３～５倍、硬度：鋳造リングの約２倍）\n■世界三大銘木のウォールナットケースでのご納品\n■紛失保証　（２０％OFF）\n■石落ち保証（２０％OFF）\n■再加工保証（２０％OFF）\n■サイズ直し保証（初回サイズ直し無料（±３号以内）。２回目以降は有料。）\n■新品仕上げご優待（１本5,000円＋TAX）\n■無料メンテナンス（無期限/手磨き洗浄・石揺れチェック）\n※郵送でのメンテナンスの場合は、送料はお客様ご負担となります',NULL,NULL,'2024-06-28 07:47:31','2024-08-20 04:58:31','product'),(36,1,1,'【思ひき我れは】',NULL,'おもひきわれは','をとめらが　袖布留山の　瑞垣の　久しき時ゆ　思ひき我れは\n\n万葉集：柿本朝臣人麿\n\n≪通釈≫\n巫女たちが神を迎えて袖を振る布留山の杜の瑞垣が年久しいように、長い時間を君に恋してきたよ僕は。\n\n≪指輪への想い≫\n前世でも一緒だったのではないかと思うほど、あなたのことを以前から想い続けています。存在感のある大きなダイヤモンドはお二人で育まれていく愛の結晶です。\n\n<div class=\"additional\">素材\n    プラチナ\n石\n    ダイヤモンド</div>\n■左のリング（男性リング）幅：3.0mm、厚み：1.7mm、表面加工：特殊加工・鏡面仕上げ\n■右のリング（女性リング）幅：2.5mm、厚み：1.9mm、表面加工：ダイヤ１石セッティング・鏡面仕上げ\n■素材：７種類から自由に選択できます\n■鍛造リング（強度：鋳造リングの約３～５倍、硬度：鋳造リングの約２倍）\n■世界三大銘木のウォールナットケースでのご納品\n■紛失保証　（２０％OFF）\n■石落ち保証（２０％OFF）\n■再加工保証（２０％OFF）\n■サイズ直し保証（初回サイズ直し無料（±３号以内）。２回目以降は有料。）\n■新品仕上げご優待（１本5,000円＋TAX）\n■無料メンテナンス（無期限/手磨き洗浄・石揺れチェック）\n※郵送でのメンテナンスの場合は、送料はお客様ご負担となります',NULL,NULL,'2024-06-28 07:47:30','2024-08-20 05:03:00','product'),(37,1,1,'【にしきなりける】',NULL,'にしきなりける','見渡せば　柳桜を　こきまぜて　都ぞ春の　錦なりける\n\n古今集：素性法師\n\n≪通釈≫\nはるかに見渡すと、緑の柳と薄紅の桜をまじり合わせて、ほかならぬこの都こそが、春の錦（の織物）だったのだ。\n\n≪指輪への想い≫\nあなたこそが真の美しい方だと改めて思いました。美しい栁と桜がまじり合う様子をえぐり加工と華やかなテクスチャーやメレダイヤモンドで表現しました。\n\n<div class=\"additional\">素材\n    シャンパンゴールド\n石\n    ダイヤモンド</div>\n■左のリング（男性リング）幅：3.0mm、厚み：1.7mm、表面加工：えぐり加工・粗めマット加工・鏡面仕上げ\n■右のリング（女性リング）幅：2.5mm、厚み：1.7mm、表面加工：えぐり加工・スターダスト加工・ダイヤ５石セッティング・鏡面仕上げ\n■素材：７種類から自由に選択できます\n■鍛造リング（強度：鋳造リングの約３～５倍、硬度：鋳造リングの約２倍）\n■世界三大銘木のウォールナットケースでのご納品\n■紛失保証　（２０％OFF）\n■石落ち保証（２０％OFF）\n■再加工保証（２０％OFF）\n■サイズ直し保証（初回サイズ直し無料（±３号以内）。２回目以降は有料。）\n■新品仕上げご優待（１本5,000円＋TAX）\n■無料メンテナンス（無期限/手磨き洗浄・石揺れチェック）\n※郵送でのメンテナンスの場合は、送料はお客様ご負担となります',NULL,NULL,'2024-06-28 07:47:29','2024-08-20 05:04:45','product'),(38,1,1,'【いにしへの】',NULL,'いにしへの','いにしへの　奈良の都の　八重桜　けふ九重に　にほひぬるかな\n\n詞花集：伊勢大輔\n\n≪通釈≫\nいにしえの昔の、奈良の都の八重桜が、今日は九重の宮中で、ひときわ美しく咲き誇っております。\n\n≪指輪への想い≫\n日本の四季折々で楽しめる、桜・朝顔・銀杏（いちょう）・山茶花（さざんか）を彫りました。花々は美しいですが、それを身に着けているあなたはさらに美しい。特別なあなたと共に春夏秋冬咲き誇る花を一緒に見ていきたいという気持ちを込めて。\n\n<div class=\"additional\">素材\n    プラチナ, ホワイトゴールド\n石\n    ダイヤなし</div>\n■左のリング（男性リング）幅：3.5mm、厚み：1.7mm、表面加工：手彫り加工・マット加工\n■右のリング（女性リング）幅：3.5mm、厚み：1.7mm、表面加工：手彫り加工・マット加工\n■素材：７種類から自由に選択できます\n■鍛造リング（強度：鋳造リングの約３～５倍、硬度：鋳造リングの約２倍）\n■世界三大銘木のウォールナットケースでのご納品\n■紛失保証　（２０％OFF）\n■石落ち保証（２０％OFF）\n■再加工保証（２０％OFF）\n■サイズ直し保証（初回サイズ直し無料（±３号以内）。２回目以降は有料。）\n■新品仕上げご優待（１本5,000円＋TAX）\n■無料メンテナンス（無期限/手磨き洗浄・石揺れチェック）\n※郵送でのメンテナンスの場合は、送料はお客様ご負担となります',NULL,NULL,'2024-06-28 07:47:28','2024-08-20 09:37:16','product'),(39,1,1,'【君ならで】',NULL,'きみならで','君ならで　誰にか見せむ　梅の花　色をも香をも　知る人ぞしる\n\n古今集：紀友則\n\n≪通釈≫\nあなた以外の誰にこの梅の花を見せましょうか。この素晴らしい色も香りもわかる人にしかわからない。\n\n≪指輪への想い≫\n藤・睡蓮・稲穂・梅を彫っている二本の指輪を重ねるとデザインが繋がり完成します。真の美しさはお二人だけが知る…特別なデザインです。\n\n<div class=\"additional\">素材\n    シャンパンゴールド, コーラルゴールド\n石\n    ダイヤなし</div>\n■左のリング（男性リング）幅：3.0mm、厚み：1.7mm、表面加工：手彫り加工・鏡面仕上げ\n■右のリング（女性リング）幅：3.0mm、厚み：1.7mm、表面加工：手彫り加工・鏡面仕上げ\n■素材：７種類から自由に選択できます\n■鍛造リング（強度：鋳造リングの約３～５倍、硬度：鋳造リングの約２倍）\n■世界三大銘木のウォールナットケースでのご納品\n■紛失保証　（２０％OFF）\n■石落ち保証（２０％OFF）\n■再加工保証（２０％OFF）\n■サイズ直し保証（初回サイズ直し無料（±３号以内）。２回目以降は有料。）\n■新品仕上げご優待（１本5,000円＋TAX）\n■無料メンテナンス（無期限/手磨き洗浄・石揺れチェック）\n※郵送でのメンテナンスの場合は、送料はお客様ご負担となります',NULL,NULL,'2024-06-28 07:47:27','2024-08-20 09:37:39','product'),(40,1,1,'【もれいづる月】',NULL,'もれいづるつき','秋風に　たなびく雲の　絶え間より　もれ出づる月の　影のさやけさ\n\n新古今集：左京大夫顕輔\n\n≪通釈≫\n秋風に吹かれて横に長くひき流れる雲の切れ目から、洩れてくる月の光・・・なんと澄みきって美しいことだろう。\n\n≪指輪への想い≫\n秋風にたなびく様子をＶ字に、澄み切った秋の夜空をプラチナで表現しました。\n雲の絶え間から隠し切れない月の光が漏れている…眩い月の光がキラキラと反射している様子をスターダストの輝きに乗せてデザインしました。\n\n<div class=\"additional\">素材\n    プラチナ, ピンクゴールド, グリーンゴールド, コンビ\n石\n    ダイヤなし</div>\n■左のリング（男性リング）幅：3.0mm、厚み：1.7mm、V字ウェーブ(強)、表面加工：金面加工・削り加工・スターダスト加工・鏡面仕上げ\n■右のリング（女性リング）幅：2.0mm、厚み：1.7mm、V字ウェーブ(強)、表面加工：金面加工・削り加工・スターダスト加工・鏡面仕上げ\n■素材：７種類から自由に選択できます\n※ご指定頂かない場合は、プラチナベースの指輪に、ゴールドの面貼り加工となります。ゴールドベースの指輪にプラチナ面貼り加工をご希望される場合は、備考欄にご記載ください\n■鍛造リング（強度：鋳造リングの約３～５倍、硬度：鋳造リングの約２倍）\n■世界三大銘木のウォールナットケースでのご納品\n■紛失保証　（２０％OFF）\n■石落ち保証（２０％OFF）\n■再加工保証（２０％OFF）\n■サイズ直し保証（初回サイズ直し無料（±３号以内）。２回目以降は有料。）\n■新品仕上げご優待（１本5,000円＋TAX）\n■無料メンテナンス（無期限/手磨き洗浄・石揺れチェック）\n※郵送でのメンテナンスの場合は、送料はお客様ご負担となります',NULL,NULL,'2024-06-28 07:47:26','2024-08-20 05:14:46','product'),(41,1,1,'【ゆふかづら】',NULL,'ゆふかづら','契りありて　けふ宮川の　ゆふかづら　長き世までも　かけて頼まむ\n\n新古今集：藤原定家\n\n≪通釈≫\n縁があって、今日、宮川を渡り、木綿蔓(ゆふかづら)（髪飾り）をかけ、末永くご加護があることをお祈りいたします。\n\n≪指輪への想い≫\n髪飾りやお二人の愛がまじり合っている様子をクロスデザインやメレダイヤモンドで表現しました。永遠の愛を誓ったお二人に末永いご加護がありますよう願いを込めて。\n\n<div class=\"additional\">素材\nプラチナ, コーラルゴールド\n石\nダイヤモンド</div>\n■左のリング（男性リング）幅：3.0mm、厚み：1.7mm、表面加工：削り加工・マット加工（フェードアウト）・鏡面仕上げ\n■右のリング（女性リング）幅：2.5mm、厚み：1.7mm、表面加工：削り加工・ダイヤ５石セッティング・鏡面仕上げ\n■素材：７種類から自由に選択できます\n■鍛造リング（強度：鋳造リングの約３～５倍、硬度：鋳造リングの約２倍）\n■世界三大銘木のウォールナットケースでのご納品\n■紛失保証　（２０％OFF）\n■石落ち保証（２０％OFF）\n■再加工保証（２０％OFF）\n■サイズ直し保証（初回サイズ直し無料（±３号以内）。２回目以降は有料。）\n■新品仕上げご優待（１本5,000円＋TAX）\n■無料メンテナンス（無期限/手磨き洗浄・石揺れチェック）\n※郵送でのメンテナンスの場合は、送料はお客様ご負担となります',NULL,NULL,'2024-06-28 07:47:25','2024-08-20 05:28:24','product'),(42,1,1,'【やちくさの】スターダストver',NULL,'やちくさのスターダストver','八千種(やちくさ)の　花はうつろふ　常盤なる　松のさ枝を　我れは結ばな　\n\n万葉集：大伴家持\n\n≪通釈≫\n折々の花はとりどりに美しいけれども、やがて色褪せてしまう。私たちはいつまでも色の変わらぬ松を結んで、永久のご繁栄と御長寿をお祈りいたします。\n\n≪指輪への想い≫\n一粒一粒手作業で入れていくミルグレインは、これから家族となるお二人の繁栄と長寿を祈り、左手の薬指でお二人のお守りとなってくれます。\n\n<div class=\"additional\">素材\nピンクゴールド, イエローゴールド\n石\nダイヤなし</div>\n■左のリング（男性リング）幅：2.5mm、厚み：1.7mm、表面加工：えぐり加工・手打ちミル加工・粗めマット加工・鏡面仕上げ\n■右のリング（女性リング）幅：2.0mm、厚み：1.7mm、表面加工：えぐり加工・手打ちミル加工・スターダスト加工・鏡面仕上げ\n■素材：７種類から自由に選択できます\n■鍛造リング（強度：鋳造リングの約３～５倍、硬度：鋳造リングの約２倍）\n■世界三大銘木のウォールナットケースでのご納品\n■紛失保証　（２０％OFF）\n■石落ち保証（２０％OFF）\n■再加工保証（２０％OFF）\n■サイズ直し保証（初回サイズ直し無料（±３号以内）。２回目以降は有料。）\n■新品仕上げご優待（１本5,000円＋TAX）\n■無料メンテナンス（無期限/手磨き洗浄・石揺れチェック）\n※郵送でのメンテナンスの場合は、送料はお客様ご負担となります',NULL,NULL,'2024-06-28 07:47:24','2024-08-20 08:01:07','product'),(43,1,1,'【やちくさの】ダイヤ７石ver',NULL,'やちくさのダイヤ７石ver','八千種(やちくさ)の　花はうつろふ　常盤なる　松のさ枝を　我れは結ばな　\n\n万葉集：大伴家持\n\n≪通釈≫\n折々の花はとりどりに美しいけれども、やがて色褪せてしまう。私たちはいつまでも色の変わらぬ松を結んで、永久のご繁栄と御長寿をお祈りいたします。\n\n≪指輪への想い≫\n一粒一粒手作業で入れていくミルグレインは、これから家族となるお二人の繁栄と長寿を祈り、左手の薬指でお二人のお守りとなってくれます。\n\n<div class=\"additional\">素材\nプラチナ, シャンパンゴールド\n石\nダイヤモンド</div>\n■左のリング（男性リング）幅：2.5mm、厚み：1.7mm、S字ウェーブ、表面加工：えぐり加工・手打ちミル加工・鏡面仕上げ\n■右のリング（女性リング）幅：2.5mm、厚み：1.7mm、S字ウェーブ、表面加工：手打ちミル加工・ダイヤ７石セッティング・鏡面仕上げ\n■素材：７種類から自由に選択できます\n■鍛造リング（強度：鋳造リングの約３～５倍、硬度：鋳造リングの約２倍）\n■世界三大銘木のウォールナットケースでのご納品\n■紛失保証　（２０％OFF）\n■石落ち保証（２０％OFF）\n■再加工保証（２０％OFF）\n■サイズ直し保証（初回サイズ直し無料（±３号以内）。２回目以降は有料。）\n■新品仕上げご優待（１本5,000円＋TAX）\n■無料メンテナンス（無期限/手磨き洗浄・石揺れチェック）\n※郵送でのメンテナンスの場合は、送料はお客様ご負担となります',NULL,NULL,'2024-06-28 07:47:23','2024-08-20 08:01:16','product'),(44,1,1,'【はるがすみ】',NULL,'はるがすみ','春霞　たなびく山の　桜花　見れども飽かぬ　君にもあるかな\n\n古今集：紀友則\n\n≪通釈≫\n春の霞がたなびく山に咲く桜の花のように、いくら見ても見飽きることがないあなたです。\n\n≪指輪への想い≫\nあなたがいつもそばにいてくれると私はそれだけで幸せです。春の霞がかかった景色をやわらかく反射する槌目で表現しました。\nお互いが持っていない部分を補い合うように、お二人で一つのデザインとなっています。\n\n<div class=\"additional\">素材\nプラチナ, コーラルゴールド\n石\nダイヤなし</div>\n■左のリング（男性リング）幅：3.0mm、厚み：1.7mm、表面加工：面取り加工・槌目加工（１周）鏡面仕上げ\n■右のリング（女性リング）幅：2.5mm、厚み：1.7mm、表面加工：面取り加工・部分槌目加工・鏡面仕上げ\n■素材：７種類から自由に選択できます\n■鍛造リング（強度：鋳造リングの約３～５倍、硬度：鋳造リングの約２倍）\n■世界三大銘木のウォールナットケースでのご納品\n■紛失保証　（２０％OFF）\n■石落ち保証（２０％OFF）\n■再加工保証（２０％OFF）\n■サイズ直し保証（初回サイズ直し無料（±３号以内）。２回目以降は有料。）\n■新品仕上げご優待（１本5,000円＋TAX）\n■無料メンテナンス（無期限/手磨き洗浄・石揺れチェック）\n※郵送でのメンテナンスの場合は、送料はお客様ご負担となります',NULL,NULL,'2024-06-28 07:47:22','2024-08-20 05:37:36','product'),(45,1,1,'【沖つ白波】',NULL,'おきつしらなみ','わたの原　漕ぎ出でて見れば　久かたの　雲ゐにまがふ　沖つ白波\n\n詞花集：法性寺入道前関白太政大臣\n\n≪通釈≫\nずっと遠くを眺めてみれば、かなたに雲と見間違うばかりに、沖の白波が立っているなか、いざ大海原に漕ぎ出しました。\n\n≪指輪への想い≫\n大海原に繰り出すこれからの二人の人生が右上がりで順風満帆に進むよう願いを込めて。\n白波が立ち、キラキラと反射する海をＳ字と槌目で表現しました。\n\n<div class=\"additional\">素材\nプラチナ, イエローゴールド\n石\nダイヤなし</div>\n■左のリング（男性リング）幅：2.5mm、厚み：1.7mm、S字ウェーブ、表面加工：面取り加工・粗めマット加工・部分槌目加工（フェードアウト）・鏡面仕上げ\n■右のリング（女性リング）幅：2.0mm、厚み：1.7mm、S字ウェーブ、表面加工：面取り加工・粗めマット加工・部分槌目加工（フェードアウト）・鏡面仕上げ\n■素材：７種類から自由に選択できます\n■鍛造リング（強度：鋳造リングの約３～５倍、硬度：鋳造リングの約２倍）\n■世界三大銘木のウォールナットケースでのご納品\n■紛失保証　（２０％OFF）\n■石落ち保証（２０％OFF）\n■再加工保証（２０％OFF）\n■サイズ直し保証（初回サイズ直し無料（±３号以内）。２回目以降は有料。）\n■新品仕上げご優待（１本5,000円＋TAX）\n■無料メンテナンス（無期限/手磨き洗浄・石揺れチェック）\n※郵送でのメンテナンスの場合は、送料はお客様ご負担となります',NULL,NULL,'2024-06-28 07:47:21','2024-08-20 05:40:06','product'),(46,1,1,'【若菜つむ】金線ver',NULL,'わかなつむ金線ver','君がため　春の野に出でて　若菜つむ　我が衣手に　　雪は降りつつ\n\n古今集：光孝天皇\n\n≪通釈≫\n私の着物の袖に、雪がしきりに降りかかってきますが、春の野原に出かけて若菜を摘んでいます。あなたにさしあげるために。\n\n≪指輪への想い≫\nなにをする時も常にあなたのことを考え、いつもあなたの為に行動します。プラチナで純粋無垢なお二人を、ゴールドで若菜を表現し春をイメージしました。\n\n<div class=\"additional\">素材\nプラチナ, イエローゴールド, グリーンゴールド, コンビ\n石\nダイヤなし</div>\n■左のリング（男性リング）幅：3.5mm、厚み：1.7mm、S字ウェーブ、表面加工：ライン加工・金線加工・鏡面仕上げ\n■右のリング（女性リング）幅：2.0mm、厚み：1.7mm、S字ウェーブ、表面加工：ライン加工・金線加工・鏡面仕上げ\n■素材：７種類から自由に選択できます\n※ご指定頂かない場合は、プラチナベースの指輪に、ゴールドの金線加工となります。ゴールドベースの指輪にプラチナ線加工をご希望される場合は、備考欄にご記載ください\n■鍛造リング（強度：鋳造リングの約３～５倍、硬度：鋳造リングの約２倍）\n■世界三大銘木のウォールナットケースでのご納品\n■紛失保証　（２０％OFF）\n■石落ち保証（２０％OFF）\n■再加工保証（２０％OFF）\n■サイズ直し保証（初回サイズ直し無料（±３号以内）。２回目以降は有料。）\n■新品仕上げご優待（１本5,000円＋TAX）\n■無料メンテナンス（無期限/手磨き洗浄・石揺れチェック）\n※郵送でのメンテナンスの場合は、送料はお客様ご負担となります',NULL,NULL,'2024-06-28 07:47:20','2024-08-20 08:08:13','product'),(47,1,1,'【たかさごの】',NULL,'たかさごの','高砂の　をのへの桜　咲きにけり　外山のかすみ　たたずもあらなむ\n\n後拾遺集：前権中納言匡房\n\n≪通釈≫\n遠くにある高い山の、頂にある桜も美しく咲いたことだ。人里近くにある山の霞よ、どうか立たずにいてほしい。美しい桜がかすんでしまわないように。\n\n≪指輪への想い≫\n誰にもあなたの美しさの邪魔はさせないという気持ちを指輪に詰め込んでいます。\n鏡面のプラチナで空をイメージし、美しい桜だけをゴールドにすることで、遠くから離れていても桜が際立つデザインとなっています。\n\n<div class=\"additional\">素材\nプラチナ, コーラルゴールド, ピンクゴールド\n石\nダイヤモンド</div>\n■左のリング（男性リング）幅：3.0mm、厚み：2.0mm、表面加工：特殊加工・鏡面仕上げ\n■右のリング（女性リング）幅：3.0mm、厚み：2.0mm、表面加工：特殊加工・鏡面仕上げ・ダイヤ２石セッティング\n■素材：７種類から自由に選択できます\n※プラチナ（外側）×ゴールド（内側）の組み合わせとなります。\n■鍛造リング（強度：鋳造リングの約３～５倍、硬度：鋳造リングの約２倍）\n■世界三大銘木のウォールナットケースでのご納品\n■紛失保証　（２０％OFF）\n■石落ち保証（２０％OFF）\n■再加工保証（２０％OFF）\n■こちらの商品はサイズ直し不可となります。ご注意ください。\n■新品仕上げご優待（１本5,000円＋TAX）\n■無料メンテナンス（無期限/手磨き洗浄・石揺れチェック）\n※郵送でのメンテナンスの場合は、送料はお客様ご負担となります',NULL,NULL,'2024-06-28 07:47:19','2024-08-20 05:48:24','product'),(48,1,1,'【思ふ仲をば】MR特殊加工ver',NULL,'おもふなかをばMR特殊加工ver','天の原　踏み轟かし　鳴る神も　思ふ仲をば　裂くるものかは\n\n古今和歌集：よみひとしらず\n\n≪通釈≫\n天空を鳴り響きわたっている雷でさえも、互いに思い合っている二人の仲を裂くことはできるでしょうか。できはしませんよ。\n\n≪指輪への想い≫\n二色が重なっている素材は、これからご夫婦になられるお二人を表しています。\n雷光でさえも仲を裂けない、固い絆で結ばれています。\n\n<div class=\"additional\">素材\nプラチナ, ピンクゴールド, イエローゴールド, コンビ\n石\nダイヤモンド</div>\n■左のリング（男性リング）幅：3.5mm、厚み：2.0mm、表面加工：特殊加工（プラチナ部分）・鏡面仕上げ(ゴールド部分)\n■右のリング（女性リング）幅：3.0mm、厚み：2.0mm、表面加工：特殊加工（プラチナ部分）・鏡面仕上げ(ゴールド部分)・ダイヤ１石セッティング\n■素材：７種類から自由に選択できます\n※プラチナ（外側）×ゴールド（内側）の組み合わせとなります。\n■鍛造リング（強度：鋳造リングの約３～５倍、硬度：鋳造リングの約２倍）\n■世界三大銘木のウォールナットケースでのご納品\n■紛失保証　（２０％OFF）\n■石落ち保証（２０％OFF）\n■再加工保証（２０％OFF）\n■こちらの商品はサイズ直し不可となります。ご注意ください。\n■新品仕上げご優待（１本5,000円＋TAX）\n■無料メンテナンス（無期限/手磨き洗浄・石揺れチェック）\n※郵送でのメンテナンスの場合は、送料はお客様ご負担となります',NULL,NULL,'2024-06-28 07:47:18','2024-08-20 08:06:44','product'),(49,1,1,'【峰のもみぢ葉】カッティングver',NULL,'みねのもみぢばカッティングver','小倉山　峰のもみぢ葉　心あらば　今ひとたびの　みゆき待たなむ\n\n拾遺集：貞信公（藤原忠平）\n\n≪通釈≫\n小倉山の峰の紅葉よ。お前に人間の情がわかる心があるなら、もう一度天皇がおいでになるまで、散らずに待っていてくれないか。\n\n≪指輪への想い≫\n紅葉の色が変わるのと同じように私たちの絆も深まり色濃く変わっていくのです。\n美しい紅葉の景色をクラシカルなミルグレインでデザインしました。\n\n<div class=\"additional\">素材\nプラチナ, ピンクゴールド, グリーンゴールド, コンビ\n石\nダイヤなし</div>\n■左のリング（男性リング）幅：3.0mm、厚み：2.0mm、表面加工：ミル加工・カッティング加工・鏡面仕上げ\n■右のリング（女性リング）幅：2.5mm、厚み：2.0mm、表面加工：ミル加工・カッティング加工・鏡面仕上げ\n■素材：７種類から自由に選択できます\n※プラチナ（外側）×ゴールド（内側）の組み合わせとなります。\n■鍛造リング（強度：鋳造リングの約３～５倍、硬度：鋳造リングの約２倍）\n■世界三大銘木のウォールナットケースでのご納品\n■紛失保証　（２０％OFF）\n■石落ち保証（２０％OFF）\n■再加工保証（２０％OFF）\n■こちらの商品はサイズ直し不可となります。ご注意ください。\n■新品仕上げご優待（１本5,000円＋TAX）\n■無料メンテナンス（無期限/手磨き洗浄・石揺れチェック）\n※郵送でのメンテナンスの場合は、送料はお客様ご負担となります',NULL,NULL,'2024-06-28 07:47:17','2024-08-20 08:04:25','product'),(50,1,1,'【永久にあひみむ】平打ver',NULL,'とわにあひみむ平打ver','津の国の　なには思はず　山城の　永久にあひみむ　ことをのみこそ\n\n古今集：よみひとしらず\n\n≪通釈≫\n（津の国の難波という地名ではないが）何も思うことはない。（山城の国の鳥羽という地名ではないが）ただただ永久に一緒にいたいと思うことだけである。\n\n≪指輪への想い≫\n他言はいらない。「ずっと一緒にいよう」ということを謳ったリング。\nラインが永遠にとぎれない愛を表現。二色の素材がお二人を表し、常に寄り添っています。\n\n<div class=\"additional\">素材\nプラチナ, シャンパンゴールド, コーラルゴールド, コンビ\n石\nダイヤなし</div>\n■左のリング（男性リング）幅：4.0mm、厚み：2.0mm、表面加工：山谷ライン加工・マット加工\n■右のリング（女性リング）幅：3.5mm、厚み：2.0mm、表面加工：山谷ライン加工・マット加工\n■素材：７種類から自由に選択できます\n※備考欄に＜ご希望の２色の素材と上・下の場所＞をご記載ください\n※金額はプラチナの有無で変動します\n※内側は必ずゴールドになります（上側の素材が内側を含めたベースとなります）\n■鍛造リング（強度：鋳造リングの約３～５倍、硬度：鋳造リングの約２倍）\n■世界三大銘木のウォールナットケースでのご納品\n■紛失保証　（２０％OFF）\n■石落ち保証（２０％OFF）\n■再加工保証（２０％OFF）\n■こちらの商品はサイズ直し不可となります。ご注意ください。\n■新品仕上げご優待（１本5,000円＋TAX）\n■無料メンテナンス（無期限/手磨き洗浄・石揺れチェック）\n※郵送でのメンテナンスの場合は、送料はお客様ご負担となります',NULL,NULL,'2024-06-28 07:47:16','2024-08-20 08:07:52','product'),(51,1,1,'【せをはやみ】ダイヤ５石ver',NULL,'せをはやみダイヤ５石ver','瀬を早み　岩にせかるる　滝川の　われても末に　逢はむとぞ思ふ\n\n詞花集：崇徳院\n\n≪通釈≫\n川の瀬の流れが速く、岩にせき止められて邪魔をされたとしても、川がまた合流するように、どんなことがあっても、愛しいあなたには会いたいと常に思っています。\n\n≪指輪への想い≫\nどんなことも乗り越えて、あなたの傍にいるという気持ちが込められています。二人の固い絆を強いウェーブで表現し、二本のラインが同じ方向を見て共に歩んでいくことを描写しています。\n\n<div class=\"additional\">素材\nシャンパンゴールド, コーラルゴールド\n石\nダイヤモンド</div>\n■左のリング（男性リング）幅：3.0mm、厚み：1.7mm、S字ウェーブ(強)、表面加工：削り加工・鏡面仕上げ・マット加工（フェードアウト）\n■右のリング（女性リング）幅：2.5mm、厚み：1.7mm、S字ウェーブ(強)、表面加工：削り加工・鏡面仕上げ・ダイヤ５石セッティング\n■素材：７種類から自由に選択できます\n■鍛造リング（強度：鋳造リングの約３～５倍、硬度：鋳造リングの約２倍）\n■世界三大銘木のウォールナットケースでのご納品\n■紛失保証　（２０％OFF）\n■石落ち保証（２０％OFF）\n■再加工保証（２０％OFF）\n■サイズ直し保証（初回サイズ直し無料（±３号以内）。２回目以降は有料。）\n■新品仕上げご優待（１本5,000円＋TAX）\n■無料メンテナンス（無期限/手磨き洗浄・石揺れチェック）\n※郵送でのメンテナンスの場合は、送料はお客様ご負担となります',NULL,NULL,'2024-06-28 07:47:15','2024-08-20 07:58:02','product'),(52,1,1,'【かささぎの】ダイヤ５石ver',NULL,'かささぎのダイヤ５石ver','かささぎの　渡せる橋に　おく霜の　白きを見れば　夜ぞ更けにける\n\n新古今集：中納言家持\n\n≪通釈≫\n七夕の日、織姫と彦星を逢わせるために、たくさんのかささぎが天の川に翼を広げ橋となり、彦星が織姫の元へ渡って行けるようにしました。\n\n≪指輪への想い≫\n二本のラインがお二人をつなぐかささぎの橋を象徴し、天の川がまばゆく輝いている情景をダイヤモンドやスターダストで表現しました。運命的なお二人を描写しています。\n\n<div class=\"additional\">素材\nプラチナ\n石\nダイヤモンド</div>\n■左のリング（男性リング）幅：2.5mm、厚み：1.7mm、表面加工：ライン加工・鏡面仕上げ\n■右のリング（女性リング）幅：2.5mm、厚み：1.7mm、表面加工：ダイヤ５石セッティング・鏡面仕上げ\n■素材：７種類から自由に選択できます\n■鍛造リング（強度：鋳造リングの約３～５倍、硬度：鋳造リングの約２倍）\n■世界三大銘木のウォールナットケースでのご納品\n■紛失保証　（２０％OFF）\n■石落ち保証（２０％OFF）\n■再加工保証（２０％OFF）\n■サイズ直し保証（初回サイズ直し無料（±３号以内）。２回目以降は有料。）\n■新品仕上げご優待（１本5,000円＋TAX）\n■無料メンテナンス（無期限/手磨き洗浄・石揺れチェック）\n※郵送でのメンテナンスの場合は、送料はお客様ご負担となります',NULL,NULL,'2024-06-28 07:47:14','2024-08-20 07:55:30','product'),(53,1,1,'【からくれなゐに】ダイヤ５石ver',NULL,'からくれなゐにダイヤ５石ver','千早ぶる　神代もきかず　竜田川　からくれなゐに　水くくるとは\n\n古今和歌集・伊勢物語：在原業平\n\n≪通釈≫\n竜田川の一面に紅葉が浮いて真っ赤な紅色に、水をしぼり染めにしているとは。さまざまな不思議なことが起こっていたという神代の昔でさえも、こんなことは聞いたことがない。\n\n≪指輪への想い≫\n遥か昔から運命の紅い糸で結ばれたお二人には、これからの人生も鮮やかな素晴らしい景色が待っていることでしょう。凛としたエッジが紅い糸を象徴しています。\n\n<div class=\"additional\">素材\nプラチナ\n石\nダイヤモンド</div>\n■左のリング（男性リング）幅：2.5mm、厚み：1.7mm、表面加工：面取り加工・鏡面仕上げ\n■右のリング（女性リング）幅：2.0mm、厚み：1.7mm、表面加工：ダイヤ５石セッティング・鏡面仕上げ\n■素材：７種類から自由に選択できます\n■鍛造リング（強度：鋳造リングの約３～５倍、硬度：鋳造リングの約２倍）\n■世界三大銘木のウォールナットケースでのご納品\n■紛失保証　（２０％OFF）\n■石落ち保証（２０％OFF）\n■再加工保証（２０％OFF）\n■サイズ直し保証（初回サイズ直し無料（±３号以内）。２回目以降は有料。）\n■新品仕上げご優待（１本5,000円＋TAX）\n■無料メンテナンス（無期限/手磨き洗浄・石揺れチェック）\n※郵送でのメンテナンスの場合は、送料はお客様ご負担となります',NULL,NULL,'2024-06-28 07:47:13','2024-08-20 07:57:40','product'),(54,1,1,'【ふれる白雪】ダイヤ７石ver',NULL,'ふれるしらゆきダイヤ７石ver','朝ぼらけ　有明の月と　みるまでに　吉野の里に　ふれる白雪\n\n古今集：坂上是則\n\n≪通釈≫\n明け方、空がほのかに明るくなってきた頃、有明の月かと思うほど明るく、吉野の里に雪が降っている景色がなんと素敵なものか。\n\n≪指輪への想い≫\n有明の月の光がお二人を優しく照らします。これから迎えるたくさんの朝は二人の輝かしい日々の始まりです。二つのエッジが山の稜線を、ダイヤモンは白い雪をイメージしています。\n\n<div class=\"additional\">素材\nプラチナ\n石\nダイヤモンド</div>\n■左のリング（男性リング）幅：2.5mm、厚み：1.7mm、表面加工：面取り加工・鏡面仕上げ\n■右のリング（女性リング）幅：2.5mm、厚み：1.7mm、表面加工：ダイヤ７石セッティング・鏡面仕上げ\n■素材：７種類から自由に選択できます\n■鍛造リング（強度：鋳造リングの約３～５倍、硬度：鋳造リングの約２倍）\n■世界三大銘木のウォールナットケースでのご納品\n■紛失保証　（２０％OFF）\n■石落ち保証（２０％OFF）\n■再加工保証（２０％OFF）\n■サイズ直し保証（初回サイズ直し無料（±３号以内）。２回目以降は有料。）\n■新品仕上げご優待（１本5,000円＋TAX）\n■無料メンテナンス（無期限/手磨き洗浄・石揺れチェック）\n※郵送でのメンテナンスの場合は、送料はお客様ご負担となります',NULL,NULL,'2024-06-28 07:47:12','2024-08-20 07:59:57','product'),(55,1,1,'【光なりける】ダイヤなしver',NULL,'ひかりなりけるダイヤなしver','照る月も　雲のよそにぞ　ゆきめぐる　花ぞこの世の　光なりける\n\n新古今和歌集：藤原俊成\n\n≪通釈≫\n遠くの空をめぐる月よりも、近くにある花こそが真の美しさを持っており、「わたしの光」なのです。\n\n≪指輪への想い≫\nそばで見守ってくれているあなたこそが真に大切な存在です。\nあなたが私の人生を今後も照らしてくれるでしょう。\n鍛造製法で美しく輝く鏡面仕上げは特別な光を象徴しています。\n\n<div class=\"additional\">素材\nプラチナ\n石\nダイヤなし</div>\n■左のリング（男性リング）幅：2.5mm、厚み：1.7mm、表面加工：鏡面仕上げ\n■右のリング（女性リング）幅：2.0mm、厚み：1.7mm、表面加工：鏡面仕上げ\n■素材：７種類から自由に選択できます\n■鍛造リング（強度：鋳造リングの約３～５倍、硬度：鋳造リングの約２倍）\n■世界三大銘木のウォールナットケースでのご納品\n■紛失保証　（２０％OFF）\n■石落ち保証（２０％OFF）\n■再加工保証（２０％OFF）\n■サイズ直し保証（初回サイズ直し無料（±３号以内）。２回目以降は有料。）\n■新品仕上げご優待（１本5,000円＋TAX）\n■無料メンテナンス（無期限/手磨き洗浄・石揺れチェック）\n※郵送でのメンテナンスの場合は、送料はお客様ご負担となります',NULL,NULL,'2024-06-28 07:47:11','2024-08-20 08:02:06','product'),(56,1,1,'【おひそふたけ】',NULL,'おひそふたけ','年ごとに　生ひそふ竹の　代々を経て　変らぬ色を　誰とかは見む\n\n新古今集：紀貫之\n\n≪通釈≫\n年ごとに生えていく竹。長い年月を経ても変わらぬその色を誰と見立てましょうか。もちろん美しいあなた様です。\n\n≪指輪への想い≫\n長い年月を経ても変わらない竹を長く続くライン加工で表現。これから共に歩んでゆく道のりが竹の節のように繋がり、お二人のご家庭が繁栄していくことへの祈りが込められています。\n\n<div class=\"additional\">素材\nプラチナ\n石\nダイヤなし</div>\n■左のリング（男性リング）幅：2.5mm、厚み：1.7mm、平打デザイン（丸みなし）、表面加工：ライン加工・マット加工・鏡面仕上げ\n■右のリング（女性リング）幅：2.0mm、厚み：1.7mm、平甲丸デザイン（丸みあり）、表面加工：ライン加工・鏡面仕上げ\n■素材：７種類から自由に選択できます\n■鍛造リング（強度：鋳造リングの約３～５倍、硬度：鋳造リングの約２倍）\n■世界三大銘木のウォールナットケースでのご納品\n■紛失保証　（２０％OFF）\n■石落ち保証（２０％OFF）\n■再加工保証（２０％OFF）\n■サイズ直し保証（初回サイズ直し無料（±３号以内）。２回目以降は有料。）\n■新品仕上げご優待（１本5,000円＋TAX）\n■無料メンテナンス（無期限/手磨き洗浄・石揺れチェック）\n※郵送でのメンテナンスの場合は、送料はお客様ご負担となります',NULL,NULL,'2024-06-28 07:47:10','2024-08-20 06:53:17','product'),(57,1,1,'【つねにもがもな】',NULL,'つねにもがもな','世の中は　常にもがもな　渚漕ぐ　海人の小舟の　綱手かなしも\n\n新勅撰集：源実朝\n\n≪通釈≫\n波打ち際を漕いでゆく漁師の小舟の情景が切なくいとしい。のんびりと平和な日常がいつまでも続いてほしいと願っています。\n\n≪指輪への想い≫\nお二人の結婚生活の永遠の幸せを象徴するリング。中央に施したミルグレインは”永遠”を意味・表現し、いつも近くでお二人を見守ってくれます。\n\n<div class=\"additional\">素材\nプラチナ, イエローゴールド, コンビ\n石\nダイヤなし</div>\n■左のリング（男性リング）幅：3.0mm、厚み：1.7mm、表面加工：ミル加工・鏡面仕上げ\n■右のリング（女性リング）幅：2.5mm、厚み：1.7mm、表面加工：ミル加工・鏡面仕上げ\n■左のリング（男性リング）素材：７種類から自由に選択できます\n■右のリング（女性リング）素材：プラチナ（ベース）×ミル打ち（ゴールド）になります\n■鍛造リング（強度：鋳造リングの約３～５倍、硬度：鋳造リングの約２倍）\n■世界三大銘木のウォールナットケースでのご納品\n■紛失保証　（２０％OFF）\n■石落ち保証（２０％OFF）\n■再加工保証（２０％OFF）\n■左のリング（男性リング）：サイズ直し保証（初回サイズ直し無料（±３号以内）。２回目以降は有料。）\n■右のリング（女性リング）：こちらの商品はサイズ直し不可となります。ご注意ください。\n■新品仕上げご優待（１本5,000円＋TAX）\n■無料メンテナンス（無期限/手磨き洗浄・石揺れチェック）\n※郵送でのメンテナンスの場合は、送料はお客様ご負担となります',NULL,NULL,'2024-06-28 07:47:09','2024-08-20 06:57:29','product'),(58,1,1,'【からくれなゐに】センターエッジver',NULL,'からくれなゐにセンターエッジver','千早ぶる　神代もきかず　竜田川　からくれなゐに　水くくるとは\n\n古今和歌集・伊勢物語：在原業平\n\n≪通釈≫\n竜田川の一面に紅葉が浮いて真っ赤な紅色に、水をしぼり染めにしているとは。さまざまな不思議なことが起こっていたという神代の昔でさえも、こんなことは聞いたことがない。\n\n≪指輪への想い≫\n遥か昔から運命の紅い糸で結ばれたお二人には、これからの人生も鮮やかな素晴らしい景色が待っていることでしょう。凛としたエッジが紅い糸を象徴しています。\n\n<div class=\"additional\">素材\nシャンパンゴールド, グリーンゴールド\n石\nダイヤなし</div>\n■左のリング（男性リング）幅：3.0mm、厚み：1.7mm、表面加工：面取り加工・鏡面仕上げ\n■右のリング（女性リング）幅：2.5mm、厚み：1.7mm、表面加工：面取り加工・鏡面仕上げ\n■素材：７種類から自由に選択できます\n■鍛造リング（強度：鋳造リングの約３～５倍、硬度：鋳造リングの約２倍）\n■世界三大銘木のウォールナットケースでのご納品\n■紛失保証　（２０％OFF）\n■石落ち保証（２０％OFF）\n■再加工保証（２０％OFF）\n■サイズ直し保証（初回サイズ直し無料（±３号以内）。２回目以降は有料。）\n■新品仕上げご優待（１本5,000円＋TAX）\n■無料メンテナンス（無期限/手磨き洗浄・石揺れチェック）\n※郵送でのメンテナンスの場合は、送料はお客様ご負担となります',NULL,NULL,'2024-06-28 07:47:08','2024-08-20 07:57:31','product'),(59,1,1,'【ふれる白雪】ダイヤ３石ver',NULL,'ふれるしらゆきダイヤ３石ver','朝ぼらけ　有明の月と　みるまでに　吉野の里に　ふれる白雪\n\n古今集：坂上是則\n\n≪通釈≫\n明け方、空がほのかに明るくなってきた頃、有明の月かと思うほど明るく、吉野の里に雪が降っている景色がなんと素敵なものか。\n\n≪指輪への想い≫\n有明の月の光がお二人を優しく照らします。これから迎えるたくさんの朝は二人の輝かしい日々の始まりです。二つのエッジが山の稜線を、ダイヤモンドと粗目マットが白い雪をイメージしています。\n\n<div class=\"additional\">素材\nコーラルゴールド\n石\nダイヤモンド</div>\n■左のリング（男性リング）幅：3.0mm、厚み：1.7mm、表面加工：面取り加工・粗めマット加工・鏡面仕上げ\n■右のリング（女性リング）幅：2.5mm、厚み：1.7mm、表面加工：面取り加工・ダイヤ３石セッティング・スターダスト加工・鏡面仕上げ\n■素材：７種類から自由に選択できます\n■鍛造リング（強度：鋳造リングの約３～５倍、硬度：鋳造リングの約２倍）\n■世界三大銘木のウォールナットケースでのご納品\n■紛失保証　（２０％OFF）\n■石落ち保証（２０％OFF）\n■再加工保証（２０％OFF）\n■サイズ直し保証（初回サイズ直し無料（±３号以内）。２回目以降は有料。）\n■新品仕上げご優待（１本5,000円＋TAX）\n■無料メンテナンス（無期限/手磨き洗浄・石揺れチェック）\n※郵送でのメンテナンスの場合は、送料はお客様ご負担となります',NULL,NULL,'2024-06-28 07:47:07','2024-08-20 08:00:12','product'),(60,1,1,'【永久にあひみむ】平甲丸ver',NULL,'とわにあひみむ平甲丸ver','津の国の　なには思はず　山城の　永久にあひみむ　ことをのみこそ\n\n古今集：よみひとしらず\n\n≪通釈≫\n（津の国の難波という地名ではないが）何も思うことはない。（山城の国の鳥羽という地名ではないが）ただただ永久に一緒にいたいと思うことだけである。\n\n≪指輪への想い≫\n他言はいらない。「ずっと一緒にいよう」ということを謳ったリング。\nラインが永遠にとぎれない愛を表現。二色の素材がお二人を表し、常に寄り添っています。\n\n<div class=\"additional\">素材\nシャンパンゴールド, コーラルゴールド\n石\nダイヤなし</div>\n■左のリング（男性リング）幅：3.5mm、厚み：1.7mm、表面加工：山谷ライン加工・マット加工・鏡面仕上げ\n■右のリング（女性リング）幅：3.0mm、厚み：1.7mm、表面加工：山谷ライン加工・スクラッチ加工・鏡面仕上げ\n■素材：７種類から自由に選択できます\n■鍛造リング（強度：鋳造リングの約３～５倍、硬度：鋳造リングの約２倍）\n■世界三大銘木のウォールナットケースでのご納品\n■紛失保証　（２０％OFF）\n■石落ち保証（２０％OFF）\n■再加工保証（２０％OFF）\n■サイズ直し保証（初回サイズ直し無料（±３号以内）。２回目以降は有料。）\n■新品仕上げご優待（１本5,000円＋TAX）\n■無料メンテナンス（無期限/手磨き洗浄・石揺れチェック）\n※郵送でのメンテナンスの場合は、送料はお客様ご負担となります',NULL,NULL,'2024-06-28 07:47:06','2024-08-20 08:07:59','product'),(101,1,1,'【照る月も】',NULL,'てるつきも','照る月も　雲のよそにぞ　ゆきめぐる　花ぞこの世の　光なりける\n新古今和歌集：藤原俊成\n\n≪通釈≫\n遠くの空をめぐる月よりも、近くにある花こそが真の美しさを持っており、「わたしの光」なのです。\n\n≪指輪への想い≫\n私をそばで見守ってくれているあなたこそが真に大切な存在で、あなたこそが私の人生を今後も照らしてくれるでしょう。\n絞りの強いデザインにすることで、「特別な光」を象徴するセンターのダイヤモンドが、より一層美しく輝きます。\n\n≪セットリングのマリッジリング≫\n【光なりける】C001・C055\n\n<div class=\"additional\">素材\n    プラチナ \n石\n    ダイヤモンド</div>\n■幅：2.5mm、厚み：1.7mm、絞り強め、表面加工：鏡面仕上げ\n■ダイヤモンド：厳選されたハイグレードダイヤモンド（選択肢よりお選びください）\n■鑑定機関：GIAまたは中央宝石研究所\n■素材：７種類から自由に選択できます\n■鍛造リング（強度：鋳造リングの約３～５倍、硬度：鋳造リングの約２倍）\n■世界三大銘木のウォールナットケースでのご納品\n■紛失保証　（２０％OFF）\n■石落ち保証（２０％OFF）\n■再加工保証（２０％OFF）\n■サイズ直し保証（初回サイズ直し無料（±３号以内）。２回目以降は有料。）\n■新品仕上げご優待（１本5,000円＋TAX）\n■無料メンテナンス（無期限/手磨き洗浄・石揺れチェック）\n※郵送でのメンテナンスの場合は、送料はお客様ご負担となります',NULL,NULL,'2024-06-28 09:38:30','2024-08-20 07:37:26','product'),(102,1,1,'【白きを見れば】',NULL,'しろきをみれば','かささぎの　渡せる橋に　おく霜の　白きを見れば　夜ぞ更けにける\n新古今集：中納言家持\n\n≪通釈≫\n七夕の日、織姫と彦星を逢わせるために、たくさんのかささぎが天の川に翼を広げ橋となり、彦星が織姫の元へ渡って行けるようにしました。\n\n≪指輪への想い≫\n天の川の輝きと、プラチナの鏡面仕上げに光るダイヤモンドを照らし合わせています。美しく輝くダイヤモンドが運命的なお二人をずっと守ってくれるでしょう。\n\n≪セットリングのマリッジリング≫\n【かささぎの】C007･C052\n\n<div class=\"additional\">素材\n    プラチナ \n石\n    ダイヤモンド</div>\n■幅：2.5mm、厚み：1.7mm、絞り弱め、表面加工：鏡面仕上げ\n■ダイヤモンド：厳選されたハイグレードダイヤモンド（選択肢よりお選びください）\n■鑑定機関：GIAまたは中央宝石研究所\n■素材：７種類から自由に選択できます\n■鍛造リング（強度：鋳造リングの約３～５倍、硬度：鋳造リングの約２倍）\n■世界三大銘木のウォールナットケースでのご納品\n■紛失保証　（２０％OFF）\n■石落ち保証（２０％OFF）\n■再加工保証（２０％OFF）\n■サイズ直し保証（初回サイズ直し無料（±３号以内）。２回目以降は有料。）\n■新品仕上げご優待（１本5,000円＋TAX）\n■無料メンテナンス（無期限/手磨き洗浄・石揺れチェック）\n※郵送でのメンテナンスの場合は、送料はお客様ご負担となります',NULL,NULL,'2024-06-28 09:38:29','2024-08-20 07:37:54','product'),(103,1,1,'【神代もきかず】',NULL,'かみよもきかず','千早ぶる　神代もきかず　竜田川　からくれなゐに　水くくるとは\n\n古今和歌集・伊勢物語：在原業平\n\n≪通釈≫\n竜田川の一面に紅葉が浮いて真っ赤な紅色に、水をしぼり染めにしているとは。さまざまな不思議なことが起こっていたという神代の昔でさえも、こんなことは聞いたことがない。\n\n≪指輪への想い≫\nストレートのリングに輝く鏡面仕上げは、美しい龍田川をイメージしています。お二人の人生にも、センターのダイヤモンドのように輝く素晴らしい未来が待っていることでしょう。\n\n≪セットリングのマリッジリング≫\n【からくれなゐに】C003・C033・C053\n\n<div class=\"additional\">素材\n    プラチナ \n石\n    ダイヤモンド</div>\n■幅：2.5mm、厚み：1.7mm、絞りなし、表面加工：鏡面仕上げ\n■ダイヤモンド：厳選されたハイグレードダイヤモンド（選択肢よりお選びください）\n■鑑定機関：GIAまたは中央宝石研究所\n■素材：７種類から自由に選択できます\n■鍛造リング（強度：鋳造リングの約３～５倍、硬度：鋳造リングの約２倍）\n■世界三大銘木のウォールナットケースでのご納品\n■紛失保証　（２０％OFF）\n■石落ち保証（２０％OFF）\n■再加工保証（２０％OFF）\n■サイズ直し保証（初回サイズ直し無料（±３号以内）。２回目以降は有料。）\n■新品仕上げご優待（１本5,000円＋TAX）\n■無料メンテナンス（無期限/手磨き洗浄・石揺れチェック）\n※郵送でのメンテナンスの場合は、送料はお客様ご負担となります',NULL,NULL,'2024-06-28 09:38:28','2024-08-20 07:38:22','product'),(104,1,1,'【恋ひつつ】',NULL,'こひつつ','いにしへに　ありけむ人も　わがごとか　妹に恋ひつつ　寝ねかてずけむ\n万葉集：柿本朝臣人麿\n\n≪通釈≫\n愛しい人を想うあまり、寝付くことが出来ない夜を過ごしながら、「こんなふうに昔の人も恋に思い悩んだのかなあ」と、思い巡らせています。\n\n≪指輪への想い≫\n寝付くことが出来ないほど、いつもあなたの事を愛してやまないという気持ちをダイヤモンドに込めています。根本の部分をすっきりさせて美しく輝くダイヤモンドを引き立たせます。\n\n≪セットリングのマリッジリング≫\n【いにしへに】C024・C027\n\n<div class=\"additional\">素材\nプラチナ\n石\nダイヤモンド</div>\n■幅：2.5mm、厚み：1.7mm、特殊絞り、表面加工：鏡面仕上げ\n■ダイヤモンド：厳選されたハイグレードダイヤモンド（選択肢よりお選びください）\n■鑑定機関：GIAまたは中央宝石研究所\n■素材：７種類から自由に選択できます\n■鍛造リング（強度：鋳造リングの約３～５倍、硬度：鋳造リングの約２倍）\n■世界三大銘木のウォールナットケースでのご納品\n■紛失保証　（２０％OFF）\n■石落ち保証（２０％OFF）\n■再加工保証（２０％OFF）\n■サイズ直し保証（初回サイズ直し無料（±３号以内）。２回目以降は有料。）\n■新品仕上げご優待（１本5,000円＋TAX）\n■無料メンテナンス（無期限/手磨き洗浄・石揺れチェック）\n※郵送でのメンテナンスの場合は、送料はお客様ご負担となります',NULL,NULL,'2024-06-28 09:38:27','2024-08-20 07:39:26','product'),(105,1,1,'【逢はむとぞ思ふ】',NULL,'あはむとぞおもふ','瀬を早み　岩にせかるる　滝川の　われても末に　逢はむとぞ思ふ\n詞花集：崇徳院\n\n≪通釈≫\n川の瀬の流れが速く、岩にせき止められて邪魔をされたとしても、川がまた合流するように、どんなことがあっても、愛しいあなたには会いたいと常に思っています。\n\n≪指輪への想い≫\n美しい川の流れをイメージさせる腕と爪が一体になったデザインは、お互いに手を取り合っているようにも見えます。横から見ても美しく輝くダイヤモンドにこれからも共に歩んでいくという想いが込められています。\n\n≪セットリングのマリッジリング≫\n【せをはやみ】C021・C051\n\n<div class=\"additional\">素材\n    プラチナ \n石\n    ダイヤモンド</div>\n■幅：2.5mm、厚み：1.7mm、腕爪一体デザイン、表面加工：鏡面仕上げ\n■ダイヤモンド：厳選されたハイグレードダイヤモンド（選択肢よりお選びください）\n■鑑定機関：GIAまたは中央宝石研究所\n■素材：７種類から自由に選択できます\n■鍛造リング（強度：鋳造リングの約３～５倍、硬度：鋳造リングの約２倍）\n■世界三大銘木のウォールナットケースでのご納品\n■紛失保証　（２０％OFF）\n■石落ち保証（２０％OFF）\n■再加工保証（２０％OFF）\n■サイズ直し保証（初回サイズ直し無料（±３号以内）。２回目以降は有料。）\n■新品仕上げご優待（１本5,000円＋TAX）\n■無料メンテナンス（無期限/手磨き洗浄・石揺れチェック）\n※郵送でのメンテナンスの場合は、送料はお客様ご負担となります',NULL,NULL,'2024-06-28 09:38:26','2024-08-20 07:40:15','product'),(106,1,1,'【久しき時ゆ】',NULL,'ひさしきときゆ','をとめらが　袖布留山の　瑞垣の　久しき時ゆ　思ひき我れは\n万葉集：柿本朝臣人麿\n\n≪通釈≫\n巫女たちが神を迎えて袖を振る布留山の杜の瑞垣が年久しいように、長い時間を君に恋してきたよ僕は。\n\n≪指輪への想い≫\n柔らかい絶妙なウェーブ具合が、袖を振って美しく舞う様子を表現しています。\nこれまでと同じように、これからもずっと想い続けていくという気持ちがダイヤモンドに込められています。\n\n≪セットリングのマリッジリング≫\n【思ひき我れは】C106 \n\n<div class=\"additional\">素材\n    プラチナ \n石\n    ダイヤモンド</div>\n■幅：2.5mm、厚み：1.7mm、V字ウェーブ（かもめ形状）、表面加工：鏡面仕上げ\n■ダイヤモンド：厳選されたハイグレードダイヤモンド（選択肢よりお選びください）\n■鑑定機関：GIAまたは中央宝石研究所\n■素材：７種類から自由に選択できます\n■鍛造リング（強度：鋳造リングの約３～５倍、硬度：鋳造リングの約２倍）\n■世界三大銘木のウォールナットケースでのご納品\n■紛失保証　（２０％OFF）\n■石落ち保証（２０％OFF）\n■再加工保証（２０％OFF）\n■サイズ直し保証（初回サイズ直し無料（±３号以内）。２回目以降は有料。）\n■新品仕上げご優待（１本5,000円＋TAX）\n■無料メンテナンス（無期限/手磨き洗浄・石揺れチェック）\n※郵送でのメンテナンスの場合は、送料はお客様ご負担となります',NULL,NULL,'2024-06-28 09:38:31','2024-08-20 08:24:16','product'),(107,1,1,'【つくばねの】',NULL,'つくばねの','つくばねの　峰より落つる　みなのがは　恋ぞつもりて　淵となりぬる\n後撰集：陽成院\n\n≪通釈≫\n筑波のいただきから流れ落ちてくる川が最初は細々とした流れから次第に水かさを増して深い淵となるように、恋心も次第につのって今では大変深くなっています。\n\n≪指輪への想い≫\n出会った頃からあなたへの想いがどんどん深くなり、この想いは今後もより一層深くなっていくことでしょう。お相手様への想いの深さをＶ字で表現し、ダイヤモンドはあなたを想う気持ちの清らかさを象徴しています。\n\n≪セットリングのマリッジリング≫\n【恋ぞつもりて】C022・C023\n\n<div class=\"additional\">素材\nプラチナ\n石\nダイヤモンド</div>\n■幅：2.5mm、厚み：1.7mm、V字ウェーブ、表面加工：鏡面仕上げ\n■ダイヤモンド：厳選されたハイグレードダイヤモンド（選択肢よりお選びください）\n■鑑定機関：GIAまたは中央宝石研究所\n■素材：７種類から自由に選択できます\n■鍛造リング（強度：鋳造リングの約３～５倍、硬度：鋳造リングの約２倍）\n■世界三大銘木のウォールナットケースでのご納品\n■紛失保証　（２０％OFF）\n■石落ち保証（２０％OFF）\n■再加工保証（２０％OFF）\n■サイズ直し保証（初回サイズ直し無料（±３号以内）。２回目以降は有料。）\n■新品仕上げご優待（１本5,000円＋TAX）\n■無料メンテナンス（無期限/手磨き洗浄・石揺れチェック）\n※郵送でのメンテナンスの場合は、送料はお客様ご負担となります',NULL,NULL,'2024-06-28 09:38:24','2024-08-20 07:41:02','product'),(108,1,1,'【影のさやけさ】',NULL,'かげのさやけさ','秋風に　たなびく雲の　絶え間より　もれ出づる月の　影のさやけさ\n\n新古今集：左京大夫顕輔\n\n≪通釈≫\n秋風に吹かれて横に長くひき流れる雲の切れ目から、洩れてくる月の光・・・なんと澄みきって美しいことだろう。\n\n≪指輪への想い≫\n中秋の満月をイメージした主役のダイヤモンド。秋風に吹かれて流れる雲をゆるやかなウェーブで表現しました。\n雲の絶え間から隠し切れない月の光（あなたへの想い）が溢れ出ている…眩いダイヤモンドが美しく輝きます。\n\n≪セットリングのマリッジリング≫\n【もれいづる月】C040\n\n<div class=\"additional\">素材\n    プラチナ \n石\n    ダイヤモンド</div>\n■幅：2.5mm、厚み：1.7mm、挟み込み形状、表面加工：鏡面仕上げ\n■ダイヤモンド：厳選されたハイグレードダイヤモンド（選択肢よりお選びください）\n■鑑定機関：GIAまたは中央宝石研究所\n■素材：７種類から自由に選択できます\n■鍛造リング（強度：鋳造リングの約３～５倍、硬度：鋳造リングの約２倍）\n■世界三大銘木のウォールナットケースでのご納品\n■紛失保証　（２０％OFF）\n■石落ち保証（２０％OFF）\n■再加工保証（２０％OFF）\n■サイズ直し保証（初回サイズ直し無料（±３号以内）。２回目以降は有料。）\n■新品仕上げご優待（１本5,000円＋TAX）\n■無料メンテナンス（無期限/手磨き洗浄・石揺れチェック）\n※郵送でのメンテナンスの場合は、送料はお客様ご負担となります',NULL,NULL,'2024-06-28 09:38:23','2024-08-20 07:41:31','product'),(109,1,1,'【あまつかぜ】',NULL,'あまつかぜ','天津風　雲の通ひ路　吹き閉ぢよ　をとめの姿　しばしとどめむ\n古今集：僧正遍照\n\n≪通釈≫\n天を吹く風よ、天女が帰っていく雲の中の通り道を吹き閉ざしてくれ。乙女の美しい舞姿を、もうしばらく地上に留めておきたいのだ。\n\n≪指輪への想い≫\nウェーブ形状が雲の通ひ路（天上と地上を結んでいる通路のこと）を、ダイヤモンドがお相手様を表現しています。美しいあなたと時を止めたいくらいずっと一緒にいたいという想いが込められています。\n\n≪セットリングのマリッジリング≫\n【雲の通ひ路】C019・C020\n\n<div class=\"additional\">素材\nプラチナ\n石\nダイヤモンド</div>\n■幅：2.5mm、厚み：1.7mm、S字ウェーブ、表面加工：面取り加工・鏡面仕上げ\n■ダイヤモンド：厳選されたハイグレードダイヤモンド（選択肢よりお選びください）\n■鑑定機関：GIAまたは中央宝石研究所\n■素材：７種類から自由に選択できます\n■鍛造リング（強度：鋳造リングの約３～５倍、硬度：鋳造リングの約２倍）\n■世界三大銘木のウォールナットケースでのご納品\n■紛失保証　（２０％OFF）\n■石落ち保証（２０％OFF）\n■再加工保証（２０％OFF）\n■サイズ直し保証（初回サイズ直し無料（±３号以内）。２回目以降は有料。）\n■新品仕上げご優待（１本5,000円＋TAX）\n■無料メンテナンス（無期限/手磨き洗浄・石揺れチェック）\n※郵送でのメンテナンスの場合は、送料はお客様ご負担となります',NULL,NULL,'2024-06-28 09:38:22','2024-08-20 07:42:03','product'),(110,1,1,'【思ふ仲をば】ER',NULL,'おもふなかをばER','天の原　踏み轟かし　鳴る神も　思ふ仲をば　裂くるものかは\n古今和歌集：よみひとしらず\n\n≪通釈≫\n天空を鳴り響きわたっている雷でさえも、互いに思い合っている二人の仲を裂くことはできるでしょうか。できはしませんよ。\n\n≪指輪への想い≫\n周りに施されたメレダイヤモンドが、どんなことがあってもお二人の間に入る隙が無いという「固い絆」を表現しています。中央にセッティングされたダイヤモンドがお二人を見守ってくれます。\n\n≪セットリングのマリッジリング≫\n【思ふ仲をば】C025・C048\n\n<div class=\"additional\">素材\n    プラチナ \n石\n    ダイヤモンド</div>\n■幅：2.5mm、厚み：1.7mm、２段腰形状、表面加工：鏡面仕上げ\n■ダイヤモンド：厳選されたハイグレードダイヤモンド（選択肢よりお選びください）\n■サイドダイヤモンド：ハーフエタニティ（Gカラーup,VSクラスupのハイグレードダイヤモンド）\n■鑑定機関：GIAまたは中央宝石研究所\n■素材：７種類から自由に選択できます\n■鍛造リング（強度：鋳造リングの約３～５倍、硬度：鋳造リングの約２倍）\n■世界三大銘木のウォールナットケースでのご納品\n■紛失保証　（２０％OFF）\n■石落ち保証（２０％OFF）\n■再加工保証（２０％OFF）\n■サイズ直し保証（初回サイズ直し無料（±３号以内）。２回目以降は有料。）\n■新品仕上げご優待（１本5,000円＋TAX）\n■無料メンテナンス（無期限/手磨き洗浄・石揺れチェック）\n※郵送でのメンテナンスの場合は、送料はお客様ご負担となります',NULL,NULL,'2024-06-28 09:38:21','2024-08-20 08:06:35','product'),(111,1,1,'【しのぶれど】',NULL,'しのぶれど','しのぶれど　色に出でにけり　わが恋は　ものや思ふと　人の問ふまで\n\n拾遺集：平兼盛\n\n≪通釈≫\n心に秘めてきたけれど、顔や表情に出てしまっていたようだ。私の恋は、「恋の想いごとでもしているのですか。」と、人に尋ねられるほどになってしまった。\n\n≪指輪への想い≫\nお相手様への恋心が隠しきれずにじみ出てしまったご様子を両サイドのダイヤモンドで表現しました。ダイヤモンドが寄り添い合うデザインは、ずっとこれから共に歩んでいくというお二人を象徴しています。\n\n≪セットリングのマリッジリング≫\n【わが恋は】C009 \n\n<div class=\"additional\">素材\n    プラチナ \n石\n    ダイヤモンド</div>\n■幅：2.5mm、厚み：1.7mm、絞りデザイン、表面加工：鏡面仕上げ\n■ダイヤモンド：厳選されたハイグレードダイヤモンド（選択肢よりお選びください）\n■サイドダイヤモンド：２石（Gカラーup,VSクラスupのハイグレードダイヤモンド）\n■鑑定機関：GIAまたは中央宝石研究所\n■素材：７種類から自由に選択できます\n■鍛造リング（強度：鋳造リングの約３～５倍、硬度：鋳造リングの約２倍）\n■世界三大銘木のウォールナットケースでのご納品\n■紛失保証　（２０％OFF）\n■石落ち保証（２０％OFF）\n■再加工保証（２０％OFF）\n■サイズ直し保証（初回サイズ直し無料（±３号以内）。２回目以降は有料。）\n■新品仕上げご優待（１本5,000円＋TAX）\n■無料メンテナンス（無期限/手磨き洗浄・石揺れチェック）\n※郵送でのメンテナンスの場合は、送料はお客様ご負担となります',NULL,NULL,'2024-06-28 09:38:20','2024-08-20 07:44:14','product'),(112,1,1,'【富士の高嶺に】',NULL,'ふじのたかねに','田子の浦に　うち出でてみれば　白妙の　富士の高嶺に　雪は降りつつ\n新古今集：山部赤人\n\n≪通釈≫\n田子の浦に出かけてみると、雪が降り積もった真っ白い富士の高い嶺が見え、まるで一枚の純白のヴェールをふわりと置いたような景色です。なんと美しい世界でしょうか。\n\n≪指輪への想い≫\n日本一美しい最高峰の白富士と幸せなお二人を重ねています。美しい鏡面仕上げとハーフエタニティがまるで一枚の純白のヴェールのように輝きます。\n\n≪セットリングのマリッジリング≫\n【白妙の】C006 \n\n<div class=\"additional\">素材\n    プラチナ \n石\n    ダイヤモンド</div>\n■幅：2.5mm、厚み：1.7mm、絞りデザイン、表面加工：鏡面仕上げ\n■ダイヤモンド：厳選されたハイグレードダイヤモンド（選択肢よりお選びください）\n■サイドダイヤモンド：ハーフエタニティ（Gカラーup,VSクラスupのハイグレードダイヤモンド）\n■鑑定機関：GIAまたは中央宝石研究所\n■素材：７種類から自由に選択できます\n■鍛造リング（強度：鋳造リングの約３～５倍、硬度：鋳造リングの約２倍）\n■世界三大銘木のウォールナットケースでのご納品\n■紛失保証　（２０％OFF）\n■石落ち保証（２０％OFF）\n■再加工保証（２０％OFF）\n■サイズ直し保証（初回サイズ直し無料（±３号以内）。２回目以降は有料。）\n■新品仕上げご優待（１本5,000円＋TAX）\n■無料メンテナンス（無期限/手磨き洗浄・石揺れチェック）\n※郵送でのメンテナンスの場合は、送料はお客様ご負担となります',NULL,NULL,'2024-06-28 09:38:19','2024-08-20 07:44:43','product'),(113,1,1,'【有明の月】',NULL,'ありあけのつき','朝ぼらけ　有明の月と　みるまでに　吉野の里に　ふれる白雪\n古今集：坂上是則\n\n≪通釈≫\n明け方、空がほのかに明るくなってきた頃、有明の月かと思うほど明るく、吉野の里に雪が降っている景色がなんと素敵なものか。\n\n≪指輪への想い≫\nこれから迎えるたくさんの朝は二人の輝かしい日々の始まりです。斜めにセッティングされたダイヤモンドは降りそそぐ白い雪をイメージしています。いつまでもあなたと共にという気持ちを込めて。\n\n≪セットリングのマリッジリング≫\n【ふれる白雪】C004・C005・C054\n\n<div class=\"additional\">素材\n    プラチナ \n石\n    ダイヤモンド</div>\n■幅：2.5mm、厚み：1.7mm、表面加工：鏡面仕上げ\n■ダイヤモンド：厳選されたハイグレードダイヤモンド（選択肢よりお選びください）\n■サイドダイヤモンド：６石（Gカラーup,VSクラスupのハイグレードダイヤモンド）\n■鑑定機関：GIAまたは中央宝石研究所\n■素材：７種類から自由に選択できます\n■鍛造リング（強度：鋳造リングの約３～５倍、硬度：鋳造リングの約２倍）\n■世界三大銘木のウォールナットケースでのご納品\n■紛失保証　（２０％OFF）\n■石落ち保証（２０％OFF）\n■再加工保証（２０％OFF）\n■サイズ直し保証（初回サイズ直し無料（±３号以内）。２回目以降は有料。）\n■新品仕上げご優待（１本5,000円＋TAX）\n■無料メンテナンス（無期限/手磨き洗浄・石揺れチェック）\n※郵送でのメンテナンスの場合は、送料はお客様ご負担となります',NULL,NULL,'2024-06-28 09:38:18','2024-08-20 07:33:00','product'),(114,1,1,'【契りありて】',NULL,'ちぎりありて','契りありて　けふ宮川の　ゆふかづら　長き世までも　かけて頼まむ\n新古今集：藤原定家\n\n≪通釈≫\n縁があって、今日、宮川を渡り、木綿蔓(ゆふかづら)（神事に使う髪飾り）をかけ、末永く神のご加護があることをお祈りいたします。\n\n≪指輪への想い≫\nお二人の愛がまじり合っている様子をはさみ込みデザインで表現しました。お二人の手を取り合っているように見えるご婚約指輪は、どんなことがあっても共に乗り越えていくという想いが込められています。\n\n≪セットリングのマリッジリング≫\n【ゆふかづら】C041\n\n<div class=\"additional\">素材\n    プラチナ \n石\n    ダイヤモンド</div>\n■幅：2.5mm、厚み：1.7mm、挟み込み形状、表面加工：鏡面仕上げ\n■ダイヤモンド：厳選されたハイグレードダイヤモンド（選択肢よりお選びください）\n■サイドダイヤモンド：２石（Gカラーup,VSクラスupのハイグレードダイヤモンド）\n■鑑定機関：GIAまたは中央宝石研究所\n■素材：７種類から自由に選択できます\n■鍛造リング（強度：鋳造リングの約３～５倍、硬度：鋳造リングの約２倍）\n■世界三大銘木のウォールナットケースでのご納品\n■紛失保証　（２０％OFF）\n■石落ち保証（２０％OFF）\n■再加工保証（２０％OFF）\n■サイズ直し保証（初回サイズ直し無料（±３号以内）。２回目以降は有料。）\n■新品仕上げご優待（１本5,000円＋TAX）\n■無料メンテナンス（無期限/手磨き洗浄・石揺れチェック）\n※郵送でのメンテナンスの場合は、送料はお客様ご負担となります',NULL,NULL,'2024-06-28 09:38:17','2024-08-20 07:45:42','product'),(115,1,1,'【恋すてふ】',NULL,'こひすてふ','恋すてふ　わが名はまだき　立ちにけり　人知れずこそ　思ひそめしか\n\n拾遺集：壬生忠見\n\n≪通釈≫\nわたしがあなたに「恋している」という噂がもう立ってしまった。誰にも知られないように心ひそかに思いはじめたばかりなのに。\n\n≪指輪への想い≫\n一見シンプルなデザインですが、横から見るとシャトンがお花の花びらになっています。「恋している」気持ちを隠し、平静を装って過ごしてきましたが、美しく咲くお花のようなあなたと生涯を共にしたいという想いが込められています。\n\n≪セットリングのマリッジリング≫\n【思ひそめしか】C012\n\n<div class=\"additional\">素材\n    プラチナ \n石\n    ダイヤモンド</div>\n■幅：2.5mm、厚み：1.7mm、絞り強め、シャトン花枠デザイン、表面加工：鏡面仕上げ\n■ダイヤモンド：厳選されたハイグレードダイヤモンド（選択肢よりお選びください）\n■鑑定機関：GIAまたは中央宝石研究所\n■素材：７種類から自由に選択できます\n■鍛造リング（強度：鋳造リングの約３～５倍、硬度：鋳造リングの約２倍）\n■世界三大銘木のウォールナットケースでのご納品\n■紛失保証　（２０％OFF）\n■石落ち保証（２０％OFF）\n■再加工保証（２０％OFF）\n■サイズ直し保証（初回サイズ直し無料（±３号以内）。２回目以降は有料。）\n■新品仕上げご優待（１本5,000円＋TAX）\n■無料メンテナンス（無期限/手磨き洗浄・石揺れチェック）\n※郵送でのメンテナンスの場合は、送料はお客様ご負担となります',NULL,NULL,'2024-06-28 09:38:16','2024-08-20 08:44:58','product'),(116,1,1,'【我れは結ばな】',NULL,'われなむすばな','八千種の　花はうつろふ　常盤なる　松のさ枝を　我れは結ばな\n万葉集：大伴家持\n\n≪通釈≫\n折々の花はとりどりに美しいけれども、やがて色褪せてしまう。私たちはいつまでも色の変わらぬ松を結んで、永久のご繁栄と御長寿をお祈りいたしましょう。\n\n≪指輪への想い≫\n柔らかいウェーブに合わせてセッティングしたメレダイヤモンドはこれから始まるお二人の未来を示しています。いつまでも色が変わらず美しく輝くダイヤモンドがずっと共に寄り添ってくれます。\n\n≪セットリングのマリッジリング≫\n【やちくさの】C042・C043\n\n<div class=\"additional\">素材\n    プラチナ \n石\n    ダイヤモンド</div>\n■幅：2.5mm、厚み：1.7mm、S字ウェーブ、表面加工：鏡面仕上げ\n■ダイヤモンド：厳選されたハイグレードダイヤモンド（選択肢よりお選びください）\n■サイドダイヤモンド：１０石（Gカラーup,VSクラスupのハイグレードダイヤモンド）\n■鑑定機関：GIAまたは中央宝石研究所\n■素材：７種類から自由に選択できます\n■鍛造リング（強度：鋳造リングの約３～５倍、硬度：鋳造リングの約２倍）\n■世界三大銘木のウォールナットケースでのご納品\n■紛失保証　（２０％OFF）\n■石落ち保証（２０％OFF）\n■再加工保証（２０％OFF）\n■サイズ直し保証（初回サイズ直し無料（±３号以内）。２回目以降は有料。）\n■新品仕上げご優待（１本5,000円＋TAX）\n■無料メンテナンス（無期限/手磨き洗浄・石揺れチェック）\n※郵送でのメンテナンスの場合は、送料はお客様ご負担となります',NULL,NULL,'2024-06-28 09:38:15','2024-08-20 07:47:12','product'),(117,1,1,'【はるのその】ER',NULL,'はるのそのER','春の園　紅にほふ　桃の花　下照る道に　出で立つをとめ\n万葉集：大伴家持\n\n≪通釈≫\n春の園の、紅に色づいた桃の花の下は照り輝くばかり。その花の下の道にたたずむ乙女はなんて美しいのか。\n\n≪指輪への想い≫\nセンターのダイヤモンドと周りにセッティングされた三石のダイヤモンドが桃の花をイメージし、桃の花のようなかわいらしいお相手様への想いが込められています。春のそよ風をウェーブの形状が優しく包み込んでいます。\n\n≪セットリングのマリッジリング≫\n【もものはな】C018\n\n<div class=\"additional\">素材\n    コーラルゴールド \n石\n    ダイヤモンド</div>\n■幅：2.5mm、厚み：1.7mm、特殊形状、表面加工：鏡面仕上げ\n■ダイヤモンド：厳選されたハイグレードダイヤモンド（選択肢よりお選びください）\n■サイドダイヤモンド：３石（Gカラーup,VSクラスupのハイグレードダイヤモンド）\n■鑑定機関：GIAまたは中央宝石研究所\n■素材：７種類から自由に選択できます\n■鍛造リング（強度：鋳造リングの約３～５倍、硬度：鋳造リングの約２倍）\n■世界三大銘木のウォールナットケースでのご納品\n■紛失保証　（２０％OFF）\n■石落ち保証（２０％OFF）\n■再加工保証（２０％OFF）\n■サイズ直し保証（初回サイズ直し無料（±３号以内）。２回目以降は有料。）\n■新品仕上げご優待（１本5,000円＋TAX）\n■無料メンテナンス（無期限/手磨き洗浄・石揺れチェック）\n※郵送でのメンテナンスの場合は、送料はお客様ご負担となります',NULL,NULL,'2024-06-28 09:38:14','2024-08-20 09:36:37','product'),(118,1,1,'【燃ゆる思ひを】',NULL,'もゆるおもひを','かくとだに　えやは伊吹の　さしも草　さしも知らじな　燃ゆる思ひを\n後拾遺集：藤原実方朝臣\n\n≪通釈≫\nせめて、こんなに私がお慕いしているとだけでもあなたに言いたいのですが、言えません。伊吹山のさしも草ではないけれど、それほどまでとはご存知ないでしょう。燃えるこの想いを。\n\n≪指輪への想い≫\nお相手様への「想い」と、情熱が織りなす形状で表現されています。ついに、センターのダイヤモンドに「想い」をのせて、いま伝えます。\n\n<div class=\"additional\">素材\n    プラチナ \n石\n    ダイヤモンド</div>\n■幅：2.5mm、厚み：1.7mm、特殊形状、表面加工：鏡面仕上げ\n■ダイヤモンド：厳選されたハイグレードダイヤモンド（選択肢よりお選びください）\n■鑑定機関：GIAまたは中央宝石研究所\n■素材：７種類から自由に選択できます\n■鍛造リング（強度：鋳造リングの約３～５倍、硬度：鋳造リングの約２倍）\n■世界三大銘木のウォールナットケースでのご納品\n■紛失保証　（２０％OFF）\n■石落ち保証（２０％OFF）\n■再加工保証（２０％OFF）\n■サイズ直し保証（初回サイズ直し無料（±３号以内）。２回目以降は有料。）\n■新品仕上げご優待（１本5,000円＋TAX）\n■無料メンテナンス（無期限/手磨き洗浄・石揺れチェック）\n※郵送でのメンテナンスの場合は、送料はお客様ご負担となります',NULL,NULL,'2024-06-28 09:38:13','2024-08-20 07:48:39','product'),(119,1,1,'【サプライズプロポーズプラン/１番人気】プロポーズリング付婚約指輪',NULL,'サプライズプロポーズプラン/１番人気プロポーズリング付婚約指輪','【当商品には下記すべてがつきます】\n①プロポーズリング（サイズ調整が可能のシルバーリング/SV925）\n②ダイヤモンド（選択肢よりお選びください）\n③世界三大銘木のウォールナットケース（こちらのケースでプロポーズして頂けます）\n④プラチナシンプル鍛造エンゲージメントリング（シンプルな婚約指輪が完成する代金が含まれております。プロポーズ後に、デザイン変更することも可能です）\n\n～ダイヤモンドだけを決定し、サイズ調整が可能なプロポーズリングを使ってサプライズプロポーズするプランです～\n\nプラチナやゴールドの婚約指輪をプロポーズで渡すのではなく、サイズ調整ができるシルバー製の専用のプロポーズリングにダイヤモンドをセッティングし、プレゼントします。\n\nプロポーズ後に、お相手の方とご一緒にご来店頂き、枠のデザインをご一緒に決定し、プラチナやゴールドの婚約指輪を製作していくことが出来ます。デザインは決めきれないけど、リングの状態にして、プロポーズしたいという方には最適です！\n\n★こちらのプランがオススメの方★\n・サイズが分からないけど、リングの状態でプロポーズしたい方\n・お二人で一緒に指輪のデザインをお決めになりたい方\n・金額の変動が大きいダイヤモンドは決めて予算内に収めたい方\n・１か月以内にプロポーズしたい方','サプライズ　プロポーズ　人気　プロポーズリング',NULL,'2024-09-05 06:39:42','2024-09-30 06:35:52','product');

--
